103.149.240.97 - - [16/Jan/2026:04:08:00 +0000] "GET /wp-content/plugins/elementor/assets/js/packages/icons/icons.min.js?ver=3.34.1 HTTP/3" 200 105920 "https://yahya.bms69.com/wp-admin/admin.php?page=elementor-app" "Mozilla/5.0 (Windows NT 10.0; Win64; x64) AppleWebKit/537.36 (KHTML, like Gecko) Chrome/143.0.0.0 Safari/537.36"
103.149.240.97 - - [16/Jan/2026:04:08:00 +0000] "GET /wp-includes/js/jquery/ui/draggable.min.js?ver=1.13.3 HTTP/3" 200 4691 "https://yahya.bms69.com/wp-admin/admin.php?page=elementor-app" "Mozilla/5.0 (Windows NT 10.0; Win64; x64) AppleWebKit/537.36 (KHTML, like Gecko) Chrome/143.0.0.0 Safari/537.36"
103.149.240.97 - - [16/Jan/2026:04:08:00 +0000] "GET /wp-content/plugins/elementor/assets/lib/backbone/backbone.radio.min.js?ver=1.0.4 HTTP/3" 200 1494 "https://yahya.bms69.com/wp-admin/admin.php?page=elementor-app" "Mozilla/5.0 (Windows NT 10.0; Win64; x64) AppleWebKit/537.36 (KHTML, like Gecko) Chrome/143.0.0.0 Safari/537.36"
103.149.240.97 - - [16/Jan/2026:04:08:00 +0000] "GET /wp-content/plugins/elementor/assets/lib/backbone/backbone.marionette.min.js?ver=2.4.5.e1 HTTP/3" 200 11272 "https://yahya.bms69.com/wp-admin/admin.php?page=elementor-app" "Mozilla/5.0 (Windows NT 10.0; Win64; x64) AppleWebKit/537.36 (KHTML, like Gecko) Chrome/143.0.0.0 Safari/537.36"
103.149.240.97 - - [16/Jan/2026:04:08:00 +0000] "GET /wp-content/plugins/elementor/assets/js/ai-media-library.min.js?ver=3.34.1 HTTP/3" 200 163458 "https://yahya.bms69.com/wp-admin/admin.php?page=elementor-app" "Mozilla/5.0 (Windows NT 10.0; Win64; x64) AppleWebKit/537.36 (KHTML, like Gecko) Chrome/143.0.0.0 Safari/537.36"
103.149.240.97 - - [16/Jan/2026:04:08:00 +0000] "GET /wp-content/plugins/elementor/assets/js/common-modules.min.js?ver=3.34.1 HTTP/3" 200 37811 "https://yahya.bms69.com/wp-admin/admin.php?page=elementor-app" "Mozilla/5.0 (Windows NT 10.0; Win64; x64) AppleWebKit/537.36 (KHTML, like Gecko) Chrome/143.0.0.0 Safari/537.36"
103.149.240.97 - - [16/Jan/2026:04:08:00 +0000] "GET /wp-content/plugins/elementor/assets/js/web-cli.min.js?ver=3.34.1 HTTP/3" 200 38942 "https://yahya.bms69.com/wp-admin/admin.php?page=elementor-app" "Mozilla/5.0 (Windows NT 10.0; Win64; x64) AppleWebKit/537.36 (KHTML, like Gecko) Chrome/143.0.0.0 Safari/537.36"
103.149.240.97 - - [16/Jan/2026:04:08:00 +0000] "GET /wp-content/plugins/elementor/assets/lib/dialog/dialog.min.js?ver=4.9.0 HTTP/3" 200 3593 "https://yahya.bms69.com/wp-admin/admin.php?page=elementor-app" "Mozilla/5.0 (Windows NT 10.0; Win64; x64) AppleWebKit/537.36 (KHTML, like Gecko) Chrome/143.0.0.0 Safari/537.36"
103.149.240.97 - - [16/Jan/2026:04:08:00 +0000] "GET /wp-content/plugins/elementor/assets/js/dev-tools.min.js?ver=3.34.1 HTTP/3" 200 2346 "https://yahya.bms69.com/wp-admin/admin.php?page=elementor-app" "Mozilla/5.0 (Windows NT 10.0; Win64; x64) AppleWebKit/537.36 (KHTML, like Gecko) Chrome/143.0.0.0 Safari/537.36"
103.149.240.97 - - [16/Jan/2026:04:08:00 +0000] "GET /wp-content/plugins/elementor/assets/js/common.min.js?ver=3.34.1 HTTP/3" 200 121198 "https://yahya.bms69.com/wp-admin/admin.php?page=elementor-app" "Mozilla/5.0 (Windows NT 10.0; Win64; x64) AppleWebKit/537.36 (KHTML, like Gecko) Chrome/143.0.0.0 Safari/537.36"
103.149.240.97 - - [16/Jan/2026:04:08:00 +0000] "GET /wp-content/plugins/elementor/assets/js/app-packages.min.js?ver=3.34.1 HTTP/3" 200 28972 "https://yahya.bms69.com/wp-admin/admin.php?page=elementor-app" "Mozilla/5.0 (Windows NT 10.0; Win64; x64) AppleWebKit/537.36 (KHTML, like Gecko) Chrome/143.0.0.0 Safari/537.36"
103.149.240.97 - - [16/Jan/2026:04:08:00 +0000] "GET /wp-content/plugins/elementor/assets/lib/e-select2/js/e-select2.full.min.js?ver=4.0.6-rc.1 HTTP/3" 200 19828 "https://yahya.bms69.com/wp-admin/admin.php?page=elementor-app" "Mozilla/5.0 (Windows NT 10.0; Win64; x64) AppleWebKit/537.36 (KHTML, like Gecko) Chrome/143.0.0.0 Safari/537.36"
103.149.240.97 - - [16/Jan/2026:04:08:00 +0000] "GET /wp-content/plugins/elementor/assets/js/app.min.js?ver=3.34.1 HTTP/3" 200 120277 "https://yahya.bms69.com/wp-admin/admin.php?page=elementor-app" "Mozilla/5.0 (Windows NT 10.0; Win64; x64) AppleWebKit/537.36 (KHTML, like Gecko) Chrome/143.0.0.0 Safari/537.36"
103.149.240.97 - - [16/Jan/2026:04:08:04 +0000] "GET /wp-content/plugins/elementor/assets/js/0bc573f40b9959c6c2b7.bundle.min.js HTTP/3" 200 5106 "https://yahya.bms69.com/wp-admin/admin.php?page=elementor-app" "Mozilla/5.0 (Windows NT 10.0; Win64; x64) AppleWebKit/537.36 (KHTML, like Gecko) Chrome/143.0.0.0 Safari/537.36"
103.149.240.97 - - [16/Jan/2026:04:08:04 +0000] "GET /wp-content/plugins/elementor/assets/js/onboarding.dde61701039fc2dad1e9.bundle.min.js HTTP/3" 200 26231 "https://yahya.bms69.com/wp-admin/admin.php?page=elementor-app" "Mozilla/5.0 (Windows NT 10.0; Win64; x64) AppleWebKit/537.36 (KHTML, like Gecko) Chrome/143.0.0.0 Safari/537.36"
103.149.240.97 - - [16/Jan/2026:04:08:04 +0000] "GET /wp-content/plugins/elementor/assets/images/logo-platform.svg HTTP/3" 200 1211 "https://yahya.bms69.com/wp-admin/admin.php?page=elementor-app" "Mozilla/5.0 (Windows NT 10.0; Win64; x64) AppleWebKit/537.36 (KHTML, like Gecko) Chrome/143.0.0.0 Safari/537.36"
103.149.240.97 - - [16/Jan/2026:04:08:04 +0000] "GET /wp-content/plugins/elementor/assets/images/app/onboarding/Illustration_Account.svg HTTP/3" 200 6316 "https://yahya.bms69.com/wp-admin/admin.php?page=elementor-app" "Mozilla/5.0 (Windows NT 10.0; Win64; x64) AppleWebKit/537.36 (KHTML, like Gecko) Chrome/143.0.0.0 Safari/537.36"
103.149.240.97 - - [16/Jan/2026:04:08:04 +0000] "GET /wp-content/plugins/elementor/assets/lib/eicons/fonts/eicons.woff2?5.45.0 HTTP/3" 200 104212 "https://yahya.bms69.com/wp-content/plugins/elementor/assets/lib/eicons/css/elementor-icons.min.css?ver=5.45.0" "Mozilla/5.0 (Windows NT 10.0; Win64; x64) AppleWebKit/537.36 (KHTML, like Gecko) Chrome/143.0.0.0 Safari/537.36"
103.149.240.97 - - [16/Jan/2026:04:08:04 +0000] "POST /wp-admin/admin-ajax.php HTTP/3" 200 43 "https://yahya.bms69.com/wp-admin/admin.php?page=elementor-app" "Mozilla/5.0 (Windows NT 10.0; Win64; x64) AppleWebKit/537.36 (KHTML, like Gecko) Chrome/143.0.0.0 Safari/537.36"
103.149.240.97 - - [16/Jan/2026:04:08:04 +0000] "POST /wp-json/elementor/v1/send-event HTTP/3" 200 8 "https://yahya.bms69.com/wp-admin/admin.php?page=elementor-app" "Mozilla/5.0 (Windows NT 10.0; Win64; x64) AppleWebKit/537.36 (KHTML, like Gecko) Chrome/143.0.0.0 Safari/537.36"
103.149.240.97 - - [16/Jan/2026:04:08:04 +0000] "POST /wp-json/elementor/v1/send-event HTTP/3" 200 8 "https://yahya.bms69.com/wp-admin/admin.php?page=elementor-app" "Mozilla/5.0 (Windows NT 10.0; Win64; x64) AppleWebKit/537.36 (KHTML, like Gecko) Chrome/143.0.0.0 Safari/537.36"
103.149.240.97 - - [16/Jan/2026:04:08:24 +0000] "GET /wp-content/plugins/elementor/assets/css/admin.min.css?ver=3.34.1 HTTP/3" 200 12386 "https://yahya.bms69.com/wp-admin/plugin-install.php?s=elementor&tab=search&type=term" "Mozilla/5.0 (Windows NT 10.0; Win64; x64) AppleWebKit/537.36 (KHTML, like Gecko) Chrome/143.0.0.0 Safari/537.36"
103.149.240.97 - - [16/Jan/2026:04:08:23 +0000] "GET /wp-admin/plugin-install.php?s=elementor&tab=search&type=term HTTP/3" 200 31671 "https://yahya.bms69.com/wp-admin/plugins.php" "Mozilla/5.0 (Windows NT 10.0; Win64; x64) AppleWebKit/537.36 (KHTML, like Gecko) Chrome/143.0.0.0 Safari/537.36"
103.149.240.97 - - [16/Jan/2026:04:08:26 +0000] "GET /wp-content/plugins/elementor/assets/js/import-export-admin.min.js?ver=3.34.1 HTTP/3" 200 2028 "https://yahya.bms69.com/wp-admin/plugin-install.php?s=elementor&tab=search&type=term" "Mozilla/5.0 (Windows NT 10.0; Win64; x64) AppleWebKit/537.36 (KHTML, like Gecko) Chrome/143.0.0.0 Safari/537.36"
103.149.240.97 - - [16/Jan/2026:04:08:26 +0000] "GET /wp-content/plugins/elementor/assets/js/app-loader.min.js?ver=3.34.1 HTTP/3" 200 23494 "https://yahya.bms69.com/wp-admin/plugin-install.php?s=elementor&tab=search&type=term" "Mozilla/5.0 (Windows NT 10.0; Win64; x64) AppleWebKit/537.36 (KHTML, like Gecko) Chrome/143.0.0.0 Safari/537.36"
103.149.240.97 - - [16/Jan/2026:04:08:26 +0000] "GET /wp-content/plugins/elementor/assets/js/import-export-customization-admin.min.js?ver=3.34.1 HTTP/3" 200 9836 "https://yahya.bms69.com/wp-admin/plugin-install.php?s=elementor&tab=search&type=term" "Mozilla/5.0 (Windows NT 10.0; Win64; x64) AppleWebKit/537.36 (KHTML, like Gecko) Chrome/143.0.0.0 Safari/537.36"
103.149.240.97 - - [16/Jan/2026:04:08:26 +0000] "GET /wp-content/plugins/elementor/assets/js/admin-modules.min.js?ver=3.34.1 HTTP/3" 200 4655 "https://yahya.bms69.com/wp-admin/plugin-install.php?s=elementor&tab=search&type=term" "Mozilla/5.0 (Windows NT 10.0; Win64; x64) AppleWebKit/537.36 (KHTML, like Gecko) Chrome/143.0.0.0 Safari/537.36"
64.31.22.34 - - [16/Jan/2026:03:03:50 +0000] "POST /wp-cron.php?doing_wp_cron=1768532630.0012960433959960937500 HTTP/1.1" 200 0 "-" "WordPress/6.9; https://yahya.bms69.com"
64.31.22.34 - - [16/Jan/2026:04:06:23 +0000] "POST /wp-cron.php?doing_wp_cron=1768536383.1972370147705078125000 HTTP/1.1" 200 0 "-" "WordPress/6.9; https://yahya.bms69.com"
103.149.240.97 - - [16/Jan/2026:04:06:21 +0000] "GET /wp-admin/ HTTP/2" 200 24832 "-" "Mozilla/5.0 (Windows NT 10.0; Win64; x64) AppleWebKit/537.36 (KHTML, like Gecko) Chrome/143.0.0.0 Safari/537.36"
64.31.22.34 - - [16/Jan/2026:04:07:57 +0000] "POST /wp-cron.php?doing_wp_cron=1768536477.4702448844909667968750 HTTP/1.1" 200 0 "-" "WordPress/6.9; https://yahya.bms69.com"
103.149.240.97 - - [16/Jan/2026:04:09:28 +0000] "POST /wp-admin/admin-ajax.php HTTP/2" 200 51 "https://yahya.bms69.com/wp-admin/plugin-install.php?s=wpforms%2520lite&tab=search&type=term" "Mozilla/5.0 (Windows NT 10.0; Win64; x64) AppleWebKit/537.36 (KHTML, like Gecko) Chrome/143.0.0.0 Safari/537.36"
103.149.240.97 - - [16/Jan/2026:04:10:27 +0000] "POST /wp-admin/admin-ajax.php HTTP/2" 200 51 "https://yahya.bms69.com/wp-admin/plugin-install.php?s=wpforms%2520lite&tab=search&type=term" "Mozilla/5.0 (Windows NT 10.0; Win64; x64) AppleWebKit/537.36 (KHTML, like Gecko) Chrome/143.0.0.0 Safari/537.36"
103.149.240.97 - - [16/Jan/2026:04:10:14 +0000] "POST /wp-admin/admin-ajax.php HTTP/2" 200 234 "https://yahya.bms69.com/wp-admin/plugin-install.php?s=wpforms%2520lite&tab=search&type=term" "Mozilla/5.0 (Windows NT 10.0; Win64; x64) AppleWebKit/537.36 (KHTML, like Gecko) Chrome/143.0.0.0 Safari/537.36"
103.149.240.97 - - [16/Jan/2026:04:10:32 +0000] "POST /wp-admin/admin-ajax.php HTTP/2" 200 188 "https://yahya.bms69.com/wp-admin/plugin-install.php?s=wpforms%2520lite&tab=search&type=term" "Mozilla/5.0 (Windows NT 10.0; Win64; x64) AppleWebKit/537.36 (KHTML, like Gecko) Chrome/143.0.0.0 Safari/537.36"
64.31.22.34 - - [16/Jan/2026:04:10:36 +0000] "POST /wp-cron.php?doing_wp_cron=1768536636.0470960140228271484375 HTTP/1.1" 200 0 "-" "WordPress/6.9; https://yahya.bms69.com"
103.149.240.97 - - [16/Jan/2026:04:10:35 +0000] "GET /wp-admin/plugins.php?_wpnonce=0eac53de4d&action=activate&plugin=wpforms-lite/wpforms.php HTTP/2" 302 0 "https://yahya.bms69.com/wp-admin/plugin-install.php?s=wpforms%2520lite&tab=search&type=term" "Mozilla/5.0 (Windows NT 10.0; Win64; x64) AppleWebKit/537.36 (KHTML, like Gecko) Chrome/143.0.0.0 Safari/537.36"
103.149.240.97 - - [16/Jan/2026:04:10:37 +0000] "GET /wp-admin/plugins.php?activate=true&plugin_status=all&paged=1&s= HTTP/2" 302 0 "https://yahya.bms69.com/wp-admin/plugin-install.php?s=wpforms%2520lite&tab=search&type=term" "Mozilla/5.0 (Windows NT 10.0; Win64; x64) AppleWebKit/537.36 (KHTML, like Gecko) Chrome/143.0.0.0 Safari/537.36"
103.149.240.97 - - [16/Jan/2026:04:10:38 +0000] "GET /wp-admin/index.php?page=wpforms-getting-started HTTP/2" 200 29416 "https://yahya.bms69.com/wp-admin/plugin-install.php?s=wpforms%2520lite&tab=search&type=term" "Mozilla/5.0 (Windows NT 10.0; Win64; x64) AppleWebKit/537.36 (KHTML, like Gecko) Chrome/143.0.0.0 Safari/537.36"
103.149.240.97 - - [16/Jan/2026:04:10:39 +0000] "GET /wp-content/plugins/wpforms-lite/assets/lib/font-awesome/css/v4-shims.min.css?ver=4.7.0 HTTP/2" 200 3927 "https://yahya.bms69.com/wp-admin/index.php?page=wpforms-getting-started" "Mozilla/5.0 (Windows NT 10.0; Win64; x64) AppleWebKit/537.36 (KHTML, like Gecko) Chrome/143.0.0.0 Safari/537.36"
103.149.240.97 - - [16/Jan/2026:04:10:39 +0000] "GET /wp-content/plugins/wpforms-lite/assets/lib/jquery.confirm/jquery-confirm.min.css?ver=1.0.0 HTTP/2" 200 2864 "https://yahya.bms69.com/wp-admin/index.php?page=wpforms-getting-started" "Mozilla/5.0 (Windows NT 10.0; Win64; x64) AppleWebKit/537.36 (KHTML, like Gecko) Chrome/143.0.0.0 Safari/537.36"
103.149.240.97 - - [16/Jan/2026:04:10:39 +0000] "GET /wp-content/plugins/wpforms-lite/assets/lib/jquery.minicolors/jquery.minicolors.min.css?ver=2.3.6 HTTP/2" 200 1426 "https://yahya.bms69.com/wp-admin/index.php?page=wpforms-getting-started" "Mozilla/5.0 (Windows NT 10.0; Win64; x64) AppleWebKit/537.36 (KHTML, like Gecko) Chrome/143.0.0.0 Safari/537.36"
103.149.240.97 - - [16/Jan/2026:04:10:39 +0000] "GET /wp-content/plugins/wpforms-lite/assets/lib/font-awesome/css/all.min.css?ver=7.0.1 HTTP/2" 200 19841 "https://yahya.bms69.com/wp-admin/index.php?page=wpforms-getting-started" "Mozilla/5.0 (Windows NT 10.0; Win64; x64) AppleWebKit/537.36 (KHTML, like Gecko) Chrome/143.0.0.0 Safari/537.36"
103.149.240.97 - - [16/Jan/2026:04:10:39 +0000] "GET /wp-content/plugins/wpforms-lite/assets/css/admin.min.css?ver=1.9.8.7 HTTP/2" 200 35497 "https://yahya.bms69.com/wp-admin/index.php?page=wpforms-getting-started" "Mozilla/5.0 (Windows NT 10.0; Win64; x64) AppleWebKit/537.36 (KHTML, like Gecko) Chrome/143.0.0.0 Safari/537.36"
103.149.240.97 - - [16/Jan/2026:04:10:39 +0000] "GET /wp-content/plugins/wpforms-lite/assets/lib/wpforms-multiselect/wpforms-multiselect-checkboxes.min.css?ver=1.0.0 HTTP/2" 200 1431 "https://yahya.bms69.com/wp-admin/index.php?page=wpforms-getting-started" "Mozilla/5.0 (Windows NT 10.0; Win64; x64) AppleWebKit/537.36 (KHTML, like Gecko) Chrome/143.0.0.0 Safari/537.36"
103.149.240.97 - - [16/Jan/2026:04:10:39 +0000] "GET /wp-content/plugins/wpforms-lite/assets/css/admin-wp5.7-colors.min.css?ver=1.9.8.7 HTTP/2" 200 605 "https://yahya.bms69.com/wp-admin/index.php?page=wpforms-getting-started" "Mozilla/5.0 (Windows NT 10.0; Win64; x64) AppleWebKit/537.36 (KHTML, like Gecko) Chrome/143.0.0.0 Safari/537.36"
103.149.240.97 - - [16/Jan/2026:04:10:39 +0000] "GET /wp-content/plugins/wpforms-lite/assets/lite/css/admin.min.css?ver=1.9.8.7 HTTP/2" 200 2400 "https://yahya.bms69.com/wp-admin/index.php?page=wpforms-getting-started" "Mozilla/5.0 (Windows NT 10.0; Win64; x64) AppleWebKit/537.36 (KHTML, like Gecko) Chrome/143.0.0.0 Safari/537.36"
103.149.240.97 - - [16/Jan/2026:04:10:39 +0000] "GET /wp-content/plugins/wpforms-lite/assets/css/challenge.min.css?ver=1.9.8.7 HTTP/2" 200 3280 "https://yahya.bms69.com/wp-admin/index.php?page=wpforms-getting-started" "Mozilla/5.0 (Windows NT 10.0; Win64; x64) AppleWebKit/537.36 (KHTML, like Gecko) Chrome/143.0.0.0 Safari/537.36"
103.149.240.97 - - [16/Jan/2026:04:10:39 +0000] "GET /wp-content/plugins/wpforms-lite/assets/lite/css/dashboard-education.min.css?ver=1.9.8.7 HTTP/2" 200 3656 "https://yahya.bms69.com/wp-admin/index.php?page=wpforms-getting-started" "Mozilla/5.0 (Windows NT 10.0; Win64; x64) AppleWebKit/537.36 (KHTML, like Gecko) Chrome/143.0.0.0 Safari/537.36"
103.149.240.97 - - [16/Jan/2026:04:10:39 +0000] "GET /wp-content/plugins/wpforms-lite/assets/css/admin-bar.min.css?ver=1.9.8.7 HTTP/2" 200 393 "https://yahya.bms69.com/wp-admin/index.php?page=wpforms-getting-started" "Mozilla/5.0 (Windows NT 10.0; Win64; x64) AppleWebKit/537.36 (KHTML, like Gecko) Chrome/143.0.0.0 Safari/537.36"
103.149.240.97 - - [16/Jan/2026:04:10:39 +0000] "GET /wp-content/plugins/wpforms-lite/assets/lib/conditions.min.js?ver=1.1.0 HTTP/2" 200 1032 "https://yahya.bms69.com/wp-admin/index.php?page=wpforms-getting-started" "Mozilla/5.0 (Windows NT 10.0; Win64; x64) AppleWebKit/537.36 (KHTML, like Gecko) Chrome/143.0.0.0 Safari/537.36"
103.149.240.97 - - [16/Jan/2026:04:10:39 +0000] "GET /wp-content/plugins/wpforms-lite/assets/lib/jquery.confirm/jquery-confirm.min.js?ver=1.0.0 HTTP/2" 200 6214 "https://yahya.bms69.com/wp-admin/index.php?page=wpforms-getting-started" "Mozilla/5.0 (Windows NT 10.0; Win64; x64) AppleWebKit/537.36 (KHTML, like Gecko) Chrome/143.0.0.0 Safari/537.36"
103.149.240.97 - - [16/Jan/2026:04:10:39 +0000] "GET /wp-content/plugins/wpforms-lite/assets/lib/jquery.minicolors/jquery.minicolors.min.js?ver=2.3.6 HTTP/2" 200 4453 "https://yahya.bms69.com/wp-admin/index.php?page=wpforms-getting-started" "Mozilla/5.0 (Windows NT 10.0; Win64; x64) AppleWebKit/537.36 (KHTML, like Gecko) Chrome/143.0.0.0 Safari/537.36"
103.149.240.97 - - [16/Jan/2026:04:10:39 +0000] "GET /wp-content/plugins/wpforms-lite/assets/lib/choices.min.js?ver=10.2.0 HTTP/2" 200 21672 "https://yahya.bms69.com/wp-admin/index.php?page=wpforms-getting-started" "Mozilla/5.0 (Windows NT 10.0; Win64; x64) AppleWebKit/537.36 (KHTML, like Gecko) Chrome/143.0.0.0 Safari/537.36"
103.149.240.97 - - [16/Jan/2026:04:10:39 +0000] "GET /wp-content/plugins/wpforms-lite/assets/js/admin/admin.min.js?ver=1.9.8.7 HTTP/2" 200 8665 "https://yahya.bms69.com/wp-admin/index.php?page=wpforms-getting-started" "Mozilla/5.0 (Windows NT 10.0; Win64; x64) AppleWebKit/537.36 (KHTML, like Gecko) Chrome/143.0.0.0 Safari/537.36"
103.149.240.97 - - [16/Jan/2026:04:10:39 +0000] "GET /wp-admin/load-scripts.php?c=1&load%5Bchunk_0%5D=jquery-core,jquery-migrate,utils,underscore,wp-util,moxiejs,plupload&ver=6.9 HTTP/2" 200 76841 "https://yahya.bms69.com/wp-admin/index.php?page=wpforms-getting-started" "Mozilla/5.0 (Windows NT 10.0; Win64; x64) AppleWebKit/537.36 (KHTML, like Gecko) Chrome/143.0.0.0 Safari/537.36"
103.149.240.97 - - [16/Jan/2026:04:10:40 +0000] "GET /wp-content/plugins/wpforms-lite/assets/js/admin/education/core.min.js?ver=1.9.8.7 HTTP/2" 200 2115 "https://yahya.bms69.com/wp-admin/index.php?page=wpforms-getting-started" "Mozilla/5.0 (Windows NT 10.0; Win64; x64) AppleWebKit/537.36 (KHTML, like Gecko) Chrome/143.0.0.0 Safari/537.36"
103.149.240.97 - - [16/Jan/2026:04:10:40 +0000] "GET /wp-content/plugins/wpforms-lite/assets/lite/js/admin/education/core.min.js?ver=1.9.8.7 HTTP/2" 200 855 "https://yahya.bms69.com/wp-admin/index.php?page=wpforms-getting-started" "Mozilla/5.0 (Windows NT 10.0; Win64; x64) AppleWebKit/537.36 (KHTML, like Gecko) Chrome/143.0.0.0 Safari/537.36"
103.149.240.97 - - [16/Jan/2026:04:10:40 +0000] "GET /wp-content/plugins/wpforms-lite/assets/images/sullie.png HTTP/2" 200 25007 "https://yahya.bms69.com/wp-admin/index.php?page=wpforms-getting-started" "Mozilla/5.0 (Windows NT 10.0; Win64; x64) AppleWebKit/537.36 (KHTML, like Gecko) Chrome/143.0.0.0 Safari/537.36"
103.149.240.97 - - [16/Jan/2026:04:10:40 +0000] "GET /wp-content/plugins/wpforms-lite/assets/images/welcome-video.png HTTP/2" 200 24480 "https://yahya.bms69.com/wp-admin/index.php?page=wpforms-getting-started" "Mozilla/5.0 (Windows NT 10.0; Win64; x64) AppleWebKit/537.36 (KHTML, like Gecko) Chrome/143.0.0.0 Safari/537.36"
103.149.240.97 - - [16/Jan/2026:04:10:40 +0000] "GET /wp-content/plugins/wpforms-lite/assets/images/welcome-feature-icon-1.png HTTP/2" 200 1034 "https://yahya.bms69.com/wp-admin/index.php?page=wpforms-getting-started" "Mozilla/5.0 (Windows NT 10.0; Win64; x64) AppleWebKit/537.36 (KHTML, like Gecko) Chrome/143.0.0.0 Safari/537.36"
103.149.240.97 - - [16/Jan/2026:04:10:40 +0000] "GET /wp-content/plugins/wpforms-lite/assets/images/welcome-feature-icon-2.png HTTP/2" 200 901 "https://yahya.bms69.com/wp-admin/index.php?page=wpforms-getting-started" "Mozilla/5.0 (Windows NT 10.0; Win64; x64) AppleWebKit/537.36 (KHTML, like Gecko) Chrome/143.0.0.0 Safari/537.36"
103.149.240.97 - - [16/Jan/2026:04:10:40 +0000] "GET /wp-content/plugins/wpforms-lite/assets/images/welcome-feature-icon-3.png HTTP/2" 200 1890 "https://yahya.bms69.com/wp-admin/index.php?page=wpforms-getting-started" "Mozilla/5.0 (Windows NT 10.0; Win64; x64) AppleWebKit/537.36 (KHTML, like Gecko) Chrome/143.0.0.0 Safari/537.36"
103.149.240.97 - - [16/Jan/2026:04:10:40 +0000] "GET /wp-content/plugins/wpforms-lite/assets/css/admin/admin-splash-modal.min.css?ver=1.9.8.7 HTTP/2" 200 1874 "https://yahya.bms69.com/wp-admin/index.php?page=wpforms-getting-started" "Mozilla/5.0 (Windows NT 10.0; Win64; x64) AppleWebKit/537.36 (KHTML, like Gecko) Chrome/143.0.0.0 Safari/537.36"
103.149.240.97 - - [16/Jan/2026:04:10:41 +0000] "GET /wp-content/plugins/wpforms-lite/assets/js/share/utils.min.js?ver=1.9.8.7 HTTP/2" 200 727 "https://yahya.bms69.com/wp-admin/index.php?page=wpforms-getting-started" "Mozilla/5.0 (Windows NT 10.0; Win64; x64) AppleWebKit/537.36 (KHTML, like Gecko) Chrome/143.0.0.0 Safari/537.36"
103.149.240.97 - - [16/Jan/2026:04:10:41 +0000] "GET /wp-content/plugins/wpforms-lite/assets/js/admin/share/admin-utils.min.js?ver=1.9.8.7 HTTP/2" 200 5315 "https://yahya.bms69.com/wp-admin/index.php?page=wpforms-getting-started" "Mozilla/5.0 (Windows NT 10.0; Win64; x64) AppleWebKit/537.36 (KHTML, like Gecko) Chrome/143.0.0.0 Safari/537.36"
103.149.240.97 - - [16/Jan/2026:04:10:41 +0000] "GET /wp-content/plugins/wpforms-lite/assets/lib/wpforms-multiselect/wpforms-multiselect-checkboxes.min.js?ver=1.9.8.7 HTTP/2" 200 2738 "https://yahya.bms69.com/wp-admin/index.php?page=wpforms-getting-started" "Mozilla/5.0 (Windows NT 10.0; Win64; x64) AppleWebKit/537.36 (KHTML, like Gecko) Chrome/143.0.0.0 Safari/537.36"
103.149.240.97 - - [16/Jan/2026:04:10:41 +0000] "GET /wp-content/plugins/wpforms-lite/assets/js/admin/challenge/challenge-admin.min.js?ver=1.9.8.7 HTTP/2" 200 694 "https://yahya.bms69.com/wp-admin/index.php?page=wpforms-getting-started" "Mozilla/5.0 (Windows NT 10.0; Win64; x64) AppleWebKit/537.36 (KHTML, like Gecko) Chrome/143.0.0.0 Safari/537.36"
103.149.240.97 - - [16/Jan/2026:04:10:41 +0000] "GET /wp-content/plugins/wpforms-lite/assets/lite/js/admin/education/lite-connect.min.js?ver=1.9.8.7 HTTP/2" 200 1757 "https://yahya.bms69.com/wp-admin/index.php?page=wpforms-getting-started" "Mozilla/5.0 (Windows NT 10.0; Win64; x64) AppleWebKit/537.36 (KHTML, like Gecko) Chrome/143.0.0.0 Safari/537.36"
103.149.240.97 - - [16/Jan/2026:04:10:41 +0000] "GET /wp-content/plugins/wpforms-lite/assets/js/admin/splash/modal.min.js?ver=1.9.8.7 HTTP/2" 200 612 "https://yahya.bms69.com/wp-admin/index.php?page=wpforms-getting-started" "Mozilla/5.0 (Windows NT 10.0; Win64; x64) AppleWebKit/537.36 (KHTML, like Gecko) Chrome/143.0.0.0 Safari/537.36"
103.149.240.97 - - [16/Jan/2026:04:10:41 +0000] "GET /wp-content/plugins/wpforms-lite/assets/images/welcome-feature-icon-4.png HTTP/2" 200 1708 "https://yahya.bms69.com/wp-admin/index.php?page=wpforms-getting-started" "Mozilla/5.0 (Windows NT 10.0; Win64; x64) AppleWebKit/537.36 (KHTML, like Gecko) Chrome/143.0.0.0 Safari/537.36"
103.149.240.97 - - [16/Jan/2026:04:10:41 +0000] "GET /wp-content/plugins/wpforms-lite/assets/images/welcome-feature-icon-5.png HTTP/2" 200 1984 "https://yahya.bms69.com/wp-admin/index.php?page=wpforms-getting-started" "Mozilla/5.0 (Windows NT 10.0; Win64; x64) AppleWebKit/537.36 (KHTML, like Gecko) Chrome/143.0.0.0 Safari/537.36"
103.149.240.97 - - [16/Jan/2026:04:10:41 +0000] "GET /wp-content/plugins/wpforms-lite/assets/images/welcome-feature-icon-6.png HTTP/2" 200 2196 "https://yahya.bms69.com/wp-admin/index.php?page=wpforms-getting-started" "Mozilla/5.0 (Windows NT 10.0; Win64; x64) AppleWebKit/537.36 (KHTML, like Gecko) Chrome/143.0.0.0 Safari/537.36"
103.149.240.97 - - [16/Jan/2026:04:10:41 +0000] "GET /wp-content/plugins/wpforms-lite/assets/images/welcome-feature-icon-7.png HTTP/2" 200 3649 "https://yahya.bms69.com/wp-admin/index.php?page=wpforms-getting-started" "Mozilla/5.0 (Windows NT 10.0; Win64; x64) AppleWebKit/537.36 (KHTML, like Gecko) Chrome/143.0.0.0 Safari/537.36"
103.149.240.97 - - [16/Jan/2026:04:10:41 +0000] "GET /wp-content/plugins/wpforms-lite/assets/images/welcome-feature-icon-8.png HTTP/2" 200 3897 "https://yahya.bms69.com/wp-admin/index.php?page=wpforms-getting-started" "Mozilla/5.0 (Windows NT 10.0; Win64; x64) AppleWebKit/537.36 (KHTML, like Gecko) Chrome/143.0.0.0 Safari/537.36"
103.149.240.97 - - [16/Jan/2026:04:10:41 +0000] "GET /wp-content/plugins/wpforms-lite/assets/images/welcome-feature-icon-10.png HTTP/2" 200 1921 "https://yahya.bms69.com/wp-admin/index.php?page=wpforms-getting-started" "Mozilla/5.0 (Windows NT 10.0; Win64; x64) AppleWebKit/537.36 (KHTML, like Gecko) Chrome/143.0.0.0 Safari/537.36"
103.149.240.97 - - [16/Jan/2026:04:10:41 +0000] "GET /wp-content/plugins/wpforms-lite/assets/images/welcome-feature-icon-9.png HTTP/2" 200 1347 "https://yahya.bms69.com/wp-admin/index.php?page=wpforms-getting-started" "Mozilla/5.0 (Windows NT 10.0; Win64; x64) AppleWebKit/537.36 (KHTML, like Gecko) Chrome/143.0.0.0 Safari/537.36"
103.149.240.97 - - [16/Jan/2026:04:10:41 +0000] "GET /wp-content/plugins/wpforms-lite/assets/images/welcome-testimonial-bill.jpg HTTP/2" 200 6828 "https://yahya.bms69.com/wp-admin/index.php?page=wpforms-getting-started" "Mozilla/5.0 (Windows NT 10.0; Win64; x64) AppleWebKit/537.36 (KHTML, like Gecko) Chrome/143.0.0.0 Safari/537.36"
103.149.240.97 - - [16/Jan/2026:04:10:41 +0000] "GET /wp-content/plugins/wpforms-lite/assets/images/welcome-testimonial-david.jpg HTTP/2" 200 4960 "https://yahya.bms69.com/wp-admin/index.php?page=wpforms-getting-started" "Mozilla/5.0 (Windows NT 10.0; Win64; x64) AppleWebKit/537.36 (KHTML, like Gecko) Chrome/143.0.0.0 Safari/537.36"
103.149.240.97 - - [16/Jan/2026:04:10:41 +0000] "GET /wp-content/plugins/wpforms-lite/assets/images/challenge/getting-started.png HTTP/2" 200 82647 "https://yahya.bms69.com/wp-content/plugins/wpforms-lite/assets/css/challenge.min.css?ver=1.9.8.7" "Mozilla/5.0 (Windows NT 10.0; Win64; x64) AppleWebKit/537.36 (KHTML, like Gecko) Chrome/143.0.0.0 Safari/537.36"
64.31.22.34 - - [16/Jan/2026:04:10:36 +0000] "POST /wp-admin/admin-ajax.php?action=as_async_request_queue_runner&nonce=d8dcab2db7 HTTP/1.1" 200 0 "-" "WordPress/6.9; https://yahya.bms69.com"
103.149.240.97 - - [16/Jan/2026:04:10:41 +0000] "GET /wp-json/wp/v2/users/me?context=edit&_locale=user HTTP/2" 200 797 "https://yahya.bms69.com/wp-admin/index.php?page=wpforms-getting-started" "Mozilla/5.0 (Windows NT 10.0; Win64; x64) AppleWebKit/537.36 (KHTML, like Gecko) Chrome/143.0.0.0 Safari/537.36"
103.149.240.97 - - [16/Jan/2026:04:10:46 +0000] "GET /wp-admin/plugin-install.php?s=wpforms%2520lite&tab=search&type=term HTTP/2" 200 34189 "https://yahya.bms69.com/wp-admin/plugins.php" "Mozilla/5.0 (Windows NT 10.0; Win64; x64) AppleWebKit/537.36 (KHTML, like Gecko) Chrome/143.0.0.0 Safari/537.36"
103.149.240.97 - - [16/Jan/2026:04:10:49 +0000] "GET /wp-json/wp/v2/users/me?context=edit&_locale=user HTTP/2" 200 797 "https://yahya.bms69.com/wp-admin/plugin-install.php?s=wpforms%2520lite&tab=search&type=term" "Mozilla/5.0 (Windows NT 10.0; Win64; x64) AppleWebKit/537.36 (KHTML, like Gecko) Chrome/143.0.0.0 Safari/537.36"
103.149.240.97 - - [16/Jan/2026:04:10:53 +0000] "GET /wp-admin/plugins.php HTTP/2" 200 28394 "https://yahya.bms69.com/wp-admin/" "Mozilla/5.0 (Windows NT 10.0; Win64; x64) AppleWebKit/537.36 (KHTML, like Gecko) Chrome/143.0.0.0 Safari/537.36"
103.149.240.97 - - [16/Jan/2026:04:10:54 +0000] "GET /wp-content/plugins/elementor/assets/js/admin-feedback.min.js?ver=3.34.1 HTTP/2" 200 747 "https://yahya.bms69.com/wp-admin/plugins.php" "Mozilla/5.0 (Windows NT 10.0; Win64; x64) AppleWebKit/537.36 (KHTML, like Gecko) Chrome/143.0.0.0 Safari/537.36"
103.149.240.97 - - [16/Jan/2026:04:10:54 +0000] "GET /wp-json/wp/v2/users/me?context=edit&_locale=user HTTP/2" 200 797 "https://yahya.bms69.com/wp-admin/plugins.php" "Mozilla/5.0 (Windows NT 10.0; Win64; x64) AppleWebKit/537.36 (KHTML, like Gecko) Chrome/143.0.0.0 Safari/537.36"
103.149.240.97 - - [16/Jan/2026:04:11:07 +0000] "GET /wp-admin/themes.php?page=starter-templates HTTP/2" 200 600824 "https://yahya.bms69.com/wp-admin/plugins.php" "Mozilla/5.0 (Windows NT 10.0; Win64; x64) AppleWebKit/537.36 (KHTML, like Gecko) Chrome/143.0.0.0 Safari/537.36"
103.149.240.97 - - [16/Jan/2026:04:11:11 +0000] "GET /wp-json/wp/v2/users/me?context=edit&_locale=user HTTP/2" 200 797 "https://yahya.bms69.com/wp-admin/themes.php?page=starter-templates" "Mozilla/5.0 (Windows NT 10.0; Win64; x64) AppleWebKit/537.36 (KHTML, like Gecko) Chrome/143.0.0.0 Safari/537.36"
103.149.240.97 - - [16/Jan/2026:04:11:12 +0000] "POST /wp-admin/admin-ajax.php HTTP/2" 200 20 "https://yahya.bms69.com/wp-admin/themes.php?page=starter-templates" "Mozilla/5.0 (Windows NT 10.0; Win64; x64) AppleWebKit/537.36 (KHTML, like Gecko) Chrome/143.0.0.0 Safari/537.36"
103.149.240.97 - - [16/Jan/2026:04:11:18 +0000] "POST /wp-admin/admin-ajax.php HTTP/2" 200 20 "https://yahya.bms69.com/wp-admin/themes.php?page=starter-templates" "Mozilla/5.0 (Windows NT 10.0; Win64; x64) AppleWebKit/537.36 (KHTML, like Gecko) Chrome/143.0.0.0 Safari/537.36"
103.149.240.97 - - [16/Jan/2026:04:11:23 +0000] "POST /wp-admin/admin-ajax.php HTTP/2" 200 237666 "https://yahya.bms69.com/wp-admin/themes.php?page=starter-templates&ci=1" "Mozilla/5.0 (Windows NT 10.0; Win64; x64) AppleWebKit/537.36 (KHTML, like Gecko) Chrome/143.0.0.0 Safari/537.36"
103.149.240.97 - - [16/Jan/2026:04:11:23 +0000] "POST /wp-admin/admin-ajax.php HTTP/2" 200 20 "https://yahya.bms69.com/wp-admin/themes.php?page=starter-templates&ci=1" "Mozilla/5.0 (Windows NT 10.0; Win64; x64) AppleWebKit/537.36 (KHTML, like Gecko) Chrome/143.0.0.0 Safari/537.36"
103.149.240.97 - - [16/Jan/2026:04:11:24 +0000] "POST /wp-admin/admin-ajax.php HTTP/2" 200 36 "https://yahya.bms69.com/wp-admin/themes.php?page=starter-templates&ci=1" "Mozilla/5.0 (Windows NT 10.0; Win64; x64) AppleWebKit/537.36 (KHTML, like Gecko) Chrome/143.0.0.0 Safari/537.36"
103.149.240.97 - - [16/Jan/2026:04:12:01 +0000] "GET /wp-content/plugins/astra-sites/inc/lib/onboarding/assets/images/surecart-icon.svg HTTP/2" 200 441 "https://yahya.bms69.com/wp-admin/themes.php?page=starter-templates&ci=3&s=Portfolio+%26+CV" "Mozilla/5.0 (Windows NT 10.0; Win64; x64) AppleWebKit/537.36 (KHTML, like Gecko) Chrome/143.0.0.0 Safari/537.36"
103.149.240.97 - - [16/Jan/2026:04:12:01 +0000] "GET /wp-content/plugins/astra-sites/inc/lib/onboarding/assets/images/woocommerce-icon.svg HTTP/2" 200 1494 "https://yahya.bms69.com/wp-admin/themes.php?page=starter-templates&ci=3&s=Portfolio+%26+CV" "Mozilla/5.0 (Windows NT 10.0; Win64; x64) AppleWebKit/537.36 (KHTML, like Gecko) Chrome/143.0.0.0 Safari/537.36"
64.31.22.34 - - [16/Jan/2026:04:12:02 +0000] "POST /wp-cron.php?doing_wp_cron=1768536722.7081670761108398437500 HTTP/1.1" 200 0 "-" "WordPress/6.9; https://yahya.bms69.com"
103.149.240.97 - - [16/Jan/2026:04:12:01 +0000] "POST /wp-admin/admin-ajax.php HTTP/2" 200 37377 "https://yahya.bms69.com/wp-admin/themes.php?page=starter-templates&ci=2&s=Portfolio+%26+CV" "Mozilla/5.0 (Windows NT 10.0; Win64; x64) AppleWebKit/537.36 (KHTML, like Gecko) Chrome/143.0.0.0 Safari/537.36"
103.149.240.97 - - [16/Jan/2026:04:12:01 +0000] "POST /wp-admin/admin-ajax.php HTTP/2" 200 20 "https://yahya.bms69.com/wp-admin/themes.php?page=starter-templates&ci=2&s=Portfolio+%26+CV" "Mozilla/5.0 (Windows NT 10.0; Win64; x64) AppleWebKit/537.36 (KHTML, like Gecko) Chrome/143.0.0.0 Safari/537.36"
103.149.240.97 - - [16/Jan/2026:04:12:03 +0000] "GET /wp-content/themes/twentytwentyfive/assets/fonts/manrope/Manrope-VariableFont_wght.woff2 HTTP/2" 200 53600 "https://yahya.bms69.com/wp-admin/themes.php?page=starter-templates" "Mozilla/5.0 (Windows NT 10.0; Win64; x64) AppleWebKit/537.36 (KHTML, like Gecko) Chrome/143.0.0.0 Safari/537.36"
103.149.240.97 - - [16/Jan/2026:04:12:03 +0000] "POST /wp-admin/admin-ajax.php HTTP/2" 200 312 "https://yahya.bms69.com/wp-admin/themes.php?page=starter-templates&ci=3&s=Portfolio+%26+CV" "Mozilla/5.0 (Windows NT 10.0; Win64; x64) AppleWebKit/537.36 (KHTML, like Gecko) Chrome/143.0.0.0 Safari/537.36"
103.149.240.97 - - [16/Jan/2026:04:12:05 +0000] "POST /wp-admin/admin-ajax.php HTTP/2" 200 124 "https://yahya.bms69.com/wp-admin/themes.php?page=starter-templates&ci=3&s=Portfolio+%26+CV" "Mozilla/5.0 (Windows NT 10.0; Win64; x64) AppleWebKit/537.36 (KHTML, like Gecko) Chrome/143.0.0.0 Safari/537.36"
64.31.22.34 - - [16/Jan/2026:04:12:02 +0000] "POST /wp-admin/admin-ajax.php?action=as_async_request_queue_runner&nonce=d8dcab2db7 HTTP/1.1" 200 0 "-" "WordPress/6.9; https://yahya.bms69.com"
103.149.240.97 - - [16/Jan/2026:04:12:12 +0000] "POST /wp-admin/admin-ajax.php HTTP/2" 200 72 "https://yahya.bms69.com/wp-admin/themes.php?page=starter-templates&ci=3&s=Portfolio+%26+CV" "Mozilla/5.0 (Windows NT 10.0; Win64; x64) AppleWebKit/537.36 (KHTML, like Gecko) Chrome/143.0.0.0 Safari/537.36"
64.31.22.34 - - [16/Jan/2026:04:12:08 +0000] "POST /wp-admin/admin-ajax.php?action=as_async_request_queue_runner&nonce=d8dcab2db7 HTTP/1.1" 200 0 "-" "WordPress/6.9; https://yahya.bms69.com"
64.31.22.34 - - [16/Jan/2026:04:13:13 +0000] "POST /wp-cron.php?doing_wp_cron=1768536793.6728229522705078125000 HTTP/1.1" 200 0 "-" "WordPress/6.9; https://yahya.bms69.com"
103.149.240.97 - - [16/Jan/2026:04:13:12 +0000] "POST /wp-admin/admin-ajax.php HTTP/2" 200 72 "https://yahya.bms69.com/wp-admin/themes.php?page=starter-templates&ci=3&s=Portfolio+%26+CV" "Mozilla/5.0 (Windows NT 10.0; Win64; x64) AppleWebKit/537.36 (KHTML, like Gecko) Chrome/143.0.0.0 Safari/537.36"
103.149.240.97 - - [16/Jan/2026:04:13:25 +0000] "GET /wp-content/plugins/astra-sites/inc/lib/onboarding/assets/images//grayscale/elementor.svg HTTP/2" 200 252 "https://yahya.bms69.com/wp-admin/themes.php?page=starter-templates&ci=4&s=Portfolio+%26+CV" "Mozilla/5.0 (Windows NT 10.0; Win64; x64) AppleWebKit/537.36 (KHTML, like Gecko) Chrome/143.0.0.0 Safari/537.36"
103.149.240.97 - - [16/Jan/2026:04:13:25 +0000] "GET /wp-content/plugins/astra-sites/inc/lib/onboarding/assets/images//grayscale/wpforms.png HTTP/2" 200 4902 "https://yahya.bms69.com/wp-admin/themes.php?page=starter-templates&ci=4&s=Portfolio+%26+CV" "Mozilla/5.0 (Windows NT 10.0; Win64; x64) AppleWebKit/537.36 (KHTML, like Gecko) Chrome/143.0.0.0 Safari/537.36"
103.149.240.97 - - [16/Jan/2026:04:13:25 +0000] "GET /wp-content/plugins/astra-sites/inc/lib/onboarding/assets/images//grayscale/surerank.svg HTTP/2" 200 373 "https://yahya.bms69.com/wp-admin/themes.php?page=starter-templates&ci=4&s=Portfolio+%26+CV" "Mozilla/5.0 (Windows NT 10.0; Win64; x64) AppleWebKit/537.36 (KHTML, like Gecko) Chrome/143.0.0.0 Safari/537.36"
103.149.240.97 - - [16/Jan/2026:04:13:25 +0000] "GET /wp-content/plugins/astra-sites/inc/lib/onboarding/assets/images//grayscale/uae.svg HTTP/2" 200 714 "https://yahya.bms69.com/wp-admin/themes.php?page=starter-templates&ci=4&s=Portfolio+%26+CV" "Mozilla/5.0 (Windows NT 10.0; Win64; x64) AppleWebKit/537.36 (KHTML, like Gecko) Chrome/143.0.0.0 Safari/537.36"
103.149.240.97 - - [16/Jan/2026:04:13:25 +0000] "POST /wp-admin/admin-ajax.php HTTP/2" 200 20 "https://yahya.bms69.com/wp-admin/themes.php?page=starter-templates&ci=3&s=Portfolio+%26+CV" "Mozilla/5.0 (Windows NT 10.0; Win64; x64) AppleWebKit/537.36 (KHTML, like Gecko) Chrome/143.0.0.0 Safari/537.36"
64.31.22.34 - - [16/Jan/2026:04:14:13 +0000] "POST /wp-cron.php?doing_wp_cron=1768536853.6845700740814208984375 HTTP/1.1" 200 0 "-" "WordPress/6.9; https://yahya.bms69.com"
103.149.240.97 - - [16/Jan/2026:04:14:12 +0000] "POST /wp-admin/admin-ajax.php HTTP/2" 200 72 "https://yahya.bms69.com/wp-admin/themes.php?page=starter-templates&ci=4&s=Portfolio+%26+CV" "Mozilla/5.0 (Windows NT 10.0; Win64; x64) AppleWebKit/537.36 (KHTML, like Gecko) Chrome/143.0.0.0 Safari/537.36"
103.149.240.97 - - [16/Jan/2026:04:15:12 +0000] "POST /wp-admin/admin-ajax.php HTTP/2" 200 72 "https://yahya.bms69.com/wp-admin/themes.php?page=starter-templates&ci=4&s=Portfolio+%26+CV" "Mozilla/5.0 (Windows NT 10.0; Win64; x64) AppleWebKit/537.36 (KHTML, like Gecko) Chrome/143.0.0.0 Safari/537.36"
64.31.22.34 - - [16/Jan/2026:04:15:50 +0000] "POST /wp-cron.php?doing_wp_cron=1768536950.3274130821228027343750 HTTP/1.1" 200 0 "-" "WordPress/6.9; https://yahya.bms69.com"
103.149.240.97 - - [16/Jan/2026:04:15:49 +0000] "POST /wp-admin/admin-ajax.php HTTP/2" 200 312 "https://yahya.bms69.com/wp-admin/themes.php?page=starter-templates&ci=4&s=Portfolio+%26+CV" "Mozilla/5.0 (Windows NT 10.0; Win64; x64) AppleWebKit/537.36 (KHTML, like Gecko) Chrome/143.0.0.0 Safari/537.36"
103.149.240.97 - - [16/Jan/2026:04:15:53 +0000] "GET /wp-content/plugins/astra-sites/inc/lib/onboarding/assets/dist/onboarding/images/files-folder.7371f67a.png HTTP/2" 200 9409 "https://yahya.bms69.com/wp-admin/themes.php?page=starter-templates&ci=5&s=Portfolio+%26+CV" "Mozilla/5.0 (Windows NT 10.0; Win64; x64) AppleWebKit/537.36 (KHTML, like Gecko) Chrome/143.0.0.0 Safari/537.36"
103.149.240.97 - - [16/Jan/2026:04:15:53 +0000] "POST /wp-admin/admin-ajax.php HTTP/2" 200 20 "https://yahya.bms69.com/wp-admin/themes.php?page=starter-templates&ci=5&s=Portfolio+%26+CV" "Mozilla/5.0 (Windows NT 10.0; Win64; x64) AppleWebKit/537.36 (KHTML, like Gecko) Chrome/143.0.0.0 Safari/537.36"
103.149.240.97 - - [16/Jan/2026:04:16:06 +0000] "POST /wp-admin/admin-ajax.php HTTP/2" 200 20 "https://yahya.bms69.com/wp-admin/themes.php?page=starter-templates&ci=5&s=Portfolio+%26+CV" "Mozilla/5.0 (Windows NT 10.0; Win64; x64) AppleWebKit/537.36 (KHTML, like Gecko) Chrome/143.0.0.0 Safari/537.36"
103.149.240.97 - - [16/Jan/2026:04:16:06 +0000] "POST /wp-admin/admin-ajax.php HTTP/2" 200 20 "https://yahya.bms69.com/wp-admin/themes.php?page=starter-templates&ci=5&s=Portfolio+%26+CV" "Mozilla/5.0 (Windows NT 10.0; Win64; x64) AppleWebKit/537.36 (KHTML, like Gecko) Chrome/143.0.0.0 Safari/537.36"
103.149.240.97 - - [16/Jan/2026:04:16:06 +0000] "POST /wp-admin/admin-ajax.php HTTP/2" 200 94 "https://yahya.bms69.com/wp-admin/themes.php?page=starter-templates&ci=5&s=Portfolio+%26+CV" "Mozilla/5.0 (Windows NT 10.0; Win64; x64) AppleWebKit/537.36 (KHTML, like Gecko) Chrome/143.0.0.0 Safari/537.36"
103.149.240.97 - - [16/Jan/2026:04:16:06 +0000] "POST /wp-admin/admin-ajax.php HTTP/2" 200 20 "https://yahya.bms69.com/wp-admin/themes.php?page=starter-templates&ci=5&s=Portfolio+%26+CV" "Mozilla/5.0 (Windows NT 10.0; Win64; x64) AppleWebKit/537.36 (KHTML, like Gecko) Chrome/143.0.0.0 Safari/537.36"
103.149.240.97 - - [16/Jan/2026:04:16:06 +0000] "POST /wp-admin/admin-ajax.php HTTP/2" 200 20 "https://yahya.bms69.com/wp-admin/themes.php?page=starter-templates&ci=5&s=Portfolio+%26+CV" "Mozilla/5.0 (Windows NT 10.0; Win64; x64) AppleWebKit/537.36 (KHTML, like Gecko) Chrome/143.0.0.0 Safari/537.36"
103.149.240.97 - - [16/Jan/2026:04:16:07 +0000] "POST /wp-admin/admin-ajax.php HTTP/2" 200 20 "https://yahya.bms69.com/wp-admin/themes.php?page=starter-templates&ci=5&s=Portfolio+%26+CV" "Mozilla/5.0 (Windows NT 10.0; Win64; x64) AppleWebKit/537.36 (KHTML, like Gecko) Chrome/143.0.0.0 Safari/537.36"
103.149.240.97 - - [16/Jan/2026:04:16:06 +0000] "POST /wp-admin/admin-ajax.php HTTP/2" 200 94 "https://yahya.bms69.com/wp-admin/themes.php?page=starter-templates&ci=5&s=Portfolio+%26+CV" "Mozilla/5.0 (Windows NT 10.0; Win64; x64) AppleWebKit/537.36 (KHTML, like Gecko) Chrome/143.0.0.0 Safari/537.36"
103.149.240.97 - - [16/Jan/2026:04:16:12 +0000] "POST /wp-admin/admin-ajax.php HTTP/2" 200 72 "https://yahya.bms69.com/wp-admin/themes.php?page=starter-templates&ci=6&s=Portfolio+%26+CV" "Mozilla/5.0 (Windows NT 10.0; Win64; x64) AppleWebKit/537.36 (KHTML, like Gecko) Chrome/143.0.0.0 Safari/537.36"
103.149.240.97 - - [16/Jan/2026:04:16:07 +0000] "POST /wp-admin/admin-ajax.php HTTP/2" 200 207 "https://yahya.bms69.com/wp-admin/themes.php?page=starter-templates&ci=5&s=Portfolio+%26+CV" "Mozilla/5.0 (Windows NT 10.0; Win64; x64) AppleWebKit/537.36 (KHTML, like Gecko) Chrome/143.0.0.0 Safari/537.36"
103.149.240.97 - - [16/Jan/2026:04:16:15 +0000] "POST /wp-admin/admin-ajax.php HTTP/2" 200 54 "https://yahya.bms69.com/wp-admin/themes.php?page=starter-templates&ci=6&s=Portfolio+%26+CV" "Mozilla/5.0 (Windows NT 10.0; Win64; x64) AppleWebKit/537.36 (KHTML, like Gecko) Chrome/143.0.0.0 Safari/537.36"
103.149.240.97 - - [16/Jan/2026:04:16:15 +0000] "POST /wp-admin/admin-ajax.php HTTP/2" 200 187 "https://yahya.bms69.com/wp-admin/themes.php?page=starter-templates&ci=6&s=Portfolio+%26+CV" "Mozilla/5.0 (Windows NT 10.0; Win64; x64) AppleWebKit/537.36 (KHTML, like Gecko) Chrome/143.0.0.0 Safari/537.36"
103.149.240.97 - - [16/Jan/2026:04:16:18 +0000] "POST /wp-admin/admin-ajax.php HTTP/2" 200 66 "https://yahya.bms69.com/wp-admin/themes.php?page=starter-templates&ci=6&s=Portfolio+%26+CV" "Mozilla/5.0 (Windows NT 10.0; Win64; x64) AppleWebKit/537.36 (KHTML, like Gecko) Chrome/143.0.0.0 Safari/537.36"
103.149.240.97 - - [16/Jan/2026:04:16:21 +0000] "POST /wp-admin/admin-ajax.php HTTP/2" 200 76 "https://yahya.bms69.com/wp-admin/themes.php?page=starter-templates&ci=6&s=Portfolio+%26+CV" "Mozilla/5.0 (Windows NT 10.0; Win64; x64) AppleWebKit/537.36 (KHTML, like Gecko) Chrome/143.0.0.0 Safari/537.36"
103.149.240.97 - - [16/Jan/2026:04:16:22 +0000] "POST /wp-admin/admin-ajax.php HTTP/2" 200 30 "https://yahya.bms69.com/wp-admin/themes.php?page=starter-templates&ci=6&s=Portfolio+%26+CV" "Mozilla/5.0 (Windows NT 10.0; Win64; x64) AppleWebKit/537.36 (KHTML, like Gecko) Chrome/143.0.0.0 Safari/537.36"
64.31.22.34 - - [16/Jan/2026:04:16:25 +0000] "POST /wp-admin/admin-ajax.php?action=wp_astra_theme_db_migration&nonce=9e7bd8ece2 HTTP/1.1" 200 0 "-" "WordPress/6.9; https://yahya.bms69.com"
64.31.22.34 - - [16/Jan/2026:04:16:34 +0000] "POST /wp-cron.php?doing_wp_cron=1768536994.2926371097564697265625 HTTP/1.1" 200 0 "-" "WordPress/6.9; https://yahya.bms69.com"
103.149.240.97 - - [16/Jan/2026:04:16:24 +0000] "POST /wp-admin/admin-ajax.php HTTP/2" 200 266 "https://yahya.bms69.com/wp-admin/themes.php?page=starter-templates&ci=6&s=Portfolio+%26+CV" "Mozilla/5.0 (Windows NT 10.0; Win64; x64) AppleWebKit/537.36 (KHTML, like Gecko) Chrome/143.0.0.0 Safari/537.36"
103.149.240.97 - - [16/Jan/2026:04:16:34 +0000] "GET /wp-admin/admin-ajax.php?action=astra-wxr-import&id=1&_ajax_nonce=489b2d9ac9&xml_id=13 HTTP/2" 200 372480 "https://yahya.bms69.com/wp-admin/themes.php?page=starter-templates&ci=6&s=Portfolio+%26+CV" "Mozilla/5.0 (Windows NT 10.0; Win64; x64) AppleWebKit/537.36 (KHTML, like Gecko) Chrome/143.0.0.0 Safari/537.36"
103.149.240.97 - - [16/Jan/2026:04:16:38 +0000] "POST /wp-admin/admin-ajax.php HTTP/2" 200 51 "https://yahya.bms69.com/wp-admin/themes.php?page=starter-templates&ci=6&s=Portfolio+%26+CV" "Mozilla/5.0 (Windows NT 10.0; Win64; x64) AppleWebKit/537.36 (KHTML, like Gecko) Chrome/143.0.0.0 Safari/537.36"
103.149.240.97 - - [16/Jan/2026:04:16:39 +0000] "POST /wp-admin/admin-ajax.php HTTP/2" 200 46 "https://yahya.bms69.com/wp-admin/themes.php?page=starter-templates&ci=6&s=Portfolio+%26+CV" "Mozilla/5.0 (Windows NT 10.0; Win64; x64) AppleWebKit/537.36 (KHTML, like Gecko) Chrome/143.0.0.0 Safari/537.36"
103.149.240.97 - - [16/Jan/2026:04:16:40 +0000] "POST /wp-admin/admin-ajax.php HTTP/2" 200 30 "https://yahya.bms69.com/wp-admin/themes.php?page=starter-templates&ci=6&s=Portfolio+%26+CV" "Mozilla/5.0 (Windows NT 10.0; Win64; x64) AppleWebKit/537.36 (KHTML, like Gecko) Chrome/143.0.0.0 Safari/537.36"
103.149.240.97 - - [16/Jan/2026:04:16:41 +0000] "POST /wp-admin/admin-ajax.php HTTP/2" 200 30 "https://yahya.bms69.com/wp-admin/themes.php?page=starter-templates&ci=6&s=Portfolio+%26+CV" "Mozilla/5.0 (Windows NT 10.0; Win64; x64) AppleWebKit/537.36 (KHTML, like Gecko) Chrome/143.0.0.0 Safari/537.36"
64.31.22.34 - - [16/Jan/2026:04:16:44 +0000] "POST /wp-admin/admin-ajax.php?action=wp_image_process&nonce=7e4a9efa98 HTTP/1.1" 200 0 "-" "WordPress/6.9; https://yahya.bms69.com"
103.149.240.97 - - [16/Jan/2026:04:16:42 +0000] "POST /wp-admin/admin-ajax.php HTTP/2" 200 51 "https://yahya.bms69.com/wp-admin/themes.php?page=starter-templates&ci=6&s=Portfolio+%26+CV" "Mozilla/5.0 (Windows NT 10.0; Win64; x64) AppleWebKit/537.36 (KHTML, like Gecko) Chrome/143.0.0.0 Safari/537.36"
103.149.240.97 - - [16/Jan/2026:04:16:45 +0000] "POST /wp-admin/admin-ajax.php HTTP/2" 200 93 "https://yahya.bms69.com/wp-admin/themes.php?page=starter-templates&ci=6&s=Portfolio+%26+CV" "Mozilla/5.0 (Windows NT 10.0; Win64; x64) AppleWebKit/537.36 (KHTML, like Gecko) Chrome/143.0.0.0 Safari/537.36"
103.149.240.97 - - [16/Jan/2026:04:16:59 +0000] "GET / HTTP/2" 200 37483 "https://yahya.bms69.com/wp-admin/themes.php?page=starter-templates&ci=6&s=Portfolio+%26+CV" "Mozilla/5.0 (Windows NT 10.0; Win64; x64) AppleWebKit/537.36 (KHTML, like Gecko) Chrome/143.0.0.0 Safari/537.36"
103.149.240.97 - - [16/Jan/2026:04:17:01 +0000] "GET /wp-includes/css/admin-bar.min.css?ver=6.9 HTTP/2" 200 3619 "https://yahya.bms69.com/" "Mozilla/5.0 (Windows NT 10.0; Win64; x64) AppleWebKit/537.36 (KHTML, like Gecko) Chrome/143.0.0.0 Safari/537.36"
103.149.240.97 - - [16/Jan/2026:04:17:01 +0000] "GET /wp-content/themes/astra/assets/css/minified/main.min.css?ver=4.12.0 HTTP/2" 200 8486 "https://yahya.bms69.com/" "Mozilla/5.0 (Windows NT 10.0; Win64; x64) AppleWebKit/537.36 (KHTML, like Gecko) Chrome/143.0.0.0 Safari/537.36"
103.149.240.97 - - [16/Jan/2026:04:17:01 +0000] "GET /wp-content/plugins/header-footer-elementor/inc/widgets-css/frontend.css?ver=2.8.1 HTTP/2" 200 8756 "https://yahya.bms69.com/" "Mozilla/5.0 (Windows NT 10.0; Win64; x64) AppleWebKit/537.36 (KHTML, like Gecko) Chrome/143.0.0.0 Safari/537.36"
103.149.240.97 - - [16/Jan/2026:04:17:01 +0000] "GET /wp-content/plugins/header-footer-elementor/assets/css/header-footer-elementor.css?ver=2.8.1 HTTP/2" 200 259 "https://yahya.bms69.com/" "Mozilla/5.0 (Windows NT 10.0; Win64; x64) AppleWebKit/537.36 (KHTML, like Gecko) Chrome/143.0.0.0 Safari/537.36"
103.149.240.97 - - [16/Jan/2026:04:17:01 +0000] "GET /wp-content/plugins/elementor/assets/css/admin-bar.min.css?ver=3.34.1 HTTP/2" 200 252 "https://yahya.bms69.com/" "Mozilla/5.0 (Windows NT 10.0; Win64; x64) AppleWebKit/537.36 (KHTML, like Gecko) Chrome/143.0.0.0 Safari/537.36"
103.149.240.97 - - [16/Jan/2026:04:17:01 +0000] "GET /wp-content/plugins/elementor/assets/css/frontend.min.css?ver=3.34.1 HTTP/2" 200 6584 "https://yahya.bms69.com/" "Mozilla/5.0 (Windows NT 10.0; Win64; x64) AppleWebKit/537.36 (KHTML, like Gecko) Chrome/143.0.0.0 Safari/537.36"
103.149.240.97 - - [16/Jan/2026:04:17:01 +0000] "GET /wp-content/uploads/elementor/css/post-685.css?ver=1768537020 HTTP/2" 200 328 "https://yahya.bms69.com/" "Mozilla/5.0 (Windows NT 10.0; Win64; x64) AppleWebKit/537.36 (KHTML, like Gecko) Chrome/143.0.0.0 Safari/537.36"
103.149.240.97 - - [16/Jan/2026:04:17:01 +0000] "GET /wp-content/plugins/elementor/assets/css/widget-heading.min.css?ver=3.34.1 HTTP/2" 200 126 "https://yahya.bms69.com/" "Mozilla/5.0 (Windows NT 10.0; Win64; x64) AppleWebKit/537.36 (KHTML, like Gecko) Chrome/143.0.0.0 Safari/537.36"
103.149.240.97 - - [16/Jan/2026:04:17:01 +0000] "GET /wp-content/plugins/elementor/assets/css/widget-image-box.min.css?ver=3.34.1 HTTP/2" 200 297 "https://yahya.bms69.com/" "Mozilla/5.0 (Windows NT 10.0; Win64; x64) AppleWebKit/537.36 (KHTML, like Gecko) Chrome/143.0.0.0 Safari/537.36"
103.149.240.97 - - [16/Jan/2026:04:17:01 +0000] "GET /wp-content/plugins/elementor/assets/css/widget-image.min.css?ver=3.34.1 HTTP/2" 200 96 "https://yahya.bms69.com/" "Mozilla/5.0 (Windows NT 10.0; Win64; x64) AppleWebKit/537.36 (KHTML, like Gecko) Chrome/143.0.0.0 Safari/537.36"
103.149.240.97 - - [16/Jan/2026:04:17:01 +0000] "GET /wp-content/uploads/elementor/css/post-19.css?ver=1768537020 HTTP/2" 200 2692 "https://yahya.bms69.com/" "Mozilla/5.0 (Windows NT 10.0; Win64; x64) AppleWebKit/537.36 (KHTML, like Gecko) Chrome/143.0.0.0 Safari/537.36"
103.149.240.97 - - [16/Jan/2026:04:17:01 +0000] "GET /wp-content/plugins/elementor/assets/lib/eicons/css/elementor-icons.min.css?ver=5.34.0 HTTP/2" 200 4025 "https://yahya.bms69.com/" "Mozilla/5.0 (Windows NT 10.0; Win64; x64) AppleWebKit/537.36 (KHTML, like Gecko) Chrome/143.0.0.0 Safari/537.36"
103.149.240.97 - - [16/Jan/2026:04:17:01 +0000] "GET /wp-content/plugins/elementor/assets/css/widget-icon-list.min.css?ver=3.24.3 HTTP/2" 200 928 "https://yahya.bms69.com/" "Mozilla/5.0 (Windows NT 10.0; Win64; x64) AppleWebKit/537.36 (KHTML, like Gecko) Chrome/143.0.0.0 Safari/537.36"
103.149.240.97 - - [16/Jan/2026:04:17:01 +0000] "GET /wp-content/plugins/elementor/assets/css/widget-social-icons.min.css?ver=3.24.0 HTTP/2" 200 1039 "https://yahya.bms69.com/" "Mozilla/5.0 (Windows NT 10.0; Win64; x64) AppleWebKit/537.36 (KHTML, like Gecko) Chrome/143.0.0.0 Safari/537.36"
103.149.240.97 - - [16/Jan/2026:04:17:01 +0000] "GET /wp-content/plugins/elementor/assets/lib/font-awesome/css/brands.css?ver=5.15.3 HTTP/2" 200 296 "https://yahya.bms69.com/" "Mozilla/5.0 (Windows NT 10.0; Win64; x64) AppleWebKit/537.36 (KHTML, like Gecko) Chrome/143.0.0.0 Safari/537.36"
103.149.240.97 - - [16/Jan/2026:04:17:01 +0000] "GET /wp-content/plugins/elementor/assets/lib/font-awesome/css/solid.css?ver=5.15.3 HTTP/2" 200 296 "https://yahya.bms69.com/" "Mozilla/5.0 (Windows NT 10.0; Win64; x64) AppleWebKit/537.36 (KHTML, like Gecko) Chrome/143.0.0.0 Safari/537.36"
103.149.240.97 - - [16/Jan/2026:04:17:01 +0000] "GET /wp-content/themes/astra/assets/js/minified/flexibility.min.js?ver=4.12.0 HTTP/2" 200 3759 "https://yahya.bms69.com/" "Mozilla/5.0 (Windows NT 10.0; Win64; x64) AppleWebKit/537.36 (KHTML, like Gecko) Chrome/143.0.0.0 Safari/537.36"
103.149.240.97 - - [16/Jan/2026:04:17:01 +0000] "GET /wp-includes/js/jquery/jquery-migrate.min.js?ver=3.4.1 HTTP/2" 200 4678 "https://yahya.bms69.com/" "Mozilla/5.0 (Windows NT 10.0; Win64; x64) AppleWebKit/537.36 (KHTML, like Gecko) Chrome/143.0.0.0 Safari/537.36"
103.149.240.97 - - [16/Jan/2026:04:17:01 +0000] "GET /wp-content/plugins/elementor/assets/lib/font-awesome/css/fontawesome.css?ver=5.15.3 HTTP/2" 200 12526 "https://yahya.bms69.com/" "Mozilla/5.0 (Windows NT 10.0; Win64; x64) AppleWebKit/537.36 (KHTML, like Gecko) Chrome/143.0.0.0 Safari/537.36"
