78.142.18.43 - - [15/Jan/2026:12:58:19 +0000] "GET /wp-admin/profile.php HTTP/1.1" 500 1120 "https://riteplacehealth.org/wp-login.php" "Mozilla/5.0 (Macintosh; Intel Mac OS X 13_6_1) AppleWebKit/605.1.15 (KHTML, like Gecko) Version/17.2 Safari/605.1.15"
78.142.18.43 - - [15/Jan/2026:12:58:20 +0000] "GET /wp-admin/edit.php HTTP/1.1" 500 1120 "https://riteplacehealth.org/wp-login.php" "Mozilla/5.0 (Macintosh; Intel Mac OS X 13_6_1) AppleWebKit/605.1.15 (KHTML, like Gecko) Version/17.2 Safari/605.1.15"
78.142.18.43 - - [15/Jan/2026:12:58:22 +0000] "GET /wp-admin/plugins.php HTTP/1.1" 500 1120 "https://riteplacehealth.org/wp-login.php" "Mozilla/5.0 (Macintosh; Intel Mac OS X 13_6_1) AppleWebKit/605.1.15 (KHTML, like Gecko) Version/17.2 Safari/605.1.15"
78.142.18.43 - - [15/Jan/2026:12:58:23 +0000] "POST /wp-login.php HTTP/1.1" 500 1120 "https://riteplacehealth.org/wp-login.php" "Mozilla/5.0 (Windows NT 10.0; Win64; x64; rv:119.0) Gecko/20100101 Firefox/119.0"
78.142.18.43 - - [15/Jan/2026:12:58:24 +0000] "GET /wp-admin/index.php HTTP/1.1" 500 1120 "https://riteplacehealth.org/wp-login.php" "Mozilla/5.0 (Windows NT 10.0; Win64; x64; rv:121.0) Gecko/20100101 Firefox/121.0"
78.142.18.43 - - [15/Jan/2026:12:58:25 +0000] "GET /wp-admin/profile.php HTTP/1.1" 500 1120 "https://riteplacehealth.org/wp-login.php" "Mozilla/5.0 (Windows NT 10.0; Win64; x64; rv:121.0) Gecko/20100101 Firefox/121.0"
78.142.18.43 - - [15/Jan/2026:12:58:26 +0000] "GET /wp-admin/edit.php HTTP/1.1" 500 1120 "https://riteplacehealth.org/wp-login.php" "Mozilla/5.0 (Windows NT 10.0; Win64; x64; rv:121.0) Gecko/20100101 Firefox/121.0"
78.142.18.43 - - [15/Jan/2026:12:58:27 +0000] "GET /wp-admin/plugins.php HTTP/1.1" 500 1120 "https://riteplacehealth.org/wp-login.php" "Mozilla/5.0 (Windows NT 10.0; Win64; x64; rv:121.0) Gecko/20100101 Firefox/121.0"
78.142.18.43 - - [15/Jan/2026:12:58:28 +0000] "POST /wp-login.php HTTP/1.1" 307 797 "https://riteplacehealth.org/wp-login.php" "Mozilla/5.0 (Macintosh; Intel Mac OS X 13_6_1) AppleWebKit/605.1.15 (KHTML, like Gecko) Version/17.0 Safari/605.1.15"
78.142.18.43 - - [15/Jan/2026:12:58:28 +0000] "GET /wp-admin/index.php HTTP/1.1" 500 1120 "https://riteplacehealth.org/wp-login.php" "Mozilla/5.0 (X11; Linux x86_64) AppleWebKit/537.36 (KHTML, like Gecko) Chrome/118.0.0.0 Safari/537.36"
78.142.18.43 - - [15/Jan/2026:12:58:29 +0000] "GET /wp-admin/profile.php HTTP/1.1" 500 1120 "https://riteplacehealth.org/wp-login.php" "Mozilla/5.0 (X11; Linux x86_64) AppleWebKit/537.36 (KHTML, like Gecko) Chrome/118.0.0.0 Safari/537.36"
78.142.18.43 - - [15/Jan/2026:12:58:30 +0000] "GET /wp-admin/edit.php HTTP/1.1" 500 1120 "https://riteplacehealth.org/wp-login.php" "Mozilla/5.0 (X11; Linux x86_64) AppleWebKit/537.36 (KHTML, like Gecko) Chrome/118.0.0.0 Safari/537.36"
78.142.18.43 - - [15/Jan/2026:12:58:31 +0000] "GET /wp-admin/plugins.php HTTP/1.1" 500 1120 "https://riteplacehealth.org/wp-login.php" "Mozilla/5.0 (X11; Linux x86_64) AppleWebKit/537.36 (KHTML, like Gecko) Chrome/118.0.0.0 Safari/537.36"
78.142.18.43 - - [15/Jan/2026:12:58:33 +0000] "POST /wp-login.php HTTP/1.1" 307 797 "https://riteplacehealth.org/wp-login.php" "Mozilla/5.0 (Windows NT 11.0; Win64; x64) AppleWebKit/537.36 (KHTML, like Gecko) Chrome/120.0.0.0 Safari/537.36"
78.142.18.43 - - [15/Jan/2026:12:58:33 +0000] "GET /wp-admin/index.php HTTP/1.1" 500 1120 "https://riteplacehealth.org/wp-login.php" "Mozilla/5.0 (Macintosh; Intel Mac OS X 10_15_7) AppleWebKit/605.1.15 (KHTML, like Gecko) Version/17.0 Safari/605.1.15"
78.142.18.43 - - [15/Jan/2026:12:58:34 +0000] "GET /wp-admin/profile.php HTTP/1.1" 500 1120 "https://riteplacehealth.org/wp-login.php" "Mozilla/5.0 (Macintosh; Intel Mac OS X 10_15_7) AppleWebKit/605.1.15 (KHTML, like Gecko) Version/17.0 Safari/605.1.15"
78.142.18.43 - - [15/Jan/2026:12:58:35 +0000] "GET /wp-admin/edit.php HTTP/1.1" 500 1120 "https://riteplacehealth.org/wp-login.php" "Mozilla/5.0 (Macintosh; Intel Mac OS X 10_15_7) AppleWebKit/605.1.15 (KHTML, like Gecko) Version/17.0 Safari/605.1.15"
78.142.18.43 - - [15/Jan/2026:12:58:36 +0000] "GET /wp-admin/plugins.php HTTP/1.1" 500 1120 "https://riteplacehealth.org/wp-login.php" "Mozilla/5.0 (Macintosh; Intel Mac OS X 10_15_7) AppleWebKit/605.1.15 (KHTML, like Gecko) Version/17.0 Safari/605.1.15"
78.142.18.43 - - [15/Jan/2026:12:58:37 +0000] "POST /wp-login.php HTTP/1.1" 307 797 "https://riteplacehealth.org/wp-login.php" "Mozilla/5.0 (Macintosh; Intel Mac OS X 10_15_7) AppleWebKit/537.36 (KHTML, like Gecko) Chrome/120.0.0.0 Safari/537.36"
78.142.18.43 - - [15/Jan/2026:12:58:37 +0000] "GET /wp-admin/index.php HTTP/1.1" 500 1120 "https://riteplacehealth.org/wp-login.php" "Mozilla/5.0 (X11; Linux x86_64) AppleWebKit/537.36 (KHTML, like Gecko) Chrome/118.0.0.0 Safari/537.36"
78.142.18.43 - - [15/Jan/2026:12:58:38 +0000] "GET /wp-admin/profile.php HTTP/1.1" 500 1120 "https://riteplacehealth.org/wp-login.php" "Mozilla/5.0 (X11; Linux x86_64) AppleWebKit/537.36 (KHTML, like Gecko) Chrome/118.0.0.0 Safari/537.36"
78.142.18.43 - - [15/Jan/2026:12:58:39 +0000] "GET /wp-admin/edit.php HTTP/1.1" 500 1120 "https://riteplacehealth.org/wp-login.php" "Mozilla/5.0 (X11; Linux x86_64) AppleWebKit/537.36 (KHTML, like Gecko) Chrome/118.0.0.0 Safari/537.36"
78.142.18.43 - - [15/Jan/2026:12:58:41 +0000] "GET /wp-admin/plugins.php HTTP/1.1" 500 1120 "https://riteplacehealth.org/wp-login.php" "Mozilla/5.0 (X11; Linux x86_64) AppleWebKit/537.36 (KHTML, like Gecko) Chrome/118.0.0.0 Safari/537.36"
78.142.18.43 - - [15/Jan/2026:12:58:42 +0000] "POST /wp-login.php HTTP/1.1" 307 797 "https://riteplacehealth.org/wp-login.php" "Mozilla/5.0 (Macintosh; Intel Mac OS X 10_15_7) AppleWebKit/605.1.15 (KHTML, like Gecko) Version/16.6 Safari/605.1.15"
78.142.18.43 - - [15/Jan/2026:12:58:42 +0000] "GET /wp-admin/index.php HTTP/1.1" 500 1120 "https://riteplacehealth.org/wp-login.php" "Mozilla/5.0 (Macintosh; Intel Mac OS X 10_15_7) AppleWebKit/605.1.15 (KHTML, like Gecko) Version/16.6 Safari/605.1.15"
78.142.18.43 - - [15/Jan/2026:12:58:43 +0000] "GET /wp-admin/profile.php HTTP/1.1" 500 1120 "https://riteplacehealth.org/wp-login.php" "Mozilla/5.0 (Macintosh; Intel Mac OS X 10_15_7) AppleWebKit/605.1.15 (KHTML, like Gecko) Version/16.6 Safari/605.1.15"
78.142.18.43 - - [15/Jan/2026:12:58:44 +0000] "GET /wp-admin/edit.php HTTP/1.1" 500 1120 "https://riteplacehealth.org/wp-login.php" "Mozilla/5.0 (Macintosh; Intel Mac OS X 10_15_7) AppleWebKit/605.1.15 (KHTML, like Gecko) Version/16.6 Safari/605.1.15"
78.142.18.43 - - [15/Jan/2026:12:58:45 +0000] "GET /wp-admin/plugins.php HTTP/1.1" 500 1120 "https://riteplacehealth.org/wp-login.php" "Mozilla/5.0 (Macintosh; Intel Mac OS X 10_15_7) AppleWebKit/605.1.15 (KHTML, like Gecko) Version/16.6 Safari/605.1.15"
78.142.18.43 - - [15/Jan/2026:12:58:47 +0000] "POST /wp-login.php HTTP/1.1" 307 797 "https://riteplacehealth.org/wp-login.php" "Mozilla/5.0 (Macintosh; Intel Mac OS X 13_6_1) AppleWebKit/605.1.15 (KHTML, like Gecko) Version/16.6 Safari/605.1.15"
78.142.18.43 - - [15/Jan/2026:12:58:47 +0000] "GET /wp-admin/index.php HTTP/1.1" 500 1120 "https://riteplacehealth.org/wp-login.php" "Mozilla/5.0 (Windows NT 11.0; Win64; x64; rv:121.0) Gecko/20100101 Firefox/121.0"
78.142.18.43 - - [15/Jan/2026:12:58:48 +0000] "GET /wp-admin/profile.php HTTP/1.1" 500 1120 "https://riteplacehealth.org/wp-login.php" "Mozilla/5.0 (Windows NT 11.0; Win64; x64; rv:121.0) Gecko/20100101 Firefox/121.0"
78.142.18.43 - - [15/Jan/2026:12:58:49 +0000] "GET /wp-admin/edit.php HTTP/1.1" 500 1120 "https://riteplacehealth.org/wp-login.php" "Mozilla/5.0 (Windows NT 11.0; Win64; x64; rv:121.0) Gecko/20100101 Firefox/121.0"
78.142.18.43 - - [15/Jan/2026:12:58:50 +0000] "GET /wp-admin/plugins.php HTTP/1.1" 500 1120 "https://riteplacehealth.org/wp-login.php" "Mozilla/5.0 (Windows NT 11.0; Win64; x64; rv:121.0) Gecko/20100101 Firefox/121.0"
78.142.18.43 - - [15/Jan/2026:12:58:51 +0000] "POST /wp-login.php HTTP/1.1" 307 797 "https://riteplacehealth.org/wp-login.php" "Mozilla/5.0 (Windows NT 11.0; Win64; x64; rv:119.0) Gecko/20100101 Firefox/119.0"
78.142.18.43 - - [15/Jan/2026:12:58:52 +0000] "GET /wp-admin/index.php HTTP/1.1" 500 1120 "https://riteplacehealth.org/wp-login.php" "Mozilla/5.0 (Macintosh; Intel Mac OS X 10_15_7) AppleWebKit/537.36 (KHTML, like Gecko) Chrome/121.0.0.0 Safari/537.36"
78.142.18.43 - - [15/Jan/2026:12:58:53 +0000] "GET /wp-admin/profile.php HTTP/1.1" 500 1120 "https://riteplacehealth.org/wp-login.php" "Mozilla/5.0 (Macintosh; Intel Mac OS X 10_15_7) AppleWebKit/537.36 (KHTML, like Gecko) Chrome/121.0.0.0 Safari/537.36"
78.142.18.43 - - [15/Jan/2026:12:58:54 +0000] "GET /wp-admin/edit.php HTTP/1.1" 500 1120 "https://riteplacehealth.org/wp-login.php" "Mozilla/5.0 (Macintosh; Intel Mac OS X 10_15_7) AppleWebKit/537.36 (KHTML, like Gecko) Chrome/121.0.0.0 Safari/537.36"
78.142.18.43 - - [15/Jan/2026:12:58:55 +0000] "GET /wp-admin/plugins.php HTTP/1.1" 500 1120 "https://riteplacehealth.org/wp-login.php" "Mozilla/5.0 (Macintosh; Intel Mac OS X 10_15_7) AppleWebKit/537.36 (KHTML, like Gecko) Chrome/121.0.0.0 Safari/537.36"
78.142.18.43 - - [15/Jan/2026:12:58:56 +0000] "POST /wp-login.php HTTP/1.1" 307 797 "https://riteplacehealth.org/wp-login.php" "Mozilla/5.0 (X11; Linux x86_64) AppleWebKit/537.36 (KHTML, like Gecko) Chrome/121.0.0.0 Safari/537.36"
78.142.18.43 - - [15/Jan/2026:12:58:56 +0000] "GET /wp-admin/index.php HTTP/1.1" 500 1120 "https://riteplacehealth.org/wp-login.php" "Mozilla/5.0 (Macintosh; Intel Mac OS X 10_15_7) AppleWebKit/537.36 (KHTML, like Gecko) Chrome/119.0.0.0 Safari/537.36"
78.142.18.43 - - [15/Jan/2026:12:58:58 +0000] "GET /wp-admin/profile.php HTTP/1.1" 500 1120 "https://riteplacehealth.org/wp-login.php" "Mozilla/5.0 (Macintosh; Intel Mac OS X 10_15_7) AppleWebKit/537.36 (KHTML, like Gecko) Chrome/119.0.0.0 Safari/537.36"
78.142.18.43 - - [15/Jan/2026:12:58:59 +0000] "GET /wp-admin/edit.php HTTP/1.1" 500 1120 "https://riteplacehealth.org/wp-login.php" "Mozilla/5.0 (Macintosh; Intel Mac OS X 10_15_7) AppleWebKit/537.36 (KHTML, like Gecko) Chrome/119.0.0.0 Safari/537.36"
78.142.18.43 - - [15/Jan/2026:12:59:00 +0000] "GET /wp-admin/plugins.php HTTP/1.1" 500 1120 "https://riteplacehealth.org/wp-login.php" "Mozilla/5.0 (Macintosh; Intel Mac OS X 10_15_7) AppleWebKit/537.36 (KHTML, like Gecko) Chrome/119.0.0.0 Safari/537.36"
78.142.18.43 - - [15/Jan/2026:12:59:01 +0000] "POST /wp-login.php HTTP/1.1" 307 797 "https://riteplacehealth.org/wp-login.php" "Mozilla/5.0 (Macintosh; Intel Mac OS X 13_6_1; rv:119.0) Gecko/20100101 Firefox/119.0"
78.142.18.43 - - [15/Jan/2026:12:59:01 +0000] "GET /wp-admin/index.php HTTP/1.1" 500 1120 "https://riteplacehealth.org/wp-login.php" "Mozilla/5.0 (X11; Ubuntu; Linux x86_64) AppleWebKit/537.36 (KHTML, like Gecko) Chrome/119.0.0.0 Safari/537.36"
78.142.18.43 - - [15/Jan/2026:12:59:02 +0000] "GET /wp-admin/profile.php HTTP/1.1" 500 1120 "https://riteplacehealth.org/wp-login.php" "Mozilla/5.0 (X11; Ubuntu; Linux x86_64) AppleWebKit/537.36 (KHTML, like Gecko) Chrome/119.0.0.0 Safari/537.36"
78.142.18.43 - - [15/Jan/2026:12:59:03 +0000] "GET /wp-admin/edit.php HTTP/1.1" 500 1120 "https://riteplacehealth.org/wp-login.php" "Mozilla/5.0 (X11; Ubuntu; Linux x86_64) AppleWebKit/537.36 (KHTML, like Gecko) Chrome/119.0.0.0 Safari/537.36"
78.142.18.43 - - [15/Jan/2026:12:59:05 +0000] "GET /wp-admin/plugins.php HTTP/1.1" 500 1120 "https://riteplacehealth.org/wp-login.php" "Mozilla/5.0 (X11; Ubuntu; Linux x86_64) AppleWebKit/537.36 (KHTML, like Gecko) Chrome/119.0.0.0 Safari/537.36"
78.142.18.43 - - [15/Jan/2026:12:59:06 +0000] "POST /wp-login.php HTTP/1.1" 307 797 "https://riteplacehealth.org/wp-login.php" "Mozilla/5.0 (Macintosh; Intel Mac OS X 13_6_1) AppleWebKit/605.1.15 (KHTML, like Gecko) Version/17.2 Safari/605.1.15"
78.142.18.43 - - [15/Jan/2026:12:59:06 +0000] "GET /wp-admin/index.php HTTP/1.1" 500 1120 "https://riteplacehealth.org/wp-login.php" "Mozilla/5.0 (Macintosh; Intel Mac OS X 13_6_1) AppleWebKit/537.36 (KHTML, like Gecko) Chrome/120.0.0.0 Safari/537.36"
78.142.18.43 - - [15/Jan/2026:12:59:08 +0000] "GET /wp-admin/profile.php HTTP/1.1" 500 1120 "https://riteplacehealth.org/wp-login.php" "Mozilla/5.0 (Macintosh; Intel Mac OS X 13_6_1) AppleWebKit/537.36 (KHTML, like Gecko) Chrome/120.0.0.0 Safari/537.36"
78.142.18.43 - - [15/Jan/2026:12:59:09 +0000] "GET /wp-admin/edit.php HTTP/1.1" 500 1120 "https://riteplacehealth.org/wp-login.php" "Mozilla/5.0 (Macintosh; Intel Mac OS X 13_6_1) AppleWebKit/537.36 (KHTML, like Gecko) Chrome/120.0.0.0 Safari/537.36"
78.142.18.43 - - [15/Jan/2026:12:59:10 +0000] "GET /wp-admin/plugins.php HTTP/1.1" 500 1120 "https://riteplacehealth.org/wp-login.php" "Mozilla/5.0 (Macintosh; Intel Mac OS X 13_6_1) AppleWebKit/537.36 (KHTML, like Gecko) Chrome/120.0.0.0 Safari/537.36"
78.142.18.43 - - [15/Jan/2026:12:59:11 +0000] "POST /wp-login.php HTTP/1.1" 307 797 "https://riteplacehealth.org/wp-login.php" "Mozilla/5.0 (Macintosh; Intel Mac OS X 13_6_1) AppleWebKit/605.1.15 (KHTML, like Gecko) Version/16.6 Safari/605.1.15"
78.142.18.43 - - [15/Jan/2026:12:59:11 +0000] "GET /wp-admin/index.php HTTP/1.1" 500 1120 "https://riteplacehealth.org/wp-login.php" "Mozilla/5.0 (Macintosh; Intel Mac OS X 13_6_1) AppleWebKit/605.1.15 (KHTML, like Gecko) Version/17.0 Safari/605.1.15"
78.142.18.43 - - [15/Jan/2026:12:59:13 +0000] "GET /wp-admin/profile.php HTTP/1.1" 500 1120 "https://riteplacehealth.org/wp-login.php" "Mozilla/5.0 (Macintosh; Intel Mac OS X 13_6_1) AppleWebKit/605.1.15 (KHTML, like Gecko) Version/17.0 Safari/605.1.15"
78.142.18.43 - - [15/Jan/2026:12:59:14 +0000] "GET /wp-admin/edit.php HTTP/1.1" 500 1120 "https://riteplacehealth.org/wp-login.php" "Mozilla/5.0 (Macintosh; Intel Mac OS X 13_6_1) AppleWebKit/605.1.15 (KHTML, like Gecko) Version/17.0 Safari/605.1.15"
78.142.18.43 - - [15/Jan/2026:12:59:15 +0000] "GET /wp-admin/plugins.php HTTP/1.1" 500 1120 "https://riteplacehealth.org/wp-login.php" "Mozilla/5.0 (Macintosh; Intel Mac OS X 13_6_1) AppleWebKit/605.1.15 (KHTML, like Gecko) Version/17.0 Safari/605.1.15"
78.142.18.43 - - [15/Jan/2026:12:59:16 +0000] "POST /wp-login.php HTTP/1.1" 307 797 "https://riteplacehealth.org/wp-login.php" "Mozilla/5.0 (Macintosh; Intel Mac OS X 10_15_7) AppleWebKit/605.1.15 (KHTML, like Gecko) Version/16.6 Safari/605.1.15"
78.142.18.43 - - [15/Jan/2026:12:59:16 +0000] "GET /wp-admin/index.php HTTP/1.1" 500 1120 "https://riteplacehealth.org/wp-login.php" "Mozilla/5.0 (Macintosh; Intel Mac OS X 13_6_1) AppleWebKit/537.36 (KHTML, like Gecko) Chrome/120.0.0.0 Safari/537.36"
78.142.18.43 - - [15/Jan/2026:12:59:17 +0000] "GET /wp-admin/profile.php HTTP/1.1" 500 1120 "https://riteplacehealth.org/wp-login.php" "Mozilla/5.0 (Macintosh; Intel Mac OS X 13_6_1) AppleWebKit/537.36 (KHTML, like Gecko) Chrome/120.0.0.0 Safari/537.36"
78.142.18.43 - - [15/Jan/2026:12:59:18 +0000] "GET /wp-admin/edit.php HTTP/1.1" 500 1120 "https://riteplacehealth.org/wp-login.php" "Mozilla/5.0 (Macintosh; Intel Mac OS X 13_6_1) AppleWebKit/537.36 (KHTML, like Gecko) Chrome/120.0.0.0 Safari/537.36"
78.142.18.43 - - [15/Jan/2026:12:59:19 +0000] "GET /wp-admin/plugins.php HTTP/1.1" 500 1120 "https://riteplacehealth.org/wp-login.php" "Mozilla/5.0 (Macintosh; Intel Mac OS X 13_6_1) AppleWebKit/537.36 (KHTML, like Gecko) Chrome/120.0.0.0 Safari/537.36"
78.142.18.43 - - [15/Jan/2026:12:59:20 +0000] "POST /wp-login.php HTTP/1.1" 307 797 "https://riteplacehealth.org/wp-login.php" "Mozilla/5.0 (Macintosh; Intel Mac OS X 13_6_1) AppleWebKit/605.1.15 (KHTML, like Gecko) Version/16.6 Safari/605.1.15"
78.142.18.43 - - [15/Jan/2026:12:59:21 +0000] "GET /wp-admin/index.php HTTP/1.1" 500 1120 "https://riteplacehealth.org/wp-login.php" "Mozilla/5.0 (Windows NT 10.0; Win64; x64; rv:120.0) Gecko/20100101 Firefox/120.0"
78.142.18.43 - - [15/Jan/2026:12:59:22 +0000] "GET /wp-admin/profile.php HTTP/1.1" 500 1120 "https://riteplacehealth.org/wp-login.php" "Mozilla/5.0 (Windows NT 10.0; Win64; x64; rv:120.0) Gecko/20100101 Firefox/120.0"
78.142.18.43 - - [15/Jan/2026:12:59:23 +0000] "GET /wp-admin/edit.php HTTP/1.1" 500 1120 "https://riteplacehealth.org/wp-login.php" "Mozilla/5.0 (Windows NT 10.0; Win64; x64; rv:120.0) Gecko/20100101 Firefox/120.0"
78.142.18.43 - - [15/Jan/2026:12:59:24 +0000] "GET /wp-admin/plugins.php HTTP/1.1" 500 1120 "https://riteplacehealth.org/wp-login.php" "Mozilla/5.0 (Windows NT 10.0; Win64; x64; rv:120.0) Gecko/20100101 Firefox/120.0"
78.142.18.43 - - [15/Jan/2026:12:59:25 +0000] "POST /wp-login.php HTTP/1.1" 307 797 "https://riteplacehealth.org/wp-login.php" "Mozilla/5.0 (X11; Ubuntu; Linux x86_64) AppleWebKit/537.36 (KHTML, like Gecko) Chrome/118.0.0.0 Safari/537.36"
78.142.18.43 - - [15/Jan/2026:12:59:25 +0000] "GET /wp-admin/index.php HTTP/1.1" 500 1120 "https://riteplacehealth.org/wp-login.php" "Mozilla/5.0 (Windows NT 11.0; Win64; x64) AppleWebKit/537.36 (KHTML, like Gecko) Chrome/119.0.0.0 Safari/537.36"
78.142.18.43 - - [15/Jan/2026:12:59:26 +0000] "GET /wp-admin/profile.php HTTP/1.1" 500 1120 "https://riteplacehealth.org/wp-login.php" "Mozilla/5.0 (Windows NT 11.0; Win64; x64) AppleWebKit/537.36 (KHTML, like Gecko) Chrome/119.0.0.0 Safari/537.36"
78.142.18.43 - - [15/Jan/2026:12:59:28 +0000] "GET /wp-admin/edit.php HTTP/1.1" 500 1120 "https://riteplacehealth.org/wp-login.php" "Mozilla/5.0 (Windows NT 11.0; Win64; x64) AppleWebKit/537.36 (KHTML, like Gecko) Chrome/119.0.0.0 Safari/537.36"
78.142.18.43 - - [15/Jan/2026:12:59:29 +0000] "GET /wp-admin/plugins.php HTTP/1.1" 500 1120 "https://riteplacehealth.org/wp-login.php" "Mozilla/5.0 (Windows NT 11.0; Win64; x64) AppleWebKit/537.36 (KHTML, like Gecko) Chrome/119.0.0.0 Safari/537.36"
78.142.18.43 - - [15/Jan/2026:12:59:30 +0000] "POST /wp-login.php HTTP/1.1" 307 797 "https://riteplacehealth.org/wp-login.php" "Mozilla/5.0 (Macintosh; Intel Mac OS X 10_15_7) AppleWebKit/605.1.15 (KHTML, like Gecko) Version/17.0 Safari/605.1.15"
78.142.18.43 - - [15/Jan/2026:12:59:30 +0000] "GET /wp-admin/index.php HTTP/1.1" 500 1120 "https://riteplacehealth.org/wp-login.php" "Mozilla/5.0 (Windows NT 10.0; Win64; x64; rv:120.0) Gecko/20100101 Firefox/120.0"
78.142.18.43 - - [15/Jan/2026:12:59:31 +0000] "GET /wp-admin/profile.php HTTP/1.1" 500 1120 "https://riteplacehealth.org/wp-login.php" "Mozilla/5.0 (Windows NT 10.0; Win64; x64; rv:120.0) Gecko/20100101 Firefox/120.0"
78.142.18.43 - - [15/Jan/2026:12:59:33 +0000] "GET /wp-admin/edit.php HTTP/1.1" 500 1120 "https://riteplacehealth.org/wp-login.php" "Mozilla/5.0 (Windows NT 10.0; Win64; x64; rv:120.0) Gecko/20100101 Firefox/120.0"
78.142.18.43 - - [15/Jan/2026:12:59:34 +0000] "GET /wp-admin/plugins.php HTTP/1.1" 500 1120 "https://riteplacehealth.org/wp-login.php" "Mozilla/5.0 (Windows NT 10.0; Win64; x64; rv:120.0) Gecko/20100101 Firefox/120.0"
78.142.18.43 - - [15/Jan/2026:12:59:35 +0000] "POST /wp-login.php HTTP/1.1" 307 797 "https://riteplacehealth.org/wp-login.php" "Mozilla/5.0 (Windows NT 10.0; Win64; x64) AppleWebKit/537.36 (KHTML, like Gecko) Chrome/120.0.0.0 Safari/537.36"
78.142.18.43 - - [15/Jan/2026:12:59:35 +0000] "GET /wp-admin/index.php HTTP/1.1" 500 1120 "https://riteplacehealth.org/wp-login.php" "Mozilla/5.0 (Windows NT 11.0; Win64; x64; rv:121.0) Gecko/20100101 Firefox/121.0"
78.142.18.43 - - [15/Jan/2026:12:59:36 +0000] "GET /wp-admin/profile.php HTTP/1.1" 500 1120 "https://riteplacehealth.org/wp-login.php" "Mozilla/5.0 (Windows NT 11.0; Win64; x64; rv:121.0) Gecko/20100101 Firefox/121.0"
78.142.18.43 - - [15/Jan/2026:12:59:37 +0000] "GET /wp-admin/edit.php HTTP/1.1" 500 1120 "https://riteplacehealth.org/wp-login.php" "Mozilla/5.0 (Windows NT 11.0; Win64; x64; rv:121.0) Gecko/20100101 Firefox/121.0"
78.142.18.43 - - [15/Jan/2026:12:59:38 +0000] "GET /wp-admin/plugins.php HTTP/1.1" 500 1120 "https://riteplacehealth.org/wp-login.php" "Mozilla/5.0 (Windows NT 11.0; Win64; x64; rv:121.0) Gecko/20100101 Firefox/121.0"
78.142.18.43 - - [15/Jan/2026:12:59:39 +0000] "POST /wp-login.php HTTP/1.1" 307 797 "https://riteplacehealth.org/wp-login.php" "Mozilla/5.0 (Macintosh; Intel Mac OS X 13_6_1) AppleWebKit/537.36 (KHTML, like Gecko) Chrome/121.0.0.0 Safari/537.36"
78.142.18.43 - - [15/Jan/2026:12:59:40 +0000] "GET /wp-admin/index.php HTTP/1.1" 500 1120 "https://riteplacehealth.org/wp-login.php" "Mozilla/5.0 (X11; Ubuntu; Linux x86_64) AppleWebKit/537.36 (KHTML, like Gecko) Chrome/120.0.0.0 Safari/537.36"
78.142.18.43 - - [15/Jan/2026:12:59:41 +0000] "GET /wp-admin/profile.php HTTP/1.1" 500 1120 "https://riteplacehealth.org/wp-login.php" "Mozilla/5.0 (X11; Ubuntu; Linux x86_64) AppleWebKit/537.36 (KHTML, like Gecko) Chrome/120.0.0.0 Safari/537.36"
78.142.18.43 - - [15/Jan/2026:12:59:42 +0000] "GET /wp-admin/edit.php HTTP/1.1" 500 1120 "https://riteplacehealth.org/wp-login.php" "Mozilla/5.0 (X11; Ubuntu; Linux x86_64) AppleWebKit/537.36 (KHTML, like Gecko) Chrome/120.0.0.0 Safari/537.36"
78.142.18.43 - - [15/Jan/2026:12:59:43 +0000] "GET /wp-admin/plugins.php HTTP/1.1" 500 1120 "https://riteplacehealth.org/wp-login.php" "Mozilla/5.0 (X11; Ubuntu; Linux x86_64) AppleWebKit/537.36 (KHTML, like Gecko) Chrome/120.0.0.0 Safari/537.36"
78.142.18.43 - - [15/Jan/2026:12:59:44 +0000] "POST /wp-login.php HTTP/1.1" 307 797 "https://riteplacehealth.org/wp-login.php" "Mozilla/5.0 (Macintosh; Intel Mac OS X 10_15_7) AppleWebKit/537.36 (KHTML, like Gecko) Chrome/120.0.0.0 Safari/537.36"
78.142.18.43 - - [15/Jan/2026:12:59:44 +0000] "GET /wp-admin/index.php HTTP/1.1" 500 1120 "https://riteplacehealth.org/wp-login.php" "Mozilla/5.0 (Windows NT 11.0; Win64; x64) AppleWebKit/537.36 (KHTML, like Gecko) Chrome/118.0.0.0 Safari/537.36"
78.142.18.43 - - [15/Jan/2026:12:59:45 +0000] "GET /wp-admin/profile.php HTTP/1.1" 500 1120 "https://riteplacehealth.org/wp-login.php" "Mozilla/5.0 (Windows NT 11.0; Win64; x64) AppleWebKit/537.36 (KHTML, like Gecko) Chrome/118.0.0.0 Safari/537.36"
78.142.18.43 - - [15/Jan/2026:12:59:47 +0000] "GET /wp-admin/edit.php HTTP/1.1" 500 1120 "https://riteplacehealth.org/wp-login.php" "Mozilla/5.0 (Windows NT 11.0; Win64; x64) AppleWebKit/537.36 (KHTML, like Gecko) Chrome/118.0.0.0 Safari/537.36"
78.142.18.43 - - [15/Jan/2026:12:59:48 +0000] "GET /wp-admin/plugins.php HTTP/1.1" 500 1120 "https://riteplacehealth.org/wp-login.php" "Mozilla/5.0 (Windows NT 11.0; Win64; x64) AppleWebKit/537.36 (KHTML, like Gecko) Chrome/118.0.0.0 Safari/537.36"
78.142.18.43 - - [15/Jan/2026:12:59:49 +0000] "POST /wp-login.php HTTP/1.1" 307 797 "https://riteplacehealth.org/wp-login.php" "Mozilla/5.0 (Windows NT 10.0; Win64; x64; rv:120.0) Gecko/20100101 Firefox/120.0"
78.142.18.43 - - [15/Jan/2026:12:59:49 +0000] "GET /wp-admin/index.php HTTP/1.1" 500 1120 "https://riteplacehealth.org/wp-login.php" "Mozilla/5.0 (Macintosh; Intel Mac OS X 10_15_7; rv:118.0) Gecko/20100101 Firefox/118.0"
78.142.18.43 - - [15/Jan/2026:12:59:51 +0000] "GET /wp-admin/profile.php HTTP/1.1" 500 1120 "https://riteplacehealth.org/wp-login.php" "Mozilla/5.0 (Macintosh; Intel Mac OS X 10_15_7; rv:118.0) Gecko/20100101 Firefox/118.0"
78.142.18.43 - - [15/Jan/2026:12:59:52 +0000] "GET /wp-admin/edit.php HTTP/1.1" 500 1120 "https://riteplacehealth.org/wp-login.php" "Mozilla/5.0 (Macintosh; Intel Mac OS X 10_15_7; rv:118.0) Gecko/20100101 Firefox/118.0"
78.142.18.43 - - [15/Jan/2026:12:59:53 +0000] "GET /wp-admin/plugins.php HTTP/1.1" 500 1120 "https://riteplacehealth.org/wp-login.php" "Mozilla/5.0 (Macintosh; Intel Mac OS X 10_15_7; rv:118.0) Gecko/20100101 Firefox/118.0"
66.249.66.12 - - [15/Jan/2026:13:01:03 +0000] "GET /wp-admim.php?products/12632774 HTTP/1.1" 500 1034 "-" "Mozilla/5.0 (compatible; Googlebot/2.1; +http://www.google.com/bot.html)"
207.46.13.86 - - [15/Jan/2026:13:10:10 +0000] "GET /shop/piercing/brakehand53533262713.html HTTP/2" 500 1034 "-" "Mozilla/5.0 AppleWebKit/537.36 (KHTML, like Gecko; compatible; bingbot/2.0; +http://www.bing.com/bingbot.htm) Chrome/116.0.1938.76 Safari/537.36"
66.249.66.197 - - [15/Jan/2026:13:15:28 +0000] "GET /wp-admim.php?products/27948807 HTTP/1.1" 500 1034 "-" "Mozilla/5.0 (Linux; Android 6.0.1; Nexus 5X Build/MMB29P) AppleWebKit/537.36 (KHTML, like Gecko) Chrome/143.0.7499.192 Mobile Safari/537.36 (compatible; Googlebot/2.1; +http://www.google.com/bot.html)"
66.249.66.74 - - [15/Jan/2026:12:14:50 +0000] "GET /wp-admim.php?products/13485141 HTTP/1.1" 500 1034 "-" "Mozilla/5.0 (compatible; Googlebot/2.1; +http://www.google.com/bot.html)"
66.249.66.12 - - [15/Jan/2026:12:27:54 +0000] "GET /wp-admim.php?products/4267563 HTTP/1.1" 500 1034 "-" "Mozilla/5.0 (compatible; Googlebot/2.1; +http://www.google.com/bot.html)"
85.208.96.202 - - [15/Jan/2026:12:30:32 +0000] "GET /robots.txt HTTP/1.1" 200 111 "-" "Mozilla/5.0 (compatible; SemrushBot/7~bl; +http://www.semrush.com/bot.html)"
85.208.96.198 - - [15/Jan/2026:12:30:36 +0000] "GET /events/tag/drugs/2025-03/ HTTP/1.1" 500 277 "-" "Mozilla/5.0 (compatible; SemrushBot/7~bl; +http://www.semrush.com/bot.html)"
207.46.13.107 - - [15/Jan/2026:12:38:26 +0000] "GET /sitemap_index.xml HTTP/2" 500 1034 "-" "Mozilla/5.0 AppleWebKit/537.36 (KHTML, like Gecko; compatible; bingbot/2.0; +http://www.bing.com/bingbot.htm) Chrome/116.0.1938.76 Safari/537.36"
66.249.66.11 - - [15/Jan/2026:12:41:48 +0000] "GET /wp-admim.php?products/30499241 HTTP/1.1" 500 1034 "-" "Mozilla/5.0 (compatible; Googlebot/2.1; +http://www.google.com/bot.html)"
66.249.66.11 - - [15/Jan/2026:12:45:04 +0000] "GET /wp-admim.php?products/25320185 HTTP/1.1" 500 1034 "-" "Mozilla/5.0 (Linux; Android 6.0.1; Nexus 5X Build/MMB29P) AppleWebKit/537.36 (KHTML, like Gecko) Chrome/143.0.7499.192 Mobile Safari/537.36 (compatible; Googlebot/2.1; +http://www.google.com/bot.html)"
66.249.66.74 - - [15/Jan/2026:12:45:04 +0000] "GET /wp-admim.php?products/25320185 HTTP/1.1" 500 1034 "-" "Mozilla/5.0 (compatible; Googlebot/2.1; +http://www.google.com/bot.html)"
194.164.175.126 - - [15/Jan/2026:12:52:41 +0000] "POST /wp-login.php HTTP/1.1" 307 797 "-" "Mozilla/5.0 (Windows NT 10.0; Win64; x64; rv:54.0) Gecko/20100101 Firefox/54.0"
66.249.66.196 - - [15/Jan/2026:12:54:25 +0000] "GET / HTTP/1.1" 500 1034 "-" "Mozilla/5.0 (Linux; Android 6.0.1; Nexus 5X Build/MMB29P) AppleWebKit/537.36 (KHTML, like Gecko) Chrome/99.0.4844.84 Mobile Safari/537.36 (compatible; Googlebot/2.1; +http://www.google.com/bot.html)"
66.249.66.161 - - [15/Jan/2026:12:54:26 +0000] "GET / HTTP/1.1" 500 1034 "-" "Mozilla/5.0 (compatible; Googlebot/2.1; +http://www.google.com/bot.html)"
66.249.66.12 - - [15/Jan/2026:12:54:28 +0000] "GET / HTTP/1.1" 500 1034 "-" "Mozilla/5.0 (Linux; Android 6.0.1; Nexus 5X Build/MMB29P) AppleWebKit/537.36 (KHTML, like Gecko) Chrome/143.0.7499.192 Mobile Safari/537.36 (compatible; Googlebot/2.1; +http://www.google.com/bot.html)"
207.46.13.51 - - [15/Jan/2026:13:05:58 +0000] "GET /sitemap882.xml HTTP/2" 500 1034 "-" "Mozilla/5.0 AppleWebKit/537.36 (KHTML, like Gecko; compatible; bingbot/2.0; +http://www.bing.com/bingbot.htm) Chrome/116.0.1938.76 Safari/537.36"
207.46.13.154 - - [15/Jan/2026:13:11:02 +0000] "GET /wp-admim.php?products/23670807 HTTP/2" 500 1034 "-" "Mozilla/5.0 AppleWebKit/537.36 (KHTML, like Gecko; compatible; bingbot/2.0; +http://www.bing.com/bingbot.htm) Chrome/116.0.1938.76 Safari/537.36"
66.249.66.74 - - [15/Jan/2026:13:17:15 +0000] "GET /wp-admim.php?products/7416996 HTTP/1.1" 500 1034 "-" "Mozilla/5.0 (Linux; Android 6.0.1; Nexus 5X Build/MMB29P) AppleWebKit/537.36 (KHTML, like Gecko) Chrome/143.0.7499.192 Mobile Safari/537.36 (compatible; Googlebot/2.1; +http://www.google.com/bot.html)"
207.46.13.9 - - [15/Jan/2026:13:19:10 +0000] "GET /?products%2F1906441 HTTP/2" 500 1034 "-" "Mozilla/5.0 AppleWebKit/537.36 (KHTML, like Gecko; compatible; bingbot/2.0; +http://www.bing.com/bingbot.htm) Chrome/116.0.1938.76 Safari/537.36"
173.244.207.34 - - [15/Jan/2026:13:20:53 +0000] "GET / HTTP/1.0" 500 2653 "https://riteplacehealth.org/" "Mozilla/5.0 (Windows NT 10.0; WOW64) AppleWebKit/537.36 (KHTML, like Gecko) Chrome/103.0.5060.114 Safari/537.36"
66.249.66.161 - - [15/Jan/2026:13:28:39 +0000] "GET /wp-admim.php?products/9004329 HTTP/1.1" 500 1034 "-" "Mozilla/5.0 (compatible; Googlebot/2.1; +http://www.google.com/bot.html)"
66.249.66.42 - - [15/Jan/2026:13:28:39 +0000] "GET /wp-admim.php?products/9004329 HTTP/1.1" 500 1034 "-" "Mozilla/5.0 (Linux; Android 6.0.1; Nexus 5X Build/MMB29P) AppleWebKit/537.36 (KHTML, like Gecko) Chrome/143.0.7499.192 Mobile Safari/537.36 (compatible; Googlebot/2.1; +http://www.google.com/bot.html)"
157.55.39.197 - - [15/Jan/2026:13:33:05 +0000] "GET /?products%2F9470918 HTTP/2" 500 1034 "-" "Mozilla/5.0 AppleWebKit/537.36 (KHTML, like Gecko; compatible; bingbot/2.0; +http://www.bing.com/bingbot.htm) Chrome/116.0.1938.76 Safari/537.36"
157.55.39.53 - - [15/Jan/2026:13:34:14 +0000] "GET /sitemap.xml HTTP/2" 500 1034 "-" "Mozilla/5.0 AppleWebKit/537.36 (KHTML, like Gecko; compatible; bingbot/2.0; +http://www.bing.com/bingbot.htm) Chrome/116.0.1938.76 Safari/537.36"
66.249.66.74 - - [15/Jan/2026:13:40:09 +0000] "GET /wp-admim.php?products/4509174 HTTP/1.1" 500 1034 "-" "Mozilla/5.0 (compatible; Googlebot/2.1; +http://www.google.com/bot.html)"
207.46.13.151 - - [15/Jan/2026:13:44:41 +0000] "GET /sitemap782.xml HTTP/2" 500 1034 "-" "Mozilla/5.0 AppleWebKit/537.36 (KHTML, like Gecko; compatible; bingbot/2.0; +http://www.bing.com/bingbot.htm) Chrome/116.0.1938.76 Safari/537.36"
66.249.66.169 - - [15/Jan/2026:13:48:59 +0000] "GET /wp-admim.php?products/21598596 HTTP/1.1" 500 1034 "-" "Mozilla/5.0 (Linux; Android 6.0.1; Nexus 5X Build/MMB29P) AppleWebKit/537.36 (KHTML, like Gecko) Chrome/143.0.7499.192 Mobile Safari/537.36 (compatible; Googlebot/2.1; +http://www.google.com/bot.html)"
207.46.13.86 - - [15/Jan/2026:13:24:23 +0000] "GET /?s=2025 HTTP/2" 500 1034 "-" "Mozilla/5.0 AppleWebKit/537.36 (KHTML, like Gecko; compatible; bingbot/2.0; +http://www.bing.com/bingbot.htm) Chrome/116.0.1938.76 Safari/537.36"
207.46.13.86 - - [15/Jan/2026:13:24:25 +0000] "GET /wp-admim.php?products/25415141 HTTP/2" 500 1034 "-" "Mozilla/5.0 AppleWebKit/537.36 (KHTML, like Gecko; compatible; bingbot/2.0; +http://www.bing.com/bingbot.htm) Chrome/116.0.1938.76 Safari/537.36"
66.249.66.75 - - [15/Jan/2026:13:54:31 +0000] "GET /wp-admim.php?products/23335918 HTTP/1.1" 500 1034 "-" "Mozilla/5.0 (Linux; Android 6.0.1; Nexus 5X Build/MMB29P) AppleWebKit/537.36 (KHTML, like Gecko) Chrome/143.0.7499.192 Mobile Safari/537.36 (compatible; Googlebot/2.1; +http://www.google.com/bot.html)"
157.55.39.7 - - [15/Jan/2026:14:03:12 +0000] "GET /?products%2F9470918 HTTP/2" 500 1034 "-" "Mozilla/5.0 AppleWebKit/537.36 (KHTML, like Gecko; compatible; bingbot/2.0; +http://www.bing.com/bingbot.htm) Chrome/116.0.1938.76 Safari/537.36"
207.46.13.168 - - [15/Jan/2026:14:23:55 +0000] "GET /wp-admim.php?products/3322830 HTTP/2" 500 1034 "-" "Mozilla/5.0 AppleWebKit/537.36 (KHTML, like Gecko; compatible; bingbot/2.0; +http://www.bing.com/bingbot.htm) Chrome/116.0.1938.76 Safari/537.36"
157.55.39.60 - - [15/Jan/2026:14:01:30 +0000] "GET /wp-admim.php?products/17160329 HTTP/2" 500 1034 "-" "Mozilla/5.0 AppleWebKit/537.36 (KHTML, like Gecko; compatible; bingbot/2.0; +http://www.bing.com/bingbot.htm) Chrome/116.0.1938.76 Safari/537.36"
66.249.66.196 - - [15/Jan/2026:14:04:18 +0000] "GET /wp-admim.php?products/19652185 HTTP/1.1" 500 1034 "-" "Mozilla/5.0 (Linux; Android 6.0.1; Nexus 5X Build/MMB29P) AppleWebKit/537.36 (KHTML, like Gecko) Chrome/143.0.7499.192 Mobile Safari/537.36 (compatible; Googlebot/2.1; +http://www.google.com/bot.html)"
207.46.13.168 - - [15/Jan/2026:14:21:37 +0000] "GET /?products%2F21581196 HTTP/2" 500 1034 "-" "Mozilla/5.0 AppleWebKit/537.36 (KHTML, like Gecko; compatible; bingbot/2.0; +http://www.bing.com/bingbot.htm) Chrome/116.0.1938.76 Safari/537.36"
173.252.70.6 - - [15/Jan/2026:14:23:00 +0000] "GET /robots.txt HTTP/2" 206 288 "-" "facebookexternalhit/1.1 (+http://www.facebook.com/externalhit_uatext.php)"
57.141.18.111 - - [15/Jan/2026:14:57:01 +0000] "GET /dr-ikenna-anyamene/ HTTP/2" 500 2653 "-" "meta-externalagent/1.1 (+https://developers.facebook.com/docs/sharing/webmasters/crawler)"
85.208.96.203 - - [15/Jan/2026:15:02:04 +0000] "GET /events/category/upcoming/list/?eventDisplay=past&tribe-bar-date=2025-04-30 HTTP/1.1" 500 277 "-" "Mozilla/5.0 (compatible; SemrushBot/7~bl; +http://www.semrush.com/bot.html)"
66.249.66.169 - - [15/Jan/2026:15:02:58 +0000] "GET /wp-admim.php?products/6577407 HTTP/1.1" 500 1034 "-" "Mozilla/5.0 (compatible; Googlebot/2.1; +http://www.google.com/bot.html)"
66.249.66.169 - - [15/Jan/2026:15:03:02 +0000] "GET /wp-admim.php?products/6577407 HTTP/1.1" 500 1034 "-" "Mozilla/5.0 (compatible; Googlebot/2.1; +http://www.google.com/bot.html)"
66.249.66.74 - - [15/Jan/2026:15:03:03 +0000] "GET /wp-admim.php?products/6577407 HTTP/1.1" 500 1034 "-" "Mozilla/5.0 (Linux; Android 6.0.1; Nexus 5X Build/MMB29P) AppleWebKit/537.36 (KHTML, like Gecko) Chrome/143.0.7499.192 Mobile Safari/537.36 (compatible; Googlebot/2.1; +http://www.google.com/bot.html)"
94.205.249.38 - - [15/Jan/2026:15:33:11 +0000] "POST /wp-login.php HTTP/1.1" 500 1290 "-" "Mozilla/5.0 (Windows NT 10.0; Win64; x64; rv:53.0) Gecko/20100101 Firefox/53.0"
66.249.66.10 - - [15/Jan/2026:15:36:37 +0000] "GET /wp-admim.php?products/30416018 HTTP/1.1" 500 1034 "-" "Mozilla/5.0 (Linux; Android 6.0.1; Nexus 5X Build/MMB29P) AppleWebKit/537.36 (KHTML, like Gecko) Chrome/143.0.7499.192 Mobile Safari/537.36 (compatible; Googlebot/2.1; +http://www.google.com/bot.html)"
207.46.13.87 - - [15/Jan/2026:15:39:54 +0000] "GET /wp-admim.php?products/7034752 HTTP/2" 500 1034 "-" "Mozilla/5.0 AppleWebKit/537.36 (KHTML, like Gecko; compatible; bingbot/2.0; +http://www.bing.com/bingbot.htm) Chrome/116.0.1938.76 Safari/537.36"
66.249.66.42 - - [15/Jan/2026:15:44:54 +0000] "GET /wp-admim.php?products/30029774 HTTP/1.1" 500 1034 "-" "Mozilla/5.0 (Linux; Android 6.0.1; Nexus 5X Build/MMB29P) AppleWebKit/537.36 (KHTML, like Gecko) Chrome/143.0.7499.192 Mobile Safari/537.36 (compatible; Googlebot/2.1; +http://www.google.com/bot.html)"
66.249.66.74 - - [15/Jan/2026:15:44:58 +0000] "GET /wp-admim.php?products/30029774 HTTP/1.1" 500 1034 "-" "Mozilla/5.0 (compatible; Googlebot/2.1; +http://www.google.com/bot.html)"
207.46.13.151 - - [15/Jan/2026:15:46:24 +0000] "GET /wp-admim.php?products/3051274 HTTP/2" 500 1034 "-" "Mozilla/5.0 AppleWebKit/537.36 (KHTML, like Gecko; compatible; bingbot/2.0; +http://www.bing.com/bingbot.htm) Chrome/116.0.1938.76 Safari/537.36"
66.249.92.41 - - [15/Jan/2026:15:48:09 +0000] "GET /wp-admim.php?products/12632774 HTTP/1.1" 500 1034 "-" "Mozilla/5.0 (X11; Linux x86_64) AppleWebKit/537.36 (KHTML, like Gecko) Chrome/143.0.7499.169 Safari/537.36"
66.249.66.10 - - [15/Jan/2026:15:48:22 +0000] "GET /wp-admim.php?products/23623741 HTTP/1.1" 500 1034 "-" "Mozilla/5.0 (Linux; Android 6.0.1; Nexus 5X Build/MMB29P) AppleWebKit/537.36 (KHTML, like Gecko) Chrome/143.0.7499.192 Mobile Safari/537.36 (compatible; Googlebot/2.1; +http://www.google.com/bot.html)"
157.55.39.204 - - [15/Jan/2026:15:49:13 +0000] "GET /products/7199130 HTTP/2" 500 1034 "-" "Mozilla/5.0 AppleWebKit/537.36 (KHTML, like Gecko; compatible; bingbot/2.0; +http://www.bing.com/bingbot.htm) Chrome/116.0.1938.76 Safari/537.36"
66.249.92.11 - - [15/Jan/2026:15:54:13 +0000] "GET /wp-admim.php?products/15293918 HTTP/1.1" 500 1034 "-" "Mozilla/5.0 (X11; Linux x86_64) AppleWebKit/537.36 (KHTML, like Gecko) Chrome/143.0.7499.169 Safari/537.36"
157.55.39.10 - - [15/Jan/2026:16:05:46 +0000] "GET /?products/10751129 HTTP/2" 500 1034 "-" "Mozilla/5.0 AppleWebKit/537.36 (KHTML, like Gecko; compatible; bingbot/2.0; +http://www.bing.com/bingbot.htm) Chrome/116.0.1938.76 Safari/537.36"
157.55.39.55 - - [15/Jan/2026:16:13:52 +0000] "GET /wp-admim.php?products/22403252 HTTP/2" 500 1034 "-" "Mozilla/5.0 AppleWebKit/537.36 (KHTML, like Gecko; compatible; bingbot/2.0; +http://www.bing.com/bingbot.htm) Chrome/116.0.1938.76 Safari/537.36"
20.15.133.163 - - [15/Jan/2026:16:46:22 +0000] "GET /wp-admim.php?products/8680707 HTTP/2" 500 1034 "-" "Mozilla/5.0 AppleWebKit/537.36 (KHTML, like Gecko; compatible; bingbot/2.0; +http://www.bing.com/bingbot.htm) Chrome/116.0.1938.76 Safari/537.36"
207.46.13.151 - - [15/Jan/2026:16:50:41 +0000] "GET /wp-admim.php?products/1178318 HTTP/2" 500 1034 "-" "Mozilla/5.0 AppleWebKit/537.36 (KHTML, like Gecko; compatible; bingbot/2.0; +http://www.bing.com/bingbot.htm) Chrome/116.0.1938.76 Safari/537.36"
54.37.39.241 - - [15/Jan/2026:16:53:16 +0000] "POST /wp-login.php HTTP/1.1" 500 1290 "-" "Mozilla/5.0 (Windows NT 10.0; Win64; x64; rv:99.0) Gecko/20100101 Firefox/99.0"
45.157.54.40 - - [15/Jan/2026:14:54:52 +0000] "POST /xmlrpc.php HTTP/2" 500 0 "-" "Mozilla/5.0 (Windows NT 10.0; Win64; x64) AppleWebKit/537.36 (KHTML, like Gecko) Chrome/127.0.0.0 Safari/537.36"
85.208.96.194 - - [15/Jan/2026:15:02:04 +0000] "GET /robots.txt HTTP/1.1" 200 111 "-" "Mozilla/5.0 (compatible; SemrushBot/7~bl; +http://www.semrush.com/bot.html)"
66.249.66.196 - - [15/Jan/2026:15:03:17 +0000] "GET /wp-admim.php?products/22511330 HTTP/1.1" 500 1034 "-" "Mozilla/5.0 (Linux; Android 6.0.1; Nexus 5X Build/MMB29P) AppleWebKit/537.36 (KHTML, like Gecko) Chrome/143.0.7499.192 Mobile Safari/537.36 (compatible; Googlebot/2.1; +http://www.google.com/bot.html)"
66.249.66.75 - - [15/Jan/2026:15:04:41 +0000] "GET /wp-admim.php?products/24575141 HTTP/1.1" 500 1034 "-" "Mozilla/5.0 (Linux; Android 6.0.1; Nexus 5X Build/MMB29P) AppleWebKit/537.36 (KHTML, like Gecko) Chrome/143.0.7499.192 Mobile Safari/537.36 (compatible; Googlebot/2.1; +http://www.google.com/bot.html)"
204.48.16.151 - - [15/Jan/2026:15:11:26 +0000] "GET / HTTP/1.1" 401 53 "-" "Mozilla/5.0 (X11; Linux x86_64) AppleWebKit/537.36 (KHTML, like Gecko) Chrome/142.0.0.0 Safari/537.36"
207.46.13.17 - - [15/Jan/2026:15:19:10 +0000] "GET /wp-admim.php?products/16645485 HTTP/2" 500 1034 "-" "Mozilla/5.0 AppleWebKit/537.36 (KHTML, like Gecko; compatible; bingbot/2.0; +http://www.bing.com/bingbot.htm) Chrome/116.0.1938.76 Safari/537.36"
66.249.66.161 - - [15/Jan/2026:15:40:32 +0000] "GET /wp-admim.php?products/30416018 HTTP/1.1" 500 1034 "-" "Mozilla/5.0 (Linux; Android 6.0.1; Nexus 5X Build/MMB29P) AppleWebKit/537.36 (KHTML, like Gecko) Chrome/143.0.7499.192 Mobile Safari/537.36 (compatible; Googlebot/2.1; +http://www.google.com/bot.html)"
66.249.92.10 - - [15/Jan/2026:15:54:02 +0000] "GET /wp-admim.php?products/15293918 HTTP/1.1" 500 1034 "-" "Mozilla/5.0 (X11; Linux x86_64) AppleWebKit/537.36 (KHTML, like Gecko) Chrome/143.0.7499.169 Safari/537.36"
66.249.66.196 - - [15/Jan/2026:16:00:39 +0000] "GET /wp-admim.php?products/1491229 HTTP/1.1" 500 1034 "-" "Mozilla/5.0 (Linux; Android 6.0.1; Nexus 5X Build/MMB29P) AppleWebKit/537.36 (KHTML, like Gecko) Chrome/143.0.7499.192 Mobile Safari/537.36 (compatible; Googlebot/2.1; +http://www.google.com/bot.html)"
66.249.66.169 - - [15/Jan/2026:16:15:41 +0000] "GET /wp-admim.php?products/22959830 HTTP/1.1" 500 1034 "-" "Mozilla/5.0 (Linux; Android 6.0.1; Nexus 5X Build/MMB29P) AppleWebKit/537.36 (KHTML, like Gecko) Chrome/143.0.7499.192 Mobile Safari/537.36 (compatible; Googlebot/2.1; +http://www.google.com/bot.html)"
157.55.39.60 - - [15/Jan/2026:16:33:45 +0000] "GET /?products%2F6127496 HTTP/2" 500 1034 "-" "Mozilla/5.0 AppleWebKit/537.36 (KHTML, like Gecko; compatible; bingbot/2.0; +http://www.bing.com/bingbot.htm) Chrome/116.0.1938.76 Safari/537.36"
20.15.133.165 - - [15/Jan/2026:16:46:13 +0000] "GET /robots.txt HTTP/2" 200 90 "-" "Mozilla/5.0 AppleWebKit/537.36 (KHTML, like Gecko; compatible; bingbot/2.0; +http://www.bing.com/bingbot.htm) Chrome/116.0.1938.76 Safari/537.36"
66.249.66.196 - - [15/Jan/2026:17:17:42 +0000] "GET /wp-admim.php?products/12216996 HTTP/1.1" 500 1034 "-" "Mozilla/5.0 (compatible; Googlebot/2.1; +http://www.google.com/bot.html)"
66.249.66.169 - - [15/Jan/2026:17:22:20 +0000] "GET /wp-admim.php?products/12757385 HTTP/1.1" 500 1034 "-" "Mozilla/5.0 (Linux; Android 6.0.1; Nexus 5X Build/MMB29P) AppleWebKit/537.36 (KHTML, like Gecko) Chrome/143.0.7499.192 Mobile Safari/537.36 (compatible; Googlebot/2.1; +http://www.google.com/bot.html)"
66.249.66.10 - - [15/Jan/2026:17:07:31 +0000] "GET /wp-admim.php?products/12216996 HTTP/1.1" 500 1034 "-" "Mozilla/5.0 (compatible; Googlebot/2.1; +http://www.google.com/bot.html)"
207.46.13.160 - - [15/Jan/2026:17:16:34 +0000] "GET /products/5683641 HTTP/2" 500 1034 "-" "Mozilla/5.0 AppleWebKit/537.36 (KHTML, like Gecko; compatible; bingbot/2.0; +http://www.bing.com/bingbot.htm) Chrome/116.0.1938.76 Safari/537.36"
207.46.13.52 - - [15/Jan/2026:17:26:28 +0000] "GET /wp-admim.php?products/24783207 HTTP/2" 500 1034 "-" "Mozilla/5.0 AppleWebKit/537.36 (KHTML, like Gecko; compatible; bingbot/2.0; +http://www.bing.com/bingbot.htm) Chrome/116.0.1938.76 Safari/537.36"
104.210.140.143 - - [15/Jan/2026:17:44:35 +0000] "GET    /robots.txt HTTP/2" 200 90 "-" "Mozilla/5.0 (Macintosh; Intel Mac OS X 10_15_7) AppleWebKit/537.36 (KHTML, like Gecko) Chrome/131.0.0.0 Safari/537.36; compatible; OAI-SearchBot/1.0; +https://openai.com/searchbot"
66.249.66.73 - - [15/Jan/2026:17:51:03 +0000] "GET /wp-admim.php?products/8375130 HTTP/1.1" 500 1034 "-" "Mozilla/5.0 (compatible; Googlebot/2.1; +http://www.google.com/bot.html)"
66.249.66.74 - - [15/Jan/2026:17:37:48 +0000] "GET /wp-admim.php?products/4722052 HTTP/1.1" 500 1034 "-" "Mozilla/5.0 (compatible; Googlebot/2.1; +http://www.google.com/bot.html)"
157.55.39.11 - - [15/Jan/2026:17:40:24 +0000] "GET /?products%2F7450796 HTTP/2" 500 1034 "-" "Mozilla/5.0 AppleWebKit/537.36 (KHTML, like Gecko; compatible; bingbot/2.0; +http://www.bing.com/bingbot.htm) Chrome/116.0.1938.76 Safari/537.36"
157.55.39.12 - - [15/Jan/2026:17:53:43 +0000] "GET /wp-admim.php?products/2165229 HTTP/2" 500 1034 "-" "Mozilla/5.0 AppleWebKit/537.36 (KHTML, like Gecko; compatible; bingbot/2.0; +http://www.bing.com/bingbot.htm) Chrome/116.0.1938.76 Safari/537.36"
157.55.39.192 - - [15/Jan/2026:18:34:02 +0000] "GET /wp-admim.php?products/4956841 HTTP/2" 500 1034 "-" "Mozilla/5.0 AppleWebKit/537.36 (KHTML, like Gecko; compatible; bingbot/2.0; +http://www.bing.com/bingbot.htm) Chrome/116.0.1938.76 Safari/537.36"
40.77.167.61 - - [15/Jan/2026:18:32:20 +0000] "GET /wp-content/uploads/2023/11/pascal-2-75x75.jpg HTTP/2" 200 2396 "-" "Mozilla/5.0 AppleWebKit/537.36 (KHTML, like Gecko; compatible; bingbot/2.0; +http://www.bing.com/bingbot.htm) Chrome/116.0.1938.76 Safari/537.36"
40.77.167.219 - - [15/Jan/2026:18:34:02 +0000] "GET /robots.txt HTTP/2" 200 90 "-" "Mozilla/5.0 AppleWebKit/537.36 (KHTML, like Gecko; compatible; bingbot/2.0; +http://www.bing.com/bingbot.htm) Chrome/116.0.1938.76 Safari/537.36"
52.167.144.227 - - [15/Jan/2026:18:45:21 +0000] "GET /?products%2F8254974 HTTP/2" 500 1034 "-" "Mozilla/5.0 AppleWebKit/537.36 (KHTML, like Gecko; compatible; bingbot/2.0; +http://www.bing.com/bingbot.htm) Chrome/116.0.1938.76 Safari/537.36"
66.249.92.196 - - [15/Jan/2026:18:44:23 +0000] "GET /wp-admim.php?products/12632774 HTTP/1.1" 500 1034 "-" "Mozilla/5.0 (X11; Linux x86_64) AppleWebKit/537.36 (KHTML, like Gecko) Chrome/143.0.7499.169 Safari/537.36"
66.249.66.41 - - [15/Jan/2026:19:26:32 +0000] "GET /wp-admim.php?products/8018918 HTTP/1.1" 500 1034 "-" "Mozilla/5.0 (Linux; Android 6.0.1; Nexus 5X Build/MMB29P) AppleWebKit/537.36 (KHTML, like Gecko) Chrome/143.0.7499.192 Mobile Safari/537.36 (compatible; Googlebot/2.1; +http://www.google.com/bot.html)"
85.208.96.195 - - [15/Jan/2026:19:30:01 +0000] "GET /events/category/upcoming/list/?eventDisplay=past&tribe-bar-date=2025-08-28 HTTP/1.1" 500 277 "-" "Mozilla/5.0 (compatible; SemrushBot/7~bl; +http://www.semrush.com/bot.html)"
157.55.39.194 - - [15/Jan/2026:19:30:28 +0000] "GET /wp-admim.php?products/21549930 HTTP/2" 500 1034 "-" "Mozilla/5.0 AppleWebKit/537.36 (KHTML, like Gecko; compatible; bingbot/2.0; +http://www.bing.com/bingbot.htm) Chrome/116.0.1938.76 Safari/537.36"
35.234.37.132 - - [15/Jan/2026:19:33:19 +0000] "POST /wp-login.php HTTP/1.1" 500 1290 "-" "Mozilla/5.0 (Windows NT 10.0; Win64; x64; rv:98.0) Gecko/20100101 Firefox/98.0"
40.77.179.184 - - [15/Jan/2026:19:37:49 +0000] "POST /cdn-cgi/rum? HTTP/2" 500 430 "-" "Mozilla/5.0 AppleWebKit/537.36 (KHTML, like Gecko; compatible; bingbot/2.0; +http://www.bing.com/bingbot.htm) Chrome/100.0.4896.127 Safari/537.36"
66.249.66.161 - - [15/Jan/2026:19:46:53 +0000] "GET /wp-admim.php?products/11523441 HTTP/1.1" 500 1034 "-" "Mozilla/5.0 (Linux; Android 6.0.1; Nexus 5X Build/MMB29P) AppleWebKit/537.36 (KHTML, like Gecko) Chrome/143.0.7499.192 Mobile Safari/537.36 (compatible; Googlebot/2.1; +http://www.google.com/bot.html)"
66.249.66.10 - - [15/Jan/2026:18:52:43 +0000] "GET /wp-admim.php?products/26938607 HTTP/1.1" 500 1034 "-" "Mozilla/5.0 (Linux; Android 6.0.1; Nexus 5X Build/MMB29P) AppleWebKit/537.36 (KHTML, like Gecko) Chrome/143.0.7499.192 Mobile Safari/537.36 (compatible; Googlebot/2.1; +http://www.google.com/bot.html)"
66.249.66.160 - - [15/Jan/2026:19:21:44 +0000] "GET /wp-admim.php?products/2149874 HTTP/1.1" 500 1034 "-" "Mozilla/5.0 (compatible; Googlebot/2.1; +http://www.google.com/bot.html)"
85.208.96.202 - - [15/Jan/2026:19:30:01 +0000] "GET /robots.txt HTTP/1.1" 200 111 "-" "Mozilla/5.0 (compatible; SemrushBot/7~bl; +http://www.semrush.com/bot.html)"
207.46.13.151 - - [15/Jan/2026:19:38:19 +0000] "GET /events/ HTTP/2" 500 1034 "-" "Mozilla/5.0 AppleWebKit/537.36 (KHTML, like Gecko; compatible; bingbot/2.0; +http://www.bing.com/bingbot.htm) Chrome/116.0.1938.76 Safari/537.36"
40.77.167.136 - - [15/Jan/2026:19:39:17 +0000] "GET /wp-admim.php?products/27647429 HTTP/2" 500 1034 "-" "Mozilla/5.0 AppleWebKit/537.36 (KHTML, like Gecko; compatible; bingbot/2.0; +http://www.bing.com/bingbot.htm) Chrome/116.0.1938.76 Safari/537.36"
40.77.167.136 - - [15/Jan/2026:19:40:37 +0000] "GET /?products%2F15270641 HTTP/2" 500 1034 "-" "Mozilla/5.0 AppleWebKit/537.36 (KHTML, like Gecko; compatible; bingbot/2.0; +http://www.bing.com/bingbot.htm) Chrome/116.0.1938.76 Safari/537.36"
207.46.13.52 - - [15/Jan/2026:19:58:51 +0000] "GET /wp-admim.php?products/22792030 HTTP/2" 500 1034 "-" "Mozilla/5.0 AppleWebKit/537.36 (KHTML, like Gecko; compatible; bingbot/2.0; +http://www.bing.com/bingbot.htm) Chrome/116.0.1938.76 Safari/537.36"
66.249.66.11 - - [15/Jan/2026:19:59:37 +0000] "GET /wp-admim.php?products/30473185 HTTP/1.1" 500 1034 "-" "Mozilla/5.0 (Linux; Android 6.0.1; Nexus 5X Build/MMB29P) AppleWebKit/537.36 (KHTML, like Gecko) Chrome/143.0.7499.192 Mobile Safari/537.36 (compatible; Googlebot/2.1; +http://www.google.com/bot.html)"
185.191.171.5 - - [15/Jan/2026:20:11:17 +0000] "GET /events/tag/addiction/list/?eventDisplay=past&tribe-bar-date=2025-09-19 HTTP/1.1" 500 277 "-" "Mozilla/5.0 (compatible; SemrushBot/7~bl; +http://www.semrush.com/bot.html)"
157.55.39.203 - - [15/Jan/2026:20:40:35 +0000] "GET /products/7282563 HTTP/2" 500 1034 "-" "Mozilla/5.0 AppleWebKit/537.36 (KHTML, like Gecko; compatible; bingbot/2.0; +http://www.bing.com/bingbot.htm) Chrome/116.0.1938.76 Safari/537.36"
207.46.13.151 - - [15/Jan/2026:20:43:16 +0000] "GET /?products%2F10142785 HTTP/2" 500 1034 "-" "Mozilla/5.0 AppleWebKit/537.36 (KHTML, like Gecko; compatible; bingbot/2.0; +http://www.bing.com/bingbot.htm) Chrome/116.0.1938.76 Safari/537.36"
66.249.66.169 - - [15/Jan/2026:20:53:22 +0000] "GET /wp-admim.php?products/15092818 HTTP/1.1" 500 1034 "-" "Mozilla/5.0 (compatible; Googlebot/2.1; +http://www.google.com/bot.html)"
66.249.66.74 - - [15/Jan/2026:20:53:45 +0000] "GET /wp-admim.php?products/5414241 HTTP/1.1" 500 1034 "-" "Mozilla/5.0 (Linux; Android 6.0.1; Nexus 5X Build/MMB29P) AppleWebKit/537.36 (KHTML, like Gecko) Chrome/143.0.7499.192 Mobile Safari/537.36 (compatible; Googlebot/2.1; +http://www.google.com/bot.html)"
66.249.66.74 - - [15/Jan/2026:20:55:32 +0000] "GET /wp-admim.php?products/8742829 HTTP/1.1" 500 1034 "-" "Mozilla/5.0 (Linux; Android 6.0.1; Nexus 5X Build/MMB29P) AppleWebKit/537.36 (KHTML, like Gecko) Chrome/143.0.7499.192 Mobile Safari/537.36 (compatible; Googlebot/2.1; +http://www.google.com/bot.html)"
148.113.212.65 - - [15/Jan/2026:20:55:38 +0000] "POST /wp-login.php HTTP/1.1" 500 1290 "-" "Mozilla/5.0 (Windows NT 10.0; Win64; x64; rv:47.0) Gecko/20100101 Firefox/47.0"
207.46.13.83 - - [15/Jan/2026:21:04:30 +0000] "GET /wp-admim.php?products/2241518 HTTP/2" 500 1034 "-" "Mozilla/5.0 AppleWebKit/537.36 (KHTML, like Gecko; compatible; bingbot/2.0; +http://www.bing.com/bingbot.htm) Chrome/116.0.1938.76 Safari/537.36"
207.46.13.83 - - [15/Jan/2026:21:04:50 +0000] "GET /?products%2F2907729 HTTP/2" 500 1034 "-" "Mozilla/5.0 AppleWebKit/537.36 (KHTML, like Gecko; compatible; bingbot/2.0; +http://www.bing.com/bingbot.htm) Chrome/116.0.1938.76 Safari/537.36"
207.46.13.36 - - [15/Jan/2026:21:05:19 +0000] "GET /wp-admim.php?products/5149163 HTTP/2" 500 1034 "-" "Mozilla/5.0 AppleWebKit/537.36 (KHTML, like Gecko; compatible; bingbot/2.0; +http://www.bing.com/bingbot.htm) Chrome/116.0.1938.76 Safari/537.36"
66.249.66.196 - - [15/Jan/2026:21:12:53 +0000] "GET /wp-admim.php?products/16553429 HTTP/1.1" 500 1034 "-" "Mozilla/5.0 (compatible; Googlebot/2.1; +http://www.google.com/bot.html)"
138.246.253.24 - - [15/Jan/2026:21:24:58 +0000] "GET /robots.txt HTTP/1.1" 200 288 "-" "Mozilla/5.0 (Windows NT 10.0; Win64; x64) AppleWebKit/537.36 (KHTML, like Gecko) Chrome/103.0.5060.134 Safari/537.36"
66.249.66.161 - - [15/Jan/2026:21:30:29 +0000] "GET /wp-admim.php?products/19225318 HTTP/1.1" 500 1034 "-" "Mozilla/5.0 (Linux; Android 6.0.1; Nexus 5X Build/MMB29P) AppleWebKit/537.36 (KHTML, like Gecko) Chrome/143.0.7499.192 Mobile Safari/537.36 (compatible; Googlebot/2.1; +http://www.google.com/bot.html)"
207.46.13.86 - - [15/Jan/2026:21:32:05 +0000] "GET /wp-admim.php?products/12443563 HTTP/2" 500 1034 "-" "Mozilla/5.0 AppleWebKit/537.36 (KHTML, like Gecko; compatible; bingbot/2.0; +http://www.bing.com/bingbot.htm) Chrome/116.0.1938.76 Safari/537.36"
