64.31.22.34 - - [15/Jan/2026:22:55:24 +0000] "GET /.well-known/acme-challenge/IFV4BYA9EOCTT7R67P8TOD1EPFJVLX3A HTTP/1.1" 404 1251 "-" "Cpanel-HTTP-Client/1.0"
222.239.104.50 - - [16/Jan/2026:00:04:51 +0000] "GET / HTTP/1.1" 200 870 "-" "Mozilla/5.0 (Windows NT 10.0; Win64; x64) AppleWebKit/537.36 (KHTML, like Gecko) Chrome/111.0.0.0 Safari/537.36"
222.239.104.50 - - [16/Jan/2026:00:04:52 +0000] "GET /_autoindex/assets/css/autoindex.css HTTP/1.1" 200 1287 "http://bms69.com/" "Mozilla/5.0 (Windows NT 10.0; Win64; x64) AppleWebKit/537.36 (KHTML, like Gecko) Chrome/111.0.0.0 Safari/537.36"
222.239.104.50 - - [16/Jan/2026:00:04:52 +0000] "GET /_autoindex/assets/js/tablesort.js HTTP/1.1" 200 2300 "http://bms69.com/" "Mozilla/5.0 (Windows NT 10.0; Win64; x64) AppleWebKit/537.36 (KHTML, like Gecko) Chrome/111.0.0.0 Safari/537.36"
222.239.104.50 - - [16/Jan/2026:00:04:52 +0000] "GET /_autoindex/assets/icons/folder-fill.svg HTTP/1.1" 200 411 "http://bms69.com/" "Mozilla/5.0 (Windows NT 10.0; Win64; x64) AppleWebKit/537.36 (KHTML, like Gecko) Chrome/111.0.0.0 Safari/537.36"
222.239.104.50 - - [16/Jan/2026:00:04:53 +0000] "GET / HTTP/1.1" 200 870 "-" "Mozilla/5.0 (Windows NT 10.0; Win64; x64) AppleWebKit/537.36 (KHTML, like Gecko) Chrome/111.0.0.0 Safari/537.36"
43.157.38.228 - - [16/Jan/2026:00:25:55 +0000] "GET / HTTP/1.1" 200 874 "-" "Mozilla/5.0 (iPhone; CPU iPhone OS 13_2_3 like Mac OS X) AppleWebKit/605.1.15 (KHTML, like Gecko) Version/13.0.3 Mobile/15E148 Safari/604.1"
3.18.186.238 - - [16/Jan/2026:00:44:53 +0000] "GET / HTTP/1.1" 200 876 "-" "air.ai/scanning Mozilla/5.0 (Macintosh; Intel Mac OS X 10_15_7) Chrome/126.0.0.0 Safari/537.36"
206.168.34.122 - - [16/Jan/2026:00:48:18 +0000] "GET / HTTP/1.1" 200 881 "-" "Mozilla/5.0 (compatible; CensysInspect/1.1; +https://about.censys.io/)"
206.168.34.122 - - [16/Jan/2026:00:48:20 +0000] "GET /cgi-bin/ HTTP/1.1" 403 1242 "-" "Mozilla/5.0 (compatible; CensysInspect/1.1; +https://about.censys.io/)"
64.31.22.34 - - [16/Jan/2026:00:48:25 +0000] "POST /wp/wp-cron.php?doing_wp_cron=1768524505.6434841156005859375000 HTTP/1.1" 200 0 "-" "WordPress/6.9; https://bms69.com/wp"
206.168.34.122 - - [16/Jan/2026:00:48:22 +0000] "GET /wp/ HTTP/1.1" 200 32703 "-" "Mozilla/5.0 (compatible; CensysInspect/1.1; +https://about.censys.io/)"
222.239.104.49 - - [16/Jan/2026:00:29:02 +0000] "GET / HTTP/1.1" 200 870 "-" "Mozilla/5.0 (Windows NT 10.0; Win64; x64) AppleWebKit/537.36 (KHTML, like Gecko) Chrome/111.0.0.0 Safari/537.36"
222.239.104.49 - - [16/Jan/2026:00:29:02 +0000] "GET /_autoindex/assets/css/autoindex.css HTTP/1.1" 200 1287 "http://bms69.com/" "Mozilla/5.0 (Windows NT 10.0; Win64; x64) AppleWebKit/537.36 (KHTML, like Gecko) Chrome/111.0.0.0 Safari/537.36"
222.239.104.49 - - [16/Jan/2026:00:29:02 +0000] "GET /_autoindex/assets/js/tablesort.js HTTP/1.1" 200 2300 "http://bms69.com/" "Mozilla/5.0 (Windows NT 10.0; Win64; x64) AppleWebKit/537.36 (KHTML, like Gecko) Chrome/111.0.0.0 Safari/537.36"
222.239.104.49 - - [16/Jan/2026:00:29:02 +0000] "GET /_autoindex/assets/js/tablesort.number.js HTTP/1.1" 200 366 "http://bms69.com/" "Mozilla/5.0 (Windows NT 10.0; Win64; x64) AppleWebKit/537.36 (KHTML, like Gecko) Chrome/111.0.0.0 Safari/537.36"
222.239.104.49 - - [16/Jan/2026:00:29:04 +0000] "GET / HTTP/1.1" 200 870 "-" "Mozilla/5.0 (Windows NT 10.0; Win64; x64) AppleWebKit/537.36 (KHTML, like Gecko) Chrome/111.0.0.0 Safari/537.36"
64.31.22.34 - - [16/Jan/2026:01:39:36 +0000] "GET /.well-known/acme-challenge/SENF6JIDN5DCZPNX2UMNKP36635_7DH5 HTTP/1.1" 200 64 "-" "Cpanel-HTTP-Client/1.0"
64.31.22.34 - - [16/Jan/2026:01:39:36 +0000] "GET /.well-known/acme-challenge/WNYMCV-QTUU6JTQJXB6K9HTOVUD3BX6G HTTP/1.1" 200 64 "-" "Cpanel-HTTP-Client/1.0"
64.31.22.34 - - [16/Jan/2026:01:39:36 +0000] "GET /.well-known/acme-challenge/N1-HI8_RP3-F2-JWE-SMDIS6RAFJMV-R HTTP/1.1" 200 64 "-" "Cpanel-HTTP-Client/1.0"
64.31.22.34 - - [16/Jan/2026:01:39:37 +0000] "GET /.well-known/acme-challenge/71XO4ZVCYZXTFBQ5MCEO-PL7NBKUBM6D HTTP/1.1" 200 64 "-" "Cpanel-HTTP-Client/1.0"
64.31.22.34 - - [16/Jan/2026:01:39:38 +0000] "GET /.well-known/acme-challenge/CHYPURVU04H7-ZV6NNGCZX1P-H8KW5_O HTTP/1.1" 200 64 "-" "Cpanel-HTTP-Client/1.0"
64.31.22.34 - - [16/Jan/2026:01:39:40 +0000] "GET /.well-known/acme-challenge/Y4X6E9Y936HXJLYCJR0B44UOID9UZ5N2 HTTP/1.1" 200 64 "-" "Cpanel-HTTP-Client/1.0"
64.31.22.34 - - [16/Jan/2026:01:39:40 +0000] "GET /.well-known/acme-challenge/KC4G16I18LPYXACDPYJY4U56X3NL_TGI HTTP/1.1" 200 64 "-" "Cpanel-HTTP-Client/1.0"
64.31.22.34 - - [16/Jan/2026:01:39:42 +0000] "GET /.well-known/acme-challenge/GWTR7OH4WABP06C7-92HSQZXN63W2-ID HTTP/1.1" 200 64 "-" "Cpanel-HTTP-Client/1.0"
64.31.22.34 - - [16/Jan/2026:01:39:43 +0000] "GET /.well-known/acme-challenge/488W06H3DXF64ZZ21W26ZJTNW7OC2YOT HTTP/1.1" 200 64 "-" "Cpanel-HTTP-Client/1.0"
64.31.22.34 - - [16/Jan/2026:01:39:44 +0000] "GET /.well-known/acme-challenge/S18FWLUMBF5VM_GXUEG4PBDWYUO0FC-D HTTP/1.1" 200 64 "-" "Cpanel-HTTP-Client/1.0"
64.31.22.34 - - [16/Jan/2026:01:39:47 +0000] "GET /.well-known/acme-challenge/KGEZ9SU3QTZ02XMI0MLFTK002MORSWTQ HTTP/1.1" 200 64 "-" "Cpanel-HTTP-Client/1.0"
64.31.22.34 - - [16/Jan/2026:01:39:48 +0000] "GET /.well-known/acme-challenge/6A09_ALZHSDVOXLU15ZFV7Q_Z3YV961_ HTTP/1.1" 200 64 "-" "Cpanel-HTTP-Client/1.0"
194.26.192.196 - - [16/Jan/2026:01:44:15 +0000] "GET /wp-login.php HTTP/1.1" 404 1251 "-" "Mozilla/5.0 (Windows NT 10.0; Win64; x64; rv:120.0) Gecko/20100101 Firefox/120.0"
208.115.236.10 - - [16/Jan/2026:01:55:28 +0000] "GET /.well-known/acme-challenge/32Z-U0_KLD7ZRH9WZF1YK_9Q0KTTO6UY HTTP/1.1" 404 1251 "-" "Cpanel-HTTP-Client/1.0"
208.115.236.10 - - [16/Jan/2026:01:55:28 +0000] "GET /.well-known/acme-challenge/UT2J59_P_BXXH2F53E2MTE5HQFR6TIL1 HTTP/1.1" 404 1251 "-" "Cpanel-HTTP-Client/1.0"
208.115.236.10 - - [16/Jan/2026:01:55:31 +0000] "GET /.well-known/acme-challenge/_SR0OSOR61DRRQ509_X2NHCI0DA86SH- HTTP/1.1" 404 1251 "-" "Cpanel-HTTP-Client/1.0"
64.31.22.34 - - [16/Jan/2026:01:55:34 +0000] "GET /.well-known/acme-challenge/GYSWSYTZTOE1R70EG8XD_H-Y81-LVONJ HTTP/1.1" 404 1251 "-" "Cpanel-HTTP-Client/1.0"
43.164.197.209 - - [16/Jan/2026:01:56:20 +0000] "GET / HTTP/1.1" 200 870 "-" "Mozilla/5.0 (iPhone; CPU iPhone OS 13_2_3 like Mac OS X) AppleWebKit/605.1.15 (KHTML, like Gecko) Version/13.0.3 Mobile/15E148 Safari/604.1"
180.110.203.108 - - [16/Jan/2026:00:56:09 +0000] "GET / HTTP/1.1" 200 870 "-" "Mozilla/5.0 (iPhone; CPU iPhone OS 13_2_3 like Mac OS X) AppleWebKit/605.1.15 (KHTML, like Gecko) Version/13.0.3 Mobile/15E148 Safari/604.1"
64.31.22.34 - - [16/Jan/2026:01:39:33 +0000] "GET /.well-known/acme-challenge/10SJ7VM-6418EHR0PPA20WXPPS4BRAUK HTTP/1.1" 200 64 "-" "Cpanel-HTTP-Client/1.0"
64.31.22.34 - - [16/Jan/2026:01:39:34 +0000] "GET /.well-known/acme-challenge/_3BNO13VNL7SWHVP_59AKB7TN1OCYPTE HTTP/1.1" 200 64 "-" "Cpanel-HTTP-Client/1.0"
64.31.22.34 - - [16/Jan/2026:01:39:34 +0000] "GET /.well-known/acme-challenge/BETIUYDT10R4FUEK4XXQ__BF4HWTC7DG HTTP/1.1" 200 64 "-" "Cpanel-HTTP-Client/1.0"
64.31.22.34 - - [16/Jan/2026:01:39:37 +0000] "GET /.well-known/acme-challenge/CX0UE0P0CHAD6ERM4D6QHBA__4Q0REXL HTTP/1.1" 200 64 "-" "Cpanel-HTTP-Client/1.0"
64.31.22.34 - - [16/Jan/2026:01:39:38 +0000] "GET /.well-known/acme-challenge/1YT3-SULP1NG1E-8FE8PV0-BGSLA_OSD HTTP/1.1" 200 64 "-" "Cpanel-HTTP-Client/1.0"
64.31.22.34 - - [16/Jan/2026:01:39:40 +0000] "GET /.well-known/acme-challenge/VK_GM0257XCEYTLF5RJH-3YFE5O33Q3U HTTP/1.1" 200 64 "-" "Cpanel-HTTP-Client/1.0"
64.31.22.34 - - [16/Jan/2026:01:39:42 +0000] "GET /.well-known/acme-challenge/2GBVFZ7_91HSO3A7N7AS85HQ13_6YOSI HTTP/1.1" 200 64 "-" "Cpanel-HTTP-Client/1.0"
64.31.22.34 - - [16/Jan/2026:01:39:44 +0000] "GET /.well-known/acme-challenge/R5JB3WIF-JQ9C_S01GWK1OHJDQXT0-ZT HTTP/1.1" 200 64 "-" "Cpanel-HTTP-Client/1.0"
64.31.22.34 - - [16/Jan/2026:01:39:44 +0000] "GET /.well-known/acme-challenge/OVRRNGHMA9T6MAXIC_BZ2R8JIC2W90O2 HTTP/1.1" 200 64 "-" "Cpanel-HTTP-Client/1.0"
64.31.22.34 - - [16/Jan/2026:01:39:46 +0000] "GET /.well-known/acme-challenge/JTDWE3D4A0M5OM0KE45C35DQTV9V0CRQ HTTP/1.1" 200 64 "-" "Cpanel-HTTP-Client/1.0"
64.31.22.34 - - [16/Jan/2026:01:39:47 +0000] "GET /.well-known/acme-challenge/CFW-RAMRKW175NRLU9ZO0BJOCW9MK13P HTTP/1.1" 200 64 "-" "Cpanel-HTTP-Client/1.0"
64.31.22.34 - - [16/Jan/2026:01:39:48 +0000] "GET /.well-known/acme-challenge/JDVP9E_ZFBM3F0XPRR8MDJ11G4PJ8YZQ HTTP/1.1" 200 64 "-" "Cpanel-HTTP-Client/1.0"
43.157.20.63 - - [16/Jan/2026:01:53:03 +0000] "GET / HTTP/1.1" 200 874 "-" "Mozilla/5.0 (iPhone; CPU iPhone OS 13_2_3 like Mac OS X) AppleWebKit/605.1.15 (KHTML, like Gecko) Version/13.0.3 Mobile/15E148 Safari/604.1"
208.115.236.10 - - [16/Jan/2026:01:55:27 +0000] "GET /.well-known/acme-challenge/XJKU7KYRPGIP5WJA4DWZS7G6SHRVWZA5 HTTP/1.1" 404 1251 "-" "Cpanel-HTTP-Client/1.0"
208.115.236.10 - - [16/Jan/2026:01:55:31 +0000] "GET /.well-known/acme-challenge/VDUKDDX2H3KB1BOE02O5POMLLK_Q87-Q HTTP/1.1" 404 1251 "-" "Cpanel-HTTP-Client/1.0"
208.115.236.10 - - [16/Jan/2026:01:55:32 +0000] "GET /.well-known/acme-challenge/1DG10U-_VPYCEUBQ53FF671ZNM5KJ64J HTTP/1.1" 404 1251 "-" "Cpanel-HTTP-Client/1.0"
64.31.22.34 - - [16/Jan/2026:01:55:33 +0000] "GET /.well-known/acme-challenge/DO7YLMY93K4GB6ZP0U1P52W6HGFJ-RZC HTTP/1.1" 404 1251 "-" "Cpanel-HTTP-Client/1.0"
64.31.22.34 - - [16/Jan/2026:01:55:35 +0000] "GET /.well-known/acme-challenge/_POZH4GGUUA6FU0V76LLT6JHV3LE93D6 HTTP/1.1" 404 1251 "-" "Cpanel-HTTP-Client/1.0"
64.31.22.34 - - [16/Jan/2026:01:55:40 +0000] "GET /.well-known/acme-challenge/9X4RZQO1QAJ_--MDTFFCYSWA7R2A1T7D HTTP/1.1" 404 1251 "-" "Cpanel-HTTP-Client/1.0"
64.31.22.34 - - [16/Jan/2026:01:55:41 +0000] "GET /.well-known/acme-challenge/R3BTLS318F80KJ0SNI5A-1VA_A98E17H HTTP/1.1" 404 1251 "-" "Cpanel-HTTP-Client/1.0"
64.31.22.34 - - [16/Jan/2026:01:55:43 +0000] "GET /.well-known/acme-challenge/VDDS-QT3P30J-J80GM4UWOBPP-E7P_GB HTTP/1.1" 404 1251 "-" "Cpanel-HTTP-Client/1.0"
43.157.153.236 - - [16/Jan/2026:02:04:30 +0000] "GET / HTTP/1.1" 200 870 "-" "Mozilla/5.0 (iPhone; CPU iPhone OS 13_2_3 like Mac OS X) AppleWebKit/605.1.15 (KHTML, like Gecko) Version/13.0.3 Mobile/15E148 Safari/604.1"
18.225.149.217 - - [16/Jan/2026:02:19:29 +0000] "GET / HTTP/1.1" 200 2256 "-" "Mozilla/5.0 (Windows NT 10.0; Win64; x64) AppleWebKit/537.36 (KHTML, like Gecko) Chrome/80.0.3987.149 Safari/537.36"
18.225.149.217 - - [16/Jan/2026:02:19:29 +0000] "GET / HTTP/1.1" 200 2256 "-" "Mozilla/5.0 (Windows NT 10.0; Win64; x64) AppleWebKit/537.36 (KHTML, like Gecko) Chrome/80.0.3987.149 Safari/537.36"
18.225.149.217 - - [16/Jan/2026:02:19:29 +0000] "GET /wp-includes/wlwmanifest.xml HTTP/1.1" 404 1251 "-" "Mozilla/5.0 (Windows NT 10.0; Win64; x64) AppleWebKit/537.36 (KHTML, like Gecko) Chrome/80.0.3987.149 Safari/537.36"
18.225.149.217 - - [16/Jan/2026:02:19:29 +0000] "GET /xmlrpc.php?rsd HTTP/1.1" 404 1251 "-" "Mozilla/5.0 (Windows NT 10.0; Win64; x64) AppleWebKit/537.36 (KHTML, like Gecko) Chrome/80.0.3987.149 Safari/537.36"
18.225.149.217 - - [16/Jan/2026:02:19:29 +0000] "GET / HTTP/1.1" 200 2256 "-" "Mozilla/5.0 (Windows NT 10.0; Win64; x64) AppleWebKit/537.36 (KHTML, like Gecko) Chrome/80.0.3987.149 Safari/537.36"
18.225.149.217 - - [16/Jan/2026:02:19:29 +0000] "GET /blog/wp-includes/wlwmanifest.xml HTTP/1.1" 404 1251 "-" "Mozilla/5.0 (Windows NT 10.0; Win64; x64) AppleWebKit/537.36 (KHTML, like Gecko) Chrome/80.0.3987.149 Safari/537.36"
18.225.149.217 - - [16/Jan/2026:02:19:29 +0000] "GET /web/wp-includes/wlwmanifest.xml HTTP/1.1" 404 1251 "-" "Mozilla/5.0 (Windows NT 10.0; Win64; x64) AppleWebKit/537.36 (KHTML, like Gecko) Chrome/80.0.3987.149 Safari/537.36"
18.225.149.217 - - [16/Jan/2026:02:19:29 +0000] "GET /wordpress/wp-includes/wlwmanifest.xml HTTP/1.1" 404 1251 "-" "Mozilla/5.0 (Windows NT 10.0; Win64; x64) AppleWebKit/537.36 (KHTML, like Gecko) Chrome/80.0.3987.149 Safari/537.36"
18.225.149.217 - - [16/Jan/2026:02:19:29 +0000] "GET /website/wp-includes/wlwmanifest.xml HTTP/1.1" 404 1251 "-" "Mozilla/5.0 (Windows NT 10.0; Win64; x64) AppleWebKit/537.36 (KHTML, like Gecko) Chrome/80.0.3987.149 Safari/537.36"
64.31.22.34 - - [16/Jan/2026:02:19:33 +0000] "POST /wp/wp-cron.php?doing_wp_cron=1768529973.1733880043029785156250 HTTP/1.1" 200 0 "-" "WordPress/6.9; https://bms69.com/wp"
18.225.149.217 - - [16/Jan/2026:02:19:29 +0000] "GET /wp/wp-includes/wlwmanifest.xml HTTP/1.1" 404 95893 "-" "Mozilla/5.0 (Windows NT 10.0; Win64; x64) AppleWebKit/537.36 (KHTML, like Gecko) Chrome/80.0.3987.149 Safari/537.36"
18.225.149.217 - - [16/Jan/2026:02:19:34 +0000] "GET /wp//?author=1 HTTP/1.1" 301 0 "-" "Mozilla/5.0 (Windows NT 10.0; Win64; x64) AppleWebKit/537.36 (KHTML, like Gecko) Chrome/80.0.3987.149 Safari/537.36"
18.225.149.217 - - [16/Jan/2026:02:19:35 +0000] "GET /wp//?author=2 HTTP/1.1" 301 0 "-" "Mozilla/5.0 (Windows NT 10.0; Win64; x64) AppleWebKit/537.36 (KHTML, like Gecko) Chrome/80.0.3987.149 Safari/537.36"
18.225.149.217 - - [16/Jan/2026:02:19:36 +0000] "GET /wp//wp-json/wp/v2/users/ HTTP/1.1" 200 818 "-" "Mozilla/5.0 (Windows NT 10.0; Win64; x64) AppleWebKit/537.36 (KHTML, like Gecko) Chrome/80.0.3987.149 Safari/537.36"
18.225.149.217 - - [16/Jan/2026:02:19:37 +0000] "POST /wp//xmlrpc.php HTTP/1.1" 200 403 "-" "Mozilla/5.0 (Windows NT 10.0; Win64; x64) AppleWebKit/537.36 (KHTML, like Gecko) Chrome/80.0.3987.149 Safari/537.36"
18.225.149.217 - - [16/Jan/2026:02:19:46 +0000] "POST /wp//xmlrpc.php HTTP/1.1" 200 401 "-" "Mozilla/5.0 (Windows NT 10.0; Win64; x64) AppleWebKit/537.36 (KHTML, like Gecko) Chrome/80.0.3987.149 Safari/537.36"
18.225.149.217 - - [16/Jan/2026:02:20:01 +0000] "POST /wp//xmlrpc.php HTTP/1.1" 200 403 "-" "Mozilla/5.0 (Windows NT 10.0; Win64; x64) AppleWebKit/537.36 (KHTML, like Gecko) Chrome/80.0.3987.149 Safari/537.36"
18.225.149.217 - - [16/Jan/2026:02:20:16 +0000] "POST /wp//xmlrpc.php HTTP/1.1" 200 401 "-" "Mozilla/5.0 (Windows NT 10.0; Win64; x64) AppleWebKit/537.36 (KHTML, like Gecko) Chrome/80.0.3987.149 Safari/537.36"
18.225.149.217 - - [16/Jan/2026:02:20:31 +0000] "POST /wp//xmlrpc.php HTTP/1.1" 200 401 "-" "Mozilla/5.0 (Windows NT 10.0; Win64; x64) AppleWebKit/537.36 (KHTML, like Gecko) Chrome/80.0.3987.149 Safari/537.36"
18.225.149.217 - - [16/Jan/2026:02:20:46 +0000] "POST /wp//xmlrpc.php HTTP/1.1" 200 401 "-" "Mozilla/5.0 (Windows NT 10.0; Win64; x64) AppleWebKit/537.36 (KHTML, like Gecko) Chrome/80.0.3987.149 Safari/537.36"
18.225.149.217 - - [16/Jan/2026:02:21:01 +0000] "POST /wp//xmlrpc.php HTTP/1.1" 200 401 "-" "Mozilla/5.0 (Windows NT 10.0; Win64; x64) AppleWebKit/537.36 (KHTML, like Gecko) Chrome/80.0.3987.149 Safari/537.36"
18.225.149.217 - - [16/Jan/2026:02:21:16 +0000] "POST /wp//xmlrpc.php HTTP/1.1" 200 401 "-" "Mozilla/5.0 (Windows NT 10.0; Win64; x64) AppleWebKit/537.36 (KHTML, like Gecko) Chrome/80.0.3987.149 Safari/537.36"
18.225.149.217 - - [16/Jan/2026:02:21:31 +0000] "POST /wp//xmlrpc.php HTTP/1.1" 200 401 "-" "Mozilla/5.0 (Windows NT 10.0; Win64; x64) AppleWebKit/537.36 (KHTML, like Gecko) Chrome/80.0.3987.149 Safari/537.36"
18.225.149.217 - - [16/Jan/2026:02:21:46 +0000] "POST /wp//xmlrpc.php HTTP/1.1" 200 401 "-" "Mozilla/5.0 (Windows NT 10.0; Win64; x64) AppleWebKit/537.36 (KHTML, like Gecko) Chrome/80.0.3987.149 Safari/537.36"
64.31.22.34 - - [16/Jan/2026:02:22:16 +0000] "POST /wp/wp-cron.php?doing_wp_cron=1768530136.3399620056152343750000 HTTP/1.1" 200 0 "-" "WordPress/6.9; https://bms69.com/wp"
18.225.149.217 - - [16/Jan/2026:02:22:01 +0000] "POST /wp//xmlrpc.php HTTP/1.1" 200 401 "-" "Mozilla/5.0 (Windows NT 10.0; Win64; x64) AppleWebKit/537.36 (KHTML, like Gecko) Chrome/80.0.3987.149 Safari/537.36"
18.225.149.217 - - [16/Jan/2026:02:22:16 +0000] "POST /wp//xmlrpc.php HTTP/1.1" 200 401 "-" "Mozilla/5.0 (Windows NT 10.0; Win64; x64) AppleWebKit/537.36 (KHTML, like Gecko) Chrome/80.0.3987.149 Safari/537.36"
18.225.149.217 - - [16/Jan/2026:02:22:31 +0000] "POST /wp//xmlrpc.php HTTP/1.1" 200 401 "-" "Mozilla/5.0 (Windows NT 10.0; Win64; x64) AppleWebKit/537.36 (KHTML, like Gecko) Chrome/80.0.3987.149 Safari/537.36"
18.225.149.217 - - [16/Jan/2026:02:22:46 +0000] "POST /wp//xmlrpc.php HTTP/1.1" 200 401 "-" "Mozilla/5.0 (Windows NT 10.0; Win64; x64) AppleWebKit/537.36 (KHTML, like Gecko) Chrome/80.0.3987.149 Safari/537.36"
18.225.149.217 - - [16/Jan/2026:02:23:01 +0000] "POST /wp//xmlrpc.php HTTP/1.1" 200 401 "-" "Mozilla/5.0 (Windows NT 10.0; Win64; x64) AppleWebKit/537.36 (KHTML, like Gecko) Chrome/80.0.3987.149 Safari/537.36"
18.225.149.217 - - [16/Jan/2026:02:23:16 +0000] "POST /wp//xmlrpc.php HTTP/1.1" 200 401 "-" "Mozilla/5.0 (Windows NT 10.0; Win64; x64) AppleWebKit/537.36 (KHTML, like Gecko) Chrome/80.0.3987.149 Safari/537.36"
18.225.149.217 - - [16/Jan/2026:02:23:31 +0000] "POST /wp//xmlrpc.php HTTP/1.1" 200 401 "-" "Mozilla/5.0 (Windows NT 10.0; Win64; x64) AppleWebKit/537.36 (KHTML, like Gecko) Chrome/80.0.3987.149 Safari/537.36"
18.225.149.217 - - [16/Jan/2026:02:23:46 +0000] "POST /wp//xmlrpc.php HTTP/1.1" 200 401 "-" "Mozilla/5.0 (Windows NT 10.0; Win64; x64) AppleWebKit/537.36 (KHTML, like Gecko) Chrome/80.0.3987.149 Safari/537.36"
18.225.149.217 - - [16/Jan/2026:02:24:01 +0000] "POST /wp//xmlrpc.php HTTP/1.1" 200 401 "-" "Mozilla/5.0 (Windows NT 10.0; Win64; x64) AppleWebKit/537.36 (KHTML, like Gecko) Chrome/80.0.3987.149 Safari/537.36"
18.225.149.217 - - [16/Jan/2026:02:24:16 +0000] "POST /wp//xmlrpc.php HTTP/1.1" 200 401 "-" "Mozilla/5.0 (Windows NT 10.0; Win64; x64) AppleWebKit/537.36 (KHTML, like Gecko) Chrome/80.0.3987.149 Safari/537.36"
18.225.149.217 - - [16/Jan/2026:02:24:31 +0000] "POST /wp//xmlrpc.php HTTP/1.1" 200 401 "-" "Mozilla/5.0 (Windows NT 10.0; Win64; x64) AppleWebKit/537.36 (KHTML, like Gecko) Chrome/80.0.3987.149 Safari/537.36"
18.225.149.217 - - [16/Jan/2026:02:24:46 +0000] "POST /wp//xmlrpc.php HTTP/1.1" 200 401 "-" "Mozilla/5.0 (Windows NT 10.0; Win64; x64) AppleWebKit/537.36 (KHTML, like Gecko) Chrome/80.0.3987.149 Safari/537.36"
64.31.22.34 - - [16/Jan/2026:02:25:16 +0000] "POST /wp/wp-cron.php?doing_wp_cron=1768530316.2714269161224365234375 HTTP/1.1" 200 0 "-" "WordPress/6.9; https://bms69.com/wp"
18.225.149.217 - - [16/Jan/2026:02:25:01 +0000] "POST /wp//xmlrpc.php HTTP/1.1" 200 401 "-" "Mozilla/5.0 (Windows NT 10.0; Win64; x64) AppleWebKit/537.36 (KHTML, like Gecko) Chrome/80.0.3987.149 Safari/537.36"
18.225.149.217 - - [16/Jan/2026:02:25:16 +0000] "POST /wp//xmlrpc.php HTTP/1.1" 200 401 "-" "Mozilla/5.0 (Windows NT 10.0; Win64; x64) AppleWebKit/537.36 (KHTML, like Gecko) Chrome/80.0.3987.149 Safari/537.36"
18.225.149.217 - - [16/Jan/2026:02:25:31 +0000] "POST /wp//xmlrpc.php HTTP/1.1" 200 401 "-" "Mozilla/5.0 (Windows NT 10.0; Win64; x64) AppleWebKit/537.36 (KHTML, like Gecko) Chrome/80.0.3987.149 Safari/537.36"
18.225.149.217 - - [16/Jan/2026:02:25:46 +0000] "POST /wp//xmlrpc.php HTTP/1.1" 200 401 "-" "Mozilla/5.0 (Windows NT 10.0; Win64; x64) AppleWebKit/537.36 (KHTML, like Gecko) Chrome/80.0.3987.149 Safari/537.36"
18.225.149.217 - - [16/Jan/2026:02:26:01 +0000] "POST /wp//xmlrpc.php HTTP/1.1" 200 401 "-" "Mozilla/5.0 (Windows NT 10.0; Win64; x64) AppleWebKit/537.36 (KHTML, like Gecko) Chrome/80.0.3987.149 Safari/537.36"
18.225.149.217 - - [16/Jan/2026:02:26:16 +0000] "POST /wp//xmlrpc.php HTTP/1.1" 200 401 "-" "Mozilla/5.0 (Windows NT 10.0; Win64; x64) AppleWebKit/537.36 (KHTML, like Gecko) Chrome/80.0.3987.149 Safari/537.36"
18.225.149.217 - - [16/Jan/2026:02:26:31 +0000] "POST /wp//xmlrpc.php HTTP/1.1" 200 401 "-" "Mozilla/5.0 (Windows NT 10.0; Win64; x64) AppleWebKit/537.36 (KHTML, like Gecko) Chrome/80.0.3987.149 Safari/537.36"
18.225.149.217 - - [16/Jan/2026:02:26:46 +0000] "POST /wp//xmlrpc.php HTTP/1.1" 200 401 "-" "Mozilla/5.0 (Windows NT 10.0; Win64; x64) AppleWebKit/537.36 (KHTML, like Gecko) Chrome/80.0.3987.149 Safari/537.36"
18.225.149.217 - - [16/Jan/2026:02:27:01 +0000] "POST /wp//xmlrpc.php HTTP/1.1" 200 401 "-" "Mozilla/5.0 (Windows NT 10.0; Win64; x64) AppleWebKit/537.36 (KHTML, like Gecko) Chrome/80.0.3987.149 Safari/537.36"
18.225.149.217 - - [16/Jan/2026:02:27:16 +0000] "POST /wp//xmlrpc.php HTTP/1.1" 200 401 "-" "Mozilla/5.0 (Windows NT 10.0; Win64; x64) AppleWebKit/537.36 (KHTML, like Gecko) Chrome/80.0.3987.149 Safari/537.36"
18.225.149.217 - - [16/Jan/2026:02:27:46 +0000] "POST /wp//xmlrpc.php HTTP/1.1" 200 401 "-" "Mozilla/5.0 (Windows NT 10.0; Win64; x64) AppleWebKit/537.36 (KHTML, like Gecko) Chrome/80.0.3987.149 Safari/537.36"
64.31.22.34 - - [16/Jan/2026:02:28:31 +0000] "POST /wp/wp-cron.php?doing_wp_cron=1768530511.3349549770355224609375 HTTP/1.1" 200 0 "-" "WordPress/6.9; https://bms69.com/wp"
18.225.149.217 - - [16/Jan/2026:02:28:01 +0000] "POST /wp//xmlrpc.php HTTP/1.1" 200 401 "-" "Mozilla/5.0 (Windows NT 10.0; Win64; x64) AppleWebKit/537.36 (KHTML, like Gecko) Chrome/80.0.3987.149 Safari/537.36"
18.225.149.217 - - [16/Jan/2026:02:28:31 +0000] "POST /wp//xmlrpc.php HTTP/1.1" 200 401 "-" "Mozilla/5.0 (Windows NT 10.0; Win64; x64) AppleWebKit/537.36 (KHTML, like Gecko) Chrome/80.0.3987.149 Safari/537.36"
64.31.22.34 - - [16/Jan/2026:02:29:16 +0000] "POST /wp/wp-cron.php?doing_wp_cron=1768530556.2036430835723876953125 HTTP/1.1" 200 0 "-" "WordPress/6.9; https://bms69.com/wp"
18.225.149.217 - - [16/Jan/2026:02:28:46 +0000] "POST /wp//xmlrpc.php HTTP/1.1" 200 401 "-" "Mozilla/5.0 (Windows NT 10.0; Win64; x64) AppleWebKit/537.36 (KHTML, like Gecko) Chrome/80.0.3987.149 Safari/537.36"
18.225.149.217 - - [16/Jan/2026:02:29:16 +0000] "POST /wp//xmlrpc.php HTTP/1.1" 200 401 "-" "Mozilla/5.0 (Windows NT 10.0; Win64; x64) AppleWebKit/537.36 (KHTML, like Gecko) Chrome/80.0.3987.149 Safari/537.36"
18.225.149.217 - - [16/Jan/2026:02:29:31 +0000] "POST /wp//xmlrpc.php HTTP/1.1" 200 401 "-" "Mozilla/5.0 (Windows NT 10.0; Win64; x64) AppleWebKit/537.36 (KHTML, like Gecko) Chrome/80.0.3987.149 Safari/537.36"
64.31.22.34 - - [16/Jan/2026:02:30:16 +0000] "POST /wp/wp-cron.php?doing_wp_cron=1768530616.3552498817443847656250 HTTP/1.1" 200 0 "-" "WordPress/6.9; https://bms69.com/wp"
18.225.149.217 - - [16/Jan/2026:02:30:01 +0000] "POST /wp//xmlrpc.php HTTP/1.1" 200 401 "-" "Mozilla/5.0 (Windows NT 10.0; Win64; x64) AppleWebKit/537.36 (KHTML, like Gecko) Chrome/80.0.3987.149 Safari/537.36"
18.225.149.217 - - [16/Jan/2026:02:30:16 +0000] "POST /wp//xmlrpc.php HTTP/1.1" 200 401 "-" "Mozilla/5.0 (Windows NT 10.0; Win64; x64) AppleWebKit/537.36 (KHTML, like Gecko) Chrome/80.0.3987.149 Safari/537.36"
18.225.149.217 - - [16/Jan/2026:02:30:46 +0000] "POST /wp//xmlrpc.php HTTP/1.1" 200 401 "-" "Mozilla/5.0 (Windows NT 10.0; Win64; x64) AppleWebKit/537.36 (KHTML, like Gecko) Chrome/80.0.3987.149 Safari/537.36"
64.31.22.34 - - [16/Jan/2026:02:31:31 +0000] "POST /wp/wp-cron.php?doing_wp_cron=1768530691.2443490028381347656250 HTTP/1.1" 200 0 "-" "WordPress/6.9; https://bms69.com/wp"
18.225.149.217 - - [16/Jan/2026:02:31:01 +0000] "POST /wp//xmlrpc.php HTTP/1.1" 200 401 "-" "Mozilla/5.0 (Windows NT 10.0; Win64; x64) AppleWebKit/537.36 (KHTML, like Gecko) Chrome/80.0.3987.149 Safari/537.36"
18.225.149.217 - - [16/Jan/2026:02:31:31 +0000] "POST /wp//xmlrpc.php HTTP/1.1" 200 401 "-" "Mozilla/5.0 (Windows NT 10.0; Win64; x64) AppleWebKit/537.36 (KHTML, like Gecko) Chrome/80.0.3987.149 Safari/537.36"
18.225.149.217 - - [16/Jan/2026:02:31:46 +0000] "POST /wp//xmlrpc.php HTTP/1.1" 200 401 "-" "Mozilla/5.0 (Windows NT 10.0; Win64; x64) AppleWebKit/537.36 (KHTML, like Gecko) Chrome/80.0.3987.149 Safari/537.36"
18.225.149.217 - - [16/Jan/2026:02:32:16 +0000] "POST /wp//xmlrpc.php HTTP/1.1" 200 401 "-" "Mozilla/5.0 (Windows NT 10.0; Win64; x64) AppleWebKit/537.36 (KHTML, like Gecko) Chrome/80.0.3987.149 Safari/537.36"
64.31.22.34 - - [16/Jan/2026:02:33:16 +0000] "POST /wp/wp-cron.php?doing_wp_cron=1768530796.3584129810333251953125 HTTP/1.1" 200 0 "-" "WordPress/6.9; https://bms69.com/wp"
18.225.149.217 - - [16/Jan/2026:02:32:46 +0000] "POST /wp//xmlrpc.php HTTP/1.1" 200 401 "-" "Mozilla/5.0 (Windows NT 10.0; Win64; x64) AppleWebKit/537.36 (KHTML, like Gecko) Chrome/80.0.3987.149 Safari/537.36"
18.225.149.217 - - [16/Jan/2026:02:33:16 +0000] "POST /wp//xmlrpc.php HTTP/1.1" 200 401 "-" "Mozilla/5.0 (Windows NT 10.0; Win64; x64) AppleWebKit/537.36 (KHTML, like Gecko) Chrome/80.0.3987.149 Safari/537.36"
64.31.22.34 - - [16/Jan/2026:02:34:16 +0000] "POST /wp/wp-cron.php?doing_wp_cron=1768530856.4358639717102050781250 HTTP/1.1" 200 0 "-" "WordPress/6.9; https://bms69.com/wp"
18.225.149.217 - - [16/Jan/2026:02:33:46 +0000] "POST /wp//xmlrpc.php HTTP/1.1" 200 401 "-" "Mozilla/5.0 (Windows NT 10.0; Win64; x64) AppleWebKit/537.36 (KHTML, like Gecko) Chrome/80.0.3987.149 Safari/537.36"
18.225.149.217 - - [16/Jan/2026:02:34:16 +0000] "POST /wp//xmlrpc.php HTTP/1.1" 200 401 "-" "Mozilla/5.0 (Windows NT 10.0; Win64; x64) AppleWebKit/537.36 (KHTML, like Gecko) Chrome/80.0.3987.149 Safari/537.36"
222.239.104.47 - - [16/Jan/2026:02:35:05 +0000] "GET /_autoindex/assets/js/tablesort.number.js HTTP/1.1" 200 366 "http://bms69.com/" "Mozilla/5.0 (Windows NT 10.0; Win64; x64) AppleWebKit/537.36 (KHTML, like Gecko) Chrome/111.0.0.0 Safari/537.36"
18.225.149.217 - - [16/Jan/2026:02:34:46 +0000] "POST /wp//xmlrpc.php HTTP/1.1" 200 401 "-" "Mozilla/5.0 (Windows NT 10.0; Win64; x64) AppleWebKit/537.36 (KHTML, like Gecko) Chrome/80.0.3987.149 Safari/537.36"
18.225.149.217 - - [16/Jan/2026:02:35:16 +0000] "POST /wp//xmlrpc.php HTTP/1.1" 200 401 "-" "Mozilla/5.0 (Windows NT 10.0; Win64; x64) AppleWebKit/537.36 (KHTML, like Gecko) Chrome/80.0.3987.149 Safari/537.36"
64.31.22.34 - - [16/Jan/2026:02:36:16 +0000] "POST /wp/wp-cron.php?doing_wp_cron=1768530976.4739730358123779296875 HTTP/1.1" 200 0 "-" "WordPress/6.9; https://bms69.com/wp"
18.225.149.217 - - [16/Jan/2026:02:35:46 +0000] "POST /wp//xmlrpc.php HTTP/1.1" 200 401 "-" "Mozilla/5.0 (Windows NT 10.0; Win64; x64) AppleWebKit/537.36 (KHTML, like Gecko) Chrome/80.0.3987.149 Safari/537.36"
18.225.149.217 - - [16/Jan/2026:02:36:16 +0000] "POST /wp//xmlrpc.php HTTP/1.1" 200 401 "-" "Mozilla/5.0 (Windows NT 10.0; Win64; x64) AppleWebKit/537.36 (KHTML, like Gecko) Chrome/80.0.3987.149 Safari/537.36"
64.31.22.34 - - [16/Jan/2026:02:37:16 +0000] "POST /wp/wp-cron.php?doing_wp_cron=1768531036.3759870529174804687500 HTTP/1.1" 200 0 "-" "WordPress/6.9; https://bms69.com/wp"
18.225.149.217 - - [16/Jan/2026:02:36:46 +0000] "POST /wp//xmlrpc.php HTTP/1.1" 200 401 "-" "Mozilla/5.0 (Windows NT 10.0; Win64; x64) AppleWebKit/537.36 (KHTML, like Gecko) Chrome/80.0.3987.149 Safari/537.36"
18.225.149.217 - - [16/Jan/2026:02:37:16 +0000] "POST /wp//xmlrpc.php HTTP/1.1" 200 401 "-" "Mozilla/5.0 (Windows NT 10.0; Win64; x64) AppleWebKit/537.36 (KHTML, like Gecko) Chrome/80.0.3987.149 Safari/537.36"
18.225.149.217 - - [16/Jan/2026:02:37:31 +0000] "POST /wp//xmlrpc.php HTTP/1.1" 200 401 "-" "Mozilla/5.0 (Windows NT 10.0; Win64; x64) AppleWebKit/537.36 (KHTML, like Gecko) Chrome/80.0.3987.149 Safari/537.36"
18.225.149.217 - - [16/Jan/2026:02:38:16 +0000] "POST /wp//xmlrpc.php HTTP/1.1" 200 401 "-" "Mozilla/5.0 (Windows NT 10.0; Win64; x64) AppleWebKit/537.36 (KHTML, like Gecko) Chrome/80.0.3987.149 Safari/537.36"
18.225.149.217 - - [16/Jan/2026:02:38:46 +0000] "POST /wp//xmlrpc.php HTTP/1.1" 200 401 "-" "Mozilla/5.0 (Windows NT 10.0; Win64; x64) AppleWebKit/537.36 (KHTML, like Gecko) Chrome/80.0.3987.149 Safari/537.36"
64.31.22.34 - - [16/Jan/2026:02:39:46 +0000] "POST /wp/wp-cron.php?doing_wp_cron=1768531186.2905440330505371093750 HTTP/1.1" 200 0 "-" "WordPress/6.9; https://bms69.com/wp"
18.225.149.217 - - [16/Jan/2026:02:39:01 +0000] "POST /wp//xmlrpc.php HTTP/1.1" 200 401 "-" "Mozilla/5.0 (Windows NT 10.0; Win64; x64) AppleWebKit/537.36 (KHTML, like Gecko) Chrome/80.0.3987.149 Safari/537.36"
64.31.22.34 - - [16/Jan/2026:02:40:31 +0000] "POST /wp/wp-cron.php?doing_wp_cron=1768531231.3321120738983154296875 HTTP/1.1" 200 0 "-" "WordPress/6.9; https://bms69.com/wp"
18.225.149.217 - - [16/Jan/2026:02:39:46 +0000] "POST /wp//xmlrpc.php HTTP/1.1" 200 401 "-" "Mozilla/5.0 (Windows NT 10.0; Win64; x64) AppleWebKit/537.36 (KHTML, like Gecko) Chrome/80.0.3987.149 Safari/537.36"
18.225.149.217 - - [16/Jan/2026:02:40:31 +0000] "POST /wp//xmlrpc.php HTTP/1.1" 200 401 "-" "Mozilla/5.0 (Windows NT 10.0; Win64; x64) AppleWebKit/537.36 (KHTML, like Gecko) Chrome/80.0.3987.149 Safari/537.36"
104.210.140.143 - - [16/Jan/2026:02:41:37 +0000] "GET /robots.txt HTTP/1.1" 404 1251 "-" "Mozilla/5.0 (Macintosh; Intel Mac OS X 10_15_7) AppleWebKit/537.36 (KHTML, like Gecko) Chrome/131.0.0.0 Safari/537.36; compatible; OAI-SearchBot/1.0; +https://openai.com/searchbot"
18.225.149.217 - - [16/Jan/2026:02:41:16 +0000] "POST /wp//xmlrpc.php HTTP/1.1" 200 401 "-" "Mozilla/5.0 (Windows NT 10.0; Win64; x64) AppleWebKit/537.36 (KHTML, like Gecko) Chrome/80.0.3987.149 Safari/537.36"
18.225.149.217 - - [16/Jan/2026:02:41:46 +0000] "POST /wp//xmlrpc.php HTTP/1.1" 200 401 "-" "Mozilla/5.0 (Windows NT 10.0; Win64; x64) AppleWebKit/537.36 (KHTML, like Gecko) Chrome/80.0.3987.149 Safari/537.36"
18.225.149.217 - - [16/Jan/2026:02:42:31 +0000] "POST /wp//xmlrpc.php HTTP/1.1" 200 401 "-" "Mozilla/5.0 (Windows NT 10.0; Win64; x64) AppleWebKit/537.36 (KHTML, like Gecko) Chrome/80.0.3987.149 Safari/537.36"
64.31.22.34 - - [16/Jan/2026:02:43:46 +0000] "POST /wp/wp-cron.php?doing_wp_cron=1768531426.2706439495086669921875 HTTP/1.1" 200 0 "-" "WordPress/6.9; https://bms69.com/wp"
18.225.149.217 - - [16/Jan/2026:02:43:01 +0000] "POST /wp//xmlrpc.php HTTP/1.1" 200 401 "-" "Mozilla/5.0 (Windows NT 10.0; Win64; x64) AppleWebKit/537.36 (KHTML, like Gecko) Chrome/80.0.3987.149 Safari/537.36"
18.225.149.217 - - [16/Jan/2026:02:43:46 +0000] "POST /wp//xmlrpc.php HTTP/1.1" 200 401 "-" "Mozilla/5.0 (Windows NT 10.0; Win64; x64) AppleWebKit/537.36 (KHTML, like Gecko) Chrome/80.0.3987.149 Safari/537.36"
18.225.149.217 - - [16/Jan/2026:02:44:16 +0000] "POST /wp//xmlrpc.php HTTP/1.1" 200 401 "-" "Mozilla/5.0 (Windows NT 10.0; Win64; x64) AppleWebKit/537.36 (KHTML, like Gecko) Chrome/80.0.3987.149 Safari/537.36"
64.31.22.34 - - [16/Jan/2026:02:45:31 +0000] "POST /wp/wp-cron.php?doing_wp_cron=1768531531.1602230072021484375000 HTTP/1.1" 200 0 "-" "WordPress/6.9; https://bms69.com/wp"
18.225.149.217 - - [16/Jan/2026:02:45:01 +0000] "POST /wp//xmlrpc.php HTTP/1.1" 200 401 "-" "Mozilla/5.0 (Windows NT 10.0; Win64; x64) AppleWebKit/537.36 (KHTML, like Gecko) Chrome/80.0.3987.149 Safari/537.36"
64.31.22.34 - - [16/Jan/2026:02:46:16 +0000] "POST /wp/wp-cron.php?doing_wp_cron=1768531576.3212110996246337890625 HTTP/1.1" 200 0 "-" "WordPress/6.9; https://bms69.com/wp"
18.225.149.217 - - [16/Jan/2026:02:45:31 +0000] "POST /wp//xmlrpc.php HTTP/1.1" 200 401 "-" "Mozilla/5.0 (Windows NT 10.0; Win64; x64) AppleWebKit/537.36 (KHTML, like Gecko) Chrome/80.0.3987.149 Safari/537.36"
18.225.149.217 - - [16/Jan/2026:02:46:16 +0000] "POST /wp//xmlrpc.php HTTP/1.1" 200 401 "-" "Mozilla/5.0 (Windows NT 10.0; Win64; x64) AppleWebKit/537.36 (KHTML, like Gecko) Chrome/80.0.3987.149 Safari/537.36"
64.31.22.34 - - [16/Jan/2026:02:47:16 +0000] "POST /wp/wp-cron.php?doing_wp_cron=1768531636.6148719787597656250000 HTTP/1.1" 200 0 "-" "WordPress/6.9; https://bms69.com/wp"
18.225.149.217 - - [16/Jan/2026:02:46:46 +0000] "POST /wp//xmlrpc.php HTTP/1.1" 200 401 "-" "Mozilla/5.0 (Windows NT 10.0; Win64; x64) AppleWebKit/537.36 (KHTML, like Gecko) Chrome/80.0.3987.149 Safari/537.36"
18.225.149.217 - - [16/Jan/2026:02:47:16 +0000] "POST /wp//xmlrpc.php HTTP/1.1" 200 401 "-" "Mozilla/5.0 (Windows NT 10.0; Win64; x64) AppleWebKit/537.36 (KHTML, like Gecko) Chrome/80.0.3987.149 Safari/537.36"
64.31.22.34 - - [16/Jan/2026:02:48:31 +0000] "POST /wp/wp-cron.php?doing_wp_cron=1768531711.2976469993591308593750 HTTP/1.1" 200 0 "-" "WordPress/6.9; https://bms69.com/wp"
18.225.149.217 - - [16/Jan/2026:02:48:01 +0000] "POST /wp//xmlrpc.php HTTP/1.1" 200 401 "-" "Mozilla/5.0 (Windows NT 10.0; Win64; x64) AppleWebKit/537.36 (KHTML, like Gecko) Chrome/80.0.3987.149 Safari/537.36"
18.225.149.217 - - [16/Jan/2026:02:48:31 +0000] "POST /wp//xmlrpc.php HTTP/1.1" 200 401 "-" "Mozilla/5.0 (Windows NT 10.0; Win64; x64) AppleWebKit/537.36 (KHTML, like Gecko) Chrome/80.0.3987.149 Safari/537.36"
18.225.149.217 - - [16/Jan/2026:02:49:16 +0000] "POST /wp//xmlrpc.php HTTP/1.1" 200 401 "-" "Mozilla/5.0 (Windows NT 10.0; Win64; x64) AppleWebKit/537.36 (KHTML, like Gecko) Chrome/80.0.3987.149 Safari/537.36"
64.31.22.34 - - [16/Jan/2026:02:50:46 +0000] "POST /wp/wp-cron.php?doing_wp_cron=1768531846.3428709506988525390625 HTTP/1.1" 200 0 "-" "WordPress/6.9; https://bms69.com/wp"
18.225.149.217 - - [16/Jan/2026:02:50:01 +0000] "POST /wp//xmlrpc.php HTTP/1.1" 200 401 "-" "Mozilla/5.0 (Windows NT 10.0; Win64; x64) AppleWebKit/537.36 (KHTML, like Gecko) Chrome/80.0.3987.149 Safari/537.36"
64.31.22.34 - - [16/Jan/2026:02:51:31 +0000] "POST /wp/wp-cron.php?doing_wp_cron=1768531891.4119930267333984375000 HTTP/1.1" 200 0 "-" "WordPress/6.9; https://bms69.com/wp"
18.225.149.217 - - [16/Jan/2026:02:50:46 +0000] "POST /wp//xmlrpc.php HTTP/1.1" 200 401 "-" "Mozilla/5.0 (Windows NT 10.0; Win64; x64) AppleWebKit/537.36 (KHTML, like Gecko) Chrome/80.0.3987.149 Safari/537.36"
64.31.22.34 - - [16/Jan/2026:02:52:16 +0000] "POST /wp/wp-cron.php?doing_wp_cron=1768531936.1457009315490722656250 HTTP/1.1" 200 0 "-" "WordPress/6.9; https://bms69.com/wp"
18.225.149.217 - - [16/Jan/2026:02:51:31 +0000] "POST /wp//xmlrpc.php HTTP/1.1" 200 401 "-" "Mozilla/5.0 (Windows NT 10.0; Win64; x64) AppleWebKit/537.36 (KHTML, like Gecko) Chrome/80.0.3987.149 Safari/537.36"
18.225.149.217 - - [16/Jan/2026:02:52:16 +0000] "POST /wp//xmlrpc.php HTTP/1.1" 200 401 "-" "Mozilla/5.0 (Windows NT 10.0; Win64; x64) AppleWebKit/537.36 (KHTML, like Gecko) Chrome/80.0.3987.149 Safari/537.36"
64.31.22.34 - - [16/Jan/2026:02:53:31 +0000] "POST /wp/wp-cron.php?doing_wp_cron=1768532011.3052809238433837890625 HTTP/1.1" 200 0 "-" "WordPress/6.9; https://bms69.com/wp"
18.225.149.217 - - [16/Jan/2026:02:52:46 +0000] "POST /wp//xmlrpc.php HTTP/1.1" 200 401 "-" "Mozilla/5.0 (Windows NT 10.0; Win64; x64) AppleWebKit/537.36 (KHTML, like Gecko) Chrome/80.0.3987.149 Safari/537.36"
64.31.22.34 - - [16/Jan/2026:02:20:16 +0000] "POST /wp/wp-cron.php?doing_wp_cron=1768530016.1831369400024414062500 HTTP/1.1" 200 0 "-" "WordPress/6.9; https://bms69.com/wp"
64.31.22.34 - - [16/Jan/2026:02:21:16 +0000] "POST /wp/wp-cron.php?doing_wp_cron=1768530076.0465240478515625000000 HTTP/1.1" 200 0 "-" "WordPress/6.9; https://bms69.com/wp"
64.31.22.34 - - [16/Jan/2026:02:23:16 +0000] "POST /wp/wp-cron.php?doing_wp_cron=1768530196.2278110980987548828125 HTTP/1.1" 200 0 "-" "WordPress/6.9; https://bms69.com/wp"
64.31.22.34 - - [16/Jan/2026:02:24:16 +0000] "POST /wp/wp-cron.php?doing_wp_cron=1768530256.2551839351654052734375 HTTP/1.1" 200 0 "-" "WordPress/6.9; https://bms69.com/wp"
64.31.22.34 - - [16/Jan/2026:02:26:16 +0000] "POST /wp/wp-cron.php?doing_wp_cron=1768530376.2463200092315673828125 HTTP/1.1" 200 0 "-" "WordPress/6.9; https://bms69.com/wp"
64.31.22.34 - - [16/Jan/2026:02:27:16 +0000] "POST /wp/wp-cron.php?doing_wp_cron=1768530436.1516571044921875000000 HTTP/1.1" 200 0 "-" "WordPress/6.9; https://bms69.com/wp"
64.31.22.34 - - [16/Jan/2026:02:32:16 +0000] "POST /wp/wp-cron.php?doing_wp_cron=1768530736.3583559989929199218750 HTTP/1.1" 200 0 "-" "WordPress/6.9; https://bms69.com/wp"
222.239.104.47 - - [16/Jan/2026:02:35:05 +0000] "GET / HTTP/1.1" 200 870 "-" "Mozilla/5.0 (Windows NT 10.0; Win64; x64) AppleWebKit/537.36 (KHTML, like Gecko) Chrome/111.0.0.0 Safari/537.36"
222.239.104.47 - - [16/Jan/2026:02:35:05 +0000] "GET /_autoindex/assets/css/autoindex.css HTTP/1.1" 200 1287 "http://bms69.com/" "Mozilla/5.0 (Windows NT 10.0; Win64; x64) AppleWebKit/537.36 (KHTML, like Gecko) Chrome/111.0.0.0 Safari/537.36"
222.239.104.47 - - [16/Jan/2026:02:35:05 +0000] "GET /_autoindex/assets/js/tablesort.js HTTP/1.1" 200 2300 "http://bms69.com/" "Mozilla/5.0 (Windows NT 10.0; Win64; x64) AppleWebKit/537.36 (KHTML, like Gecko) Chrome/111.0.0.0 Safari/537.36"
222.239.104.47 - - [16/Jan/2026:02:35:07 +0000] "GET / HTTP/1.1" 200 870 "-" "Mozilla/5.0 (Windows NT 10.0; Win64; x64) AppleWebKit/537.36 (KHTML, like Gecko) Chrome/111.0.0.0 Safari/537.36"
64.31.22.34 - - [16/Jan/2026:02:35:16 +0000] "POST /wp/wp-cron.php?doing_wp_cron=1768530916.3785510063171386718750 HTTP/1.1" 200 0 "-" "WordPress/6.9; https://bms69.com/wp"
64.31.22.34 - - [16/Jan/2026:02:38:16 +0000] "POST /wp/wp-cron.php?doing_wp_cron=1768531096.4012300968170166015625 HTTP/1.1" 200 0 "-" "WordPress/6.9; https://bms69.com/wp"
64.31.22.34 - - [16/Jan/2026:02:41:16 +0000] "POST /wp/wp-cron.php?doing_wp_cron=1768531276.5110189914703369140625 HTTP/1.1" 200 0 "-" "WordPress/6.9; https://bms69.com/wp"
64.31.22.34 - - [16/Jan/2026:02:42:31 +0000] "POST /wp/wp-cron.php?doing_wp_cron=1768531351.3261649608612060546875 HTTP/1.1" 200 0 "-" "WordPress/6.9; https://bms69.com/wp"
64.31.22.34 - - [16/Jan/2026:02:44:16 +0000] "POST /wp/wp-cron.php?doing_wp_cron=1768531456.2887330055236816406250 HTTP/1.1" 200 0 "-" "WordPress/6.9; https://bms69.com/wp"
64.31.22.34 - - [16/Jan/2026:02:49:16 +0000] "POST /wp/wp-cron.php?doing_wp_cron=1768531756.3330059051513671875000 HTTP/1.1" 200 0 "-" "WordPress/6.9; https://bms69.com/wp"
64.31.22.34 - - [16/Jan/2026:02:54:01 +0000] "POST /wp/wp-cron.php?doing_wp_cron=1768532041.2609179019927978515625 HTTP/1.1" 200 0 "-" "WordPress/6.9; https://bms69.com/wp"
64.31.22.34 - - [16/Jan/2026:02:55:16 +0000] "POST /wp/wp-cron.php?doing_wp_cron=1768532116.1723270416259765625000 HTTP/1.1" 200 0 "-" "WordPress/6.9; https://bms69.com/wp"
64.31.22.34 - - [16/Jan/2026:02:56:46 +0000] "POST /wp/wp-cron.php?doing_wp_cron=1768532206.1093339920043945312500 HTTP/1.1" 200 0 "-" "WordPress/6.9; https://bms69.com/wp"
64.31.22.34 - - [16/Jan/2026:02:57:31 +0000] "POST /wp/wp-cron.php?doing_wp_cron=1768532251.4482278823852539062500 HTTP/1.1" 200 0 "-" "WordPress/6.9; https://bms69.com/wp"
64.31.22.34 - - [16/Jan/2026:02:58:16 +0000] "POST /wp/wp-cron.php?doing_wp_cron=1768532296.4364080429077148437500 HTTP/1.1" 200 0 "-" "WordPress/6.9; https://bms69.com/wp"
18.225.149.217 - - [16/Jan/2026:02:53:31 +0000] "POST /wp//xmlrpc.php HTTP/1.1" 200 401 "-" "Mozilla/5.0 (Windows NT 10.0; Win64; x64) AppleWebKit/537.36 (KHTML, like Gecko) Chrome/80.0.3987.149 Safari/537.36"
18.225.149.217 - - [16/Jan/2026:02:54:01 +0000] "POST /wp//xmlrpc.php HTTP/1.1" 200 401 "-" "Mozilla/5.0 (Windows NT 10.0; Win64; x64) AppleWebKit/537.36 (KHTML, like Gecko) Chrome/80.0.3987.149 Safari/537.36"
18.225.149.217 - - [16/Jan/2026:02:54:46 +0000] "POST /wp//xmlrpc.php HTTP/1.1" 200 401 "-" "Mozilla/5.0 (Windows NT 10.0; Win64; x64) AppleWebKit/537.36 (KHTML, like Gecko) Chrome/80.0.3987.149 Safari/537.36"
18.225.149.217 - - [16/Jan/2026:02:55:16 +0000] "POST /wp//xmlrpc.php HTTP/1.1" 200 401 "-" "Mozilla/5.0 (Windows NT 10.0; Win64; x64) AppleWebKit/537.36 (KHTML, like Gecko) Chrome/80.0.3987.149 Safari/537.36"
18.225.149.217 - - [16/Jan/2026:02:56:01 +0000] "POST /wp//xmlrpc.php HTTP/1.1" 200 401 "-" "Mozilla/5.0 (Windows NT 10.0; Win64; x64) AppleWebKit/537.36 (KHTML, like Gecko) Chrome/80.0.3987.149 Safari/537.36"
18.225.149.217 - - [16/Jan/2026:02:56:46 +0000] "POST /wp//xmlrpc.php HTTP/1.1" 200 401 "-" "Mozilla/5.0 (Windows NT 10.0; Win64; x64) AppleWebKit/537.36 (KHTML, like Gecko) Chrome/80.0.3987.149 Safari/537.36"
18.225.149.217 - - [16/Jan/2026:02:57:31 +0000] "POST /wp//xmlrpc.php HTTP/1.1" 200 401 "-" "Mozilla/5.0 (Windows NT 10.0; Win64; x64) AppleWebKit/537.36 (KHTML, like Gecko) Chrome/80.0.3987.149 Safari/537.36"
18.225.149.217 - - [16/Jan/2026:02:58:16 +0000] "POST /wp//xmlrpc.php HTTP/1.1" 200 401 "-" "Mozilla/5.0 (Windows NT 10.0; Win64; x64) AppleWebKit/537.36 (KHTML, like Gecko) Chrome/80.0.3987.149 Safari/537.36"
64.31.22.34 - - [16/Jan/2026:02:59:46 +0000] "POST /wp/wp-cron.php?doing_wp_cron=1768532386.1726899147033691406250 HTTP/1.1" 200 0 "-" "WordPress/6.9; https://bms69.com/wp"
18.225.149.217 - - [16/Jan/2026:02:59:01 +0000] "POST /wp//xmlrpc.php HTTP/1.1" 200 401 "-" "Mozilla/5.0 (Windows NT 10.0; Win64; x64) AppleWebKit/537.36 (KHTML, like Gecko) Chrome/80.0.3987.149 Safari/537.36"
64.31.22.34 - - [16/Jan/2026:03:00:46 +0000] "POST /wp/wp-cron.php?doing_wp_cron=1768532446.5262999534606933593750 HTTP/1.1" 200 0 "-" "WordPress/6.9; https://bms69.com/wp"
18.225.149.217 - - [16/Jan/2026:02:59:46 +0000] "POST /wp//xmlrpc.php HTTP/1.1" 200 401 "-" "Mozilla/5.0 (Windows NT 10.0; Win64; x64) AppleWebKit/537.36 (KHTML, like Gecko) Chrome/80.0.3987.149 Safari/537.36"
142.111.146.31 - - [16/Jan/2026:04:15:44 +0000] "GET /.env HTTP/1.1" 404 1251 "-" "Mozilla/5.0 (Windows NT 10.0; Win64; x64) AppleWebKit/537.36 (KHTML, like Gecko) Chrome/120.0.0.0 Safari/537.36"
222.239.104.50 - - [16/Jan/2026:04:25:10 +0000] "GET / HTTP/1.1" 200 869 "-" "Mozilla/5.0 (Windows NT 10.0; Win64; x64) AppleWebKit/537.36 (KHTML, like Gecko) Chrome/111.0.0.0 Safari/537.36"
64.31.22.34 - - [16/Jan/2026:04:39:45 +0000] "GET /.well-known/acme-challenge/60NAK422YF4GNG3OGQHKQIMKZE74KN2Z HTTP/1.1" 200 64 "-" "Cpanel-HTTP-Client/1.0"
64.31.22.34 - - [16/Jan/2026:04:39:46 +0000] "GET /.well-known/acme-challenge/OLCAS7ZE8HRW9TUPYWZ0NCG-F-0L98F8 HTTP/1.1" 200 64 "-" "Cpanel-HTTP-Client/1.0"
64.31.22.34 - - [16/Jan/2026:04:39:47 +0000] "GET /.well-known/acme-challenge/ZD6WIDEFE6-4CSXN4B9S8MD7PKG5K_0Q HTTP/1.1" 200 64 "-" "Cpanel-HTTP-Client/1.0"
64.31.22.34 - - [16/Jan/2026:04:39:47 +0000] "GET /.well-known/acme-challenge/BWSBS9W5QDY9PPGIZLC1JF9D8L5TRGWW HTTP/1.1" 200 64 "-" "Cpanel-HTTP-Client/1.0"
64.31.22.34 - - [16/Jan/2026:04:39:48 +0000] "GET /.well-known/acme-challenge/NVNXKBHQ-4DKR4MAIG8W9K19I7UK6K1N HTTP/1.1" 200 64 "-" "Cpanel-HTTP-Client/1.0"
64.31.22.34 - - [16/Jan/2026:04:39:53 +0000] "GET /.well-known/acme-challenge/U92ICSVX3TYJNQE8JSWV67F7OC9X5HLZ HTTP/1.1" 200 64 "-" "Cpanel-HTTP-Client/1.0"
64.31.22.34 - - [16/Jan/2026:04:39:54 +0000] "GET /.well-known/acme-challenge/ZWS6NDDUR7-Y1HYN978_WTIZA8KSR6EP HTTP/1.1" 200 64 "-" "Cpanel-HTTP-Client/1.0"
64.31.22.34 - - [16/Jan/2026:04:39:54 +0000] "GET /.well-known/acme-challenge/7ACOF0AXBM1GRU7N4CDYN7KBPJEX_WGV HTTP/1.1" 200 64 "-" "Cpanel-HTTP-Client/1.0"
43.140.247.223 - - [16/Jan/2026:03:08:19 +0000] "GET / HTTP/1.1" 200 874 "-" "Mozilla/5.0 (iPhone; CPU iPhone OS 13_2_3 like Mac OS X) AppleWebKit/605.1.15 (KHTML, like Gecko) Version/13.0.3 Mobile/15E148 Safari/604.1"
222.239.104.50 - - [16/Jan/2026:04:25:08 +0000] "GET / HTTP/1.1" 200 869 "-" "Mozilla/5.0 (Windows NT 10.0; Win64; x64) AppleWebKit/537.36 (KHTML, like Gecko) Chrome/111.0.0.0 Safari/537.36"
222.239.104.50 - - [16/Jan/2026:04:25:08 +0000] "GET /_autoindex/assets/css/autoindex.css HTTP/1.1" 200 1287 "http://bms69.com/" "Mozilla/5.0 (Windows NT 10.0; Win64; x64) AppleWebKit/537.36 (KHTML, like Gecko) Chrome/111.0.0.0 Safari/537.36"
222.239.104.50 - - [16/Jan/2026:04:25:09 +0000] "GET /_autoindex/assets/js/tablesort.js HTTP/1.1" 200 2300 "http://bms69.com/" "Mozilla/5.0 (Windows NT 10.0; Win64; x64) AppleWebKit/537.36 (KHTML, like Gecko) Chrome/111.0.0.0 Safari/537.36"
222.239.104.50 - - [16/Jan/2026:04:25:09 +0000] "GET /_autoindex/assets/js/tablesort.number.js HTTP/1.1" 200 366 "http://bms69.com/" "Mozilla/5.0 (Windows NT 10.0; Win64; x64) AppleWebKit/537.36 (KHTML, like Gecko) Chrome/111.0.0.0 Safari/537.36"
222.239.104.50 - - [16/Jan/2026:04:25:09 +0000] "GET /_autoindex/assets/icons/folder-fill.svg HTTP/1.1" 200 411 "http://bms69.com/" "Mozilla/5.0 (Windows NT 10.0; Win64; x64) AppleWebKit/537.36 (KHTML, like Gecko) Chrome/111.0.0.0 Safari/537.36"
222.239.104.50 - - [16/Jan/2026:04:25:09 +0000] "GET /_autoindex/assets/icons/file.svg HTTP/1.1" 200 428 "http://bms69.com/" "Mozilla/5.0 (Windows NT 10.0; Win64; x64) AppleWebKit/537.36 (KHTML, like Gecko) Chrome/111.0.0.0 Safari/537.36"
185.39.19.49 - - [16/Jan/2026:04:33:07 +0000] "GET / HTTP/1.0" 200 2255 "http://bms69.com/" "Mozilla/5.0 (Windows NT 10.0; Win64; x64) AppleWebKit/537.36 (KHTML, like Gecko) Chrome/130.0.0.0 Safari/537.36"
64.31.22.34 - - [16/Jan/2026:04:39:46 +0000] "GET /.well-known/acme-challenge/3K0ZLXEEO2BEXOB5M132KZKCN0LL3BC9 HTTP/1.1" 200 64 "-" "Cpanel-HTTP-Client/1.0"
64.31.22.34 - - [16/Jan/2026:04:39:47 +0000] "GET /.well-known/acme-challenge/YKPS0AXX57V-DZOT7PBVGY3DT770I76N HTTP/1.1" 200 64 "-" "Cpanel-HTTP-Client/1.0"
64.31.22.34 - - [16/Jan/2026:04:39:57 +0000] "GET /.well-known/acme-challenge/9LXRCJHL1PR4D4KUIW1-K_G-XQW-TYQR HTTP/1.1" 200 64 "-" "Cpanel-HTTP-Client/1.0"
64.31.22.34 - - [16/Jan/2026:04:39:57 +0000] "GET /.well-known/acme-challenge/NA4L-FNPO553AVFDBGYE0_V5IR4EA8XE HTTP/1.1" 200 64 "-" "Cpanel-HTTP-Client/1.0"
64.31.22.34 - - [16/Jan/2026:04:39:57 +0000] "GET /.well-known/acme-challenge/TCC3SEO4KU45B8SYSB75B76LK3ZZKAFJ HTTP/1.1" 200 64 "-" "Cpanel-HTTP-Client/1.0"
64.31.22.34 - - [16/Jan/2026:04:39:59 +0000] "GET /.well-known/acme-challenge/EP9KL47B6-GS-83ZH00JJX8YXP0I2MWR HTTP/1.1" 200 64 "-" "Cpanel-HTTP-Client/1.0"
64.31.22.34 - - [16/Jan/2026:04:40:01 +0000] "GET /.well-known/acme-challenge/SV8B0DYFFSCGCSXQ7XZ0FXVT6FFDZVWQ HTTP/1.1" 200 64 "-" "Cpanel-HTTP-Client/1.0"
64.31.22.34 - - [16/Jan/2026:04:40:03 +0000] "GET /.well-known/acme-challenge/HFG4AJ3KL1IG-AVV1S5MA15YC6N-H6PZ HTTP/1.1" 200 64 "-" "Cpanel-HTTP-Client/1.0"
64.31.22.34 - - [16/Jan/2026:04:40:04 +0000] "GET /.well-known/acme-challenge/BQM45YL9SH0IPJNTDY3BNNFTJTN87KTX HTTP/1.1" 200 64 "-" "Cpanel-HTTP-Client/1.0"
64.31.22.34 - - [16/Jan/2026:04:40:04 +0000] "GET /.well-known/acme-challenge/RF7MY6HXHW91_MQEC0V5Q2CC5J9X75ZV HTTP/1.1" 200 64 "-" "Cpanel-HTTP-Client/1.0"
222.239.104.38 - - [16/Jan/2026:04:41:07 +0000] "GET / HTTP/1.1" 200 869 "-" "Mozilla/5.0 (Windows NT 10.0; Win64; x64) AppleWebKit/537.36 (KHTML, like Gecko) Chrome/111.0.0.0 Safari/537.36"
222.239.104.38 - - [16/Jan/2026:04:41:07 +0000] "GET /_autoindex/assets/css/autoindex.css HTTP/1.1" 200 1287 "http://bms69.com/" "Mozilla/5.0 (Windows NT 10.0; Win64; x64) AppleWebKit/537.36 (KHTML, like Gecko) Chrome/111.0.0.0 Safari/537.36"
222.239.104.38 - - [16/Jan/2026:04:41:07 +0000] "GET /_autoindex/assets/js/tablesort.js HTTP/1.1" 200 2300 "http://bms69.com/" "Mozilla/5.0 (Windows NT 10.0; Win64; x64) AppleWebKit/537.36 (KHTML, like Gecko) Chrome/111.0.0.0 Safari/537.36"
222.239.104.38 - - [16/Jan/2026:04:41:07 +0000] "GET /_autoindex/assets/js/tablesort.number.js HTTP/1.1" 200 366 "http://bms69.com/" "Mozilla/5.0 (Windows NT 10.0; Win64; x64) AppleWebKit/537.36 (KHTML, like Gecko) Chrome/111.0.0.0 Safari/537.36"
208.115.236.10 - - [16/Jan/2026:04:55:50 +0000] "GET /.well-known/acme-challenge/TPAHZZB6QE20QID6HTTVOMICQNH1T6TY HTTP/1.1" 404 1251 "-" "Cpanel-HTTP-Client/1.0"
208.115.236.10 - - [16/Jan/2026:04:55:51 +0000] "GET /.well-known/acme-challenge/Q_M0F9WE3484YDIIA_5POBBI-Q95MJVR HTTP/1.1" 404 1251 "-" "Cpanel-HTTP-Client/1.0"
208.115.236.10 - - [16/Jan/2026:04:55:51 +0000] "GET /.well-known/acme-challenge/_WFN1ME__NNQR6UH0U9WXSX0715S64DI HTTP/1.1" 404 1251 "-" "Cpanel-HTTP-Client/1.0"
64.31.22.34 - - [16/Jan/2026:04:55:57 +0000] "GET /.well-known/acme-challenge/OJXFN22RY1YRITUVCZ8OSZQRWQDGZA78 HTTP/1.1" 404 1251 "-" "Cpanel-HTTP-Client/1.0"
64.31.22.34 - - [16/Jan/2026:04:39:59 +0000] "GET /.well-known/acme-challenge/LBTW7Q_MF1M2QB45JMZH5J8-1KKQ3O5B HTTP/1.1" 200 64 "-" "Cpanel-HTTP-Client/1.0"
64.31.22.34 - - [16/Jan/2026:04:40:00 +0000] "GET /.well-known/acme-challenge/L126KOFM4P9VUYG-UJ362393F6BN47RF HTTP/1.1" 200 64 "-" "Cpanel-HTTP-Client/1.0"
64.31.22.34 - - [16/Jan/2026:04:40:01 +0000] "GET /.well-known/acme-challenge/H1GM0KITEBJP4MACGNLU81PEYC3CX4U7 HTTP/1.1" 200 64 "-" "Cpanel-HTTP-Client/1.0"
64.31.22.34 - - [16/Jan/2026:04:40:01 +0000] "GET /.well-known/acme-challenge/BGEX97VIJ3PA04YIKWWAVU_M2V1V8ZAG HTTP/1.1" 200 64 "-" "Cpanel-HTTP-Client/1.0"
64.31.22.34 - - [16/Jan/2026:04:40:02 +0000] "GET /.well-known/acme-challenge/GD4Y82AX5FLQJLS1ZQ6VLPZYYSI50J_R HTTP/1.1" 200 64 "-" "Cpanel-HTTP-Client/1.0"
64.31.22.34 - - [16/Jan/2026:04:40:03 +0000] "GET /.well-known/acme-challenge/Q0BD3ZAOTC8R8J1AHD9FFWG8D__J5RQN HTTP/1.1" 200 64 "-" "Cpanel-HTTP-Client/1.0"
222.239.104.38 - - [16/Jan/2026:04:41:09 +0000] "GET / HTTP/1.1" 200 869 "-" "Mozilla/5.0 (Windows NT 10.0; Win64; x64) AppleWebKit/537.36 (KHTML, like Gecko) Chrome/111.0.0.0 Safari/537.36"
208.115.236.10 - - [16/Jan/2026:04:55:54 +0000] "GET /.well-known/acme-challenge/5QYWSES3K70HDTSO941VBQEQKC3FO0AF HTTP/1.1" 404 1251 "-" "Cpanel-HTTP-Client/1.0"
208.115.236.10 - - [16/Jan/2026:04:55:54 +0000] "GET /.well-known/acme-challenge/12XLPJS_2UU858-EW8JSICJ2T436HD_2 HTTP/1.1" 404 1251 "-" "Cpanel-HTTP-Client/1.0"
208.115.236.10 - - [16/Jan/2026:04:55:56 +0000] "GET /.well-known/acme-challenge/PZPV2VB0BYNCVTSQ10OB0H2XMQNSTJO8 HTTP/1.1" 404 1251 "-" "Cpanel-HTTP-Client/1.0"
64.31.22.34 - - [16/Jan/2026:04:55:56 +0000] "GET /.well-known/acme-challenge/VPW4ZHIBZT45WSJK-IKZRMC78-1NW06T HTTP/1.1" 404 1251 "-" "Cpanel-HTTP-Client/1.0"
64.31.22.34 - - [16/Jan/2026:04:55:57 +0000] "GET /.well-known/acme-challenge/S4MRTUXOWERI25_AADLUFMEXMD_WQ6IE HTTP/1.1" 404 1251 "-" "Cpanel-HTTP-Client/1.0"
64.31.22.34 - - [16/Jan/2026:04:56:04 +0000] "GET /.well-known/acme-challenge/4DUYDBV9JVWEZG654G4ZYOJW2QGMIJK0 HTTP/1.1" 404 1251 "-" "Cpanel-HTTP-Client/1.0"
64.31.22.34 - - [16/Jan/2026:04:56:06 +0000] "GET /.well-known/acme-challenge/D1FB7DCI6F2MEU12JFMLG90MNHCCXHYD HTTP/1.1" 404 1251 "-" "Cpanel-HTTP-Client/1.0"
64.31.22.34 - - [16/Jan/2026:04:56:07 +0000] "GET /.well-known/acme-challenge/1_KOAMPST_1EMEGSC47IC9KIFF9IY89R HTTP/1.1" 404 1251 "-" "Cpanel-HTTP-Client/1.0"