44.221.46.220 - - [16/Jan/2026:00:21:56 +0000] "GET /wp-includes/js/jquery/ui/mouse.min.js?ver=1.13.3 HTTP/1.1" 200 1096 "http://ease.sg/" "Mozilla/5.0 (Linux; U; Android 3.0.1; fr-fr; A500 Build/HRI66) AppleWebKit/534.13 (KHTML, like Gecko) Version/4.0 Safari/534.13"
44.221.46.220 - - [16/Jan/2026:00:21:56 +0000] "GET /wp-includes/js/jquery/ui/sortable.min.js?ver=1.13.3 HTTP/1.1" 200 6596 "http://ease.sg/" "Mozilla/5.0 (Linux; U; Android 3.0.1; fr-fr; A500 Build/HRI66) AppleWebKit/534.13 (KHTML, like Gecko) Version/4.0 Safari/534.13"
44.221.46.220 - - [16/Jan/2026:00:21:56 +0000] "GET /wp-includes/js/jquery/ui/draggable.min.js?ver=1.13.3 HTTP/1.1" 200 4886 "http://ease.sg/" "Mozilla/5.0 (Linux; U; Android 3.0.1; fr-fr; A500 Build/HRI66) AppleWebKit/534.13 (KHTML, like Gecko) Version/4.0 Safari/534.13"
44.221.46.220 - - [16/Jan/2026:00:21:56 +0000] "GET /wp-content/plugins/astra-addon/assets/js/minified/purify.min.js?ver=4.8.13 HTTP/1.1" 200 8443 "http://ease.sg/" "Mozilla/5.0 (Linux; U; Android 3.0.1; fr-fr; A500 Build/HRI66) AppleWebKit/534.13 (KHTML, like Gecko) Version/4.0 Safari/534.13"
44.221.46.220 - - [16/Jan/2026:00:21:57 +0000] "GET /wp-includes/js/wp-emoji-release.min.js?ver=6.9 HTTP/1.1" 200 5385 "http://ease.sg/" "Mozilla/5.0 (Linux; U; Android 3.0.1; fr-fr; A500 Build/HRI66) AppleWebKit/534.13 (KHTML, like Gecko) Version/4.0 Safari/534.13"
18.225.149.217 - - [16/Jan/2026:00:21:45 +0000] "POST /xmlrpc.php HTTP/1.1" 200 401 "-" "Mozilla/5.0 (Windows NT 10.0; Win64; x64) AppleWebKit/537.36 (KHTML, like Gecko) Chrome/80.0.3987.149 Safari/537.36"
18.225.149.217 - - [16/Jan/2026:00:22:31 +0000] "POST /xmlrpc.php HTTP/1.1" 200 401 "-" "Mozilla/5.0 (Windows NT 10.0; Win64; x64) AppleWebKit/537.36 (KHTML, like Gecko) Chrome/80.0.3987.149 Safari/537.36"
18.225.149.217 - - [16/Jan/2026:00:23:16 +0000] "POST /xmlrpc.php HTTP/1.1" 200 401 "-" "Mozilla/5.0 (Windows NT 10.0; Win64; x64) AppleWebKit/537.36 (KHTML, like Gecko) Chrome/80.0.3987.149 Safari/537.36"
18.225.149.217 - - [16/Jan/2026:00:24:01 +0000] "POST /xmlrpc.php HTTP/1.1" 200 401 "-" "Mozilla/5.0 (Windows NT 10.0; Win64; x64) AppleWebKit/537.36 (KHTML, like Gecko) Chrome/80.0.3987.149 Safari/537.36"
18.225.149.217 - - [16/Jan/2026:00:24:46 +0000] "POST /xmlrpc.php HTTP/1.1" 200 401 "-" "Mozilla/5.0 (Windows NT 10.0; Win64; x64) AppleWebKit/537.36 (KHTML, like Gecko) Chrome/80.0.3987.149 Safari/537.36"
64.31.22.34 - - [16/Jan/2026:00:26:16 +0000] "POST /wp-cron.php?doing_wp_cron=1768523176.0837399959564208984375 HTTP/1.1" 200 0 "-" "WordPress/6.9; https://ease.sg"
18.225.149.217 - - [16/Jan/2026:00:25:31 +0000] "POST /xmlrpc.php HTTP/1.1" 200 401 "-" "Mozilla/5.0 (Windows NT 10.0; Win64; x64) AppleWebKit/537.36 (KHTML, like Gecko) Chrome/80.0.3987.149 Safari/537.36"
18.225.149.217 - - [16/Jan/2026:00:26:16 +0000] "POST /xmlrpc.php HTTP/1.1" 200 401 "-" "Mozilla/5.0 (Windows NT 10.0; Win64; x64) AppleWebKit/537.36 (KHTML, like Gecko) Chrome/80.0.3987.149 Safari/537.36"
18.225.149.217 - - [16/Jan/2026:00:27:10 +0000] "POST /xmlrpc.php HTTP/1.1" 200 401 "-" "Mozilla/5.0 (Windows NT 10.0; Win64; x64) AppleWebKit/537.36 (KHTML, like Gecko) Chrome/80.0.3987.149 Safari/537.36"
18.225.149.217 - - [16/Jan/2026:00:27:45 +0000] "POST /xmlrpc.php HTTP/1.1" 200 401 "-" "Mozilla/5.0 (Windows NT 10.0; Win64; x64) AppleWebKit/537.36 (KHTML, like Gecko) Chrome/80.0.3987.149 Safari/537.36"
18.225.149.217 - - [16/Jan/2026:00:28:31 +0000] "POST /xmlrpc.php HTTP/1.1" 200 401 "-" "Mozilla/5.0 (Windows NT 10.0; Win64; x64) AppleWebKit/537.36 (KHTML, like Gecko) Chrome/80.0.3987.149 Safari/537.36"
18.225.149.217 - - [16/Jan/2026:00:29:16 +0000] "POST /xmlrpc.php HTTP/1.1" 200 401 "-" "Mozilla/5.0 (Windows NT 10.0; Win64; x64) AppleWebKit/537.36 (KHTML, like Gecko) Chrome/80.0.3987.149 Safari/537.36"
18.225.149.217 - - [16/Jan/2026:00:30:01 +0000] "POST /xmlrpc.php HTTP/1.1" 200 401 "-" "Mozilla/5.0 (Windows NT 10.0; Win64; x64) AppleWebKit/537.36 (KHTML, like Gecko) Chrome/80.0.3987.149 Safari/537.36"
18.225.149.217 - - [16/Jan/2026:00:30:45 +0000] "POST /xmlrpc.php HTTP/1.1" 200 401 "-" "Mozilla/5.0 (Windows NT 10.0; Win64; x64) AppleWebKit/537.36 (KHTML, like Gecko) Chrome/80.0.3987.149 Safari/537.36"
18.225.149.217 - - [16/Jan/2026:00:31:30 +0000] "POST /xmlrpc.php HTTP/1.1" 200 401 "-" "Mozilla/5.0 (Windows NT 10.0; Win64; x64) AppleWebKit/537.36 (KHTML, like Gecko) Chrome/80.0.3987.149 Safari/537.36"
18.225.149.217 - - [16/Jan/2026:00:32:16 +0000] "POST /xmlrpc.php HTTP/1.1" 200 401 "-" "Mozilla/5.0 (Windows NT 10.0; Win64; x64) AppleWebKit/537.36 (KHTML, like Gecko) Chrome/80.0.3987.149 Safari/537.36"
18.225.149.217 - - [16/Jan/2026:00:33:01 +0000] "POST /xmlrpc.php HTTP/1.1" 200 401 "-" "Mozilla/5.0 (Windows NT 10.0; Win64; x64) AppleWebKit/537.36 (KHTML, like Gecko) Chrome/80.0.3987.149 Safari/537.36"
18.225.149.217 - - [16/Jan/2026:00:33:46 +0000] "POST /xmlrpc.php HTTP/1.1" 200 401 "-" "Mozilla/5.0 (Windows NT 10.0; Win64; x64) AppleWebKit/537.36 (KHTML, like Gecko) Chrome/80.0.3987.149 Safari/537.36"
18.225.149.217 - - [16/Jan/2026:00:34:31 +0000] "POST /xmlrpc.php HTTP/1.1" 200 401 "-" "Mozilla/5.0 (Windows NT 10.0; Win64; x64) AppleWebKit/537.36 (KHTML, like Gecko) Chrome/80.0.3987.149 Safari/537.36"
18.225.149.217 - - [16/Jan/2026:00:35:16 +0000] "POST /xmlrpc.php HTTP/1.1" 200 401 "-" "Mozilla/5.0 (Windows NT 10.0; Win64; x64) AppleWebKit/537.36 (KHTML, like Gecko) Chrome/80.0.3987.149 Safari/537.36"
18.225.149.217 - - [16/Jan/2026:00:36:01 +0000] "POST /xmlrpc.php HTTP/1.1" 200 401 "-" "Mozilla/5.0 (Windows NT 10.0; Win64; x64) AppleWebKit/537.36 (KHTML, like Gecko) Chrome/80.0.3987.149 Safari/537.36"
18.225.149.217 - - [16/Jan/2026:00:36:45 +0000] "POST /xmlrpc.php HTTP/1.1" 200 401 "-" "Mozilla/5.0 (Windows NT 10.0; Win64; x64) AppleWebKit/537.36 (KHTML, like Gecko) Chrome/80.0.3987.149 Safari/537.36"
18.225.149.217 - - [16/Jan/2026:00:37:31 +0000] "POST /xmlrpc.php HTTP/1.1" 200 401 "-" "Mozilla/5.0 (Windows NT 10.0; Win64; x64) AppleWebKit/537.36 (KHTML, like Gecko) Chrome/80.0.3987.149 Safari/537.36"
18.225.149.217 - - [16/Jan/2026:00:38:15 +0000] "POST /xmlrpc.php HTTP/1.1" 200 401 "-" "Mozilla/5.0 (Windows NT 10.0; Win64; x64) AppleWebKit/537.36 (KHTML, like Gecko) Chrome/80.0.3987.149 Safari/537.36"
18.225.149.217 - - [16/Jan/2026:00:39:00 +0000] "POST /xmlrpc.php HTTP/1.1" 200 401 "-" "Mozilla/5.0 (Windows NT 10.0; Win64; x64) AppleWebKit/537.36 (KHTML, like Gecko) Chrome/80.0.3987.149 Safari/537.36"
170.106.163.84 - - [16/Jan/2026:00:40:22 +0000] "GET / HTTP/1.1" 301 0 "-" "Mozilla/5.0 (iPhone; CPU iPhone OS 13_2_3 like Mac OS X) AppleWebKit/605.1.15 (KHTML, like Gecko) Version/13.0.3 Mobile/15E148 Safari/604.1"
18.225.149.217 - - [16/Jan/2026:00:39:45 +0000] "POST /xmlrpc.php HTTP/1.1" 200 401 "-" "Mozilla/5.0 (Windows NT 10.0; Win64; x64) AppleWebKit/537.36 (KHTML, like Gecko) Chrome/80.0.3987.149 Safari/537.36"
18.225.149.217 - - [16/Jan/2026:00:40:30 +0000] "POST /xmlrpc.php HTTP/1.1" 200 401 "-" "Mozilla/5.0 (Windows NT 10.0; Win64; x64) AppleWebKit/537.36 (KHTML, like Gecko) Chrome/80.0.3987.149 Safari/537.36"
18.225.149.217 - - [16/Jan/2026:00:41:16 +0000] "POST /xmlrpc.php HTTP/1.1" 200 401 "-" "Mozilla/5.0 (Windows NT 10.0; Win64; x64) AppleWebKit/537.36 (KHTML, like Gecko) Chrome/80.0.3987.149 Safari/537.36"
18.225.149.217 - - [16/Jan/2026:00:42:01 +0000] "POST /xmlrpc.php HTTP/1.1" 200 401 "-" "Mozilla/5.0 (Windows NT 10.0; Win64; x64) AppleWebKit/537.36 (KHTML, like Gecko) Chrome/80.0.3987.149 Safari/537.36"
18.225.149.217 - - [16/Jan/2026:00:42:46 +0000] "POST /xmlrpc.php HTTP/1.1" 200 401 "-" "Mozilla/5.0 (Windows NT 10.0; Win64; x64) AppleWebKit/537.36 (KHTML, like Gecko) Chrome/80.0.3987.149 Safari/537.36"
18.225.149.217 - - [16/Jan/2026:00:43:31 +0000] "POST /xmlrpc.php HTTP/1.1" 200 401 "-" "Mozilla/5.0 (Windows NT 10.0; Win64; x64) AppleWebKit/537.36 (KHTML, like Gecko) Chrome/80.0.3987.149 Safari/537.36"
18.225.149.217 - - [16/Jan/2026:00:44:16 +0000] "POST /xmlrpc.php HTTP/1.1" 200 401 "-" "Mozilla/5.0 (Windows NT 10.0; Win64; x64) AppleWebKit/537.36 (KHTML, like Gecko) Chrome/80.0.3987.149 Safari/537.36"
18.225.149.217 - - [16/Jan/2026:00:45:01 +0000] "POST /xmlrpc.php HTTP/1.1" 200 401 "-" "Mozilla/5.0 (Windows NT 10.0; Win64; x64) AppleWebKit/537.36 (KHTML, like Gecko) Chrome/80.0.3987.149 Safari/537.36"
18.225.149.217 - - [16/Jan/2026:00:45:46 +0000] "POST /xmlrpc.php HTTP/1.1" 200 401 "-" "Mozilla/5.0 (Windows NT 10.0; Win64; x64) AppleWebKit/537.36 (KHTML, like Gecko) Chrome/80.0.3987.149 Safari/537.36"
18.225.149.217 - - [16/Jan/2026:00:46:31 +0000] "POST /xmlrpc.php HTTP/1.1" 200 401 "-" "Mozilla/5.0 (Windows NT 10.0; Win64; x64) AppleWebKit/537.36 (KHTML, like Gecko) Chrome/80.0.3987.149 Safari/537.36"
18.225.149.217 - - [16/Jan/2026:00:47:16 +0000] "POST /xmlrpc.php HTTP/1.1" 200 401 "-" "Mozilla/5.0 (Windows NT 10.0; Win64; x64) AppleWebKit/537.36 (KHTML, like Gecko) Chrome/80.0.3987.149 Safari/537.36"
18.225.149.217 - - [16/Jan/2026:00:48:01 +0000] "POST /xmlrpc.php HTTP/1.1" 200 401 "-" "Mozilla/5.0 (Windows NT 10.0; Win64; x64) AppleWebKit/537.36 (KHTML, like Gecko) Chrome/80.0.3987.149 Safari/537.36"
18.225.149.217 - - [16/Jan/2026:00:48:45 +0000] "POST /xmlrpc.php HTTP/1.1" 200 401 "-" "Mozilla/5.0 (Windows NT 10.0; Win64; x64) AppleWebKit/537.36 (KHTML, like Gecko) Chrome/80.0.3987.149 Safari/537.36"
18.225.149.217 - - [16/Jan/2026:00:49:31 +0000] "POST /xmlrpc.php HTTP/1.1" 200 401 "-" "Mozilla/5.0 (Windows NT 10.0; Win64; x64) AppleWebKit/537.36 (KHTML, like Gecko) Chrome/80.0.3987.149 Safari/537.36"
18.225.149.217 - - [16/Jan/2026:00:50:16 +0000] "POST /xmlrpc.php HTTP/1.1" 200 401 "-" "Mozilla/5.0 (Windows NT 10.0; Win64; x64) AppleWebKit/537.36 (KHTML, like Gecko) Chrome/80.0.3987.149 Safari/537.36"
18.225.149.217 - - [16/Jan/2026:00:51:00 +0000] "POST /xmlrpc.php HTTP/1.1" 200 401 "-" "Mozilla/5.0 (Windows NT 10.0; Win64; x64) AppleWebKit/537.36 (KHTML, like Gecko) Chrome/80.0.3987.149 Safari/537.36"
18.225.149.217 - - [16/Jan/2026:00:51:45 +0000] "POST /xmlrpc.php HTTP/1.1" 200 401 "-" "Mozilla/5.0 (Windows NT 10.0; Win64; x64) AppleWebKit/537.36 (KHTML, like Gecko) Chrome/80.0.3987.149 Safari/537.36"
18.225.149.217 - - [16/Jan/2026:00:52:31 +0000] "POST /xmlrpc.php HTTP/1.1" 200 401 "-" "Mozilla/5.0 (Windows NT 10.0; Win64; x64) AppleWebKit/537.36 (KHTML, like Gecko) Chrome/80.0.3987.149 Safari/537.36"
18.225.149.217 - - [16/Jan/2026:00:53:16 +0000] "POST /xmlrpc.php HTTP/1.1" 200 401 "-" "Mozilla/5.0 (Windows NT 10.0; Win64; x64) AppleWebKit/537.36 (KHTML, like Gecko) Chrome/80.0.3987.149 Safari/537.36"
18.225.149.217 - - [16/Jan/2026:00:54:01 +0000] "POST /xmlrpc.php HTTP/1.1" 200 401 "-" "Mozilla/5.0 (Windows NT 10.0; Win64; x64) AppleWebKit/537.36 (KHTML, like Gecko) Chrome/80.0.3987.149 Safari/537.36"
44.221.46.220 - - [16/Jan/2026:00:21:56 +0000] "GET /wp-content/plugins/indeed-membership-pro/assets/js/functions.min.js?ver=12.6 HTTP/1.1" 200 514 "http://ease.sg/" "Mozilla/5.0 (Linux; U; Android 3.0.1; fr-fr; A500 Build/HRI66) AppleWebKit/534.13 (KHTML, like Gecko) Version/4.0 Safari/534.13"
54.167.46.230 - - [16/Jan/2026:00:21:56 +0000] "GET / HTTP/1.1" 200 25672 "-" "Mozilla/5.0 (Linux; Android 10; K) AppleWebKit/537.36 (KHTML, like Gecko) Chrome/135.0.0.0 Mobile Safari/537.36"
64.31.22.34 - - [16/Jan/2026:00:40:22 +0000] "POST /wp-cron.php?doing_wp_cron=1768524022.7334110736846923828125 HTTP/1.1" 200 0 "-" "WordPress/6.9; https://ease.sg"
64.31.22.34 - - [16/Jan/2026:00:40:22 +0000] "POST /wp-cron.php?doing_wp_cron=1768524022.7479550838470458984375 HTTP/1.1" 200 0 "-" "WordPress/6.9; https://ease.sg"
170.106.163.84 - - [16/Jan/2026:00:40:23 +0000] "GET / HTTP/1.1" 200 25672 "http://www.ease.sg" "Mozilla/5.0 (iPhone; CPU iPhone OS 13_2_3 like Mac OS X) AppleWebKit/605.1.15 (KHTML, like Gecko) Version/13.0.3 Mobile/15E148 Safari/604.1"
18.225.149.217 - - [16/Jan/2026:00:54:46 +0000] "POST /xmlrpc.php HTTP/1.1" 200 401 "-" "Mozilla/5.0 (Windows NT 10.0; Win64; x64) AppleWebKit/537.36 (KHTML, like Gecko) Chrome/80.0.3987.149 Safari/537.36"
18.225.149.217 - - [16/Jan/2026:00:55:31 +0000] "POST /xmlrpc.php HTTP/1.1" 200 401 "-" "Mozilla/5.0 (Windows NT 10.0; Win64; x64) AppleWebKit/537.36 (KHTML, like Gecko) Chrome/80.0.3987.149 Safari/537.36"
18.225.149.217 - - [16/Jan/2026:00:56:01 +0000] "POST /xmlrpc.php HTTP/1.1" 200 401 "-" "Mozilla/5.0 (Windows NT 10.0; Win64; x64) AppleWebKit/537.36 (KHTML, like Gecko) Chrome/80.0.3987.149 Safari/537.36"
18.225.149.217 - - [16/Jan/2026:00:56:30 +0000] "POST /xmlrpc.php HTTP/1.1" 200 401 "-" "Mozilla/5.0 (Windows NT 10.0; Win64; x64) AppleWebKit/537.36 (KHTML, like Gecko) Chrome/80.0.3987.149 Safari/537.36"
18.225.149.217 - - [16/Jan/2026:00:57:01 +0000] "POST /xmlrpc.php HTTP/1.1" 200 401 "-" "Mozilla/5.0 (Windows NT 10.0; Win64; x64) AppleWebKit/537.36 (KHTML, like Gecko) Chrome/80.0.3987.149 Safari/537.36"
18.225.149.217 - - [16/Jan/2026:00:57:31 +0000] "POST /xmlrpc.php HTTP/1.1" 200 401 "-" "Mozilla/5.0 (Windows NT 10.0; Win64; x64) AppleWebKit/537.36 (KHTML, like Gecko) Chrome/80.0.3987.149 Safari/537.36"
18.225.149.217 - - [16/Jan/2026:00:58:00 +0000] "POST /xmlrpc.php HTTP/1.1" 200 401 "-" "Mozilla/5.0 (Windows NT 10.0; Win64; x64) AppleWebKit/537.36 (KHTML, like Gecko) Chrome/80.0.3987.149 Safari/537.36"
18.225.149.217 - - [16/Jan/2026:00:58:30 +0000] "POST /xmlrpc.php HTTP/1.1" 200 401 "-" "Mozilla/5.0 (Windows NT 10.0; Win64; x64) AppleWebKit/537.36 (KHTML, like Gecko) Chrome/80.0.3987.149 Safari/537.36"
18.225.149.217 - - [16/Jan/2026:00:59:01 +0000] "POST /xmlrpc.php HTTP/1.1" 200 401 "-" "Mozilla/5.0 (Windows NT 10.0; Win64; x64) AppleWebKit/537.36 (KHTML, like Gecko) Chrome/80.0.3987.149 Safari/537.36"
18.225.149.217 - - [16/Jan/2026:00:59:31 +0000] "POST /xmlrpc.php HTTP/1.1" 200 401 "-" "Mozilla/5.0 (Windows NT 10.0; Win64; x64) AppleWebKit/537.36 (KHTML, like Gecko) Chrome/80.0.3987.149 Safari/537.36"
45.148.10.246 - - [16/Jan/2026:01:44:17 +0000] "HEAD /favicon.ico HTTP/1.1" 404 0 "-" "Go-http-client/1.1"
64.31.22.34 - - [16/Jan/2026:01:44:17 +0000] "POST /wp-cron.php?doing_wp_cron=1768527857.6147379875183105468750 HTTP/1.1" 200 0 "-" "WordPress/6.9; https://ease.sg"
45.148.10.246 - - [16/Jan/2026:01:44:16 +0000] "HEAD / HTTP/1.1" 200 0 "-" "Go-http-client/1.1"
45.148.10.246 - - [16/Jan/2026:01:44:16 +0000] "HEAD / HTTP/1.1" 200 0 "-" "Go-http-client/1.1"
45.148.10.246 - - [16/Jan/2026:01:44:17 +0000] "HEAD /index.html HTTP/1.1" 404 0 "-" "Go-http-client/1.1"
45.148.10.246 - - [16/Jan/2026:01:44:20 +0000] "GET /.git/objects/info/packs HTTP/1.1" 403 1242 "-" "Go-http-client/1.1"
45.148.10.246 - - [16/Jan/2026:01:44:20 +0000] "GET /.git/index HTTP/1.1" 403 1242 "-" "Go-http-client/1.1"
45.148.10.246 - - [16/Jan/2026:01:44:20 +0000] "GET /.git/index HTTP/1.1" 403 1242 "-" "Go-http-client/1.1"
45.148.10.246 - - [16/Jan/2026:01:44:21 +0000] "GET /.git/logs/HEAD HTTP/1.1" 403 1242 "-" "Go-http-client/1.1"
45.148.10.246 - - [16/Jan/2026:01:44:21 +0000] "GET /.git/packed-refs HTTP/1.1" 403 1242 "-" "Go-http-client/1.1"
45.148.10.246 - - [16/Jan/2026:01:44:21 +0000] "GET /.git/FETCH_HEAD HTTP/1.1" 403 1242 "-" "Go-http-client/1.1"
45.148.10.246 - - [16/Jan/2026:01:44:21 +0000] "GET /.git/FETCH_HEAD HTTP/1.1" 403 1242 "-" "Go-http-client/1.1"
45.148.10.246 - - [16/Jan/2026:01:44:22 +0000] "GET /.git/refs/heads/master HTTP/1.1" 403 1242 "-" "Go-http-client/1.1"
45.148.10.246 - - [16/Jan/2026:01:44:22 +0000] "GET /.git/refs/heads/master HTTP/1.1" 403 1242 "-" "Go-http-client/1.1"
45.148.10.246 - - [16/Jan/2026:01:44:22 +0000] "GET /.git/refs/heads/main HTTP/1.1" 403 1242 "-" "Go-http-client/1.1"
45.148.10.246 - - [16/Jan/2026:01:44:22 +0000] "GET /.git/refs/heads/main HTTP/1.1" 403 1242 "-" "Go-http-client/1.1"
45.148.10.246 - - [16/Jan/2026:01:44:22 +0000] "GET /.git/refs/remotes/origin/HEAD HTTP/1.1" 403 1242 "-" "Go-http-client/1.1"
100.52.212.238 - - [16/Jan/2026:01:54:20 +0000] "GET / HTTP/1.1" 200 25668 "-" "Mozilla/5.0 (Macintosh; Intel Mac OS X 10.15; rv:109.0) Gecko/20100101 Firefox/115.0"
64.31.22.34 - - [16/Jan/2026:01:44:17 +0000] "POST /wp-cron.php?doing_wp_cron=1768527857.5841999053955078125000 HTTP/1.1" 200 0 "-" "WordPress/6.9; https://ease.sg"
45.148.10.246 - - [16/Jan/2026:01:44:20 +0000] "GET /.git/ORIG_HEAD HTTP/1.1" 403 1242 "-" "Go-http-client/1.1"
45.148.10.246 - - [16/Jan/2026:01:44:21 +0000] "GET /.git/logs/HEAD HTTP/1.1" 403 1242 "-" "Go-http-client/1.1"
45.148.10.246 - - [16/Jan/2026:01:44:21 +0000] "GET /.git/info/exclude HTTP/1.1" 403 1242 "-" "Go-http-client/1.1"
45.148.10.246 - - [16/Jan/2026:01:44:21 +0000] "GET /.git/info/exclude HTTP/1.1" 403 1242 "-" "Go-http-client/1.1"
45.148.10.246 - - [16/Jan/2026:01:44:21 +0000] "GET /.git/packed-refs HTTP/1.1" 403 1242 "-" "Go-http-client/1.1"
45.148.10.246 - - [16/Jan/2026:01:44:22 +0000] "GET /.git/refs/remotes/origin/HEAD HTTP/1.1" 403 1242 "-" "Go-http-client/1.1"
64.31.22.34 - - [16/Jan/2026:03:02:23 +0000] "POST /wp-cron.php?doing_wp_cron=1768532543.4562580585479736328125 HTTP/1.1" 200 0 "-" "WordPress/6.9; https://ease.sg"
143.105.97.105 - - [16/Jan/2026:03:02:22 +0000] "GET http://ease.sg/index.php/2020/07 HTTP/1.1" 301 0 "http://ease.sg/" "Mozilla/5.0 (Macintosh; Intel Mac OS X 10_15_7) AppleWebKit/605.1.15 (KHTML, like Gecko) Version/18.1.1 Safari/605.1.15"
186.139.62.27 - - [16/Jan/2026:03:02:25 +0000] "GET http://ease.sg/2020/07 HTTP/1.1" 404 19715 "http://ease.sg/" "Mozilla/5.0 (Macintosh; Intel Mac OS X 10_15_7) AppleWebKit/605.1.15 (KHTML, like Gecko) Version/18.1.1 Safari/605.1.15"
106.54.62.156 - - [16/Jan/2026:03:58:46 +0000] "GET / HTTP/1.1" 301 0 "-" "Mozilla/5.0 (iPhone; CPU iPhone OS 13_2_3 like Mac OS X) AppleWebKit/605.1.15 (KHTML, like Gecko) Version/13.0.3 Mobile/15E148 Safari/604.1"
64.31.22.34 - - [16/Jan/2026:04:32:13 +0000] "POST /wp-cron.php?doing_wp_cron=1768537933.4785280227661132812500 HTTP/1.1" 200 0 "-" "WordPress/6.9; https://ease.sg"
102.172.54.20 - - [16/Jan/2026:04:32:11 +0000] "GET http://www.ease.sg/events.aspx HTTP/1.1" 301 0 "http://www.ease.sg/" "Mozilla/5.0 (Windows NT 10.0; Win64; x64) AppleWebKit/537.36 (KHTML, like Gecko) Chrome/135.0.0.0 Safari/537.36"
64.31.22.34 - - [16/Jan/2026:03:02:23 +0000] "POST /wp-cron.php?doing_wp_cron=1768532543.4766860008239746093750 HTTP/1.1" 200 0 "-" "WordPress/6.9; https://ease.sg"
192.36.53.210 - - [16/Jan/2026:03:09:30 +0000] "GET / HTTP/1.1" 200 25672 "-" "Mozilla/5.0 (Linux; U; Android 13; sk-sk; Xiaomi 11T Pro Build/TKQ1.220829.002) AppleWebKit/537.36 (KHTML, like Gecko) Version/4.0 Chrome/112.0.5615.136 Mobile Safari/537.36 XiaoMi/MiuiBrowser/14.4.0-g"
106.54.62.156 - - [16/Jan/2026:03:58:51 +0000] "GET / HTTP/1.1" 200 25672 "http://www.ease.sg" "Mozilla/5.0 (iPhone; CPU iPhone OS 13_2_3 like Mac OS X) AppleWebKit/605.1.15 (KHTML, like Gecko) Version/13.0.3 Mobile/15E148 Safari/604.1"
188.113.199.201 - - [16/Jan/2026:04:32:14 +0000] "GET http://ease.sg/events.aspx HTTP/1.1" 404 19715 "http://www.ease.sg/" "Mozilla/5.0 (Windows NT 10.0; Win64; x64) AppleWebKit/537.36 (KHTML, like Gecko) Chrome/135.0.0.0 Safari/537.36"