/home3/bmscom/access-logs/maheensbeauty.com.bms69.com
66.249.66.169 - - [15/Jan/2026:13:18:51 +0000] "GET /robots.txt HTTP/1.1" 200 71 "-" "Mozilla/5.0 (compatible; Googlebot/2.1; +http://www.google.com/bot.html)"
66.249.66.161 - - [15/Jan/2026:13:18:52 +0000] "GET /?products/19774179 HTTP/1.1" 301 0 "-" "Mozilla/5.0 (Linux; Android 6.0.1; Nexus 5X Build/MMB29P) AppleWebKit/537.36 (KHTML, like Gecko) Chrome/143.0.7499.192 Mobile Safari/537.36 (compatible; Googlebot/2.1; +http://www.google.com/bot.html)"
66.249.66.192 - - [15/Jan/2026:13:49:15 +0000] "GET /?products/14618346 HTTP/1.1" 301 0 "-" "Mozilla/5.0 (Linux; Android 6.0.1; Nexus 5X Build/MMB29P) AppleWebKit/537.36 (KHTML, like Gecko) Chrome/143.0.7499.192 Mobile Safari/537.36 (compatible; Googlebot/2.1; +http://www.google.com/bot.html)"
64.31.22.34 - - [15/Jan/2026:13:58:33 +0000] "POST /wp-cron.php?doing_wp_cron=1768485512.9998569488525390625000 HTTP/1.1" 200 0 "-" "WordPress/6.9; https://maheensbeauty.com"
66.249.66.201 - - [15/Jan/2026:13:58:38 +0000] "GET /?products/6525924 HTTP/1.1" 301 0 "-" "Mozilla/5.0 (Linux; Android 6.0.1; Nexus 5X Build/MMB29P) AppleWebKit/537.36 (KHTML, like Gecko) Chrome/143.0.7499.192 Mobile Safari/537.36 (compatible; Googlebot/2.1; +http://www.google.com/bot.html)"
66.249.66.11 - - [15/Jan/2026:13:58:41 +0000] "GET /?products/17366946 HTTP/1.1" 301 0 "-" "Mozilla/5.0 (Linux; Android 6.0.1; Nexus 5X Build/MMB29P) AppleWebKit/537.36 (KHTML, like Gecko) Chrome/143.0.7499.192 Mobile Safari/537.36 (compatible; Googlebot/2.1; +http://www.google.com/bot.html)"
64.31.22.34 - - [15/Jan/2026:13:58:47 +0000] "POST /wp-cron.php?doing_wp_cron=1768485527.6510710716247558593750 HTTP/1.1" 200 0 "-" "WordPress/6.9; https://maheensbeauty.com"
66.249.66.74 - - [15/Jan/2026:13:58:52 +0000] "GET /?products/7990835 HTTP/1.1" 301 0 "-" "Mozilla/5.0 (Linux; Android 6.0.1; Nexus 5X Build/MMB29P) AppleWebKit/537.36 (KHTML, like Gecko) Chrome/143.0.7499.192 Mobile Safari/537.36 (compatible; Googlebot/2.1; +http://www.google.com/bot.html)"
66.249.66.165 - - [15/Jan/2026:13:58:55 +0000] "GET /?products/3579124 HTTP/1.1" 301 0 "-" "Mozilla/5.0 (Linux; Android 6.0.1; Nexus 5X Build/MMB29P) AppleWebKit/537.36 (KHTML, like Gecko) Chrome/143.0.7499.192 Mobile Safari/537.36 (compatible; Googlebot/2.1; +http://www.google.com/bot.html)"
66.249.66.165 - - [15/Jan/2026:13:58:58 +0000] "GET /?products/16759157 HTTP/1.1" 301 0 "-" "Mozilla/5.0 (Linux; Android 6.0.1; Nexus 5X Build/MMB29P) AppleWebKit/537.36 (KHTML, like Gecko) Chrome/143.0.7499.192 Mobile Safari/537.36 (compatible; Googlebot/2.1; +http://www.google.com/bot.html)"
66.249.66.74 - - [15/Jan/2026:13:59:13 +0000] "GET /?products/1914368 HTTP/1.1" 301 0 "-" "Mozilla/5.0 (Linux; Android 6.0.1; Nexus 5X Build/MMB29P) AppleWebKit/537.36 (KHTML, like Gecko) Chrome/143.0.7499.192 Mobile Safari/537.36 (compatible; Googlebot/2.1; +http://www.google.com/bot.html)"
66.249.66.40 - - [15/Jan/2026:13:59:16 +0000] "GET /?products/11889802 HTTP/1.1" 301 0 "-" "Mozilla/5.0 (Linux; Android 6.0.1; Nexus 5X Build/MMB29P) AppleWebKit/537.36 (KHTML, like Gecko) Chrome/143.0.7499.192 Mobile Safari/537.36 (compatible; Googlebot/2.1; +http://www.google.com/bot.html)"
64.31.22.34 - - [15/Jan/2026:13:18:53 +0000] "POST /wp-cron.php?doing_wp_cron=1768483133.1943879127502441406250 HTTP/1.1" 200 0 "-" "WordPress/6.9; https://maheensbeauty.com"
64.31.22.34 - - [15/Jan/2026:13:49:16 +0000] "POST /wp-cron.php?doing_wp_cron=1768484956.4942829608917236328125 HTTP/1.1" 200 0 "-" "WordPress/6.9; https://maheensbeauty.com"
66.249.66.202 - - [15/Jan/2026:13:58:32 +0000] "GET /?products/11378324 HTTP/1.1" 301 0 "-" "Mozilla/5.0 (Linux; Android 6.0.1; Nexus 5X Build/MMB29P) AppleWebKit/537.36 (KHTML, like Gecko) Chrome/143.0.7499.192 Mobile Safari/537.36 (compatible; Googlebot/2.1; +http://www.google.com/bot.html)"
66.249.66.203 - - [15/Jan/2026:13:58:35 +0000] "GET /?products/10472613 HTTP/1.1" 301 0 "-" "Mozilla/5.0 (Linux; Android 6.0.1; Nexus 5X Build/MMB29P) AppleWebKit/537.36 (KHTML, like Gecko) Chrome/143.0.7499.192 Mobile Safari/537.36 (compatible; Googlebot/2.1; +http://www.google.com/bot.html)"
66.249.66.165 - - [15/Jan/2026:13:58:44 +0000] "GET /?products/11469468 HTTP/1.1" 301 0 "-" "Mozilla/5.0 (Linux; Android 6.0.1; Nexus 5X Build/MMB29P) AppleWebKit/537.36 (KHTML, like Gecko) Chrome/143.0.7499.192 Mobile Safari/537.36 (compatible; Googlebot/2.1; +http://www.google.com/bot.html)"
66.249.66.165 - - [15/Jan/2026:13:58:46 +0000] "GET /?products/16508046 HTTP/1.1" 301 0 "-" "Mozilla/5.0 (Linux; Android 6.0.1; Nexus 5X Build/MMB29P) AppleWebKit/537.36 (KHTML, like Gecko) Chrome/143.0.7499.192 Mobile Safari/537.36 (compatible; Googlebot/2.1; +http://www.google.com/bot.html)"
66.249.66.40 - - [15/Jan/2026:13:59:04 +0000] "GET /?products/2616380 HTTP/1.1" 301 0 "-" "Mozilla/5.0 (Linux; Android 6.0.1; Nexus 5X Build/MMB29P) AppleWebKit/537.36 (KHTML, like Gecko) Chrome/143.0.7499.192 Mobile Safari/537.36 (compatible; Googlebot/2.1; +http://www.google.com/bot.html)"
66.249.66.75 - - [15/Jan/2026:13:59:08 +0000] "GET /?products/5436680 HTTP/1.1" 301 0 "-" "Mozilla/5.0 (Linux; Android 6.0.1; Nexus 5X Build/MMB29P) AppleWebKit/537.36 (KHTML, like Gecko) Chrome/143.0.7499.192 Mobile Safari/537.36 (compatible; Googlebot/2.1; +http://www.google.com/bot.html)"
66.249.66.11 - - [15/Jan/2026:13:59:19 +0000] "GET /?products/14379735 HTTP/1.1" 301 0 "-" "Mozilla/5.0 (Linux; Android 6.0.1; Nexus 5X Build/MMB29P) AppleWebKit/537.36 (KHTML, like Gecko) Chrome/143.0.7499.192 Mobile Safari/537.36 (compatible; Googlebot/2.1; +http://www.google.com/bot.html)"
66.249.66.74 - - [15/Jan/2026:13:59:37 +0000] "GET /?products/14532146 HTTP/1.1" 301 0 "-" "Mozilla/5.0 (Linux; Android 6.0.1; Nexus 5X Build/MMB29P) AppleWebKit/537.36 (KHTML, like Gecko) Chrome/143.0.7499.192 Mobile Safari/537.36 (compatible; Googlebot/2.1; +http://www.google.com/bot.html)"
66.249.66.74 - - [15/Jan/2026:13:59:40 +0000] "GET /?products/12452713 HTTP/1.1" 301 0 "-" "Mozilla/5.0 (Linux; Android 6.0.1; Nexus 5X Build/MMB29P) AppleWebKit/537.36 (KHTML, like Gecko) Chrome/143.0.7499.192 Mobile Safari/537.36 (compatible; Googlebot/2.1; +http://www.google.com/bot.html)"
66.249.66.74 - - [15/Jan/2026:13:59:43 +0000] "GET /?products/6369457 HTTP/1.1" 301 0 "-" "Mozilla/5.0 (Linux; Android 6.0.1; Nexus 5X Build/MMB29P) AppleWebKit/537.36 (KHTML, like Gecko) Chrome/143.0.7499.192 Mobile Safari/537.36 (compatible; Googlebot/2.1; +http://www.google.com/bot.html)"
66.249.66.11 - - [15/Jan/2026:13:59:46 +0000] "GET /?products/10704802 HTTP/1.1" 301 0 "-" "Mozilla/5.0 (Linux; Android 6.0.1; Nexus 5X Build/MMB29P) AppleWebKit/537.36 (KHTML, like Gecko) Chrome/143.0.7499.192 Mobile Safari/537.36 (compatible; Googlebot/2.1; +http://www.google.com/bot.html)"
66.249.66.74 - - [15/Jan/2026:13:59:49 +0000] "GET /?products/14749102 HTTP/1.1" 301 0 "-" "Mozilla/5.0 (Linux; Android 6.0.1; Nexus 5X Build/MMB29P) AppleWebKit/537.36 (KHTML, like Gecko) Chrome/143.0.7499.192 Mobile Safari/537.36 (compatible; Googlebot/2.1; +http://www.google.com/bot.html)"
66.249.66.165 - - [15/Jan/2026:13:59:55 +0000] "GET /?products/12170413 HTTP/1.1" 301 0 "-" "Mozilla/5.0 (Linux; Android 6.0.1; Nexus 5X Build/MMB29P) AppleWebKit/537.36 (KHTML, like Gecko) Chrome/143.0.7499.192 Mobile Safari/537.36 (compatible; Googlebot/2.1; +http://www.google.com/bot.html)"
66.249.66.39 - - [15/Jan/2026:13:59:58 +0000] "GET /?products/15338802 HTTP/1.1" 301 0 "-" "Mozilla/5.0 (Linux; Android 6.0.1; Nexus 5X Build/MMB29P) AppleWebKit/537.36 (KHTML, like Gecko) Chrome/143.0.7499.192 Mobile Safari/537.36 (compatible; Googlebot/2.1; +http://www.google.com/bot.html)"
66.249.66.75 - - [15/Jan/2026:14:00:10 +0000] "GET /?products/6184524 HTTP/1.1" 301 0 "-" "Mozilla/5.0 (Linux; Android 6.0.1; Nexus 5X Build/MMB29P) AppleWebKit/537.36 (KHTML, like Gecko) Chrome/143.0.7499.192 Mobile Safari/537.36 (compatible; Googlebot/2.1; +http://www.google.com/bot.html)"
66.249.66.40 - - [15/Jan/2026:14:00:13 +0000] "GET /?products/14896957 HTTP/1.1" 301 0 "-" "Mozilla/5.0 (Linux; Android 6.0.1; Nexus 5X Build/MMB29P) AppleWebKit/537.36 (KHTML, like Gecko) Chrome/143.0.7499.192 Mobile Safari/537.36 (compatible; Googlebot/2.1; +http://www.google.com/bot.html)"
66.249.66.74 - - [15/Jan/2026:14:00:16 +0000] "GET /?products/1423180 HTTP/1.1" 301 0 "-" "Mozilla/5.0 (Linux; Android 6.0.1; Nexus 5X Build/MMB29P) AppleWebKit/537.36 (KHTML, like Gecko) Chrome/143.0.7499.192 Mobile Safari/537.36 (compatible; Googlebot/2.1; +http://www.google.com/bot.html)"
66.249.66.201 - - [15/Jan/2026:14:01:36 +0000] "GET /?products/26378480 HTTP/1.1" 301 0 "-" "Mozilla/5.0 (Linux; Android 6.0.1; Nexus 5X Build/MMB29P) AppleWebKit/537.36 (KHTML, like Gecko) Chrome/143.0.7499.192 Mobile Safari/537.36 (compatible; Googlebot/2.1; +http://www.google.com/bot.html)"
66.249.66.202 - - [15/Jan/2026:14:01:42 +0000] "GET /?products/12381124 HTTP/1.1" 301 0 "-" "Mozilla/5.0 (Linux; Android 6.0.1; Nexus 5X Build/MMB29P) AppleWebKit/537.36 (KHTML, like Gecko) Chrome/143.0.7499.192 Mobile Safari/537.36 (compatible; Googlebot/2.1; +http://www.google.com/bot.html)"
66.249.66.39 - - [15/Jan/2026:14:01:48 +0000] "GET /?products/20278024 HTTP/1.1" 301 0 "-" "Mozilla/5.0 (Linux; Android 6.0.1; Nexus 5X Build/MMB29P) AppleWebKit/537.36 (KHTML, like Gecko) Chrome/143.0.7499.192 Mobile Safari/537.36 (compatible; Googlebot/2.1; +http://www.google.com/bot.html)"
66.249.66.39 - - [15/Jan/2026:13:59:22 +0000] "GET /?products/15752991 HTTP/1.1" 301 0 "-" "Mozilla/5.0 (Linux; Android 6.0.1; Nexus 5X Build/MMB29P) AppleWebKit/537.36 (KHTML, like Gecko) Chrome/143.0.7499.192 Mobile Safari/537.36 (compatible; Googlebot/2.1; +http://www.google.com/bot.html)"
66.249.66.74 - - [15/Jan/2026:13:59:25 +0000] "GET /?products/14589035 HTTP/1.1" 301 0 "-" "Mozilla/5.0 (Linux; Android 6.0.1; Nexus 5X Build/MMB29P) AppleWebKit/537.36 (KHTML, like Gecko) Chrome/143.0.7499.192 Mobile Safari/537.36 (compatible; Googlebot/2.1; +http://www.google.com/bot.html)"
66.249.66.165 - - [15/Jan/2026:13:59:30 +0000] "GET /?products/1571268 HTTP/1.1" 301 0 "-" "Mozilla/5.0 (Linux; Android 6.0.1; Nexus 5X Build/MMB29P) AppleWebKit/537.36 (KHTML, like Gecko) Chrome/143.0.7499.192 Mobile Safari/537.36 (compatible; Googlebot/2.1; +http://www.google.com/bot.html)"
66.249.66.201 - - [15/Jan/2026:13:59:33 +0000] "GET /?products/2916802 HTTP/1.1" 301 0 "-" "Mozilla/5.0 (Linux; Android 6.0.1; Nexus 5X Build/MMB29P) AppleWebKit/537.36 (KHTML, like Gecko) Chrome/143.0.7499.192 Mobile Safari/537.36 (compatible; Googlebot/2.1; +http://www.google.com/bot.html)"
64.31.22.34 - - [15/Jan/2026:13:59:47 +0000] "POST /wp-cron.php?doing_wp_cron=1768485587.2940950393676757812500 HTTP/1.1" 200 0 "-" "WordPress/6.9; https://maheensbeauty.com"
66.249.66.11 - - [15/Jan/2026:13:59:52 +0000] "GET /?products/11258635 HTTP/1.1" 301 0 "-" "Mozilla/5.0 (Linux; Android 6.0.1; Nexus 5X Build/MMB29P) AppleWebKit/537.36 (KHTML, like Gecko) Chrome/143.0.7499.192 Mobile Safari/537.36 (compatible; Googlebot/2.1; +http://www.google.com/bot.html)"
66.249.66.11 - - [15/Jan/2026:14:00:01 +0000] "GET /?products/5307046 HTTP/1.1" 301 0 "-" "Mozilla/5.0 (Linux; Android 6.0.1; Nexus 5X Build/MMB29P) AppleWebKit/537.36 (KHTML, like Gecko) Chrome/143.0.7499.192 Mobile Safari/537.36 (compatible; Googlebot/2.1; +http://www.google.com/bot.html)"
66.249.66.39 - - [15/Jan/2026:14:00:04 +0000] "GET /?products/12125613 HTTP/1.1" 301 0 "-" "Mozilla/5.0 (Linux; Android 6.0.1; Nexus 5X Build/MMB29P) AppleWebKit/537.36 (KHTML, like Gecko) Chrome/143.0.7499.192 Mobile Safari/537.36 (compatible; Googlebot/2.1; +http://www.google.com/bot.html)"
64.31.22.34 - - [15/Jan/2026:14:01:35 +0000] "POST /wp-cron.php?doing_wp_cron=1768485695.3032419681549072265625 HTTP/1.1" 200 0 "-" "WordPress/6.9; https://maheensbeauty.com"
66.249.66.41 - - [15/Jan/2026:14:01:34 +0000] "GET /?products/26415479 HTTP/1.1" 301 0 "-" "Mozilla/5.0 (Linux; Android 6.0.1; Nexus 5X Build/MMB29P) AppleWebKit/537.36 (KHTML, like Gecko) Chrome/143.0.7499.192 Mobile Safari/537.36 (compatible; Googlebot/2.1; +http://www.google.com/bot.html)"
66.249.66.11 - - [15/Jan/2026:14:01:39 +0000] "GET /?products/19909268 HTTP/1.1" 301 0 "-" "Mozilla/5.0 (Linux; Android 6.0.1; Nexus 5X Build/MMB29P) AppleWebKit/537.36 (KHTML, like Gecko) Chrome/143.0.7499.192 Mobile Safari/537.36 (compatible; Googlebot/2.1; +http://www.google.com/bot.html)"
66.249.66.201 - - [15/Jan/2026:14:01:45 +0000] "GET /?products/13165591 HTTP/1.1" 301 0 "-" "Mozilla/5.0 (Linux; Android 6.0.1; Nexus 5X Build/MMB29P) AppleWebKit/537.36 (KHTML, like Gecko) Chrome/143.0.7499.192 Mobile Safari/537.36 (compatible; Googlebot/2.1; +http://www.google.com/bot.html)"
66.249.66.41 - - [15/Jan/2026:14:23:09 +0000] "GET /?products/7558702 HTTP/1.1" 301 0 "-" "Mozilla/5.0 (Linux; Android 6.0.1; Nexus 5X Build/MMB29P) AppleWebKit/537.36 (KHTML, like Gecko) Chrome/143.0.7499.192 Mobile Safari/537.36 (compatible; Googlebot/2.1; +http://www.google.com/bot.html)"
66.249.66.11 - - [15/Jan/2026:14:23:32 +0000] "GET /?products/14025324 HTTP/1.1" 301 0 "-" "Mozilla/5.0 (Linux; Android 6.0.1; Nexus 5X Build/MMB29P) AppleWebKit/537.36 (KHTML, like Gecko) Chrome/143.0.7499.192 Mobile Safari/537.36 (compatible; Googlebot/2.1; +http://www.google.com/bot.html)"
66.249.66.166 - - [15/Jan/2026:14:23:22 +0000] "GET /?products/23681580 HTTP/1.1" 301 0 "-" "Mozilla/5.0 (Linux; Android 6.0.1; Nexus 5X Build/MMB29P) AppleWebKit/537.36 (KHTML, like Gecko) Chrome/143.0.7499.192 Mobile Safari/537.36 (compatible; Googlebot/2.1; +http://www.google.com/bot.html)"
64.31.22.34 - - [15/Jan/2026:14:23:48 +0000] "POST /wp-cron.php?doing_wp_cron=1768487028.4721140861511230468750 HTTP/1.1" 200 0 "-" "WordPress/6.9; https://maheensbeauty.com"
66.249.66.165 - - [15/Jan/2026:14:23:50 +0000] "GET /?products/11420868 HTTP/1.1" 301 0 "-" "Mozilla/5.0 (Linux; Android 6.0.1; Nexus 5X Build/MMB29P) AppleWebKit/537.36 (KHTML, like Gecko) Chrome/143.0.7499.192 Mobile Safari/537.36 (compatible; Googlebot/2.1; +http://www.google.com/bot.html)"
66.249.66.11 - - [15/Jan/2026:14:24:56 +0000] "GET /?products/8560057 HTTP/1.1" 301 0 "-" "Mozilla/5.0 (Linux; Android 6.0.1; Nexus 5X Build/MMB29P) AppleWebKit/537.36 (KHTML, like Gecko) Chrome/143.0.7499.192 Mobile Safari/537.36 (compatible; Googlebot/2.1; +http://www.google.com/bot.html)"
66.249.66.13 - - [15/Jan/2026:14:25:03 +0000] "GET /?products/2724680 HTTP/1.1" 301 0 "-" "Mozilla/5.0 (Linux; Android 6.0.1; Nexus 5X Build/MMB29P) AppleWebKit/537.36 (KHTML, like Gecko) Chrome/143.0.7499.192 Mobile Safari/537.36 (compatible; Googlebot/2.1; +http://www.google.com/bot.html)"
66.249.66.201 - - [15/Jan/2026:14:25:30 +0000] "GET /?products/19336424 HTTP/1.1" 301 0 "-" "Mozilla/5.0 (Linux; Android 6.0.1; Nexus 5X Build/MMB29P) AppleWebKit/537.36 (KHTML, like Gecko) Chrome/143.0.7499.192 Mobile Safari/537.36 (compatible; Googlebot/2.1; +http://www.google.com/bot.html)"
64.31.22.34 - - [15/Jan/2026:14:25:54 +0000] "POST /wp-cron.php?doing_wp_cron=1768487154.4368150234222412109375 HTTP/1.1" 200 0 "-" "WordPress/6.9; https://maheensbeauty.com"
66.249.66.13 - - [15/Jan/2026:14:26:02 +0000] "GET /?products/20058424 HTTP/1.1" 301 0 "-" "Mozilla/5.0 (Linux; Android 6.0.1; Nexus 5X Build/MMB29P) AppleWebKit/537.36 (KHTML, like Gecko) Chrome/143.0.7499.192 Mobile Safari/537.36 (compatible; Googlebot/2.1; +http://www.google.com/bot.html)"
66.249.66.75 - - [15/Jan/2026:14:26:10 +0000] "GET /?products/2961202 HTTP/1.1" 301 0 "-" "Mozilla/5.0 (Linux; Android 6.0.1; Nexus 5X Build/MMB29P) AppleWebKit/537.36 (KHTML, like Gecko) Chrome/143.0.7499.192 Mobile Safari/537.36 (compatible; Googlebot/2.1; +http://www.google.com/bot.html)"
66.249.66.76 - - [15/Jan/2026:14:30:22 +0000] "GET /?products/16473879 HTTP/1.1" 301 0 "-" "Mozilla/5.0 (Linux; Android 6.0.1; Nexus 5X Build/MMB29P) AppleWebKit/537.36 (KHTML, like Gecko) Chrome/143.0.7499.192 Mobile Safari/537.36 (compatible; Googlebot/2.1; +http://www.google.com/bot.html)"
66.249.66.165 - - [15/Jan/2026:14:23:42 +0000] "GET /?products/5780291 HTTP/1.1" 301 0 "-" "Mozilla/5.0 (Linux; Android 6.0.1; Nexus 5X Build/MMB29P) AppleWebKit/537.36 (KHTML, like Gecko) Chrome/143.0.7499.192 Mobile Safari/537.36 (compatible; Googlebot/2.1; +http://www.google.com/bot.html)"
66.249.66.165 - - [15/Jan/2026:14:23:45 +0000] "GET /?products/13620157 HTTP/1.1" 301 0 "-" "Mozilla/5.0 (Linux; Android 6.0.1; Nexus 5X Build/MMB29P) AppleWebKit/537.36 (KHTML, like Gecko) Chrome/143.0.7499.192 Mobile Safari/537.36 (compatible; Googlebot/2.1; +http://www.google.com/bot.html)"
66.249.66.11 - - [15/Jan/2026:14:23:47 +0000] "GET /?products/14230135 HTTP/1.1" 301 0 "-" "Mozilla/5.0 (Linux; Android 6.0.1; Nexus 5X Build/MMB29P) AppleWebKit/537.36 (KHTML, like Gecko) Chrome/143.0.7499.192 Mobile Safari/537.36 (compatible; Googlebot/2.1; +http://www.google.com/bot.html)"
66.249.66.202 - - [15/Jan/2026:14:24:12 +0000] "GET /?products/16155924 HTTP/1.1" 301 0 "-" "Mozilla/5.0 (Linux; Android 6.0.1; Nexus 5X Build/MMB29P) AppleWebKit/537.36 (KHTML, like Gecko) Chrome/143.0.7499.192 Mobile Safari/537.36 (compatible; Googlebot/2.1; +http://www.google.com/bot.html)"
66.249.66.165 - - [15/Jan/2026:14:24:34 +0000] "GET /?products/14911068 HTTP/1.1" 301 0 "-" "Mozilla/5.0 (Linux; Android 6.0.1; Nexus 5X Build/MMB29P) AppleWebKit/537.36 (KHTML, like Gecko) Chrome/143.0.7499.192 Mobile Safari/537.36 (compatible; Googlebot/2.1; +http://www.google.com/bot.html)"
66.249.66.201 - - [15/Jan/2026:14:24:35 +0000] "GET /?products/19388568 HTTP/1.1" 301 0 "-" "Mozilla/5.0 (Linux; Android 6.0.1; Nexus 5X Build/MMB29P) AppleWebKit/537.36 (KHTML, like Gecko) Chrome/143.0.7499.192 Mobile Safari/537.36 (compatible; Googlebot/2.1; +http://www.google.com/bot.html)"
66.249.66.74 - - [15/Jan/2026:14:24:39 +0000] "GET /?products/12654413 HTTP/1.1" 301 0 "-" "Mozilla/5.0 (Linux; Android 6.0.1; Nexus 5X Build/MMB29P) AppleWebKit/537.36 (KHTML, like Gecko) Chrome/143.0.7499.192 Mobile Safari/537.36 (compatible; Googlebot/2.1; +http://www.google.com/bot.html)"
66.249.66.201 - - [15/Jan/2026:14:24:50 +0000] "GET /?products/15592380 HTTP/1.1" 301 0 "-" "Mozilla/5.0 (Linux; Android 6.0.1; Nexus 5X Build/MMB29P) AppleWebKit/537.36 (KHTML, like Gecko) Chrome/143.0.7499.192 Mobile Safari/537.36 (compatible; Googlebot/2.1; +http://www.google.com/bot.html)"
66.249.66.12 - - [15/Jan/2026:14:25:19 +0000] "GET /?products/12400135 HTTP/1.1" 301 0 "-" "Mozilla/5.0 (Linux; Android 6.0.1; Nexus 5X Build/MMB29P) AppleWebKit/537.36 (KHTML, like Gecko) Chrome/143.0.7499.192 Mobile Safari/537.36 (compatible; Googlebot/2.1; +http://www.google.com/bot.html)"
66.249.66.201 - - [15/Jan/2026:14:25:53 +0000] "GET /?products/9149424 HTTP/1.1" 301 0 "-" "Mozilla/5.0 (Linux; Android 6.0.1; Nexus 5X Build/MMB29P) AppleWebKit/537.36 (KHTML, like Gecko) Chrome/143.0.7499.192 Mobile Safari/537.36 (compatible; Googlebot/2.1; +http://www.google.com/bot.html)"
66.249.66.165 - - [15/Jan/2026:14:26:06 +0000] "GET /?products/15472302 HTTP/1.1" 301 0 "-" "Mozilla/5.0 (Linux; Android 6.0.1; Nexus 5X Build/MMB29P) AppleWebKit/537.36 (KHTML, like Gecko) Chrome/143.0.7499.192 Mobile Safari/537.36 (compatible; Googlebot/2.1; +http://www.google.com/bot.html)"
64.31.22.34 - - [15/Jan/2026:14:30:23 +0000] "POST /wp-cron.php?doing_wp_cron=1768487423.7236340045928955078125 HTTP/1.1" 200 0 "-" "WordPress/6.9; https://maheensbeauty.com"
66.249.66.11 - - [15/Jan/2026:14:57:35 +0000] "GET /?products/20332479 HTTP/1.1" 301 0 "-" "Mozilla/5.0 (Linux; Android 6.0.1; Nexus 5X Build/MMB29P) AppleWebKit/537.36 (KHTML, like Gecko) Chrome/143.0.7499.192 Mobile Safari/537.36 (compatible; Googlebot/2.1; +http://www.google.com/bot.html)"
66.249.66.165 - - [15/Jan/2026:14:57:53 +0000] "GET /?products/11952524 HTTP/1.1" 301 0 "-" "Mozilla/5.0 (Linux; Android 6.0.1; Nexus 5X Build/MMB29P) AppleWebKit/537.36 (KHTML, like Gecko) Chrome/143.0.7499.192 Mobile Safari/537.36 (compatible; Googlebot/2.1; +http://www.google.com/bot.html)"
66.249.66.202 - - [15/Jan/2026:14:58:15 +0000] "GET /?products/8146524 HTTP/1.1" 301 0 "-" "Mozilla/5.0 (Linux; Android 6.0.1; Nexus 5X Build/MMB29P) AppleWebKit/537.36 (KHTML, like Gecko) Chrome/143.0.7499.192 Mobile Safari/537.36 (compatible; Googlebot/2.1; +http://www.google.com/bot.html)"
66.249.66.1 - - [15/Jan/2026:15:37:36 +0000] "GET /?products/29736902 HTTP/1.1" 301 0 "-" "Mozilla/5.0 (Linux; Android 6.0.1; Nexus 5X Build/MMB29P) AppleWebKit/537.36 (KHTML, like Gecko) Chrome/143.0.7499.192 Mobile Safari/537.36 (compatible; Googlebot/2.1; +http://www.google.com/bot.html)"
64.31.22.34 - - [15/Jan/2026:16:47:04 +0000] "POST /wp-cron.php?doing_wp_cron=1768495624.8271610736846923828125 HTTP/1.1" 200 0 "-" "WordPress/6.9; https://maheensbeauty.com"
66.249.66.2 - - [15/Jan/2026:16:47:03 +0000] "GET /?products/26043235 HTTP/1.1" 301 0 "-" "Mozilla/5.0 (Linux; Android 6.0.1; Nexus 5X Build/MMB29P) AppleWebKit/537.36 (KHTML, like Gecko) Chrome/143.0.7499.192 Mobile Safari/537.36 (compatible; Googlebot/2.1; +http://www.google.com/bot.html)"
64.31.22.34 - - [15/Jan/2026:14:56:59 +0000] "POST /wp-cron.php?doing_wp_cron=1768489019.8638548851013183593750 HTTP/1.1" 200 0 "-" "WordPress/6.9; https://maheensbeauty.com"
66.249.66.202 - - [15/Jan/2026:14:56:59 +0000] "GET /?products/13656491 HTTP/1.1" 301 0 "-" "Mozilla/5.0 (Linux; Android 6.0.1; Nexus 5X Build/MMB29P) AppleWebKit/537.36 (KHTML, like Gecko) Chrome/143.0.7499.192 Mobile Safari/537.36 (compatible; Googlebot/2.1; +http://www.google.com/bot.html)"
64.31.22.34 - - [15/Jan/2026:14:57:51 +0000] "POST /wp-cron.php?doing_wp_cron=1768489071.5204310417175292968750 HTTP/1.1" 200 0 "-" "WordPress/6.9; https://maheensbeauty.com"
66.249.66.75 - - [15/Jan/2026:14:57:50 +0000] "GET /?products/12875391 HTTP/1.1" 301 0 "-" "Mozilla/5.0 (Linux; Android 6.0.1; Nexus 5X Build/MMB29P) AppleWebKit/537.36 (KHTML, like Gecko) Chrome/143.0.7499.192 Mobile Safari/537.36 (compatible; Googlebot/2.1; +http://www.google.com/bot.html)"
66.249.66.75 - - [15/Jan/2026:14:58:05 +0000] "GET /?products/23339324 HTTP/1.1" 301 0 "-" "Mozilla/5.0 (Linux; Android 6.0.1; Nexus 5X Build/MMB29P) AppleWebKit/537.36 (KHTML, like Gecko) Chrome/143.0.7499.192 Mobile Safari/537.36 (compatible; Googlebot/2.1; +http://www.google.com/bot.html)"
66.249.66.203 - - [15/Jan/2026:14:58:09 +0000] "GET /?products/15239079 HTTP/1.1" 301 0 "-" "Mozilla/5.0 (Linux; Android 6.0.1; Nexus 5X Build/MMB29P) AppleWebKit/537.36 (KHTML, like Gecko) Chrome/143.0.7499.192 Mobile Safari/537.36 (compatible; Googlebot/2.1; +http://www.google.com/bot.html)"
66.249.66.165 - - [15/Jan/2026:14:58:12 +0000] "GET /?products/13163646 HTTP/1.1" 301 0 "-" "Mozilla/5.0 (Linux; Android 6.0.1; Nexus 5X Build/MMB29P) AppleWebKit/537.36 (KHTML, like Gecko) Chrome/143.0.7499.192 Mobile Safari/537.36 (compatible; Googlebot/2.1; +http://www.google.com/bot.html)"
66.249.66.201 - - [15/Jan/2026:14:58:14 +0000] "GET /?products/12993057 HTTP/1.1" 301 0 "-" "Mozilla/5.0 (Linux; Android 6.0.1; Nexus 5X Build/MMB29P) AppleWebKit/537.36 (KHTML, like Gecko) Chrome/143.0.7499.192 Mobile Safari/537.36 (compatible; Googlebot/2.1; +http://www.google.com/bot.html)"
66.249.66.11 - - [15/Jan/2026:14:58:19 +0000] "GET /?products/13137013 HTTP/1.1" 301 0 "-" "Mozilla/5.0 (Linux; Android 6.0.1; Nexus 5X Build/MMB29P) AppleWebKit/537.36 (KHTML, like Gecko) Chrome/143.0.7499.192 Mobile Safari/537.36 (compatible; Googlebot/2.1; +http://www.google.com/bot.html)"
64.31.22.34 - - [15/Jan/2026:15:37:37 +0000] "POST /wp-cron.php?doing_wp_cron=1768491457.6884200572967529296875 HTTP/1.1" 200 0 "-" "WordPress/6.9; https://maheensbeauty.com"
64.31.22.34 - - [15/Jan/2026:17:04:26 +0000] "POST /wp-cron.php?doing_wp_cron=1768496666.9744179248809814453125 HTTP/1.1" 200 0 "-" "WordPress/6.9; https://maheensbeauty.com"
64.31.22.34 - - [15/Jan/2026:17:07:02 +0000] "POST /wp-cron.php?doing_wp_cron=1768496822.3500120639801025390625 HTTP/1.1" 200 0 "-" "WordPress/6.9; https://maheensbeauty.com"
64.31.22.34 - - [15/Jan/2026:17:15:25 +0000] "POST /wp-cron.php?doing_wp_cron=1768497325.2974350452423095703125 HTTP/1.1" 200 0 "-" "WordPress/6.9; https://maheensbeauty.com"
66.249.66.203 - - [15/Jan/2026:17:19:32 +0000] "GET /?products/22456157 HTTP/1.1" 301 0 "-" "Mozilla/5.0 (Linux; Android 6.0.1; Nexus 5X Build/MMB29P) AppleWebKit/537.36 (KHTML, like Gecko) Chrome/143.0.7499.192 Mobile Safari/537.36 (compatible; Googlebot/2.1; +http://www.google.com/bot.html)"
192.71.12.181 - - [15/Jan/2026:17:04:25 +0000] "GET / HTTP/1.1" 301 0 "-" "Mozilla/5.0 (Linux; U; Android 13; sk-sk; Xiaomi 11T Pro Build/TKQ1.220829.002) AppleWebKit/537.36 (KHTML, like Gecko) Version/4.0 Chrome/112.0.5615.136 Mobile Safari/537.36 XiaoMi/MiuiBrowser/14.4.0-g"
114.119.132.242 - - [15/Jan/2026:17:07:01 +0000] "GET / HTTP/1.1" 301 0 "-" "Mozilla/5.0 (Linux; Android 7.0;) AppleWebKit/537.36 (KHTML, like Gecko) Mobile Safari/537.36 (compatible; PetalBot;+https://webmaster.petalsearch.com/site/petalbot)"
66.249.66.161 - - [15/Jan/2026:17:15:24 +0000] "GET /?products/1217179 HTTP/1.1" 301 0 "-" "Mozilla/5.0 (Linux; Android 6.0.1; Nexus 5X Build/MMB29P) AppleWebKit/537.36 (KHTML, like Gecko) Chrome/143.0.7499.192 Mobile Safari/537.36 (compatible; Googlebot/2.1; +http://www.google.com/bot.html)"
64.31.22.34 - - [15/Jan/2026:17:19:33 +0000] "POST /wp-cron.php?doing_wp_cron=1768497573.1485478878021240234375 HTTP/1.1" 200 0 "-" "WordPress/6.9; https://maheensbeauty.com"
64.31.22.34 - - [15/Jan/2026:18:10:35 +0000] "POST /wp-cron.php?doing_wp_cron=1768500635.2354609966278076171875 HTTP/1.1" 200 0 "-" "WordPress/6.9; https://maheensbeauty.com"
64.31.22.34 - - [15/Jan/2026:17:51:08 +0000] "POST /wp-cron.php?doing_wp_cron=1768499468.6146700382232666015625 HTTP/1.1" 200 0 "-" "WordPress/6.9; https://maheensbeauty.com"
45.226.136.139 - - [15/Jan/2026:17:51:07 +0000] "GET http://www.maheensbeauty.com/?products/3539813 HTTP/1.1" 301 0 "http://www.maheensbeauty.com/" "Mozilla/5.0 (Windows NT 10.0; Win64; x64) AppleWebKit/537.36 (KHTML, like Gecko) Chrome/135.0.0.0 Safari/537.36"
43.130.26.3 - - [15/Jan/2026:18:10:34 +0000] "GET / HTTP/1.1" 301 0 "-" "Mozilla/5.0 (iPhone; CPU iPhone OS 13_2_3 like Mac OS X) AppleWebKit/605.1.15 (KHTML, like Gecko) Version/13.0.3 Mobile/15E148 Safari/604.1"
64.31.22.34 - - [15/Jan/2026:19:38:13 +0000] "POST /wp-cron.php?doing_wp_cron=1768505893.5731980800628662109375 HTTP/1.1" 200 0 "-" "WordPress/6.9; https://maheensbeauty.com"
45.80.158.124 - - [15/Jan/2026:19:38:10 +0000] "GET /style.php HTTP/1.1" 404 10407 "-" "Go-http-client/1.1"
45.80.158.124 - - [15/Jan/2026:19:38:14 +0000] "GET /wp-content/style.php HTTP/1.1" 404 10407 "-" "Go-http-client/1.1"
45.80.158.124 - - [15/Jan/2026:19:38:15 +0000] "GET /wp-content/themes/style.php HTTP/1.1" 404 10407 "-" "Go-http-client/1.1"
45.80.158.124 - - [15/Jan/2026:19:38:16 +0000] "GET /wp-admin/style.php HTTP/1.1" 404 10407 "-" "Go-http-client/1.1"
45.80.158.124 - - [15/Jan/2026:19:38:17 +0000] "GET /wp-includes/style.php HTTP/1.1" 404 10407 "-" "Go-http-client/1.1"
45.80.158.124 - - [15/Jan/2026:19:38:18 +0000] "GET /chosen.php?p= HTTP/1.1" 301 0 "-" "Go-http-client/1.1"
45.80.158.124 - - [15/Jan/2026:19:38:19 +0000] "GET /chosen.php HTTP/1.1" 404 10407 "http://maheensbeauty.com/chosen.php?p=" "Go-http-client/1.1"
45.80.158.124 - - [15/Jan/2026:19:38:20 +0000] "GET /file.php HTTP/1.1" 404 10407 "-" "Go-http-client/1.1"
45.80.158.124 - - [15/Jan/2026:19:38:21 +0000] "GET /flower.php HTTP/1.1" 404 10407 "-" "Go-http-client/1.1"
45.80.158.124 - - [15/Jan/2026:19:38:22 +0000] "GET /gifclass.php HTTP/1.1" 404 10407 "-" "Go-http-client/1.1"
45.80.158.124 - - [15/Jan/2026:19:38:23 +0000] "GET /bless.php HTTP/1.1" 404 10407 "-" "Go-http-client/1.1"
45.80.158.124 - - [15/Jan/2026:19:38:24 +0000] "GET /class-t.api.php HTTP/1.1" 404 10407 "-" "Go-http-client/1.1"
45.80.158.124 - - [15/Jan/2026:19:38:25 +0000] "GET /blurbs.php HTTP/1.1" 404 10407 "-" "Go-http-client/1.1"
45.80.158.124 - - [15/Jan/2026:19:38:26 +0000] "GET /akcc.php HTTP/1.1" 404 10407 "-" "Go-http-client/1.1"
45.80.158.124 - - [15/Jan/2026:19:38:27 +0000] "GET /abcd.php HTTP/1.1" 404 10407 "-" "Go-http-client/1.1"
45.80.158.124 - - [15/Jan/2026:19:38:28 +0000] "GET /flex.php HTTP/1.1" 404 10407 "-" "Go-http-client/1.1"
45.80.158.124 - - [15/Jan/2026:19:38:30 +0000] "GET /doc.php HTTP/1.1" 404 10407 "-" "Go-http-client/1.1"
45.80.158.124 - - [15/Jan/2026:19:38:32 +0000] "GET /wp-includes/js/thickbox/thickbox.php HTTP/1.1" 404 10407 "-" "Go-http-client/1.1"
45.80.158.124 - - [15/Jan/2026:19:38:33 +0000] "GET /akc.php HTTP/1.1" 404 10407 "-" "Go-http-client/1.1"
45.80.158.124 - - [15/Jan/2026:19:38:34 +0000] "GET /zoo.php HTTP/1.1" 404 10407 "-" "Go-http-client/1.1"
45.80.158.124 - - [15/Jan/2026:19:38:35 +0000] "GET //zwso.php HTTP/1.1" 301 0 "-" "Go-http-client/1.1"
45.80.158.124 - - [15/Jan/2026:19:38:36 +0000] "GET /zwso.php HTTP/1.1" 404 10407 "http://maheensbeauty.com//zwso.php" "Go-http-client/1.1"
45.80.158.124 - - [15/Jan/2026:19:38:38 +0000] "GET /wp-content/plugins/hellopress/wp_mna.php HTTP/1.1" 404 10407 "-" "Go-http-client/1.1"
45.80.158.124 - - [15/Jan/2026:19:38:39 +0000] "GET /bolt.php HTTP/1.1" 404 10407 "-" "Go-http-client/1.1"
45.80.158.124 - - [15/Jan/2026:19:38:40 +0000] "GET /shlo.php HTTP/1.1" 404 10407 "-" "Go-http-client/1.1"
45.80.158.124 - - [15/Jan/2026:19:38:41 +0000] "GET /files.php HTTP/1.1" 404 10407 "-" "Go-http-client/1.1"
45.80.158.124 - - [15/Jan/2026:19:38:42 +0000] "GET /wp-editor.php HTTP/1.1" 404 10407 "-" "Go-http-client/1.1"
64.31.22.34 - - [15/Jan/2026:21:27:53 +0000] "POST /wp-cron.php?doing_wp_cron=1768512473.1798539161682128906250 HTTP/1.1" 200 0 "-" "WordPress/6.9; https://maheensbeauty.com"
64.31.22.34 - - [15/Jan/2026:21:34:40 +0000] "POST /wp-cron.php?doing_wp_cron=1768512880.9183139801025390625000 HTTP/1.1" 200 0 "-" "WordPress/6.9; https://maheensbeauty.com"
64.31.22.34 - - [15/Jan/2026:21:36:42 +0000] "POST /wp-cron.php?doing_wp_cron=1768513002.5640549659729003906250 HTTP/1.1" 200 0 "-" "WordPress/6.9; https://maheensbeauty.com"
52.167.144.162 - - [15/Jan/2026:21:36:41 +0000] "GET /?products/30100279 HTTP/1.1" 301 0 "-" "Mozilla/5.0 AppleWebKit/537.36 (KHTML, like Gecko; compatible; bingbot/2.0; +http://www.bing.com/bingbot.htm) Chrome/116.0.1938.76 Safari/537.36"
66.249.66.203 - - [15/Jan/2026:21:27:52 +0000] "GET /?products/985491 HTTP/1.1" 301 0 "-" "Mozilla/5.0 (Linux; Android 6.0.1; Nexus 5X Build/MMB29P) AppleWebKit/537.36 (KHTML, like Gecko) Chrome/143.0.7499.192 Mobile Safari/537.36 (compatible; Googlebot/2.1; +http://www.google.com/bot.html)"
43.157.170.13 - - [15/Jan/2026:21:34:40 +0000] "GET / HTTP/1.1" 301 0 "-" "Mozilla/5.0 (iPhone; CPU iPhone OS 13_2_3 like Mac OS X) AppleWebKit/605.1.15 (KHTML, like Gecko) Version/13.0.3 Mobile/15E148 Safari/604.1"
64.31.22.34 - - [15/Jan/2026:23:16:47 +0000] "POST /wp-cron.php?doing_wp_cron=1768519007.4590730667114257812500 HTTP/1.1" 200 0 "-" "WordPress/6.9; https://maheensbeauty.com"
115.45.42.84 - - [15/Jan/2026:23:47:10 +0000] "GET /robots.txt HTTP/1.1" 200 71 "-" "Mozilla/5.0 (Windows NT 10.0; Win64; x64) AppleWebKit/537.36 (KHTML, like Gecko) Chrome/66.0.3220.97 Safari/537.36 Edge/18.18362"
62.141.44.236 - - [15/Jan/2026:23:50:13 +0000] "GET / HTTP/1.1" 301 0 "-" "Mozilla/5.0 (Windows NT 10.0; Win64; x64) AppleWebKit/537.36 (KHTML, like Gecko) Chrome/91.0.4472.114 Safari/537.36 Edg/91.0.864.54"
64.31.22.34 - - [15/Jan/2026:22:58:38 +0000] "POST /wp-cron.php?doing_wp_cron=1768517918.7162280082702636718750 HTTP/1.1" 200 0 "-" "WordPress/6.9; https://maheensbeauty.com"
125.94.144.102 - - [15/Jan/2026:22:58:37 +0000] "GET / HTTP/1.1" 301 0 "-" "Mozilla/5.0 (iPhone; CPU iPhone OS 13_2_3 like Mac OS X) AppleWebKit/605.1.15 (KHTML, like Gecko) Version/13.0.3 Mobile/15E148 Safari/604.1"
206.81.24.227 - - [15/Jan/2026:23:16:46 +0000] "GET / HTTP/1.1" 301 0 "-" "-"
64.31.22.34 - - [15/Jan/2026:23:50:14 +0000] "POST /wp-cron.php?doing_wp_cron=1768521014.7371399402618408203125 HTTP/1.1" 200 0 "-" "WordPress/6.9; https://maheensbeauty.com"
17.22.245.160 - - [16/Jan/2026:00:00:13 +0000] "GET /robots.txt HTTP/1.1" 200 71 "-" "Mozilla/5.0 (Macintosh; Intel Mac OS X 10_15_7) AppleWebKit/605.1.15 (KHTML, like Gecko) Version/17.4 Safari/605.1.15 (Applebot/0.1; +http://www.apple.com/go/applebot)"
64.31.22.34 - - [16/Jan/2026:00:00:15 +0000] "POST /wp-cron.php?doing_wp_cron=1768521615.1559269428253173828125 HTTP/1.1" 200 0 "-" "WordPress/6.9; https://maheensbeauty.com"
17.22.245.160 - - [16/Jan/2026:00:00:14 +0000] "GET /?sitemap.xml HTTP/1.1" 301 0 "-" "Mozilla/5.0 (Macintosh; Intel Mac OS X 10_15_7) AppleWebKit/605.1.15 (KHTML, like Gecko) Version/17.4 Safari/605.1.15 (Applebot/0.1; +http://www.apple.com/go/applebot)"
64.31.22.34 - - [16/Jan/2026:01:54:10 +0000] "POST /wp-cron.php?doing_wp_cron=1768528450.4759430885314941406250 HTTP/1.1" 200 0 "-" "WordPress/6.9; https://maheensbeauty.com"
43.166.224.244 - - [16/Jan/2026:01:54:09 +0000] "GET / HTTP/1.1" 301 0 "-" "Mozilla/5.0 (iPhone; CPU iPhone OS 13_2_3 like Mac OS X) AppleWebKit/605.1.15 (KHTML, like Gecko) Version/13.0.3 Mobile/15E148 Safari/604.1"
64.31.22.34 - - [16/Jan/2026:01:09:19 +0000] "POST /wp-cron.php?doing_wp_cron=1768525759.2917819023132324218750 HTTP/1.1" 200 0 "-" "WordPress/6.9; https://maheensbeauty.com"
40.77.167.144 - - [16/Jan/2026:01:09:16 +0000] "GET /?products/29675157 HTTP/1.1" 301 0 "-" "Mozilla/5.0 AppleWebKit/537.36 (KHTML, like Gecko; compatible; bingbot/2.0; +http://www.bing.com/bingbot.htm) Chrome/116.0.1938.76 Safari/537.36"
66.249.66.160 - - [16/Jan/2026:03:06:35 +0000] "GET /?products/12100491 HTTP/1.1" 301 0 "-" "Mozilla/5.0 (Linux; Android 6.0.1; Nexus 5X Build/MMB29P) AppleWebKit/537.36 (KHTML, like Gecko) Chrome/143.0.7499.192 Mobile Safari/537.36 (compatible; Googlebot/2.1; +http://www.google.com/bot.html)"
64.31.22.34 - - [16/Jan/2026:03:10:18 +0000] "POST /wp-cron.php?doing_wp_cron=1768533018.6465559005737304687500 HTTP/1.1" 200 0 "-" "WordPress/6.9; https://maheensbeauty.com"
66.249.66.2 - - [16/Jan/2026:03:10:17 +0000] "GET /?products/9446880 HTTP/1.1" 301 0 "-" "Mozilla/5.0 (Linux; Android 6.0.1; Nexus 5X Build/MMB29P) AppleWebKit/537.36 (KHTML, like Gecko) Chrome/143.0.7499.192 Mobile Safari/537.36 (compatible; Googlebot/2.1; +http://www.google.com/bot.html)"
66.249.66.64 - - [16/Jan/2026:03:12:47 +0000] "GET /?products/10668813 HTTP/1.1" 301 0 "-" "Mozilla/5.0 (Linux; Android 6.0.1; Nexus 5X Build/MMB29P) AppleWebKit/537.36 (KHTML, like Gecko) Chrome/143.0.7499.192 Mobile Safari/537.36 (compatible; Googlebot/2.1; +http://www.google.com/bot.html)"
64.31.22.34 - - [16/Jan/2026:03:15:35 +0000] "POST /wp-cron.php?doing_wp_cron=1768533335.5334389209747314453125 HTTP/1.1" 200 0 "-" "WordPress/6.9; https://maheensbeauty.com"
64.31.22.34 - - [16/Jan/2026:03:15:52 +0000] "POST /wp-cron.php?doing_wp_cron=1768533352.8844010829925537109375 HTTP/1.1" 200 0 "-" "WordPress/6.9; https://maheensbeauty.com"
20.205.96.233 - - [16/Jan/2026:03:15:51 +0000] "GET /wp-content/plugins/hellopress/wp_filemanager.php HTTP/1.1" 404 36035 "-" "-"
20.205.96.233 - - [16/Jan/2026:03:15:53 +0000] "GET //wp-includes/ID3/index.php HTTP/1.1" 301 0 "-" "-"
20.205.96.233 - - [16/Jan/2026:03:15:55 +0000] "GET /wp-includes/ID3/ HTTP/1.1" 200 7116 "-" "-"
20.205.96.233 - - [16/Jan/2026:03:15:56 +0000] "GET /update/bibil.php HTTP/1.1" 404 36035 "-" "-"
20.205.96.233 - - [16/Jan/2026:03:15:57 +0000] "GET /wp-conf.php HTTP/1.1" 404 36035 "-" "-"
20.205.96.233 - - [16/Jan/2026:03:15:59 +0000] "GET /test/wop.php HTTP/1.1" 404 36035 "-" "-"
20.205.96.233 - - [16/Jan/2026:03:16:02 +0000] "GET /update/wpupex.php/ HTTP/1.1" 404 36035 "-" "-"
20.205.96.233 - - [16/Jan/2026:03:16:04 +0000] "GET /wp-miiss.php.php HTTP/1.1" 404 36035 "-" "-"
20.205.96.233 - - [16/Jan/2026:03:16:05 +0000] "GET /per.php HTTP/1.1" 404 36035 "-" "-"
20.205.96.233 - - [16/Jan/2026:03:16:07 +0000] "GET /uploads/upload.php HTTP/1.1" 404 36035 "-" "-"
20.205.96.233 - - [16/Jan/2026:03:16:09 +0000] "GET /ioa.php HTTP/1.1" 404 36035 "-" "-"
20.205.96.233 - - [16/Jan/2026:03:16:10 +0000] "GET /bypass.php HTTP/1.1" 404 36035 "-" "-"
20.205.96.233 - - [16/Jan/2026:03:16:13 +0000] "GET /autoload_classmap.php HTTP/1.1" 404 36035 "-" "-"
20.205.96.233 - - [16/Jan/2026:03:16:16 +0000] "GET /sww.php HTTP/1.1" 404 36035 "-" "-"
20.205.96.233 - - [16/Jan/2026:03:16:18 +0000] "GET //h.php HTTP/1.1" 301 0 "-" "-"
20.205.96.233 - - [16/Jan/2026:03:16:19 +0000] "GET /h.php HTTP/1.1" 404 36035 "-" "-"
20.205.96.233 - - [16/Jan/2026:03:16:20 +0000] "GET /tua.php HTTP/1.1" 404 36035 "-" "-"
20.205.96.233 - - [16/Jan/2026:03:16:21 +0000] "GET /oga.php HTTP/1.1" 404 36035 "-" "-"
20.205.96.233 - - [16/Jan/2026:03:16:23 +0000] "GET /file5.php HTTP/1.1" 404 36035 "-" "-"
20.205.96.233 - - [16/Jan/2026:03:16:24 +0000] "GET /wordpress/wp-admin/about.php HTTP/1.1" 404 36035 "-" "-"
20.205.96.233 - - [16/Jan/2026:03:16:26 +0000] "GET /ws.php HTTP/1.1" 404 36035 "-" "-"
20.205.96.233 - - [16/Jan/2026:03:16:27 +0000] "GET /mt/byp.php HTTP/1.1" 404 36035 "-" "-"
20.205.96.233 - - [16/Jan/2026:03:16:28 +0000] "GET //test.php HTTP/1.1" 301 0 "-" "-"
20.205.96.233 - - [16/Jan/2026:03:16:29 +0000] "GET /test.php HTTP/1.1" 404 36035 "-" "-"
20.205.96.233 - - [16/Jan/2026:03:16:31 +0000] "GET /click.php HTTP/1.1" 404 36035 "-" "-"
20.205.96.233 - - [16/Jan/2026:03:16:32 +0000] "GET /wp-admin/acme.php HTTP/1.1" 404 36035 "-" "-"
20.205.96.233 - - [16/Jan/2026:03:16:35 +0000] "GET /sow.php HTTP/1.1" 404 36035 "-" "-"
20.205.96.233 - - [16/Jan/2026:03:16:36 +0000] "GET //wp-content/themes/seotheme/mar.php HTTP/1.1" 301 0 "-" "-"
20.205.96.233 - - [16/Jan/2026:03:16:37 +0000] "GET /wp-content/themes/seotheme/mar.php HTTP/1.1" 404 36035 "-" "-"
20.205.96.233 - - [16/Jan/2026:03:16:38 +0000] "GET //simple.php HTTP/1.1" 301 0 "-" "-"
20.205.96.233 - - [16/Jan/2026:03:16:40 +0000] "GET /simple.php HTTP/1.1" 404 36035 "-" "-"
20.205.96.233 - - [16/Jan/2026:03:16:41 +0000] "GET /BIBIL.php HTTP/1.1" 404 36035 "-" "-"
20.205.96.233 - - [16/Jan/2026:03:16:42 +0000] "GET /sde.php HTTP/1.1" 404 36035 "-" "-"
20.205.96.233 - - [16/Jan/2026:03:16:44 +0000] "GET //wp-content/json.php HTTP/1.1" 301 0 "-" "-"
20.205.96.233 - - [16/Jan/2026:03:16:45 +0000] "GET /wp-content/json.php HTTP/1.1" 404 36035 "-" "-"
64.31.22.34 - - [16/Jan/2026:03:16:47 +0000] "POST /wp-cron.php?doing_wp_cron=1768533407.9722919464111328125000 HTTP/1.1" 200 0 "-" "WordPress/6.9; https://maheensbeauty.com"
20.205.96.233 - - [16/Jan/2026:03:16:47 +0000] "GET /spip.php HTTP/1.1" 404 36035 "-" "-"
20.205.96.233 - - [16/Jan/2026:03:16:48 +0000] "GET /zjggu.php HTTP/1.1" 404 36035 "-" "-"
20.205.96.233 - - [16/Jan/2026:03:16:50 +0000] "GET /assets/js/wp-session.php HTTP/1.1" 404 36035 "-" "-"
20.205.96.233 - - [16/Jan/2026:03:16:52 +0000] "GET //wp-admin/user/index.php HTTP/1.1" 302 0 "-" "-"
20.205.96.233 - - [16/Jan/2026:03:16:57 +0000] "GET /4ff11.php HTTP/1.1" 404 36035 "-" "-"
20.205.96.233 - - [16/Jan/2026:03:16:58 +0000] "GET /wsrer.php HTTP/1.1" 404 36035 "-" "-"
20.205.96.233 - - [16/Jan/2026:03:16:59 +0000] "GET /tro.php HTTP/1.1" 404 36035 "-" "-"
20.205.96.233 - - [16/Jan/2026:03:17:01 +0000] "GET /zuk.php HTTP/1.1" 404 36035 "-" "-"
20.205.96.233 - - [16/Jan/2026:03:17:02 +0000] "GET /sol.php HTTP/1.1" 404 36035 "-" "-"
20.205.96.233 - - [16/Jan/2026:03:17:05 +0000] "GET //wp-content/themes/seotheme/mar.php HTTP/1.1" 301 0 "-" "-"
20.205.96.233 - - [16/Jan/2026:03:17:06 +0000] "GET /wp-content/themes/seotheme/mar.php HTTP/1.1" 404 36035 "-" "-"
20.205.96.233 - - [16/Jan/2026:03:17:07 +0000] "GET //zwso.php HTTP/1.1" 301 0 "-" "-"
20.205.96.233 - - [16/Jan/2026:03:17:08 +0000] "GET /zwso.php HTTP/1.1" 404 36035 "-" "-"
20.205.96.233 - - [16/Jan/2026:03:17:09 +0000] "GET /lok.php HTTP/1.1" 404 36035 "-" "-"
20.205.96.233 - - [16/Jan/2026:03:17:10 +0000] "GET /msg.php HTTP/1.1" 404 36035 "-" "-"
20.205.96.233 - - [16/Jan/2026:03:17:11 +0000] "GET /tra.php HTTP/1.1" 404 36035 "-" "-"
20.205.96.233 - - [16/Jan/2026:03:17:13 +0000] "GET /wto.php HTTP/1.1" 404 36035 "-" "-"
20.205.96.233 - - [16/Jan/2026:03:17:14 +0000] "GET /wso.php HTTP/1.1" 404 36035 "-" "-"
20.205.96.233 - - [16/Jan/2026:03:17:16 +0000] "GET /cms/niz.php HTTP/1.1" 404 36035 "-" "-"
20.205.96.233 - - [16/Jan/2026:03:17:17 +0000] "GET /bibil.php HTTP/1.1" 404 36035 "-" "-"
20.205.96.233 - - [16/Jan/2026:03:17:18 +0000] "GET /haf.php HTTP/1.1" 404 36035 "-" "-"
20.205.96.233 - - [16/Jan/2026:03:17:20 +0000] "GET /.trash7309/f/ HTTP/1.1" 404 36035 "-" "-"
20.205.96.233 - - [16/Jan/2026:03:17:22 +0000] "GET /abe.php HTTP/1.1" 404 36035 "-" "-"
20.205.96.233 - - [16/Jan/2026:03:17:23 +0000] "GET /tts.php HTTP/1.1" 404 36035 "-" "-"
20.205.96.233 - - [16/Jan/2026:03:17:25 +0000] "GET /sue.php HTTP/1.1" 404 36035 "-" "-"
20.205.96.233 - - [16/Jan/2026:03:17:26 +0000] "GET /thoms.php HTTP/1.1" 404 36035 "-" "-"
20.205.96.233 - - [16/Jan/2026:03:17:28 +0000] "GET /2b5f0.php HTTP/1.1" 404 36035 "-" "-"
20.205.96.233 - - [16/Jan/2026:03:17:30 +0000] "GET //lock.php HTTP/1.1" 301 0 "-" "-"
20.205.96.233 - - [16/Jan/2026:03:17:31 +0000] "GET /lock.php HTTP/1.1" 404 36035 "-" "-"
20.205.96.233 - - [16/Jan/2026:03:17:33 +0000] "GET /wp-admin/fw.php HTTP/1.1" 404 36035 "-" "-"
20.205.96.233 - - [16/Jan/2026:03:17:35 +0000] "GET /wp-includes/Ipv6.php HTTP/1.1" 404 36035 "-" "-"
20.205.96.233 - - [16/Jan/2026:03:17:36 +0000] "GET //web.php HTTP/1.1" 301 0 "-" "-"
20.205.96.233 - - [16/Jan/2026:03:17:38 +0000] "GET /web.php HTTP/1.1" 404 36035 "-" "-"
20.205.96.233 - - [16/Jan/2026:03:17:40 +0000] "GET /opss.php HTTP/1.1" 404 36035 "-" "-"
20.205.96.233 - - [16/Jan/2026:03:17:41 +0000] "GET /images/fk2e3/ HTTP/1.1" 404 36035 "-" "-"
20.205.96.233 - - [16/Jan/2026:03:17:42 +0000] "GET //x.php HTTP/1.1" 301 0 "-" "-"
20.205.96.233 - - [16/Jan/2026:03:17:43 +0000] "GET /x.php HTTP/1.1" 404 36035 "-" "-"
20.205.96.233 - - [16/Jan/2026:03:17:45 +0000] "GET /nng.php HTTP/1.1" 404 36035 "-" "-"
20.205.96.233 - - [16/Jan/2026:03:17:46 +0000] "GET /blo.php HTTP/1.1" 404 36035 "-" "-"
20.205.96.233 - - [16/Jan/2026:03:17:48 +0000] "GET /WordPress/x/ HTTP/1.1" 404 36035 "-" "-"
20.205.96.233 - - [16/Jan/2026:03:17:49 +0000] "GET /x/index.php HTTP/1.1" 301 0 "-" "-"
20.205.96.233 - - [16/Jan/2026:03:17:50 +0000] "GET /x/ HTTP/1.1" 404 36035 "-" "-"
20.205.96.233 - - [16/Jan/2026:03:17:52 +0000] "GET /gul.php HTTP/1.1" 404 36035 "-" "-"
20.205.96.233 - - [16/Jan/2026:03:17:54 +0000] "GET /ucpfr.php HTTP/1.1" 404 36035 "-" "-"
20.205.96.233 - - [16/Jan/2026:03:17:55 +0000] "GET //wp-includes/css/about.php HTTP/1.1" 301 0 "-" "-"
20.205.96.233 - - [16/Jan/2026:03:17:56 +0000] "GET /wp-includes/css/about.php HTTP/1.1" 404 36035 "-" "-"
20.205.96.233 - - [16/Jan/2026:03:17:58 +0000] "GET /web.php HTTP/1.1" 404 36035 "-" "-"
20.205.96.233 - - [16/Jan/2026:03:18:00 +0000] "GET /images/g3.php HTTP/1.1" 404 36035 "-" "-"
20.205.96.233 - - [16/Jan/2026:03:18:02 +0000] "GET /user.php HTTP/1.1" 404 36035 "-" "-"
20.205.96.233 - - [16/Jan/2026:03:18:03 +0000] "GET /sty.php HTTP/1.1" 404 36035 "-" "-"
20.205.96.233 - - [16/Jan/2026:03:18:06 +0000] "GET /Cachex.php HTTP/1.1" 404 36035 "-" "-"
20.205.96.233 - - [16/Jan/2026:03:18:08 +0000] "GET //404.php HTTP/1.1" 301 0 "-" "-"
20.205.96.233 - - [16/Jan/2026:03:18:09 +0000] "GET /404.php HTTP/1.1" 404 36035 "-" "-"
20.205.96.233 - - [16/Jan/2026:03:18:10 +0000] "GET /dds.php HTTP/1.1" 404 36035 "-" "-"
20.205.96.233 - - [16/Jan/2026:03:18:12 +0000] "GET /ttw.php HTTP/1.1" 404 36035 "-" "-"
20.205.96.233 - - [16/Jan/2026:03:18:13 +0000] "GET /ssk.php HTTP/1.1" 404 36035 "-" "-"
20.205.96.233 - - [16/Jan/2026:03:18:14 +0000] "GET /wui.php HTTP/1.1" 404 36035 "-" "-"
20.205.96.233 - - [16/Jan/2026:03:18:16 +0000] "GET /first/function.php HTTP/1.1" 404 36035 "-" "-"
20.205.96.233 - - [16/Jan/2026:03:18:18 +0000] "GET /wwo.php HTTP/1.1" 404 36035 "-" "-"
20.205.96.233 - - [16/Jan/2026:03:18:19 +0000] "GET /nhd.php HTTP/1.1" 404 36035 "-" "-"
20.205.96.233 - - [16/Jan/2026:03:18:21 +0000] "GET /jju.php HTTP/1.1" 404 36035 "-" "-"
20.205.96.233 - - [16/Jan/2026:03:18:22 +0000] "GET //wp-includes/js/tinymce/index.php HTTP/1.1" 301 0 "-" "-"
20.205.96.233 - - [16/Jan/2026:03:18:23 +0000] "GET /wp-includes/js/tinymce/ HTTP/1.1" 200 4586 "-" "-"
20.205.96.233 - - [16/Jan/2026:03:18:24 +0000] "GET /wp-includes/class-wp-dependency-get.php HTTP/1.1" 404 36035 "-" "-"
20.205.96.233 - - [16/Jan/2026:03:18:25 +0000] "GET /wp-admin/ HTTP/1.1" 302 0 "-" "-"
20.205.96.233 - - [16/Jan/2026:03:18:30 +0000] "GET /w.php HTTP/1.1" 404 36035 "-" "-"
20.205.96.233 - - [16/Jan/2026:03:18:31 +0000] "GET /wp-admin/zwso.php HTTP/1.1" 404 36035 "-" "-"
20.205.96.233 - - [16/Jan/2026:03:18:33 +0000] "GET /wp-content/uploads/gravity_forms/d/d/d/g/ HTTP/1.1" 404 36035 "-" "-"
20.205.96.233 - - [16/Jan/2026:03:18:36 +0000] "GET /as.php HTTP/1.1" 404 36035 "-" "-"
20.205.96.233 - - [16/Jan/2026:03:18:38 +0000] "GET /ula.php HTTP/1.1" 404 36035 "-" "-"
20.205.96.233 - - [16/Jan/2026:03:18:39 +0000] "GET /.trash7309/dd/ HTTP/1.1" 404 36035 "-" "-"
64.31.22.34 - - [16/Jan/2026:03:18:41 +0000] "POST /wp-cron.php?doing_wp_cron=1768533521.6057178974151611328125 HTTP/1.1" 200 0 "-" "WordPress/6.9; https://maheensbeauty.com"
20.205.96.233 - - [16/Jan/2026:03:18:40 +0000] "GET /k.php HTTP/1.1" 404 36035 "-" "-"
20.205.96.233 - - [16/Jan/2026:03:18:42 +0000] "GET /wp/sih.php HTTP/1.1" 404 36035 "-" "-"
20.205.96.233 - - [16/Jan/2026:03:18:43 +0000] "GET //wp-content/index.php HTTP/1.1" 200 0 "-" "-"
20.205.96.233 - - [16/Jan/2026:03:18:43 +0000] "GET /wp-content/del.php HTTP/1.1" 404 36035 "-" "-"
20.205.96.233 - - [16/Jan/2026:03:18:46 +0000] "GET /niu.php HTTP/1.1" 404 36035 "-" "-"
20.205.96.233 - - [16/Jan/2026:03:18:48 +0000] "GET /yee.php HTTP/1.1" 404 36035 "-" "-"
20.205.96.233 - - [16/Jan/2026:03:18:49 +0000] "GET /1337.php HTTP/1.1" 404 36035 "-" "-"
20.205.96.233 - - [16/Jan/2026:03:18:50 +0000] "GET /ink.php HTTP/1.1" 404 36035 "-" "-"
20.205.96.233 - - [16/Jan/2026:03:18:52 +0000] "GET /scripts/wpup.php HTTP/1.1" 404 36035 "-" "-"
20.205.96.233 - - [16/Jan/2026:03:18:53 +0000] "GET /term.php HTTP/1.1" 404 36035 "-" "-"
20.205.96.233 - - [16/Jan/2026:03:18:54 +0000] "GET /opsqt.php HTTP/1.1" 404 36035 "-" "-"
20.205.96.233 - - [16/Jan/2026:03:18:55 +0000] "GET /sog.php HTTP/1.1" 404 36035 "-" "-"
20.205.96.233 - - [16/Jan/2026:03:18:57 +0000] "GET /wd/shh.php HTTP/1.1" 404 36035 "-" "-"
20.205.96.233 - - [16/Jan/2026:03:18:58 +0000] "GET /security.php HTTP/1.1" 404 36035 "-" "-"
20.205.96.233 - - [16/Jan/2026:03:19:00 +0000] "GET /myy.php HTTP/1.1" 404 36035 "-" "-"
20.205.96.233 - - [16/Jan/2026:03:19:02 +0000] "GET //moon.php HTTP/1.1" 301 0 "-" "-"
20.205.96.233 - - [16/Jan/2026:03:19:03 +0000] "GET /moon.php HTTP/1.1" 404 36035 "-" "-"
20.205.96.233 - - [16/Jan/2026:03:19:04 +0000] "GET /wp-includes/block-patterns/ HTTP/1.1" 200 4173 "-" "-"
20.205.96.233 - - [16/Jan/2026:03:19:04 +0000] "GET /index/data.php HTTP/1.1" 404 36035 "-" "-"
20.205.96.233 - - [16/Jan/2026:03:19:06 +0000] "GET /wp-includes/wp-widgets.php HTTP/1.1" 404 36035 "-" "-"
20.205.96.233 - - [16/Jan/2026:03:19:07 +0000] "GET /cgi-bin/wle.php HTTP/1.1" 404 36035 "-" "-"
20.205.96.233 - - [16/Jan/2026:03:19:08 +0000] "GET /yxijx.php HTTP/1.1" 404 36035 "-" "-"
20.205.96.233 - - [16/Jan/2026:03:19:10 +0000] "GET //wp-content/themes/deeto/login.php HTTP/1.1" 301 0 "-" "-"
20.205.96.233 - - [16/Jan/2026:03:19:11 +0000] "GET /wp-content/themes/deeto/login.php HTTP/1.1" 404 36035 "-" "-"
20.205.96.233 - - [16/Jan/2026:03:19:12 +0000] "GET /buv.php HTTP/1.1" 404 36035 "-" "-"
20.205.96.233 - - [16/Jan/2026:03:19:13 +0000] "GET /hum.php HTTP/1.1" 404 36035 "-" "-"
20.205.96.233 - - [16/Jan/2026:03:19:15 +0000] "GET /alfanew.php HTTP/1.1" 404 36035 "-" "-"
20.205.96.233 - - [16/Jan/2026:03:19:16 +0000] "GET /JPG.php HTTP/1.1" 404 36035 "-" "-"
20.205.96.233 - - [16/Jan/2026:03:19:17 +0000] "GET /los.php HTTP/1.1" 404 36035 "-" "-"
20.205.96.233 - - [16/Jan/2026:03:19:19 +0000] "GET /zugvi.php HTTP/1.1" 404 36035 "-" "-"
20.205.96.233 - - [16/Jan/2026:03:19:20 +0000] "GET /bah.php HTTP/1.1" 404 36035 "-" "-"
20.205.96.233 - - [16/Jan/2026:03:19:21 +0000] "GET /dlvqo.php HTTP/1.1" 404 36035 "-" "-"
20.205.96.233 - - [16/Jan/2026:03:19:22 +0000] "GET //inputs.php HTTP/1.1" 301 0 "-" "-"
20.205.96.233 - - [16/Jan/2026:03:19:23 +0000] "GET /inputs.php HTTP/1.1" 404 36035 "-" "-"
20.205.96.233 - - [16/Jan/2026:03:19:24 +0000] "GET /sst.php HTTP/1.1" 404 36035 "-" "-"
20.205.96.233 - - [16/Jan/2026:03:19:26 +0000] "GET /author-template-less.php HTTP/1.1" 404 36035 "-" "-"
20.205.96.233 - - [16/Jan/2026:03:19:27 +0000] "GET /sft.php HTTP/1.1" 404 36035 "-" "-"
20.205.96.233 - - [16/Jan/2026:03:19:29 +0000] "GET /lddxs.php HTTP/1.1" 404 36035 "-" "-"
20.205.96.233 - - [16/Jan/2026:03:19:30 +0000] "GET /sts.php HTTP/1.1" 404 36035 "-" "-"
20.205.96.233 - - [16/Jan/2026:03:19:32 +0000] "GET /zwlsv.php HTTP/1.1" 404 36035 "-" "-"
20.205.96.233 - - [16/Jan/2026:03:19:33 +0000] "GET /ty.php HTTP/1.1" 404 36035 "-" "-"
20.205.96.233 - - [16/Jan/2026:03:19:35 +0000] "GET /kal.php HTTP/1.1" 404 36035 "-" "-"
20.205.96.233 - - [16/Jan/2026:03:19:36 +0000] "GET //user.php HTTP/1.1" 301 0 "-" "-"
20.205.96.233 - - [16/Jan/2026:03:19:37 +0000] "GET /user.php HTTP/1.1" 404 36035 "-" "-"
20.205.96.233 - - [16/Jan/2026:03:19:39 +0000] "GET /e/data.php HTTP/1.1" 404 36035 "-" "-"
20.205.96.233 - - [16/Jan/2026:03:19:41 +0000] "GET //wp-includes/ID3/index.php HTTP/1.1" 301 0 "-" "-"
20.205.96.233 - - [16/Jan/2026:03:19:42 +0000] "GET /wp-includes/ID3/ HTTP/1.1" 200 7116 "-" "-"
20.205.96.233 - - [16/Jan/2026:03:19:43 +0000] "GET /bs1.php HTTP/1.1" 404 36035 "-" "-"
64.31.22.34 - - [16/Jan/2026:02:31:11 +0000] "POST /wp-cron.php?doing_wp_cron=1768530671.4293689727783203125000 HTTP/1.1" 200 0 "-" "WordPress/6.9; https://maheensbeauty.com"
