/home3/bmscom/access-logs/maheensbeauty.com.bms69.com-ssl_log
64.31.22.34 - - [15/Jan/2026:12:18:15 +0000] "POST /wp-cron.php?doing_wp_cron=1768479495.7281999588012695312500 HTTP/1.1" 200 0 "-" "WordPress/6.9; https://maheensbeauty.com"
173.252.127.15 - - [15/Jan/2026:12:18:21 +0000] "GET / HTTP/2" 200 65876 "-" "meta-webindexer/1.1 (+https://developers.facebook.com/docs/sharing/webmasters/crawler)"
64.31.22.34 - - [15/Jan/2026:12:29:58 +0000] "POST /wp-cron.php?doing_wp_cron=1768480198.2990128993988037109375 HTTP/1.1" 200 0 "-" "WordPress/6.9; https://maheensbeauty.com"
87.76.61.33 - - [15/Jan/2026:12:29:57 +0000] "GET /product-tag/base HTTP/1.1" 301 0 "https://maheensbeauty.com/" "Mozilla/5.0 (Windows NT 10.0; Win64; x64) AppleWebKit/537.36 (KHTML, like Gecko) Chrome/135.0.0.0 Safari/537.36 Edg/135.0.0.0"
64.31.22.34 - - [15/Jan/2026:12:56:02 +0000] "POST /wp-cron.php?doing_wp_cron=1768481762.8518640995025634765625 HTTP/1.1" 200 0 "-" "WordPress/6.9; https://maheensbeauty.com"
196.188.161.124 - - [15/Jan/2026:12:56:04 +0000] "GET /product-tag/maheens-base/ HTTP/1.1" 200 9746 "https://maheensbeauty.com/" "Mozilla/5.0 (Macintosh; Intel Mac OS X 10_15_7) AppleWebKit/537.36 (KHTML, like Gecko) Chrome/128.0.0.0 Safari/537.36"
8.217.212.116 - - [15/Jan/2026:13:01:54 +0000] "GET /robots.txt HTTP/1.1" 200 71 "-" "AliyunSecBot/Aliyun (AliyunSecBot@service.alibaba.com)"
69.171.230.113 - - [15/Jan/2026:13:15:11 +0000] "GET / HTTP/2" 200 65876 "-" "meta-webindexer/1.1 (+https://developers.facebook.com/docs/sharing/webmasters/crawler)"
66.249.66.201 - - [15/Jan/2026:13:18:54 +0000] "GET /?products%2F19774179 HTTP/1.1" 200 15620 "-" "Mozilla/5.0 (Linux; Android 6.0.1; Nexus 5X Build/MMB29P) AppleWebKit/537.36 (KHTML, like Gecko) Chrome/143.0.7499.192 Mobile Safari/537.36 (compatible; Googlebot/2.1; +http://www.google.com/bot.html)"
66.249.66.3 - - [15/Jan/2026:13:19:02 +0000] "GET /wp-content/themes/hello-elementor/assets/js/hello-frontend.js?ver=3.4.5 HTTP/1.1" 200 493 "https://maheensbeauty.com/?products%2F19774179" "Mozilla/5.0 (Linux; Android 6.0.1; Nexus 5X Build/MMB29P) AppleWebKit/537.36 (KHTML, like Gecko) Chrome/143.0.7499.192 Mobile Safari/537.36 (compatible; Googlebot/2.1; +http://www.google.com/bot.html)"
64.31.22.34 - - [15/Jan/2026:13:44:05 +0000] "POST /wp-cron.php?doing_wp_cron=1768484645.4072780609130859375000 HTTP/1.1" 200 0 "-" "WordPress/6.9; https://maheensbeauty.com"
66.249.66.67 - - [15/Jan/2026:13:49:17 +0000] "GET /?products%2F14618346 HTTP/1.1" 200 15620 "-" "Mozilla/5.0 (Linux; Android 6.0.1; Nexus 5X Build/MMB29P) AppleWebKit/537.36 (KHTML, like Gecko) Chrome/143.0.7499.192 Mobile Safari/537.36 (compatible; Googlebot/2.1; +http://www.google.com/bot.html)"
31.13.115.19 - - [15/Jan/2026:13:49:45 +0000] "GET / HTTP/2" 200 65876 "-" "meta-webindexer/1.1 (+https://developers.facebook.com/docs/sharing/webmasters/crawler)"
66.249.66.200 - - [15/Jan/2026:13:58:33 +0000] "GET /?products%2F11378324 HTTP/1.1" 200 15620 "-" "Mozilla/5.0 (Linux; Android 6.0.1; Nexus 5X Build/MMB29P) AppleWebKit/537.36 (KHTML, like Gecko) Chrome/143.0.7499.192 Mobile Safari/537.36 (compatible; Googlebot/2.1; +http://www.google.com/bot.html)"
66.249.66.40 - - [15/Jan/2026:13:58:38 +0000] "GET /wp-content/plugins/woocommerce/assets/js/frontend/order-attribution.min.js?ver=10.3.5 HTTP/1.1" 200 998 "https://maheensbeauty.com/?products%2F11378324" "Mozilla/5.0 (Linux; Android 6.0.1; Nexus 5X Build/MMB29P) AppleWebKit/537.36 (KHTML, like Gecko) Chrome/143.0.7499.192 Mobile Safari/537.36 (compatible; Googlebot/2.1; +http://www.google.com/bot.html)"
66.249.66.162 - - [15/Jan/2026:13:58:41 +0000] "GET /?products%2F17366946 HTTP/1.1" 200 15620 "-" "Mozilla/5.0 (Linux; Android 6.0.1; Nexus 5X Build/MMB29P) AppleWebKit/537.36 (KHTML, like Gecko) Chrome/143.0.7499.192 Mobile Safari/537.36 (compatible; Googlebot/2.1; +http://www.google.com/bot.html)"
173.252.127.23 - - [15/Jan/2026:12:18:03 +0000] "GET /favicon.ico HTTP/2" 404 1251 "-" "facebookexternalhit/1.1 (+http://www.facebook.com/externalhit_uatext.php)"
173.252.127.32 - - [15/Jan/2026:12:18:12 +0000] "GET / HTTP/2" 200 65876 "-" "meta-webindexer/1.1 (+https://developers.facebook.com/docs/sharing/webmasters/crawler)"
64.31.22.34 - - [15/Jan/2026:12:19:45 +0000] "POST /wp-cron.php?doing_wp_cron=1768479585.7855730056762695312500 HTTP/1.1" 200 0 "-" "WordPress/6.9; https://maheensbeauty.com"
31.13.127.114 - - [15/Jan/2026:12:19:44 +0000] "GET / HTTP/2" 200 65876 "-" "meta-webindexer/1.1 (+https://developers.facebook.com/docs/sharing/webmasters/crawler)"
191.82.70.210 - - [15/Jan/2026:12:30:01 +0000] "GET /product-tag/base/ HTTP/1.1" 200 9720 "https://maheensbeauty.com/" "Mozilla/5.0 (Windows NT 10.0; Win64; x64) AppleWebKit/537.36 (KHTML, like Gecko) Chrome/135.0.0.0 Safari/537.36 Edg/135.0.0.0"
186.158.200.111 - - [15/Jan/2026:12:56:01 +0000] "GET /product-tag/maheens-base HTTP/1.1" 301 0 "https://maheensbeauty.com/" "Mozilla/5.0 (Macintosh; Intel Mac OS X 10_15_7) AppleWebKit/537.36 (KHTML, like Gecko) Chrome/128.0.0.0 Safari/537.36"
8.217.212.139 - - [15/Jan/2026:13:01:54 +0000] "GET /wp-content/plugins/elementor/assets/lib/font-awesome/css/solid.min.css?ver=5.15.3 HTTP/1.1" 200 286 "-" "AliyunSecBot/Aliyun (AliyunSecBot@service.alibaba.com)"
35.92.160.99 - - [15/Jan/2026:13:12:36 +0000] "POST /wp-login.php HTTP/1.1" 307 797 "-" "Mozilla/5.0 (Windows NT 10.0; Win64; x64; rv:66.0) Gecko/20100101 Firefox/66.0"
64.31.22.34 - - [15/Jan/2026:13:15:12 +0000] "POST /wp-cron.php?doing_wp_cron=1768482912.4569220542907714843750 HTTP/1.1" 200 0 "-" "WordPress/6.9; https://maheensbeauty.com"
52.167.144.149 - - [15/Jan/2026:13:44:04 +0000] "GET /?products/5475824 HTTP/2" 301 0 "-" "Mozilla/5.0 AppleWebKit/537.36 (KHTML, like Gecko; compatible; bingbot/2.0; +http://www.bing.com/bingbot.htm) Chrome/116.0.1938.76 Safari/537.36"
66.249.66.199 - - [15/Jan/2026:13:58:36 +0000] "GET /?products%2F10472613 HTTP/1.1" 200 15620 "-" "Mozilla/5.0 (Linux; Android 6.0.1; Nexus 5X Build/MMB29P) AppleWebKit/537.36 (KHTML, like Gecko) Chrome/143.0.7499.192 Mobile Safari/537.36 (compatible; Googlebot/2.1; +http://www.google.com/bot.html)"
66.249.66.3 - - [15/Jan/2026:13:58:38 +0000] "GET /?products%2F6525924 HTTP/1.1" 200 15620 "-" "Mozilla/5.0 (Linux; Android 6.0.1; Nexus 5X Build/MMB29P) AppleWebKit/537.36 (KHTML, like Gecko) Chrome/143.0.7499.192 Mobile Safari/537.36 (compatible; Googlebot/2.1; +http://www.google.com/bot.html)"
66.249.66.3 - - [15/Jan/2026:13:58:41 +0000] "GET /wp-content/plugins/woocommerce/assets/js/frontend/woocommerce.min.js?ver=10.3.5 HTTP/1.1" 200 1275 "https://maheensbeauty.com/?products%2F10472613" "Mozilla/5.0 (Linux; Android 6.0.1; Nexus 5X Build/MMB29P) AppleWebKit/537.36 (KHTML, like Gecko) Chrome/143.0.7499.192 Mobile Safari/537.36 (compatible; Googlebot/2.1; +http://www.google.com/bot.html)"
66.249.66.161 - - [15/Jan/2026:13:58:47 +0000] "GET /?products%2F16508046 HTTP/1.1" 200 15620 "-" "Mozilla/5.0 (Linux; Android 6.0.1; Nexus 5X Build/MMB29P) AppleWebKit/537.36 (KHTML, like Gecko) Chrome/143.0.7499.192 Mobile Safari/537.36 (compatible; Googlebot/2.1; +http://www.google.com/bot.html)"
66.249.66.39 - - [15/Jan/2026:13:59:05 +0000] "GET /?products%2F2616380 HTTP/1.1" 200 15620 "-" "Mozilla/5.0 (Linux; Android 6.0.1; Nexus 5X Build/MMB29P) AppleWebKit/537.36 (KHTML, like Gecko) Chrome/143.0.7499.192 Mobile Safari/537.36 (compatible; Googlebot/2.1; +http://www.google.com/bot.html)"
66.249.66.39 - - [15/Jan/2026:13:59:09 +0000] "GET /?products%2F5436680 HTTP/1.1" 200 15620 "-" "Mozilla/5.0 (Linux; Android 6.0.1; Nexus 5X Build/MMB29P) AppleWebKit/537.36 (KHTML, like Gecko) Chrome/143.0.7499.192 Mobile Safari/537.36 (compatible; Googlebot/2.1; +http://www.google.com/bot.html)"
66.249.66.39 - - [15/Jan/2026:13:59:20 +0000] "GET /?products%2F14379735 HTTP/1.1" 200 15620 "-" "Mozilla/5.0 (Linux; Android 6.0.1; Nexus 5X Build/MMB29P) AppleWebKit/537.36 (KHTML, like Gecko) Chrome/143.0.7499.192 Mobile Safari/537.36 (compatible; Googlebot/2.1; +http://www.google.com/bot.html)"
66.249.66.161 - - [15/Jan/2026:13:59:23 +0000] "GET /?products%2F15752991 HTTP/1.1" 200 15620 "-" "Mozilla/5.0 (Linux; Android 6.0.1; Nexus 5X Build/MMB29P) AppleWebKit/537.36 (KHTML, like Gecko) Chrome/143.0.7499.192 Mobile Safari/537.36 (compatible; Googlebot/2.1; +http://www.google.com/bot.html)"
66.249.66.39 - - [15/Jan/2026:13:59:31 +0000] "GET /?products%2F1571268 HTTP/1.1" 200 15620 "-" "Mozilla/5.0 (Linux; Android 6.0.1; Nexus 5X Build/MMB29P) AppleWebKit/537.36 (KHTML, like Gecko) Chrome/143.0.7499.192 Mobile Safari/537.36 (compatible; Googlebot/2.1; +http://www.google.com/bot.html)"
66.249.66.2 - - [15/Jan/2026:13:59:34 +0000] "GET /?products%2F2916802 HTTP/1.1" 200 15620 "-" "Mozilla/5.0 (Linux; Android 6.0.1; Nexus 5X Build/MMB29P) AppleWebKit/537.36 (KHTML, like Gecko) Chrome/143.0.7499.192 Mobile Safari/537.36 (compatible; Googlebot/2.1; +http://www.google.com/bot.html)"
66.249.66.161 - - [15/Jan/2026:13:59:38 +0000] "GET /?products%2F14532146 HTTP/1.1" 200 15620 "-" "Mozilla/5.0 (Linux; Android 6.0.1; Nexus 5X Build/MMB29P) AppleWebKit/537.36 (KHTML, like Gecko) Chrome/143.0.7499.192 Mobile Safari/537.36 (compatible; Googlebot/2.1; +http://www.google.com/bot.html)"
66.249.66.199 - - [15/Jan/2026:13:59:41 +0000] "GET /?products%2F12452713 HTTP/1.1" 200 15620 "-" "Mozilla/5.0 (Linux; Android 6.0.1; Nexus 5X Build/MMB29P) AppleWebKit/537.36 (KHTML, like Gecko) Chrome/143.0.7499.192 Mobile Safari/537.36 (compatible; Googlebot/2.1; +http://www.google.com/bot.html)"
66.249.66.65 - - [15/Jan/2026:13:59:44 +0000] "GET /?products%2F6369457 HTTP/1.1" 200 15620 "-" "Mozilla/5.0 (Linux; Android 6.0.1; Nexus 5X Build/MMB29P) AppleWebKit/537.36 (KHTML, like Gecko) Chrome/143.0.7499.192 Mobile Safari/537.36 (compatible; Googlebot/2.1; +http://www.google.com/bot.html)"
66.249.66.199 - - [15/Jan/2026:13:59:53 +0000] "GET /?products%2F11258635 HTTP/1.1" 200 15620 "-" "Mozilla/5.0 (Linux; Android 6.0.1; Nexus 5X Build/MMB29P) AppleWebKit/537.36 (KHTML, like Gecko) Chrome/143.0.7499.192 Mobile Safari/537.36 (compatible; Googlebot/2.1; +http://www.google.com/bot.html)"
66.249.66.161 - - [15/Jan/2026:13:59:56 +0000] "GET /wp-content/plugins/woocommerce/assets/css/brands.css?ver=10.3.5 HTTP/1.1" 200 579 "https://maheensbeauty.com/?products%2F14749102" "Mozilla/5.0 (Linux; Android 6.0.1; Nexus 5X Build/MMB29P) AppleWebKit/537.36 (KHTML, like Gecko) Chrome/143.0.7499.192 Mobile Safari/537.36 (compatible; Googlebot/2.1; +http://www.google.com/bot.html)"
66.249.66.161 - - [15/Jan/2026:13:59:56 +0000] "GET /wp-content/themes/hello-elementor/assets/js/hello-frontend.js?ver=3.4.5 HTTP/1.1" 200 493 "https://maheensbeauty.com/?products%2F14749102" "Mozilla/5.0 (Linux; Android 6.0.1; Nexus 5X Build/MMB29P) AppleWebKit/537.36 (KHTML, like Gecko) Chrome/143.0.7499.192 Mobile Safari/537.36 (compatible; Googlebot/2.1; +http://www.google.com/bot.html)"
66.249.66.199 - - [15/Jan/2026:13:59:56 +0000] "GET /wp-includes/js/jquery/ui/core.min.js?ver=1.13.3 HTTP/1.1" 200 6812 "https://maheensbeauty.com/?products%2F14749102" "Mozilla/5.0 (Linux; Android 6.0.1; Nexus 5X Build/MMB29P) AppleWebKit/537.36 (KHTML, like Gecko) Chrome/143.0.7499.192 Mobile Safari/537.36 (compatible; Googlebot/2.1; +http://www.google.com/bot.html)"
66.249.66.161 - - [15/Jan/2026:13:59:56 +0000] "GET /?products%2F12170413 HTTP/1.1" 200 15620 "-" "Mozilla/5.0 (Linux; Android 6.0.1; Nexus 5X Build/MMB29P) AppleWebKit/537.36 (KHTML, like Gecko) Chrome/143.0.7499.192 Mobile Safari/537.36 (compatible; Googlebot/2.1; +http://www.google.com/bot.html)"
66.249.66.39 - - [15/Jan/2026:13:58:45 +0000] "GET /?products%2F11469468 HTTP/1.1" 200 15620 "-" "Mozilla/5.0 (Linux; Android 6.0.1; Nexus 5X Build/MMB29P) AppleWebKit/537.36 (KHTML, like Gecko) Chrome/143.0.7499.192 Mobile Safari/537.36 (compatible; Googlebot/2.1; +http://www.google.com/bot.html)"
66.249.66.2 - - [15/Jan/2026:13:58:53 +0000] "GET /?products%2F7990835 HTTP/1.1" 200 15620 "-" "Mozilla/5.0 (Linux; Android 6.0.1; Nexus 5X Build/MMB29P) AppleWebKit/537.36 (KHTML, like Gecko) Chrome/143.0.7499.192 Mobile Safari/537.36 (compatible; Googlebot/2.1; +http://www.google.com/bot.html)"
66.249.66.39 - - [15/Jan/2026:13:58:56 +0000] "GET /?products%2F3579124 HTTP/1.1" 200 15620 "-" "Mozilla/5.0 (Linux; Android 6.0.1; Nexus 5X Build/MMB29P) AppleWebKit/537.36 (KHTML, like Gecko) Chrome/143.0.7499.192 Mobile Safari/537.36 (compatible; Googlebot/2.1; +http://www.google.com/bot.html)"
66.249.66.2 - - [15/Jan/2026:13:58:59 +0000] "GET /?products%2F16759157 HTTP/1.1" 200 15620 "-" "Mozilla/5.0 (Linux; Android 6.0.1; Nexus 5X Build/MMB29P) AppleWebKit/537.36 (KHTML, like Gecko) Chrome/143.0.7499.192 Mobile Safari/537.36 (compatible; Googlebot/2.1; +http://www.google.com/bot.html)"
66.249.66.2 - - [15/Jan/2026:13:59:18 +0000] "GET /?products%2F11889802 HTTP/1.1" 200 15620 "-" "Mozilla/5.0 (Linux; Android 6.0.1; Nexus 5X Build/MMB29P) AppleWebKit/537.36 (KHTML, like Gecko) Chrome/143.0.7499.192 Mobile Safari/537.36 (compatible; Googlebot/2.1; +http://www.google.com/bot.html)"
66.249.66.199 - - [15/Jan/2026:13:59:14 +0000] "GET /?products%2F1914368 HTTP/1.1" 200 15620 "-" "Mozilla/5.0 (Linux; Android 6.0.1; Nexus 5X Build/MMB29P) AppleWebKit/537.36 (KHTML, like Gecko) Chrome/143.0.7499.192 Mobile Safari/537.36 (compatible; Googlebot/2.1; +http://www.google.com/bot.html)"
66.249.66.65 - - [15/Jan/2026:13:59:30 +0000] "GET /?products%2F14589035 HTTP/1.1" 200 15620 "-" "Mozilla/5.0 (Linux; Android 6.0.1; Nexus 5X Build/MMB29P) AppleWebKit/537.36 (KHTML, like Gecko) Chrome/143.0.7499.192 Mobile Safari/537.36 (compatible; Googlebot/2.1; +http://www.google.com/bot.html)"
66.249.66.161 - - [15/Jan/2026:13:59:47 +0000] "GET /?products%2F10704802 HTTP/1.1" 200 15620 "-" "Mozilla/5.0 (Linux; Android 6.0.1; Nexus 5X Build/MMB29P) AppleWebKit/537.36 (KHTML, like Gecko) Chrome/143.0.7499.192 Mobile Safari/537.36 (compatible; Googlebot/2.1; +http://www.google.com/bot.html)"
66.249.66.65 - - [15/Jan/2026:13:59:50 +0000] "GET /?products%2F14749102 HTTP/1.1" 200 15620 "-" "Mozilla/5.0 (Linux; Android 6.0.1; Nexus 5X Build/MMB29P) AppleWebKit/537.36 (KHTML, like Gecko) Chrome/143.0.7499.192 Mobile Safari/537.36 (compatible; Googlebot/2.1; +http://www.google.com/bot.html)"
66.249.66.65 - - [15/Jan/2026:13:59:59 +0000] "GET /?products%2F15338802 HTTP/1.1" 200 15620 "-" "Mozilla/5.0 (Linux; Android 6.0.1; Nexus 5X Build/MMB29P) AppleWebKit/537.36 (KHTML, like Gecko) Chrome/143.0.7499.192 Mobile Safari/537.36 (compatible; Googlebot/2.1; +http://www.google.com/bot.html)"
66.249.66.199 - - [15/Jan/2026:14:00:02 +0000] "GET /?products%2F5307046 HTTP/1.1" 200 15620 "-" "Mozilla/5.0 (Linux; Android 6.0.1; Nexus 5X Build/MMB29P) AppleWebKit/537.36 (KHTML, like Gecko) Chrome/143.0.7499.192 Mobile Safari/537.36 (compatible; Googlebot/2.1; +http://www.google.com/bot.html)"
66.249.66.2 - - [15/Jan/2026:14:00:05 +0000] "GET /?products%2F12125613 HTTP/1.1" 200 15620 "-" "Mozilla/5.0 (Linux; Android 6.0.1; Nexus 5X Build/MMB29P) AppleWebKit/537.36 (KHTML, like Gecko) Chrome/143.0.7499.192 Mobile Safari/537.36 (compatible; Googlebot/2.1; +http://www.google.com/bot.html)"
66.249.66.39 - - [15/Jan/2026:14:00:11 +0000] "GET /?products%2F6184524 HTTP/1.1" 200 15620 "-" "Mozilla/5.0 (Linux; Android 6.0.1; Nexus 5X Build/MMB29P) AppleWebKit/537.36 (KHTML, like Gecko) Chrome/143.0.7499.192 Mobile Safari/537.36 (compatible; Googlebot/2.1; +http://www.google.com/bot.html)"
66.249.66.161 - - [15/Jan/2026:14:00:14 +0000] "GET /?products%2F14896957 HTTP/1.1" 200 15620 "-" "Mozilla/5.0 (Linux; Android 6.0.1; Nexus 5X Build/MMB29P) AppleWebKit/537.36 (KHTML, like Gecko) Chrome/143.0.7499.192 Mobile Safari/537.36 (compatible; Googlebot/2.1; +http://www.google.com/bot.html)"
66.249.66.2 - - [15/Jan/2026:14:00:17 +0000] "GET /?products%2F1423180 HTTP/1.1" 200 15620 "-" "Mozilla/5.0 (Linux; Android 6.0.1; Nexus 5X Build/MMB29P) AppleWebKit/537.36 (KHTML, like Gecko) Chrome/143.0.7499.192 Mobile Safari/537.36 (compatible; Googlebot/2.1; +http://www.google.com/bot.html)"
66.249.66.65 - - [15/Jan/2026:14:01:40 +0000] "GET /?products%2F19909268 HTTP/1.1" 200 15620 "-" "Mozilla/5.0 (Linux; Android 6.0.1; Nexus 5X Build/MMB29P) AppleWebKit/537.36 (KHTML, like Gecko) Chrome/143.0.7499.192 Mobile Safari/537.36 (compatible; Googlebot/2.1; +http://www.google.com/bot.html)"
173.252.107.32 - - [15/Jan/2026:14:22:50 +0000] "GET / HTTP/2" 200 65876 "-" "meta-webindexer/1.1 (+https://developers.facebook.com/docs/sharing/webmasters/crawler)"
66.249.66.65 - - [15/Jan/2026:14:23:34 +0000] "GET /?products%2F23681580 HTTP/1.1" 200 15620 "-" "Mozilla/5.0 (Linux; Android 6.0.1; Nexus 5X Build/MMB29P) AppleWebKit/537.36 (KHTML, like Gecko) Chrome/143.0.7499.192 Mobile Safari/537.36 (compatible; Googlebot/2.1; +http://www.google.com/bot.html)"
66.249.66.65 - - [15/Jan/2026:14:24:00 +0000] "GET /?products%2F5780291 HTTP/1.1" 200 15620 "-" "Mozilla/5.0 (Linux; Android 6.0.1; Nexus 5X Build/MMB29P) AppleWebKit/537.36 (KHTML, like Gecko) Chrome/143.0.7499.192 Mobile Safari/537.36 (compatible; Googlebot/2.1; +http://www.google.com/bot.html)"
66.249.66.65 - - [15/Jan/2026:14:24:03 +0000] "GET /?products%2F13620157 HTTP/1.1" 200 15620 "-" "Mozilla/5.0 (Linux; Android 6.0.1; Nexus 5X Build/MMB29P) AppleWebKit/537.36 (KHTML, like Gecko) Chrome/143.0.7499.192 Mobile Safari/537.36 (compatible; Googlebot/2.1; +http://www.google.com/bot.html)"
66.249.66.3 - - [15/Jan/2026:14:01:35 +0000] "GET /?products%2F26415479 HTTP/1.1" 200 15620 "-" "Mozilla/5.0 (Linux; Android 6.0.1; Nexus 5X Build/MMB29P) AppleWebKit/537.36 (KHTML, like Gecko) Chrome/143.0.7499.192 Mobile Safari/537.36 (compatible; Googlebot/2.1; +http://www.google.com/bot.html)"
66.249.66.199 - - [15/Jan/2026:14:01:37 +0000] "GET /?products%2F26378480 HTTP/1.1" 200 15620 "-" "Mozilla/5.0 (Linux; Android 6.0.1; Nexus 5X Build/MMB29P) AppleWebKit/537.36 (KHTML, like Gecko) Chrome/143.0.7499.192 Mobile Safari/537.36 (compatible; Googlebot/2.1; +http://www.google.com/bot.html)"
66.249.66.162 - - [15/Jan/2026:14:01:43 +0000] "GET /?products%2F12381124 HTTP/1.1" 200 15620 "-" "Mozilla/5.0 (Linux; Android 6.0.1; Nexus 5X Build/MMB29P) AppleWebKit/537.36 (KHTML, like Gecko) Chrome/143.0.7499.192 Mobile Safari/537.36 (compatible; Googlebot/2.1; +http://www.google.com/bot.html)"
64.31.22.34 - - [15/Jan/2026:14:01:47 +0000] "POST /wp-cron.php?doing_wp_cron=1768485707.1030108928680419921875 HTTP/1.1" 200 0 "-" "WordPress/6.9; https://maheensbeauty.com"
66.249.66.199 - - [15/Jan/2026:14:01:46 +0000] "GET /?products%2F13165591 HTTP/1.1" 200 15620 "-" "Mozilla/5.0 (Linux; Android 6.0.1; Nexus 5X Build/MMB29P) AppleWebKit/537.36 (KHTML, like Gecko) Chrome/143.0.7499.192 Mobile Safari/537.36 (compatible; Googlebot/2.1; +http://www.google.com/bot.html)"
66.249.66.199 - - [15/Jan/2026:14:01:49 +0000] "GET /?products%2F20278024 HTTP/1.1" 200 15620 "-" "Mozilla/5.0 (Linux; Android 6.0.1; Nexus 5X Build/MMB29P) AppleWebKit/537.36 (KHTML, like Gecko) Chrome/143.0.7499.192 Mobile Safari/537.36 (compatible; Googlebot/2.1; +http://www.google.com/bot.html)"
35.84.184.45 - - [15/Jan/2026:14:19:36 +0000] "GET /robots.txt HTTP/2" 200 71 "-" "Mozilla/5.0 (compatible; wpbot/1.4; +https://forms.gle/ajBaxygz9jSR8p8G9)"
64.31.22.34 - - [15/Jan/2026:14:19:37 +0000] "POST /wp-cron.php?doing_wp_cron=1768486777.9724628925323486328125 HTTP/1.1" 200 0 "-" "WordPress/6.9; https://maheensbeauty.com"
35.84.184.45 - - [15/Jan/2026:14:19:36 +0000] "GET / HTTP/2" 301 0 "-" "Mozilla/5.0 (compatible; wpbot/1.4; +https://forms.gle/ajBaxygz9jSR8p8G9)"
35.84.184.45 - - [15/Jan/2026:14:19:38 +0000] "GET / HTTP/2" 200 17517 "-" "Mozilla/5.0 (compatible; wpbot/1.4; +https://forms.gle/ajBaxygz9jSR8p8G9)"
64.31.22.34 - - [15/Jan/2026:14:22:51 +0000] "POST /wp-cron.php?doing_wp_cron=1768486971.1674520969390869140625 HTTP/1.1" 200 0 "-" "WordPress/6.9; https://maheensbeauty.com"
66.249.66.41 - - [15/Jan/2026:14:23:25 +0000] "GET /?products%2F7558702 HTTP/1.1" 200 15620 "-" "Mozilla/5.0 (Linux; Android 6.0.1; Nexus 5X Build/MMB29P) AppleWebKit/537.36 (KHTML, like Gecko) Chrome/143.0.7499.192 Mobile Safari/537.36 (compatible; Googlebot/2.1; +http://www.google.com/bot.html)"
66.249.66.39 - - [15/Jan/2026:14:23:44 +0000] "GET /?products%2F14025324 HTTP/1.1" 200 15620 "-" "Mozilla/5.0 (Linux; Android 6.0.1; Nexus 5X Build/MMB29P) AppleWebKit/537.36 (KHTML, like Gecko) Chrome/143.0.7499.192 Mobile Safari/537.36 (compatible; Googlebot/2.1; +http://www.google.com/bot.html)"
66.249.66.2 - - [15/Jan/2026:14:24:00 +0000] "GET /wp-content/plugins/woocommerce/assets/css/woocommerce.css?ver=10.3.5 HTTP/1.1" 200 10314 "https://maheensbeauty.com/?products%2F14025324" "Mozilla/5.0 (Linux; Android 6.0.1; Nexus 5X Build/MMB29P) AppleWebKit/537.36 (KHTML, like Gecko) Chrome/143.0.7499.192 Mobile Safari/537.36 (compatible; Googlebot/2.1; +http://www.google.com/bot.html)"
66.249.66.39 - - [15/Jan/2026:14:24:11 +0000] "GET /?products%2F11420868 HTTP/1.1" 200 15620 "-" "Mozilla/5.0 (Linux; Android 6.0.1; Nexus 5X Build/MMB29P) AppleWebKit/537.36 (KHTML, like Gecko) Chrome/143.0.7499.192 Mobile Safari/537.36 (compatible; Googlebot/2.1; +http://www.google.com/bot.html)"
66.249.66.161 - - [15/Jan/2026:14:24:40 +0000] "GET /?products%2F14911068 HTTP/1.1" 200 15620 "-" "Mozilla/5.0 (Linux; Android 6.0.1; Nexus 5X Build/MMB29P) AppleWebKit/537.36 (KHTML, like Gecko) Chrome/143.0.7499.192 Mobile Safari/537.36 (compatible; Googlebot/2.1; +http://www.google.com/bot.html)"
66.249.66.2 - - [15/Jan/2026:14:24:05 +0000] "GET /?products%2F14230135 HTTP/1.1" 200 15620 "-" "Mozilla/5.0 (Linux; Android 6.0.1; Nexus 5X Build/MMB29P) AppleWebKit/537.36 (KHTML, like Gecko) Chrome/143.0.7499.192 Mobile Safari/537.36 (compatible; Googlebot/2.1; +http://www.google.com/bot.html)"
66.249.66.199 - - [15/Jan/2026:14:24:20 +0000] "GET /?products%2F16155924 HTTP/1.1" 200 15620 "-" "Mozilla/5.0 (Linux; Android 6.0.1; Nexus 5X Build/MMB29P) AppleWebKit/537.36 (KHTML, like Gecko) Chrome/143.0.7499.192 Mobile Safari/537.36 (compatible; Googlebot/2.1; +http://www.google.com/bot.html)"
66.249.66.2 - - [15/Jan/2026:14:24:41 +0000] "GET /?products%2F19388568 HTTP/1.1" 200 15620 "-" "Mozilla/5.0 (Linux; Android 6.0.1; Nexus 5X Build/MMB29P) AppleWebKit/537.36 (KHTML, like Gecko) Chrome/143.0.7499.192 Mobile Safari/537.36 (compatible; Googlebot/2.1; +http://www.google.com/bot.html)"
66.249.66.161 - - [15/Jan/2026:14:24:47 +0000] "GET /?products%2F12654413 HTTP/1.1" 200 15620 "-" "Mozilla/5.0 (Linux; Android 6.0.1; Nexus 5X Build/MMB29P) AppleWebKit/537.36 (KHTML, like Gecko) Chrome/143.0.7499.192 Mobile Safari/537.36 (compatible; Googlebot/2.1; +http://www.google.com/bot.html)"
66.249.66.3 - - [15/Jan/2026:14:25:08 +0000] "GET /?products%2F2724680 HTTP/1.1" 200 15620 "-" "Mozilla/5.0 (Linux; Android 6.0.1; Nexus 5X Build/MMB29P) AppleWebKit/537.36 (KHTML, like Gecko) Chrome/143.0.7499.192 Mobile Safari/537.36 (compatible; Googlebot/2.1; +http://www.google.com/bot.html)"
64.31.22.34 - - [15/Jan/2026:14:24:48 +0000] "POST /wp-cron.php?doing_wp_cron=1768487088.5539999008178710937500 HTTP/1.1" 200 0 "-" "WordPress/6.9; https://maheensbeauty.com"
66.249.66.199 - - [15/Jan/2026:14:24:55 +0000] "GET /?products%2F15592380 HTTP/1.1" 200 15620 "-" "Mozilla/5.0 (Linux; Android 6.0.1; Nexus 5X Build/MMB29P) AppleWebKit/537.36 (KHTML, like Gecko) Chrome/143.0.7499.192 Mobile Safari/537.36 (compatible; Googlebot/2.1; +http://www.google.com/bot.html)"
66.249.66.39 - - [15/Jan/2026:14:25:02 +0000] "GET /?products%2F8560057 HTTP/1.1" 200 15620 "-" "Mozilla/5.0 (Linux; Android 6.0.1; Nexus 5X Build/MMB29P) AppleWebKit/537.36 (KHTML, like Gecko) Chrome/143.0.7499.192 Mobile Safari/537.36 (compatible; Googlebot/2.1; +http://www.google.com/bot.html)"
66.249.66.161 - - [15/Jan/2026:14:25:22 +0000] "GET /?products%2F12400135 HTTP/1.1" 200 15620 "-" "Mozilla/5.0 (Linux; Android 6.0.1; Nexus 5X Build/MMB29P) AppleWebKit/537.36 (KHTML, like Gecko) Chrome/143.0.7499.192 Mobile Safari/537.36 (compatible; Googlebot/2.1; +http://www.google.com/bot.html)"
66.249.66.2 - - [15/Jan/2026:14:25:33 +0000] "GET /?products%2F19336424 HTTP/1.1" 200 15620 "-" "Mozilla/5.0 (Linux; Android 6.0.1; Nexus 5X Build/MMB29P) AppleWebKit/537.36 (KHTML, like Gecko) Chrome/143.0.7499.192 Mobile Safari/537.36 (compatible; Googlebot/2.1; +http://www.google.com/bot.html)"
66.249.66.199 - - [15/Jan/2026:14:25:55 +0000] "GET /?products%2F9149424 HTTP/1.1" 200 15620 "-" "Mozilla/5.0 (Linux; Android 6.0.1; Nexus 5X Build/MMB29P) AppleWebKit/537.36 (KHTML, like Gecko) Chrome/143.0.7499.192 Mobile Safari/537.36 (compatible; Googlebot/2.1; +http://www.google.com/bot.html)"
66.249.66.199 - - [15/Jan/2026:14:26:04 +0000] "GET /?products%2F20058424 HTTP/1.1" 200 15620 "-" "Mozilla/5.0 (Linux; Android 6.0.1; Nexus 5X Build/MMB29P) AppleWebKit/537.36 (KHTML, like Gecko) Chrome/143.0.7499.192 Mobile Safari/537.36 (compatible; Googlebot/2.1; +http://www.google.com/bot.html)"
66.249.66.3 - - [15/Jan/2026:14:26:08 +0000] "GET /?products%2F15472302 HTTP/1.1" 200 15620 "-" "Mozilla/5.0 (Linux; Android 6.0.1; Nexus 5X Build/MMB29P) AppleWebKit/537.36 (KHTML, like Gecko) Chrome/143.0.7499.192 Mobile Safari/537.36 (compatible; Googlebot/2.1; +http://www.google.com/bot.html)"
66.249.66.39 - - [15/Jan/2026:14:26:13 +0000] "GET /?products%2F2961202 HTTP/1.1" 200 15620 "-" "Mozilla/5.0 (Linux; Android 6.0.1; Nexus 5X Build/MMB29P) AppleWebKit/537.36 (KHTML, like Gecko) Chrome/143.0.7499.192 Mobile Safari/537.36 (compatible; Googlebot/2.1; +http://www.google.com/bot.html)"
18.97.9.100 - - [15/Jan/2026:14:55:01 +0000] "GET /robots.txt HTTP/1.1" 200 71 "-" "Mozilla/5.0 AppleWebKit/537.36 (KHTML, like Gecko; compatible; PerplexityBot/1.0; +https://perplexity.ai/perplexitybot)"
64.31.22.34 - - [15/Jan/2026:14:55:04 +0000] "POST /wp-cron.php?doing_wp_cron=1768488904.7923810482025146484375 HTTP/1.1" 200 0 "-" "WordPress/6.9; https://maheensbeauty.com"
66.249.66.163 - - [15/Jan/2026:14:57:07 +0000] "GET /?products%2F13656491 HTTP/1.1" 200 15620 "-" "Mozilla/5.0 (Linux; Android 6.0.1; Nexus 5X Build/MMB29P) AppleWebKit/537.36 (KHTML, like Gecko) Chrome/143.0.7499.192 Mobile Safari/537.36 (compatible; Googlebot/2.1; +http://www.google.com/bot.html)"
66.249.66.161 - - [15/Jan/2026:14:57:45 +0000] "GET /?products%2F20332479 HTTP/1.1" 200 15620 "-" "Mozilla/5.0 (Linux; Android 6.0.1; Nexus 5X Build/MMB29P) AppleWebKit/537.36 (KHTML, like Gecko) Chrome/143.0.7499.192 Mobile Safari/537.36 (compatible; Googlebot/2.1; +http://www.google.com/bot.html)"
66.249.66.39 - - [15/Jan/2026:14:57:57 +0000] "GET /?products%2F12875391 HTTP/1.1" 200 15620 "-" "Mozilla/5.0 (Linux; Android 6.0.1; Nexus 5X Build/MMB29P) AppleWebKit/537.36 (KHTML, like Gecko) Chrome/143.0.7499.192 Mobile Safari/537.36 (compatible; Googlebot/2.1; +http://www.google.com/bot.html)"
66.249.66.2 - - [15/Jan/2026:14:58:17 +0000] "GET /?products%2F13163646 HTTP/1.1" 200 15620 "-" "Mozilla/5.0 (Linux; Android 6.0.1; Nexus 5X Build/MMB29P) AppleWebKit/537.36 (KHTML, like Gecko) Chrome/143.0.7499.192 Mobile Safari/537.36 (compatible; Googlebot/2.1; +http://www.google.com/bot.html)"
66.249.66.2 - - [15/Jan/2026:14:58:20 +0000] "GET /?products%2F12993057 HTTP/1.1" 200 15620 "-" "Mozilla/5.0 (Linux; Android 6.0.1; Nexus 5X Build/MMB29P) AppleWebKit/537.36 (KHTML, like Gecko) Chrome/143.0.7499.192 Mobile Safari/537.36 (compatible; Googlebot/2.1; +http://www.google.com/bot.html)"
66.249.66.2 - - [15/Jan/2026:14:58:22 +0000] "GET /?products%2F8146524 HTTP/1.1" 200 15620 "-" "Mozilla/5.0 (Linux; Android 6.0.1; Nexus 5X Build/MMB29P) AppleWebKit/537.36 (KHTML, like Gecko) Chrome/143.0.7499.192 Mobile Safari/537.36 (compatible; Googlebot/2.1; +http://www.google.com/bot.html)"
66.249.66.199 - - [15/Jan/2026:14:58:26 +0000] "GET /?products%2F13137013 HTTP/1.1" 200 15620 "-" "Mozilla/5.0 (Linux; Android 6.0.1; Nexus 5X Build/MMB29P) AppleWebKit/537.36 (KHTML, like Gecko) Chrome/143.0.7499.192 Mobile Safari/537.36 (compatible; Googlebot/2.1; +http://www.google.com/bot.html)"
64.31.22.34 - - [15/Jan/2026:15:38:10 +0000] "POST /wp-cron.php?doing_wp_cron=1768491490.7187190055847167968750 HTTP/1.1" 200 0 "-" "WordPress/6.9; https://maheensbeauty.com"
66.249.66.4 - - [15/Jan/2026:15:38:09 +0000] "GET /?products%2F29736902 HTTP/1.1" 200 15620 "-" "Mozilla/5.0 (Linux; Android 6.0.1; Nexus 5X Build/MMB29P) AppleWebKit/537.36 (KHTML, like Gecko) Chrome/143.0.7499.192 Mobile Safari/537.36 (compatible; Googlebot/2.1; +http://www.google.com/bot.html)"
154.192.17.86 - - [15/Jan/2026:15:55:31 +0000] "GET /wp-content/uploads/2024/10/Profile02-scaled.jpg HTTP/2" 200 781357 "https://www.google.com/" "Mozilla/5.0 (Linux; Android 10; K) AppleWebKit/537.36 (KHTML, like Gecko) Chrome/143.0.0.0 Mobile Safari/537.36"
64.31.22.34 - - [15/Jan/2026:16:04:24 +0000] "POST /wp-cron.php?doing_wp_cron=1768493064.1515409946441650390625 HTTP/1.1" 200 0 "-" "WordPress/6.9; https://maheensbeauty.com"
57.141.18.84 - - [15/Jan/2026:16:04:23 +0000] "GET / HTTP/2" 200 65876 "-" "meta-webindexer/1.1 (+https://developers.facebook.com/docs/sharing/webmasters/crawler)"
64.31.22.34 - - [15/Jan/2026:16:15:47 +0000] "POST /wp-cron.php?doing_wp_cron=1768493747.1108698844909667968750 HTTP/1.1" 200 0 "-" "WordPress/6.9; https://maheensbeauty.com"
64.31.22.34 - - [15/Jan/2026:16:15:48 +0000] "POST /wp-admin/admin-ajax.php?action=wp_1_wc_privacy_cleanup&nonce=4db1039183 HTTP/1.1" 200 0 "-" "WordPress/6.9; https://maheensbeauty.com"
18.97.9.97 - - [15/Jan/2026:14:55:01 +0000] "GET / HTTP/1.1" 200 17517 "-" "Mozilla/5.0 AppleWebKit/537.36 (KHTML, like Gecko; compatible; PerplexityBot/1.0; +https://perplexity.ai/perplexitybot)"
66.249.66.2 - - [15/Jan/2026:14:57:59 +0000] "GET /?products%2F11952524 HTTP/1.1" 200 15620 "-" "Mozilla/5.0 (Linux; Android 6.0.1; Nexus 5X Build/MMB29P) AppleWebKit/537.36 (KHTML, like Gecko) Chrome/143.0.7499.192 Mobile Safari/537.36 (compatible; Googlebot/2.1; +http://www.google.com/bot.html)"
66.249.66.161 - - [15/Jan/2026:14:58:11 +0000] "GET /?products%2F23339324 HTTP/1.1" 200 15620 "-" "Mozilla/5.0 (Linux; Android 6.0.1; Nexus 5X Build/MMB29P) AppleWebKit/537.36 (KHTML, like Gecko) Chrome/143.0.7499.192 Mobile Safari/537.36 (compatible; Googlebot/2.1; +http://www.google.com/bot.html)"
66.249.66.161 - - [15/Jan/2026:14:58:13 +0000] "GET /?products%2F15239079 HTTP/1.1" 200 15620 "-" "Mozilla/5.0 (Linux; Android 6.0.1; Nexus 5X Build/MMB29P) AppleWebKit/537.36 (KHTML, like Gecko) Chrome/143.0.7499.192 Mobile Safari/537.36 (compatible; Googlebot/2.1; +http://www.google.com/bot.html)"
64.31.22.34 - - [15/Jan/2026:15:31:15 +0000] "POST /wp-cron.php?doing_wp_cron=1768491075.9451029300689697265625 HTTP/1.1" 200 0 "-" "WordPress/6.9; https://maheensbeauty.com"
173.252.107.23 - - [15/Jan/2026:15:31:14 +0000] "GET / HTTP/2" 200 65876 "-" "meta-webindexer/1.1 (+https://developers.facebook.com/docs/sharing/webmasters/crawler)"
155.133.142.66 - - [15/Jan/2026:16:15:46 +0000] "POST /wp-login.php HTTP/1.1" 200 2308 "-" "Mozilla/5.0 (Windows NT 10.0; Win64; x64; rv:72.0) Gecko/20100101 Firefox/72.0"
173.252.107.29 - - [15/Jan/2026:16:22:38 +0000] "GET / HTTP/2" 200 65876 "-" "meta-webindexer/1.1 (+https://developers.facebook.com/docs/sharing/webmasters/crawler)"
103.149.240.222 - - [15/Jan/2026:16:27:29 +0000] "GET / HTTP/2" 200 15620 "-" "Mozilla/5.0 (Linux; Android 13; Infinix X6525 Build/TP1A.220624.014) AppleWebKit/537.36 (KHTML, like Gecko) Chrome/141.0.7390.122 Mobile Safari/537.36"
103.149.240.222 - - [15/Jan/2026:16:27:31 +0000] "GET /wp-content/plugins/click-to-chat-for-whatsapp/new/inc/assets/css/main.css?ver=4.33 HTTP/2" 200 645 "https://maheensbeauty.com/" "Mozilla/5.0 (Linux; Android 13; Infinix X6525 Build/TP1A.220624.014) AppleWebKit/537.36 (KHTML, like Gecko) Chrome/141.0.7390.122 Mobile Safari/537.36"
103.149.240.222 - - [15/Jan/2026:16:27:31 +0000] "GET /wp-content/plugins/woocommerce/assets/css/woocommerce-layout.css?ver=10.3.5 HTTP/2" 200 3160 "https://maheensbeauty.com/" "Mozilla/5.0 (Linux; Android 13; Infinix X6525 Build/TP1A.220624.014) AppleWebKit/537.36 (KHTML, like Gecko) Chrome/141.0.7390.122 Mobile Safari/537.36"
103.149.240.222 - - [15/Jan/2026:16:27:31 +0000] "GET /wp-content/plugins/woocommerce/assets/css/woocommerce-smallscreen.css?ver=10.3.5 HTTP/2" 200 1165 "https://maheensbeauty.com/" "Mozilla/5.0 (Linux; Android 13; Infinix X6525 Build/TP1A.220624.014) AppleWebKit/537.36 (KHTML, like Gecko) Chrome/141.0.7390.122 Mobile Safari/537.36"
103.149.240.222 - - [15/Jan/2026:16:27:31 +0000] "GET /wp-content/plugins/woocommerce/assets/css/woocommerce.css?ver=10.3.5 HTTP/2" 200 10314 "https://maheensbeauty.com/" "Mozilla/5.0 (Linux; Android 13; Infinix X6525 Build/TP1A.220624.014) AppleWebKit/537.36 (KHTML, like Gecko) Chrome/141.0.7390.122 Mobile Safari/537.36"
103.149.240.222 - - [15/Jan/2026:16:27:32 +0000] "GET /wp-content/plugins/woocommerce/assets/css/brands.css?ver=10.3.5 HTTP/3" 200 579 "https://maheensbeauty.com/" "Mozilla/5.0 (Linux; Android 13; Infinix X6525 Build/TP1A.220624.014) AppleWebKit/537.36 (KHTML, like Gecko) Chrome/141.0.7390.122 Mobile Safari/537.36"
103.149.240.222 - - [15/Jan/2026:16:27:32 +0000] "GET /wp-content/themes/hello-elementor/assets/css/theme.css?ver=3.4.5 HTTP/3" 200 1126 "https://maheensbeauty.com/" "Mozilla/5.0 (Linux; Android 13; Infinix X6525 Build/TP1A.220624.014) AppleWebKit/537.36 (KHTML, like Gecko) Chrome/141.0.7390.122 Mobile Safari/537.36"
103.149.240.222 - - [15/Jan/2026:16:27:32 +0000] "GET /wp-content/themes/hello-elementor/assets/css/reset.css?ver=3.4.5 HTTP/3" 200 1581 "https://maheensbeauty.com/" "Mozilla/5.0 (Linux; Android 13; Infinix X6525 Build/TP1A.220624.014) AppleWebKit/537.36 (KHTML, like Gecko) Chrome/141.0.7390.122 Mobile Safari/537.36"
103.149.240.222 - - [15/Jan/2026:16:27:32 +0000] "GET /wp-content/themes/hello-elementor/assets/css/header-footer.css?ver=3.4.5 HTTP/3" 200 1261 "https://maheensbeauty.com/" "Mozilla/5.0 (Linux; Android 13; Infinix X6525 Build/TP1A.220624.014) AppleWebKit/537.36 (KHTML, like Gecko) Chrome/141.0.7390.122 Mobile Safari/537.36"
103.149.240.222 - - [15/Jan/2026:16:27:32 +0000] "GET /wp-content/plugins/elementor/assets/css/frontend.min.css?ver=3.33.2 HTTP/3" 200 6536 "https://maheensbeauty.com/" "Mozilla/5.0 (Linux; Android 13; Infinix X6525 Build/TP1A.220624.014) AppleWebKit/537.36 (KHTML, like Gecko) Chrome/141.0.7390.122 Mobile Safari/537.36"
103.149.240.222 - - [15/Jan/2026:16:27:32 +0000] "GET /wp-content/uploads/elementor/css/post-2295.css?ver=1764832222 HTTP/3" 200 391 "https://maheensbeauty.com/" "Mozilla/5.0 (Linux; Android 13; Infinix X6525 Build/TP1A.220624.014) AppleWebKit/537.36 (KHTML, like Gecko) Chrome/141.0.7390.122 Mobile Safari/537.36"
103.149.240.222 - - [15/Jan/2026:16:27:32 +0000] "GET /wp-content/plugins/elementor/assets/lib/eicons/css/elementor-icons.min.css?ver=5.44.0 HTTP/3" 200 3997 "https://maheensbeauty.com/" "Mozilla/5.0 (Linux; Android 13; Infinix X6525 Build/TP1A.220624.014) AppleWebKit/537.36 (KHTML, like Gecko) Chrome/141.0.7390.122 Mobile Safari/537.36"
103.149.240.222 - - [15/Jan/2026:16:27:32 +0000] "GET /wp-content/uploads/elementor/css/post-3364.css?ver=1764832223 HTTP/3" 200 88 "https://maheensbeauty.com/" "Mozilla/5.0 (Linux; Android 13; Infinix X6525 Build/TP1A.220624.014) AppleWebKit/537.36 (KHTML, like Gecko) Chrome/141.0.7390.122 Mobile Safari/537.36"
103.149.240.222 - - [15/Jan/2026:16:27:32 +0000] "GET /wp-content/uploads/elementor/google-fonts/css/robotoslab.css?ver=1744100409 HTTP/3" 200 710 "https://maheensbeauty.com/" "Mozilla/5.0 (Linux; Android 13; Infinix X6525 Build/TP1A.220624.014) AppleWebKit/537.36 (KHTML, like Gecko) Chrome/141.0.7390.122 Mobile Safari/537.36"
103.149.240.222 - - [15/Jan/2026:16:27:32 +0000] "GET /wp-content/uploads/elementor/google-fonts/css/roboto.css?ver=1744100406 HTTP/3" 200 1880 "https://maheensbeauty.com/" "Mozilla/5.0 (Linux; Android 13; Infinix X6525 Build/TP1A.220624.014) AppleWebKit/537.36 (KHTML, like Gecko) Chrome/141.0.7390.122 Mobile Safari/537.36"
103.149.240.222 - - [15/Jan/2026:16:27:32 +0000] "GET /wp-content/plugins/woocommerce/assets/client/blocks/wc-blocks.css?ver=wc-10.3.5 HTTP/3" 200 2391 "https://maheensbeauty.com/" "Mozilla/5.0 (Linux; Android 13; Infinix X6525 Build/TP1A.220624.014) AppleWebKit/537.36 (KHTML, like Gecko) Chrome/141.0.7390.122 Mobile Safari/537.36"
103.149.240.222 - - [15/Jan/2026:16:27:32 +0000] "GET /wp-includes/js/jquery/jquery.min.js?ver=3.7.1 HTTP/3" 200 29744 "https://maheensbeauty.com/" "Mozilla/5.0 (Linux; Android 13; Infinix X6525 Build/TP1A.220624.014) AppleWebKit/537.36 (KHTML, like Gecko) Chrome/141.0.7390.122 Mobile Safari/537.36"
103.149.240.222 - - [15/Jan/2026:16:27:32 +0000] "GET /wp-includes/js/jquery/jquery-migrate.min.js?ver=3.4.1 HTTP/3" 200 4678 "https://maheensbeauty.com/" "Mozilla/5.0 (Linux; Android 13; Infinix X6525 Build/TP1A.220624.014) AppleWebKit/537.36 (KHTML, like Gecko) Chrome/141.0.7390.122 Mobile Safari/537.36"
103.149.240.222 - - [15/Jan/2026:16:27:32 +0000] "GET /wp-content/uploads/2025/11/WhatsApp-Image-2025-11-21-at-4.01.33-PM.jpg HTTP/3" 200 49207 "https://maheensbeauty.com/" "Mozilla/5.0 (Linux; Android 13; Infinix X6525 Build/TP1A.220624.014) AppleWebKit/537.36 (KHTML, like Gecko) Chrome/141.0.7390.122 Mobile Safari/537.36"
103.149.240.222 - - [15/Jan/2026:16:27:32 +0000] "GET /wp-content/themes/hello-elementor/assets/js/hello-frontend.js?ver=3.4.5 HTTP/3" 200 493 "https://maheensbeauty.com/" "Mozilla/5.0 (Linux; Android 13; Infinix X6525 Build/TP1A.220624.014) AppleWebKit/537.36 (KHTML, like Gecko) Chrome/141.0.7390.122 Mobile Safari/537.36"
103.149.240.222 - - [15/Jan/2026:16:27:32 +0000] "GET /wp-content/plugins/woocommerce/assets/js/frontend/order-attribution.min.js?ver=10.3.5 HTTP/3" 200 998 "https://maheensbeauty.com/" "Mozilla/5.0 (Linux; Android 13; Infinix X6525 Build/TP1A.220624.014) AppleWebKit/537.36 (KHTML, like Gecko) Chrome/141.0.7390.122 Mobile Safari/537.36"
103.149.240.222 - - [15/Jan/2026:16:27:32 +0000] "GET /wp-content/plugins/woocommerce/assets/js/js-cookie/js.cookie.min.js?ver=2.1.4-wc.10.3.5 HTTP/3" 200 760 "https://maheensbeauty.com/" "Mozilla/5.0 (Linux; Android 13; Infinix X6525 Build/TP1A.220624.014) AppleWebKit/537.36 (KHTML, like Gecko) Chrome/141.0.7390.122 Mobile Safari/537.36"
103.149.240.222 - - [15/Jan/2026:16:27:32 +0000] "GET /wp-content/plugins/woocommerce/assets/js/sourcebuster/sourcebuster.min.js?ver=10.3.5 HTTP/3" 200 4609 "https://maheensbeauty.com/" "Mozilla/5.0 (Linux; Android 13; Infinix X6525 Build/TP1A.220624.014) AppleWebKit/537.36 (KHTML, like Gecko) Chrome/141.0.7390.122 Mobile Safari/537.36"
103.149.240.222 - - [15/Jan/2026:16:27:32 +0000] "GET /wp-content/plugins/elementor/assets/js/webpack.runtime.min.js?ver=3.33.2 HTTP/3" 200 2251 "https://maheensbeauty.com/" "Mozilla/5.0 (Linux; Android 13; Infinix X6525 Build/TP1A.220624.014) AppleWebKit/537.36 (KHTML, like Gecko) Chrome/141.0.7390.122 Mobile Safari/537.36"
103.149.240.222 - - [15/Jan/2026:16:27:32 +0000] "GET /wp-content/plugins/elementor/assets/js/frontend-modules.min.js?ver=3.33.2 HTTP/3" 200 22744 "https://maheensbeauty.com/" "Mozilla/5.0 (Linux; Android 13; Infinix X6525 Build/TP1A.220624.014) AppleWebKit/537.36 (KHTML, like Gecko) Chrome/141.0.7390.122 Mobile Safari/537.36"
103.149.240.222 - - [15/Jan/2026:16:27:32 +0000] "GET /wp-includes/js/jquery/ui/core.min.js?ver=1.13.3 HTTP/3" 200 6812 "https://maheensbeauty.com/" "Mozilla/5.0 (Linux; Android 13; Infinix X6525 Build/TP1A.220624.014) AppleWebKit/537.36 (KHTML, like Gecko) Chrome/141.0.7390.122 Mobile Safari/537.36"
103.149.240.222 - - [15/Jan/2026:16:27:32 +0000] "GET /wp-content/plugins/elementor/assets/js/frontend.min.js?ver=3.33.2 HTTP/3" 200 10035 "https://maheensbeauty.com/" "Mozilla/5.0 (Linux; Android 13; Infinix X6525 Build/TP1A.220624.014) AppleWebKit/537.36 (KHTML, like Gecko) Chrome/141.0.7390.122 Mobile Safari/537.36"
103.149.240.222 - - [15/Jan/2026:16:27:32 +0000] "GET /wp-content/plugins/woocommerce/assets/js/jquery-blockui/jquery.blockUI.min.js?ver=2.7.0-wc.10.3.5 HTTP/3" 200 3277 "https://maheensbeauty.com/" "Mozilla/5.0 (Linux; Android 13; Infinix X6525 Build/TP1A.220624.014) AppleWebKit/537.36 (KHTML, like Gecko) Chrome/141.0.7390.122 Mobile Safari/537.36"
103.149.240.222 - - [15/Jan/2026:16:27:32 +0000] "GET /wp-content/plugins/woocommerce/assets/js/frontend/add-to-cart.min.js?ver=10.3.5 HTTP/3" 200 1225 "https://maheensbeauty.com/" "Mozilla/5.0 (Linux; Android 13; Infinix X6525 Build/TP1A.220624.014) AppleWebKit/537.36 (KHTML, like Gecko) Chrome/141.0.7390.122 Mobile Safari/537.36"
103.149.240.222 - - [15/Jan/2026:16:27:32 +0000] "GET /wp-content/plugins/woocommerce/assets/js/frontend/woocommerce.min.js?ver=10.3.5 HTTP/3" 200 1275 "https://maheensbeauty.com/" "Mozilla/5.0 (Linux; Android 13; Infinix X6525 Build/TP1A.220624.014) AppleWebKit/537.36 (KHTML, like Gecko) Chrome/141.0.7390.122 Mobile Safari/537.36"
103.149.240.222 - - [15/Jan/2026:16:27:32 +0000] "GET /wp-content/plugins/click-to-chat-for-whatsapp/new/inc/assets/js/app.js?ver=4.33 HTTP/3" 200 4493 "https://maheensbeauty.com/" "Mozilla/5.0 (Linux; Android 13; Infinix X6525 Build/TP1A.220624.014) AppleWebKit/537.36 (KHTML, like Gecko) Chrome/141.0.7390.122 Mobile Safari/537.36"
182.188.82.53 - - [15/Jan/2026:16:22:31 +0000] "GET /wp-content/uploads/2024/09/01-scaled.jpg HTTP/2" 206 0 "https://maheensbeauty.com/" "Mozilla/5.0 (Linux; Android 10; K) AppleWebKit/537.36 (KHTML, like Gecko) Chrome/143.0.0.0 Mobile Safari/537.36"
182.188.82.53 - - [15/Jan/2026:16:22:31 +0000] "GET /wp-content/uploads/2024/10/Profile02-scaled.jpg HTTP/2" 200 49125 "https://maheensbeauty.com/" "Mozilla/5.0 (Linux; Android 10; K) AppleWebKit/537.36 (KHTML, like Gecko) Chrome/143.0.0.0 Mobile Safari/537.36"
182.188.82.53 - - [15/Jan/2026:16:22:31 +0000] "GET /wp-content/uploads/2024/06/DSC07701-1-scaled.jpg HTTP/2" 200 0 "https://maheensbeauty.com/" "Mozilla/5.0 (Linux; Android 10; K) AppleWebKit/537.36 (KHTML, like Gecko) Chrome/143.0.0.0 Mobile Safari/537.36"
182.188.82.53 - - [15/Jan/2026:16:22:33 +0000] "GET /wp-content/uploads/2024/09/01-scaled.jpg HTTP/2" 206 114625 "https://maheensbeauty.com/" "Mozilla/5.0 (Linux; Android 10; K) AppleWebKit/537.36 (KHTML, like Gecko) Chrome/143.0.0.0 Mobile Safari/537.36"
64.31.22.34 - - [15/Jan/2026:16:22:39 +0000] "POST /wp-cron.php?doing_wp_cron=1768494159.4700698852539062500000 HTTP/1.1" 200 0 "-" "WordPress/6.9; https://maheensbeauty.com"
64.31.22.34 - - [15/Jan/2026:16:27:30 +0000] "POST /wp-cron.php?doing_wp_cron=1768494450.9795329570770263671875 HTTP/1.1" 200 0 "-" "WordPress/6.9; https://maheensbeauty.com"
216.126.224.11 - - [15/Jan/2026:16:30:23 +0000] "GET /wp-content/plugins/wpclean/wpclean.php?k=woo2025 HTTP/1.1" 404 10400 "-" "Mozilla/5.0 (Windows NT 10.0; Win64; x64; rv:91.0) Gecko/20100101 Firefox/91.0"
103.149.240.222 - - [15/Jan/2026:16:27:33 +0000] "GET /wp-content/plugins/elementor/assets/js/shared-frontend-handlers.03caa53373b56d3bab67.bundle.min.js HTTP/3" 200 2511 "https://maheensbeauty.com/" "Mozilla/5.0 (Linux; Android 13; Infinix X6525 Build/TP1A.220624.014) AppleWebKit/537.36 (KHTML, like Gecko) Chrome/141.0.7390.122 Mobile Safari/537.36"
103.149.240.222 - - [15/Jan/2026:16:27:33 +0000] "GET /wp-includes/js/wp-emoji-release.min.js?ver=6.9 HTTP/3" 200 4949 "https://maheensbeauty.com/" "Mozilla/5.0 (Linux; Android 13; Infinix X6525 Build/TP1A.220624.014) AppleWebKit/537.36 (KHTML, like Gecko) Chrome/141.0.7390.122 Mobile Safari/537.36"
103.149.240.222 - - [15/Jan/2026:16:27:32 +0000] "GET /wp-content/uploads/2024/06/WhatsApp-Image-2024-06-12-at-2.16.28-AM.jpeg HTTP/3" 200 321943 "https://maheensbeauty.com/" "Mozilla/5.0 (Linux; Android 13; Infinix X6525 Build/TP1A.220624.014) AppleWebKit/537.36 (KHTML, like Gecko) Chrome/141.0.7390.122 Mobile Safari/537.36"
103.149.240.222 - - [15/Jan/2026:16:27:32 +0000] "GET /wp-content/uploads/2024/09/01-scaled.jpg HTTP/3" 200 698665 "https://maheensbeauty.com/" "Mozilla/5.0 (Linux; Android 13; Infinix X6525 Build/TP1A.220624.014) AppleWebKit/537.36 (KHTML, like Gecko) Chrome/141.0.7390.122 Mobile Safari/537.36"
103.149.240.222 - - [15/Jan/2026:16:27:32 +0000] "GET /wp-content/uploads/2024/10/Profile02-scaled.jpg HTTP/3" 200 781357 "https://maheensbeauty.com/" "Mozilla/5.0 (Linux; Android 13; Infinix X6525 Build/TP1A.220624.014) AppleWebKit/537.36 (KHTML, like Gecko) Chrome/141.0.7390.122 Mobile Safari/537.36"
103.149.240.222 - - [15/Jan/2026:16:27:32 +0000] "GET /wp-content/uploads/2025/04/2024-12-16-1-1-e1745920420386.webp HTTP/3" 200 58926 "https://maheensbeauty.com/" "Mozilla/5.0 (Linux; Android 13; Infinix X6525 Build/TP1A.220624.014) AppleWebKit/537.36 (KHTML, like Gecko) Chrome/141.0.7390.122 Mobile Safari/537.36"
103.149.240.222 - - [15/Jan/2026:16:27:32 +0000] "GET /wp-content/uploads/2024/11/4-scaled.jpg HTTP/3" 200 443836 "https://maheensbeauty.com/" "Mozilla/5.0 (Linux; Android 13; Infinix X6525 Build/TP1A.220624.014) AppleWebKit/537.36 (KHTML, like Gecko) Chrome/141.0.7390.122 Mobile Safari/537.36"
103.149.240.222 - - [15/Jan/2026:16:27:32 +0000] "GET /wp-content/uploads/2024/06/DSC07701-1-scaled.jpg HTTP/3" 200 660584 "https://maheensbeauty.com/" "Mozilla/5.0 (Linux; Android 13; Infinix X6525 Build/TP1A.220624.014) AppleWebKit/537.36 (KHTML, like Gecko) Chrome/141.0.7390.122 Mobile Safari/537.36"
103.149.240.222 - - [15/Jan/2026:16:27:32 +0000] "GET /wp-content/uploads/2025/04/2022-10-11.jpg HTTP/3" 200 461599 "https://maheensbeauty.com/" "Mozilla/5.0 (Linux; Android 13; Infinix X6525 Build/TP1A.220624.014) AppleWebKit/537.36 (KHTML, like Gecko) Chrome/141.0.7390.122 Mobile Safari/537.36"
103.149.240.222 - - [15/Jan/2026:16:27:37 +0000] "GET /wp-content/uploads/2025/11/WhatsApp-Image-2025-11-21-at-4.01.33-PM-300x300.jpg HTTP/3" 200 10291 "https://maheensbeauty.com/" "Mozilla/5.0 (Linux; Android 13; Infinix X6525 Build/TP1A.220624.014) AppleWebKit/537.36 (KHTML, like Gecko) Chrome/141.0.7390.122 Mobile Safari/537.36"
103.149.240.222 - - [15/Jan/2026:16:27:37 +0000] "GET /wp-content/uploads/2025/11/WhatsApp-Image-2025-11-21-at-4.01.33-PM-100x100.jpg HTTP/3" 200 2379 "https://maheensbeauty.com/" "Mozilla/5.0 (Linux; Android 13; Infinix X6525 Build/TP1A.220624.014) AppleWebKit/537.36 (KHTML, like Gecko) Chrome/141.0.7390.122 Mobile Safari/537.36"
64.31.22.34 - - [15/Jan/2026:16:30:24 +0000] "POST /wp-cron.php?doing_wp_cron=1768494624.6432020664215087890625 HTTP/1.1" 200 0 "-" "WordPress/6.9; https://maheensbeauty.com"
66.249.66.4 - - [15/Jan/2026:16:47:04 +0000] "GET /?products%2F26043235 HTTP/1.1" 200 15620 "-" "Mozilla/5.0 (Linux; Android 6.0.1; Nexus 5X Build/MMB29P) AppleWebKit/537.36 (KHTML, like Gecko) Chrome/143.0.7499.192 Mobile Safari/537.36 (compatible; Googlebot/2.1; +http://www.google.com/bot.html)"
182.183.126.5 - - [15/Jan/2026:17:01:54 +0000] "GET /?ved=2ahUKEwjd-KTQgY6SAxVF9bsIHfZQODYQgU96BAgVEA4 HTTP/2" 200 15620 "https://www.google.com/" "Mozilla/5.0 (Linux; Android 10; K) AppleWebKit/537.36 (KHTML, like Gecko) Chrome/143.0.0.0 Mobile Safari/537.36"
182.183.126.5 - - [15/Jan/2026:17:01:56 +0000] "GET /wp-content/plugins/woocommerce/assets/css/woocommerce-layout.css?ver=10.3.5 HTTP/2" 200 3160 "https://maheensbeauty.com/?ved=2ahUKEwjd-KTQgY6SAxVF9bsIHfZQODYQgU96BAgVEA4" "Mozilla/5.0 (Linux; Android 10; K) AppleWebKit/537.36 (KHTML, like Gecko) Chrome/143.0.0.0 Mobile Safari/537.36"
182.183.126.5 - - [15/Jan/2026:17:01:56 +0000] "GET /wp-content/plugins/click-to-chat-for-whatsapp/new/inc/assets/css/main.css?ver=4.33 HTTP/2" 200 645 "https://maheensbeauty.com/?ved=2ahUKEwjd-KTQgY6SAxVF9bsIHfZQODYQgU96BAgVEA4" "Mozilla/5.0 (Linux; Android 10; K) AppleWebKit/537.36 (KHTML, like Gecko) Chrome/143.0.0.0 Mobile Safari/537.36"
182.183.126.5 - - [15/Jan/2026:17:01:56 +0000] "GET /wp-content/plugins/woocommerce/assets/css/woocommerce-smallscreen.css?ver=10.3.5 HTTP/2" 200 1165 "https://maheensbeauty.com/?ved=2ahUKEwjd-KTQgY6SAxVF9bsIHfZQODYQgU96BAgVEA4" "Mozilla/5.0 (Linux; Android 10; K) AppleWebKit/537.36 (KHTML, like Gecko) Chrome/143.0.0.0 Mobile Safari/537.36"
182.183.126.5 - - [15/Jan/2026:17:01:56 +0000] "GET /wp-content/plugins/woocommerce/assets/css/woocommerce.css?ver=10.3.5 HTTP/2" 200 10314 "https://maheensbeauty.com/?ved=2ahUKEwjd-KTQgY6SAxVF9bsIHfZQODYQgU96BAgVEA4" "Mozilla/5.0 (Linux; Android 10; K) AppleWebKit/537.36 (KHTML, like Gecko) Chrome/143.0.0.0 Mobile Safari/537.36"
182.183.126.5 - - [15/Jan/2026:17:01:56 +0000] "GET /wp-content/plugins/woocommerce/assets/css/brands.css?ver=10.3.5 HTTP/2" 200 579 "https://maheensbeauty.com/?ved=2ahUKEwjd-KTQgY6SAxVF9bsIHfZQODYQgU96BAgVEA4" "Mozilla/5.0 (Linux; Android 10; K) AppleWebKit/537.36 (KHTML, like Gecko) Chrome/143.0.0.0 Mobile Safari/537.36"
182.183.126.5 - - [15/Jan/2026:17:01:56 +0000] "GET /wp-content/themes/hello-elementor/assets/css/reset.css?ver=3.4.5 HTTP/2" 200 1581 "https://maheensbeauty.com/?ved=2ahUKEwjd-KTQgY6SAxVF9bsIHfZQODYQgU96BAgVEA4" "Mozilla/5.0 (Linux; Android 10; K) AppleWebKit/537.36 (KHTML, like Gecko) Chrome/143.0.0.0 Mobile Safari/537.36"
182.183.126.5 - - [15/Jan/2026:17:01:56 +0000] "GET /wp-content/themes/hello-elementor/assets/css/theme.css?ver=3.4.5 HTTP/2" 200 1126 "https://maheensbeauty.com/?ved=2ahUKEwjd-KTQgY6SAxVF9bsIHfZQODYQgU96BAgVEA4" "Mozilla/5.0 (Linux; Android 10; K) AppleWebKit/537.36 (KHTML, like Gecko) Chrome/143.0.0.0 Mobile Safari/537.36"
182.183.126.5 - - [15/Jan/2026:17:01:56 +0000] "GET /wp-content/themes/hello-elementor/assets/css/header-footer.css?ver=3.4.5 HTTP/2" 200 1261 "https://maheensbeauty.com/?ved=2ahUKEwjd-KTQgY6SAxVF9bsIHfZQODYQgU96BAgVEA4" "Mozilla/5.0 (Linux; Android 10; K) AppleWebKit/537.36 (KHTML, like Gecko) Chrome/143.0.0.0 Mobile Safari/537.36"
