182.183.126.5 - - [15/Jan/2026:17:01:56 +0000] "GET /wp-content/plugins/elementor/assets/css/frontend.min.css?ver=3.33.2 HTTP/2" 200 6536 "https://maheensbeauty.com/?ved=2ahUKEwjd-KTQgY6SAxVF9bsIHfZQODYQgU96BAgVEA4" "Mozilla/5.0 (Linux; Android 10; K) AppleWebKit/537.36 (KHTML, like Gecko) Chrome/143.0.0.0 Mobile Safari/537.36"
182.183.126.5 - - [15/Jan/2026:17:01:56 +0000] "GET /wp-content/uploads/elementor/css/post-2295.css?ver=1764832222 HTTP/2" 200 391 "https://maheensbeauty.com/?ved=2ahUKEwjd-KTQgY6SAxVF9bsIHfZQODYQgU96BAgVEA4" "Mozilla/5.0 (Linux; Android 10; K) AppleWebKit/537.36 (KHTML, like Gecko) Chrome/143.0.0.0 Mobile Safari/537.36"
182.183.126.5 - - [15/Jan/2026:17:01:56 +0000] "GET /wp-content/plugins/elementor/assets/lib/eicons/css/elementor-icons.min.css?ver=5.44.0 HTTP/2" 200 3997 "https://maheensbeauty.com/?ved=2ahUKEwjd-KTQgY6SAxVF9bsIHfZQODYQgU96BAgVEA4" "Mozilla/5.0 (Linux; Android 10; K) AppleWebKit/537.36 (KHTML, like Gecko) Chrome/143.0.0.0 Mobile Safari/537.36"
182.183.126.5 - - [15/Jan/2026:17:01:56 +0000] "GET /wp-content/uploads/elementor/google-fonts/css/roboto.css?ver=1744100406 HTTP/2" 200 1880 "https://maheensbeauty.com/?ved=2ahUKEwjd-KTQgY6SAxVF9bsIHfZQODYQgU96BAgVEA4" "Mozilla/5.0 (Linux; Android 10; K) AppleWebKit/537.36 (KHTML, like Gecko) Chrome/143.0.0.0 Mobile Safari/537.36"
182.183.126.5 - - [15/Jan/2026:17:01:56 +0000] "GET /wp-content/uploads/elementor/google-fonts/css/robotoslab.css?ver=1744100409 HTTP/2" 200 710 "https://maheensbeauty.com/?ved=2ahUKEwjd-KTQgY6SAxVF9bsIHfZQODYQgU96BAgVEA4" "Mozilla/5.0 (Linux; Android 10; K) AppleWebKit/537.36 (KHTML, like Gecko) Chrome/143.0.0.0 Mobile Safari/537.36"
182.183.126.5 - - [15/Jan/2026:17:01:56 +0000] "GET /wp-content/plugins/woocommerce/assets/client/blocks/wc-blocks.css?ver=wc-10.3.5 HTTP/2" 200 2391 "https://maheensbeauty.com/?ved=2ahUKEwjd-KTQgY6SAxVF9bsIHfZQODYQgU96BAgVEA4" "Mozilla/5.0 (Linux; Android 10; K) AppleWebKit/537.36 (KHTML, like Gecko) Chrome/143.0.0.0 Mobile Safari/537.36"
182.183.126.5 - - [15/Jan/2026:17:01:56 +0000] "GET /wp-content/uploads/elementor/css/post-3364.css?ver=1764832223 HTTP/2" 200 88 "https://maheensbeauty.com/?ved=2ahUKEwjd-KTQgY6SAxVF9bsIHfZQODYQgU96BAgVEA4" "Mozilla/5.0 (Linux; Android 10; K) AppleWebKit/537.36 (KHTML, like Gecko) Chrome/143.0.0.0 Mobile Safari/537.36"
182.183.126.5 - - [15/Jan/2026:17:01:56 +0000] "GET /wp-includes/js/jquery/jquery-migrate.min.js?ver=3.4.1 HTTP/2" 200 4678 "https://maheensbeauty.com/?ved=2ahUKEwjd-KTQgY6SAxVF9bsIHfZQODYQgU96BAgVEA4" "Mozilla/5.0 (Linux; Android 10; K) AppleWebKit/537.36 (KHTML, like Gecko) Chrome/143.0.0.0 Mobile Safari/537.36"
182.183.126.5 - - [15/Jan/2026:17:01:56 +0000] "GET /wp-includes/js/jquery/jquery.min.js?ver=3.7.1 HTTP/2" 200 29744 "https://maheensbeauty.com/?ved=2ahUKEwjd-KTQgY6SAxVF9bsIHfZQODYQgU96BAgVEA4" "Mozilla/5.0 (Linux; Android 10; K) AppleWebKit/537.36 (KHTML, like Gecko) Chrome/143.0.0.0 Mobile Safari/537.36"
182.183.126.5 - - [15/Jan/2026:17:01:56 +0000] "GET /wp-content/uploads/2025/11/WhatsApp-Image-2025-11-21-at-4.01.33-PM.jpg HTTP/2" 200 49207 "https://maheensbeauty.com/?ved=2ahUKEwjd-KTQgY6SAxVF9bsIHfZQODYQgU96BAgVEA4" "Mozilla/5.0 (Linux; Android 10; K) AppleWebKit/537.36 (KHTML, like Gecko) Chrome/143.0.0.0 Mobile Safari/537.36"
182.183.126.5 - - [15/Jan/2026:17:02:07 +0000] "GET /wp-content/themes/hello-elementor/assets/js/hello-frontend.js?ver=3.4.5 HTTP/3" 200 493 "https://maheensbeauty.com/?ved=2ahUKEwjd-KTQgY6SAxVF9bsIHfZQODYQgU96BAgVEA4" "Mozilla/5.0 (Linux; Android 10; K) AppleWebKit/537.36 (KHTML, like Gecko) Chrome/143.0.0.0 Mobile Safari/537.36"
182.183.126.5 - - [15/Jan/2026:17:02:07 +0000] "GET /wp-content/plugins/woocommerce/assets/js/frontend/order-attribution.min.js?ver=10.3.5 HTTP/3" 200 998 "https://maheensbeauty.com/?ved=2ahUKEwjd-KTQgY6SAxVF9bsIHfZQODYQgU96BAgVEA4" "Mozilla/5.0 (Linux; Android 10; K) AppleWebKit/537.36 (KHTML, like Gecko) Chrome/143.0.0.0 Mobile Safari/537.36"
182.183.126.5 - - [15/Jan/2026:17:02:07 +0000] "GET /wp-content/plugins/woocommerce/assets/js/js-cookie/js.cookie.min.js?ver=2.1.4-wc.10.3.5 HTTP/3" 200 760 "https://maheensbeauty.com/?ved=2ahUKEwjd-KTQgY6SAxVF9bsIHfZQODYQgU96BAgVEA4" "Mozilla/5.0 (Linux; Android 10; K) AppleWebKit/537.36 (KHTML, like Gecko) Chrome/143.0.0.0 Mobile Safari/537.36"
182.183.126.5 - - [15/Jan/2026:17:02:07 +0000] "GET /wp-content/plugins/woocommerce/assets/js/sourcebuster/sourcebuster.min.js?ver=10.3.5 HTTP/3" 200 4609 "https://maheensbeauty.com/?ved=2ahUKEwjd-KTQgY6SAxVF9bsIHfZQODYQgU96BAgVEA4" "Mozilla/5.0 (Linux; Android 10; K) AppleWebKit/537.36 (KHTML, like Gecko) Chrome/143.0.0.0 Mobile Safari/537.36"
182.183.126.5 - - [15/Jan/2026:17:02:07 +0000] "GET /wp-content/plugins/elementor/assets/js/webpack.runtime.min.js?ver=3.33.2 HTTP/3" 200 2251 "https://maheensbeauty.com/?ved=2ahUKEwjd-KTQgY6SAxVF9bsIHfZQODYQgU96BAgVEA4" "Mozilla/5.0 (Linux; Android 10; K) AppleWebKit/537.36 (KHTML, like Gecko) Chrome/143.0.0.0 Mobile Safari/537.36"
182.183.126.5 - - [15/Jan/2026:17:02:07 +0000] "GET /wp-content/plugins/elementor/assets/js/frontend-modules.min.js?ver=3.33.2 HTTP/3" 200 22744 "https://maheensbeauty.com/?ved=2ahUKEwjd-KTQgY6SAxVF9bsIHfZQODYQgU96BAgVEA4" "Mozilla/5.0 (Linux; Android 10; K) AppleWebKit/537.36 (KHTML, like Gecko) Chrome/143.0.0.0 Mobile Safari/537.36"
182.183.126.5 - - [15/Jan/2026:17:02:07 +0000] "GET /wp-includes/js/jquery/ui/core.min.js?ver=1.13.3 HTTP/3" 200 6812 "https://maheensbeauty.com/?ved=2ahUKEwjd-KTQgY6SAxVF9bsIHfZQODYQgU96BAgVEA4" "Mozilla/5.0 (Linux; Android 10; K) AppleWebKit/537.36 (KHTML, like Gecko) Chrome/143.0.0.0 Mobile Safari/537.36"
182.183.126.5 - - [15/Jan/2026:17:02:07 +0000] "GET /wp-content/plugins/elementor/assets/js/frontend.min.js?ver=3.33.2 HTTP/3" 200 10035 "https://maheensbeauty.com/?ved=2ahUKEwjd-KTQgY6SAxVF9bsIHfZQODYQgU96BAgVEA4" "Mozilla/5.0 (Linux; Android 10; K) AppleWebKit/537.36 (KHTML, like Gecko) Chrome/143.0.0.0 Mobile Safari/537.36"
182.183.126.5 - - [15/Jan/2026:17:02:07 +0000] "GET /wp-content/plugins/woocommerce/assets/js/jquery-blockui/jquery.blockUI.min.js?ver=2.7.0-wc.10.3.5 HTTP/3" 200 3277 "https://maheensbeauty.com/?ved=2ahUKEwjd-KTQgY6SAxVF9bsIHfZQODYQgU96BAgVEA4" "Mozilla/5.0 (Linux; Android 10; K) AppleWebKit/537.36 (KHTML, like Gecko) Chrome/143.0.0.0 Mobile Safari/537.36"
182.183.126.5 - - [15/Jan/2026:17:02:07 +0000] "GET /wp-content/plugins/woocommerce/assets/js/frontend/add-to-cart.min.js?ver=10.3.5 HTTP/3" 200 1225 "https://maheensbeauty.com/?ved=2ahUKEwjd-KTQgY6SAxVF9bsIHfZQODYQgU96BAgVEA4" "Mozilla/5.0 (Linux; Android 10; K) AppleWebKit/537.36 (KHTML, like Gecko) Chrome/143.0.0.0 Mobile Safari/537.36"
182.183.126.5 - - [15/Jan/2026:17:02:07 +0000] "GET /wp-content/plugins/woocommerce/assets/js/frontend/woocommerce.min.js?ver=10.3.5 HTTP/3" 200 1275 "https://maheensbeauty.com/?ved=2ahUKEwjd-KTQgY6SAxVF9bsIHfZQODYQgU96BAgVEA4" "Mozilla/5.0 (Linux; Android 10; K) AppleWebKit/537.36 (KHTML, like Gecko) Chrome/143.0.0.0 Mobile Safari/537.36"
182.183.126.5 - - [15/Jan/2026:17:02:07 +0000] "GET /wp-content/plugins/click-to-chat-for-whatsapp/new/inc/assets/js/app.js?ver=4.33 HTTP/3" 200 4493 "https://maheensbeauty.com/?ved=2ahUKEwjd-KTQgY6SAxVF9bsIHfZQODYQgU96BAgVEA4" "Mozilla/5.0 (Linux; Android 10; K) AppleWebKit/537.36 (KHTML, like Gecko) Chrome/143.0.0.0 Mobile Safari/537.36"
182.183.126.5 - - [15/Jan/2026:17:02:08 +0000] "GET /wp-content/plugins/elementor/assets/js/shared-frontend-handlers.03caa53373b56d3bab67.bundle.min.js HTTP/3" 200 2511 "https://maheensbeauty.com/?ved=2ahUKEwjd-KTQgY6SAxVF9bsIHfZQODYQgU96BAgVEA4" "Mozilla/5.0 (Linux; Android 10; K) AppleWebKit/537.36 (KHTML, like Gecko) Chrome/143.0.0.0 Mobile Safari/537.36"
182.183.126.5 - - [15/Jan/2026:17:02:08 +0000] "GET /wp-includes/js/wp-emoji-release.min.js?ver=6.9 HTTP/3" 200 4949 "https://maheensbeauty.com/?ved=2ahUKEwjd-KTQgY6SAxVF9bsIHfZQODYQgU96BAgVEA4" "Mozilla/5.0 (Linux; Android 10; K) AppleWebKit/537.36 (KHTML, like Gecko) Chrome/143.0.0.0 Mobile Safari/537.36"
182.183.126.5 - - [15/Jan/2026:17:02:07 +0000] "GET /wp-content/uploads/2024/06/WhatsApp-Image-2024-06-12-at-2.16.28-AM.jpeg HTTP/3" 200 321943 "https://maheensbeauty.com/?ved=2ahUKEwjd-KTQgY6SAxVF9bsIHfZQODYQgU96BAgVEA4" "Mozilla/5.0 (Linux; Android 10; K) AppleWebKit/537.36 (KHTML, like Gecko) Chrome/143.0.0.0 Mobile Safari/537.36"
182.183.126.5 - - [15/Jan/2026:17:02:07 +0000] "GET /wp-content/uploads/2024/10/Profile02-scaled.jpg HTTP/3" 200 781357 "https://maheensbeauty.com/?ved=2ahUKEwjd-KTQgY6SAxVF9bsIHfZQODYQgU96BAgVEA4" "Mozilla/5.0 (Linux; Android 10; K) AppleWebKit/537.36 (KHTML, like Gecko) Chrome/143.0.0.0 Mobile Safari/537.36"
182.183.126.5 - - [15/Jan/2026:17:02:07 +0000] "GET /wp-content/uploads/2025/04/2024-12-16-1-1-e1745920420386.webp HTTP/3" 200 58926 "https://maheensbeauty.com/?ved=2ahUKEwjd-KTQgY6SAxVF9bsIHfZQODYQgU96BAgVEA4" "Mozilla/5.0 (Linux; Android 10; K) AppleWebKit/537.36 (KHTML, like Gecko) Chrome/143.0.0.0 Mobile Safari/537.36"
64.31.22.34 - - [15/Jan/2026:17:01:55 +0000] "POST /wp-cron.php?doing_wp_cron=1768496515.7530529499053955078125 HTTP/1.1" 200 0 "-" "WordPress/6.9; https://maheensbeauty.com"
192.71.126.249 - - [15/Jan/2026:17:04:27 +0000] "GET / HTTP/1.1" 200 17516 "http://maheensbeauty.com/" "Mozilla/5.0 (Linux; U; Android 13; sk-sk; Xiaomi 11T Pro Build/TKQ1.220829.002) AppleWebKit/537.36 (KHTML, like Gecko) Version/4.0 Chrome/112.0.5615.136 Mobile Safari/537.36 XiaoMi/MiuiBrowser/14.4.0-g"
64.31.22.34 - - [15/Jan/2026:17:05:07 +0000] "POST /wp-cron.php?doing_wp_cron=1768496707.5020289421081542968750 HTTP/1.1" 200 0 "-" "WordPress/6.9; https://maheensbeauty.com"
64.31.22.34 - - [15/Jan/2026:17:13:53 +0000] "POST /wp-cron.php?doing_wp_cron=1768497233.7515048980712890625000 HTTP/1.1" 200 0 "-" "WordPress/6.9; https://maheensbeauty.com"
152.53.87.236 - - [15/Jan/2026:17:13:52 +0000] "POST /wp-login.php HTTP/1.1" 200 2313 "-" "Mozilla/5.0 (Windows NT 10.0; Win64; x64; rv:77.0) Gecko/20100101 Firefox/77.0"
66.249.66.4 - - [15/Jan/2026:17:15:25 +0000] "GET /?products%2F1217179 HTTP/1.1" 200 15620 "-" "Mozilla/5.0 (Linux; Android 6.0.1; Nexus 5X Build/MMB29P) AppleWebKit/537.36 (KHTML, like Gecko) Chrome/143.0.7499.192 Mobile Safari/537.36 (compatible; Googlebot/2.1; +http://www.google.com/bot.html)"
182.183.126.5 - - [15/Jan/2026:17:02:07 +0000] "GET /wp-content/uploads/2025/04/2022-10-11.jpg HTTP/3" 200 461599 "https://maheensbeauty.com/?ved=2ahUKEwjd-KTQgY6SAxVF9bsIHfZQODYQgU96BAgVEA4" "Mozilla/5.0 (Linux; Android 10; K) AppleWebKit/537.36 (KHTML, like Gecko) Chrome/143.0.0.0 Mobile Safari/537.36"
182.183.126.5 - - [15/Jan/2026:17:02:07 +0000] "GET /wp-content/uploads/2024/11/4-scaled.jpg HTTP/3" 200 443836 "https://maheensbeauty.com/?ved=2ahUKEwjd-KTQgY6SAxVF9bsIHfZQODYQgU96BAgVEA4" "Mozilla/5.0 (Linux; Android 10; K) AppleWebKit/537.36 (KHTML, like Gecko) Chrome/143.0.0.0 Mobile Safari/537.36"
182.183.126.5 - - [15/Jan/2026:17:02:07 +0000] "GET /wp-content/uploads/2024/06/DSC07701-1-scaled.jpg HTTP/3" 200 660584 "https://maheensbeauty.com/?ved=2ahUKEwjd-KTQgY6SAxVF9bsIHfZQODYQgU96BAgVEA4" "Mozilla/5.0 (Linux; Android 10; K) AppleWebKit/537.36 (KHTML, like Gecko) Chrome/143.0.0.0 Mobile Safari/537.36"
182.183.126.5 - - [15/Jan/2026:17:01:56 +0000] "GET /wp-content/uploads/2024/09/01-scaled.jpg HTTP/2" 200 698665 "https://maheensbeauty.com/?ved=2ahUKEwjd-KTQgY6SAxVF9bsIHfZQODYQgU96BAgVEA4" "Mozilla/5.0 (Linux; Android 10; K) AppleWebKit/537.36 (KHTML, like Gecko) Chrome/143.0.0.0 Mobile Safari/537.36"
114.119.158.83 - - [15/Jan/2026:17:05:06 +0000] "GET / HTTP/1.1" 200 17516 "-" "Mozilla/5.0 (Linux; Android 7.0;) AppleWebKit/537.36 (KHTML, like Gecko) Mobile Safari/537.36 (compatible; PetalBot;+https://webmaster.petalsearch.com/site/petalbot)"
114.119.132.242 - - [15/Jan/2026:17:07:03 +0000] "GET / HTTP/1.1" 200 17516 "-" "Mozilla/5.0 (Linux; Android 7.0;) AppleWebKit/537.36 (KHTML, like Gecko) Mobile Safari/537.36 (compatible; PetalBot;+https://webmaster.petalsearch.com/site/petalbot)"
216.126.224.11 - - [15/Jan/2026:17:07:20 +0000] "GET /wp-content/plugins/woocommerce-simple-registration/assets/js/custom.js HTTP/1.1" 404 10400 "-" "Mozilla/5.0 (Fedora; Linux i686) AppleWebKit/537.36 (KHTML, like Gecko) Chrome/136.0.0.0 Safari/537.36"
216.126.224.11 - - [15/Jan/2026:17:07:22 +0000] "GET /wp-content/plugins/woocommerce-simple-registration/readme.txt HTTP/1.1" 404 10400 "-" "Mozilla/5.0 (Windows NT 10.0; Win64; x64; rv:109.0) Gecko/20100101 Firefox/111.0"
66.249.66.66 - - [15/Jan/2026:17:19:33 +0000] "GET /?products%2F22456157 HTTP/1.1" 200 15620 "-" "Mozilla/5.0 (Linux; Android 6.0.1; Nexus 5X Build/MMB29P) AppleWebKit/537.36 (KHTML, like Gecko) Chrome/143.0.7499.192 Mobile Safari/537.36 (compatible; Googlebot/2.1; +http://www.google.com/bot.html)"
156.224.140.2 - - [15/Jan/2026:17:24:29 +0000] "POST /xmlrpc.php HTTP/1.1" 200 403 "-" "Mozilla/4.0 (compatible; MSIE 7.0; Windows NT 6.1; WOW64; Trident/7.0; SLCC2; .NET CLR 2.0.50727; .NET CLR 3.5.30729; .NET CLR 3.0.30729; .NET4.0C; .NET4.0E)"
47.242.170.212 - - [15/Jan/2026:17:24:32 +0000] "POST /xmlrpc.php HTTP/1.1" 200 403 "-" "Mozilla/5.0 (Macintosh; Intel Mac OS X 10_10_5) AppleWebKit/602.1.50 (KHTML, like Gecko) Version/10.0 Safari/602.1.50"
43.103.1.129 - - [15/Jan/2026:17:24:35 +0000] "POST /xmlrpc.php HTTP/1.1" 200 403 "-" "Mozilla/5.0 (Macintosh; Intel Mac OS X 10_9_5) AppleWebKit/537.36 (KHTML, like Gecko) Chrome/66.0.3359.117 Safari/537.36"
220.158.233.216 - - [15/Jan/2026:17:24:44 +0000] "POST /xmlrpc.php HTTP/1.1" 200 403 "-" "Mozilla/5.0 (Windows NT 6.3; WOW64; Trident/7.0; Touch; SMJB; rv:11.0) like Gecko"
64.31.22.34 - - [15/Jan/2026:17:24:52 +0000] "POST /wp-cron.php?doing_wp_cron=1768497892.8891289234161376953125 HTTP/1.1" 200 0 "-" "WordPress/6.9; https://maheensbeauty.com"
162.214.103.94 - - [15/Jan/2026:17:24:52 +0000] "POST /xmlrpc.php HTTP/1.1" 200 403 "-" "Mozilla/5.0 (Windows NT 6.1; Win64; x64) AppleWebKit/537.36 (KHTML, like Gecko) Chrome/65.0.3325.181 Safari/537.36 OPR/52.0.2871.64"
31.186.11.162 - - [15/Jan/2026:17:24:53 +0000] "POST /xmlrpc.php HTTP/1.1" 200 403 "-" "Mozilla/5.0 (Windows NT 6.3; WOW64; Trident/7.0; MAARJS; rv:11.0) like Gecko"
64.31.22.34 - - [15/Jan/2026:17:24:24 +0000] "POST /wp-cron.php?doing_wp_cron=1768497864.4501879215240478515625 HTTP/1.1" 200 0 "-" "WordPress/6.9; https://maheensbeauty.com"
182.183.126.5 - - [15/Jan/2026:17:24:23 +0000] "GET / HTTP/3" 200 15620 "https://www.google.com/" "Mozilla/5.0 (Linux; Android 10; K) AppleWebKit/537.36 (KHTML, like Gecko) Chrome/143.0.0.0 Mobile Safari/537.36"
182.183.126.5 - - [15/Jan/2026:17:24:26 +0000] "GET /wp-content/uploads/2025/11/WhatsApp-Image-2025-11-21-at-4.01.33-PM-300x300.jpg HTTP/3" 200 10291 "https://maheensbeauty.com/" "Mozilla/5.0 (Linux; Android 10; K) AppleWebKit/537.36 (KHTML, like Gecko) Chrome/143.0.0.0 Mobile Safari/537.36"
220.158.233.61 - - [15/Jan/2026:17:24:37 +0000] "POST /xmlrpc.php HTTP/1.1" 200 403 "-" "Mozilla/5.0 (Windows NT 6.3; WOW64; Trident/7.0; Touch; LCJB; rv:11.0) like Gecko"
31.186.11.162 - - [15/Jan/2026:17:24:39 +0000] "POST /xmlrpc.php HTTP/1.1" 200 403 "-" "Mozilla/5.0 (X11; Linux x86_64; rv:61.0) Gecko/20100101 Firefox/61.0"
104.233.249.161 - - [15/Jan/2026:17:24:45 +0000] "POST /xmlrpc.php HTTP/1.1" 200 403 "-" "Mozilla/5.0 (compatible; MSIE 9.0; Windows NT 6.3; WOW64; Trident/7.0)"
175.117.144.122 - - [15/Jan/2026:17:24:58 +0000] "POST /xmlrpc.php HTTP/1.1" 200 403 "-" "Mozilla/5.0 (Windows NT 6.3; WOW64; Trident/7.0; MASMJS; rv:11.0) like Gecko"
193.27.10.241 - - [15/Jan/2026:17:35:34 +0000] "GET /wp-content/uploads/2024/10/Profile02-scaled.jpg HTTP/2" 200 781357 "-" "Mozilla/5.0 (Linux; Android 11; Galaxy Tab S7) AppleWebKit/537.36 (KHTML, like Gecko) Chrome/140.0.0.0 Safari/537.36"
64.31.22.34 - - [15/Jan/2026:19:44:20 +0000] "POST /wp-cron.php?doing_wp_cron=1768506260.1096360683441162109375 HTTP/1.1" 200 0 "-" "WordPress/6.9; https://maheensbeauty.com"
66.249.66.2 - - [15/Jan/2026:19:53:27 +0000] "GET /robots.txt HTTP/1.1" 200 71 "-" "Mozilla/5.0 (compatible; Googlebot/2.1; +http://www.google.com/bot.html)"
64.31.22.34 - - [15/Jan/2026:19:53:30 +0000] "POST /wp-cron.php?doing_wp_cron=1768506810.7616899013519287109375 HTTP/1.1" 200 0 "-" "WordPress/6.9; https://maheensbeauty.com"
66.249.66.67 - - [15/Jan/2026:19:53:28 +0000] "GET / HTTP/1.1" 200 15620 "-" "Mozilla/5.0 (Linux; Android 6.0.1; Nexus 5X Build/MMB29P) AppleWebKit/537.36 (KHTML, like Gecko) Chrome/143.0.7499.192 Mobile Safari/537.36 (compatible; Googlebot/2.1; +http://www.google.com/bot.html)"
66.249.66.199 - - [15/Jan/2026:19:53:40 +0000] "GET /wp-content/uploads/elementor/google-fonts/css/roboto.css?ver=1744100406 HTTP/1.1" 200 1880 "https://maheensbeauty.com/" "Mozilla/5.0 (Linux; Android 6.0.1; Nexus 5X Build/MMB29P) AppleWebKit/537.36 (KHTML, like Gecko) Chrome/143.0.7499.192 Mobile Safari/537.36 (compatible; Googlebot/2.1; +http://www.google.com/bot.html)"
66.249.66.161 - - [15/Jan/2026:19:53:41 +0000] "GET /wp-content/plugins/woocommerce/assets/js/sourcebuster/sourcebuster.min.js?ver=10.3.5 HTTP/1.1" 200 4609 "https://maheensbeauty.com/" "Mozilla/5.0 (Linux; Android 6.0.1; Nexus 5X Build/MMB29P) AppleWebKit/537.36 (KHTML, like Gecko) Chrome/143.0.7499.192 Mobile Safari/537.36 (compatible; Googlebot/2.1; +http://www.google.com/bot.html)"
66.249.66.161 - - [15/Jan/2026:19:53:41 +0000] "GET /wp-content/themes/hello-elementor/assets/css/reset.css?ver=3.4.5 HTTP/1.1" 200 1581 "https://maheensbeauty.com/" "Mozilla/5.0 (Linux; Android 6.0.1; Nexus 5X Build/MMB29P) AppleWebKit/537.36 (KHTML, like Gecko) Chrome/143.0.7499.192 Mobile Safari/537.36 (compatible; Googlebot/2.1; +http://www.google.com/bot.html)"
66.249.66.66 - - [15/Jan/2026:19:53:41 +0000] "GET /wp-content/plugins/woocommerce/assets/css/woocommerce-smallscreen.css?ver=10.3.5 HTTP/1.1" 200 1165 "https://maheensbeauty.com/" "Mozilla/5.0 (Linux; Android 6.0.1; Nexus 5X Build/MMB29P) AppleWebKit/537.36 (KHTML, like Gecko) Chrome/143.0.7499.192 Mobile Safari/537.36 (compatible; Googlebot/2.1; +http://www.google.com/bot.html)"
69.171.230.14 - - [15/Jan/2026:19:44:19 +0000] "GET / HTTP/2" 200 65876 "-" "meta-webindexer/1.1 (+https://developers.facebook.com/docs/sharing/webmasters/crawler)"
66.249.66.39 - - [15/Jan/2026:19:53:40 +0000] "GET /wp-content/uploads/elementor/css/post-3364.css?ver=1764832223 HTTP/1.1" 200 88 "https://maheensbeauty.com/" "Mozilla/5.0 (Linux; Android 6.0.1; Nexus 5X Build/MMB29P) AppleWebKit/537.36 (KHTML, like Gecko) Chrome/143.0.7499.192 Mobile Safari/537.36 (compatible; Googlebot/2.1; +http://www.google.com/bot.html)"
64.31.22.34 - - [15/Jan/2026:19:58:53 +0000] "POST /wp-cron.php?doing_wp_cron=1768507133.4018719196319580078125 HTTP/1.1" 200 0 "-" "WordPress/6.9; https://maheensbeauty.com"
64.31.22.34 - - [15/Jan/2026:20:06:33 +0000] "POST /wp-cron.php?doing_wp_cron=1768507593.4092109203338623046875 HTTP/1.1" 200 0 "-" "WordPress/6.9; https://maheensbeauty.com"
64.31.22.34 - - [15/Jan/2026:20:29:33 +0000] "POST /wp-cron.php?doing_wp_cron=1768508973.0291099548339843750000 HTTP/1.1" 200 0 "-" "WordPress/6.9; https://maheensbeauty.com"
69.171.249.112 - - [15/Jan/2026:20:29:32 +0000] "GET / HTTP/2" 200 65876 "-" "meta-webindexer/1.1 (+https://developers.facebook.com/docs/sharing/webmasters/crawler)"
31.13.115.3 - - [15/Jan/2026:20:36:38 +0000] "GET / HTTP/2" 200 65876 "-" "meta-webindexer/1.1 (+https://developers.facebook.com/docs/sharing/webmasters/crawler)"
31.13.115.112 - - [15/Jan/2026:20:36:38 +0000] "GET /home-2/ HTTP/2" 200 98883 "-" "meta-webindexer/1.1 (+https://developers.facebook.com/docs/sharing/webmasters/crawler)"
64.31.22.34 - - [15/Jan/2026:20:45:28 +0000] "POST /wp-cron.php?doing_wp_cron=1768509928.3107318878173828125000 HTTP/1.1" 200 0 "-" "WordPress/6.9; https://maheensbeauty.com"
64.31.22.34 - - [15/Jan/2026:21:01:58 +0000] "POST /wp-cron.php?doing_wp_cron=1768510918.6676900386810302734375 HTTP/1.1" 200 0 "-" "WordPress/6.9; https://maheensbeauty.com"
103.194.93.178 - - [15/Jan/2026:21:01:57 +0000] "GET / HTTP/2" 200 15620 "-" "Mozilla/5.0 (Linux; Android 13; V2115 Build/TP1A.220624.014; wv) AppleWebKit/537.36 (KHTML, like Gecko) Version/4.0 Chrome/143.0.7499.146 Mobile Safari/537.36 musical_ly_2024301040 AppName/musical_ly ByteLocale/en-GB"
103.194.93.178 - - [15/Jan/2026:21:01:58 +0000] "GET /wp-content/plugins/click-to-chat-for-whatsapp/new/inc/assets/css/main.css?ver=4.33 HTTP/2" 200 645 "https://maheensbeauty.com/" "Mozilla/5.0 (Linux; Android 13; V2115 Build/TP1A.220624.014; wv) AppleWebKit/537.36 (KHTML, like Gecko) Version/4.0 Chrome/143.0.7499.146 Mobile Safari/537.36 musical_ly_2024301040 AppName/musical_ly ByteLocale/en-GB"
103.194.93.178 - - [15/Jan/2026:21:01:58 +0000] "GET /wp-content/plugins/woocommerce/assets/css/woocommerce-smallscreen.css?ver=10.3.5 HTTP/2" 200 1165 "https://maheensbeauty.com/" "Mozilla/5.0 (Linux; Android 13; V2115 Build/TP1A.220624.014; wv) AppleWebKit/537.36 (KHTML, like Gecko) Version/4.0 Chrome/143.0.7499.146 Mobile Safari/537.36 musical_ly_2024301040 AppName/musical_ly ByteLocale/en-GB"
103.194.93.178 - - [15/Jan/2026:21:01:58 +0000] "GET /wp-content/plugins/woocommerce/assets/css/woocommerce-layout.css?ver=10.3.5 HTTP/2" 200 3160 "https://maheensbeauty.com/" "Mozilla/5.0 (Linux; Android 13; V2115 Build/TP1A.220624.014; wv) AppleWebKit/537.36 (KHTML, like Gecko) Version/4.0 Chrome/143.0.7499.146 Mobile Safari/537.36 musical_ly_2024301040 AppName/musical_ly ByteLocale/en-GB"
103.194.93.178 - - [15/Jan/2026:21:01:58 +0000] "GET /wp-content/plugins/woocommerce/assets/css/woocommerce.css?ver=10.3.5 HTTP/2" 200 10314 "https://maheensbeauty.com/" "Mozilla/5.0 (Linux; Android 13; V2115 Build/TP1A.220624.014; wv) AppleWebKit/537.36 (KHTML, like Gecko) Version/4.0 Chrome/143.0.7499.146 Mobile Safari/537.36 musical_ly_2024301040 AppName/musical_ly ByteLocale/en-GB"
103.194.93.178 - - [15/Jan/2026:21:01:59 +0000] "GET /wp-content/plugins/woocommerce/assets/css/brands.css?ver=10.3.5 HTTP/2" 200 579 "https://maheensbeauty.com/" "Mozilla/5.0 (Linux; Android 13; V2115 Build/TP1A.220624.014; wv) AppleWebKit/537.36 (KHTML, like Gecko) Version/4.0 Chrome/143.0.7499.146 Mobile Safari/537.36 musical_ly_2024301040 AppName/musical_ly ByteLocale/en-GB"
103.194.93.178 - - [15/Jan/2026:21:01:59 +0000] "GET /wp-content/themes/hello-elementor/assets/css/reset.css?ver=3.4.5 HTTP/2" 200 1581 "https://maheensbeauty.com/" "Mozilla/5.0 (Linux; Android 13; V2115 Build/TP1A.220624.014; wv) AppleWebKit/537.36 (KHTML, like Gecko) Version/4.0 Chrome/143.0.7499.146 Mobile Safari/537.36 musical_ly_2024301040 AppName/musical_ly ByteLocale/en-GB"
103.194.93.178 - - [15/Jan/2026:21:01:59 +0000] "GET /wp-content/themes/hello-elementor/assets/css/theme.css?ver=3.4.5 HTTP/2" 200 1126 "https://maheensbeauty.com/" "Mozilla/5.0 (Linux; Android 13; V2115 Build/TP1A.220624.014; wv) AppleWebKit/537.36 (KHTML, like Gecko) Version/4.0 Chrome/143.0.7499.146 Mobile Safari/537.36 musical_ly_2024301040 AppName/musical_ly ByteLocale/en-GB"
103.194.93.178 - - [15/Jan/2026:21:01:59 +0000] "GET /wp-content/themes/hello-elementor/assets/css/header-footer.css?ver=3.4.5 HTTP/2" 200 1261 "https://maheensbeauty.com/" "Mozilla/5.0 (Linux; Android 13; V2115 Build/TP1A.220624.014; wv) AppleWebKit/537.36 (KHTML, like Gecko) Version/4.0 Chrome/143.0.7499.146 Mobile Safari/537.36 musical_ly_2024301040 AppName/musical_ly ByteLocale/en-GB"
103.194.93.178 - - [15/Jan/2026:21:01:59 +0000] "GET /wp-content/plugins/elementor/assets/css/frontend.min.css?ver=3.33.2 HTTP/2" 200 6536 "https://maheensbeauty.com/" "Mozilla/5.0 (Linux; Android 13; V2115 Build/TP1A.220624.014; wv) AppleWebKit/537.36 (KHTML, like Gecko) Version/4.0 Chrome/143.0.7499.146 Mobile Safari/537.36 musical_ly_2024301040 AppName/musical_ly ByteLocale/en-GB"
103.194.93.178 - - [15/Jan/2026:21:01:59 +0000] "GET /wp-content/uploads/elementor/css/post-3364.css?ver=1764832223 HTTP/2" 200 88 "https://maheensbeauty.com/" "Mozilla/5.0 (Linux; Android 13; V2115 Build/TP1A.220624.014; wv) AppleWebKit/537.36 (KHTML, like Gecko) Version/4.0 Chrome/143.0.7499.146 Mobile Safari/537.36 musical_ly_2024301040 AppName/musical_ly ByteLocale/en-GB"
103.194.93.178 - - [15/Jan/2026:21:01:59 +0000] "GET /wp-content/plugins/elementor/assets/lib/eicons/css/elementor-icons.min.css?ver=5.44.0 HTTP/2" 200 3997 "https://maheensbeauty.com/" "Mozilla/5.0 (Linux; Android 13; V2115 Build/TP1A.220624.014; wv) AppleWebKit/537.36 (KHTML, like Gecko) Version/4.0 Chrome/143.0.7499.146 Mobile Safari/537.36 musical_ly_2024301040 AppName/musical_ly ByteLocale/en-GB"
103.194.93.178 - - [15/Jan/2026:21:01:59 +0000] "GET /wp-content/uploads/elementor/google-fonts/css/robotoslab.css?ver=1744100409 HTTP/2" 200 710 "https://maheensbeauty.com/" "Mozilla/5.0 (Linux; Android 13; V2115 Build/TP1A.220624.014; wv) AppleWebKit/537.36 (KHTML, like Gecko) Version/4.0 Chrome/143.0.7499.146 Mobile Safari/537.36 musical_ly_2024301040 AppName/musical_ly ByteLocale/en-GB"
103.194.93.178 - - [15/Jan/2026:21:01:59 +0000] "GET /wp-content/uploads/elementor/css/post-2295.css?ver=1764832222 HTTP/2" 200 391 "https://maheensbeauty.com/" "Mozilla/5.0 (Linux; Android 13; V2115 Build/TP1A.220624.014; wv) AppleWebKit/537.36 (KHTML, like Gecko) Version/4.0 Chrome/143.0.7499.146 Mobile Safari/537.36 musical_ly_2024301040 AppName/musical_ly ByteLocale/en-GB"
103.194.93.178 - - [15/Jan/2026:21:01:59 +0000] "GET /wp-content/uploads/elementor/google-fonts/css/roboto.css?ver=1744100406 HTTP/2" 200 1880 "https://maheensbeauty.com/" "Mozilla/5.0 (Linux; Android 13; V2115 Build/TP1A.220624.014; wv) AppleWebKit/537.36 (KHTML, like Gecko) Version/4.0 Chrome/143.0.7499.146 Mobile Safari/537.36 musical_ly_2024301040 AppName/musical_ly ByteLocale/en-GB"
103.194.93.178 - - [15/Jan/2026:21:01:59 +0000] "GET /wp-includes/js/jquery/jquery.min.js?ver=3.7.1 HTTP/2" 200 29744 "https://maheensbeauty.com/" "Mozilla/5.0 (Linux; Android 13; V2115 Build/TP1A.220624.014; wv) AppleWebKit/537.36 (KHTML, like Gecko) Version/4.0 Chrome/143.0.7499.146 Mobile Safari/537.36 musical_ly_2024301040 AppName/musical_ly ByteLocale/en-GB"
103.194.93.178 - - [15/Jan/2026:21:01:59 +0000] "GET /wp-content/plugins/woocommerce/assets/client/blocks/wc-blocks.css?ver=wc-10.3.5 HTTP/2" 200 2391 "https://maheensbeauty.com/" "Mozilla/5.0 (Linux; Android 13; V2115 Build/TP1A.220624.014; wv) AppleWebKit/537.36 (KHTML, like Gecko) Version/4.0 Chrome/143.0.7499.146 Mobile Safari/537.36 musical_ly_2024301040 AppName/musical_ly ByteLocale/en-GB"
103.194.93.178 - - [15/Jan/2026:21:01:59 +0000] "GET /wp-includes/js/jquery/jquery-migrate.min.js?ver=3.4.1 HTTP/2" 200 4678 "https://maheensbeauty.com/" "Mozilla/5.0 (Linux; Android 13; V2115 Build/TP1A.220624.014; wv) AppleWebKit/537.36 (KHTML, like Gecko) Version/4.0 Chrome/143.0.7499.146 Mobile Safari/537.36 musical_ly_2024301040 AppName/musical_ly ByteLocale/en-GB"
103.194.93.178 - - [15/Jan/2026:21:01:59 +0000] "GET /wp-content/uploads/2025/11/WhatsApp-Image-2025-11-21-at-4.01.33-PM.jpg HTTP/2" 200 49207 "https://maheensbeauty.com/" "Mozilla/5.0 (Linux; Android 13; V2115 Build/TP1A.220624.014; wv) AppleWebKit/537.36 (KHTML, like Gecko) Version/4.0 Chrome/143.0.7499.146 Mobile Safari/537.36 musical_ly_2024301040 AppName/musical_ly ByteLocale/en-GB"
103.194.93.178 - - [15/Jan/2026:21:02:01 +0000] "GET /wp-content/themes/hello-elementor/assets/js/hello-frontend.js?ver=3.4.5 HTTP/2" 200 493 "https://maheensbeauty.com/" "Mozilla/5.0 (Linux; Android 13; V2115 Build/TP1A.220624.014; wv) AppleWebKit/537.36 (KHTML, like Gecko) Version/4.0 Chrome/143.0.7499.146 Mobile Safari/537.36 musical_ly_2024301040 AppName/musical_ly ByteLocale/en-GB"
103.194.93.178 - - [15/Jan/2026:21:02:00 +0000] "GET /wp-content/uploads/2024/06/WhatsApp-Image-2024-06-12-at-2.16.28-AM.jpeg HTTP/2" 200 321943 "https://maheensbeauty.com/" "Mozilla/5.0 (Linux; Android 13; V2115 Build/TP1A.220624.014; wv) AppleWebKit/537.36 (KHTML, like Gecko) Version/4.0 Chrome/143.0.7499.146 Mobile Safari/537.36 musical_ly_2024301040 AppName/musical_ly ByteLocale/en-GB"
103.194.93.178 - - [15/Jan/2026:21:02:03 +0000] "GET /wp-content/plugins/woocommerce/assets/js/sourcebuster/sourcebuster.min.js?ver=10.3.5 HTTP/2" 200 4609 "https://maheensbeauty.com/" "Mozilla/5.0 (Linux; Android 13; V2115 Build/TP1A.220624.014; wv) AppleWebKit/537.36 (KHTML, like Gecko) Version/4.0 Chrome/143.0.7499.146 Mobile Safari/537.36 musical_ly_2024301040 AppName/musical_ly ByteLocale/en-GB"
103.194.93.178 - - [15/Jan/2026:21:01:59 +0000] "GET /wp-content/uploads/2024/09/01-scaled.jpg HTTP/2" 200 698665 "https://maheensbeauty.com/" "Mozilla/5.0 (Linux; Android 13; V2115 Build/TP1A.220624.014; wv) AppleWebKit/537.36 (KHTML, like Gecko) Version/4.0 Chrome/143.0.7499.146 Mobile Safari/537.36 musical_ly_2024301040 AppName/musical_ly ByteLocale/en-GB"
103.194.93.178 - - [15/Jan/2026:21:02:06 +0000] "GET /wp-content/plugins/elementor/assets/js/webpack.runtime.min.js?ver=3.33.2 HTTP/2" 200 2251 "https://maheensbeauty.com/" "Mozilla/5.0 (Linux; Android 13; V2115 Build/TP1A.220624.014; wv) AppleWebKit/537.36 (KHTML, like Gecko) Version/4.0 Chrome/143.0.7499.146 Mobile Safari/537.36 musical_ly_2024301040 AppName/musical_ly ByteLocale/en-GB"
103.194.93.178 - - [15/Jan/2026:21:02:06 +0000] "GET /wp-content/plugins/woocommerce/assets/js/frontend/order-attribution.min.js?ver=10.3.5 HTTP/2" 200 998 "https://maheensbeauty.com/" "Mozilla/5.0 (Linux; Android 13; V2115 Build/TP1A.220624.014; wv) AppleWebKit/537.36 (KHTML, like Gecko) Version/4.0 Chrome/143.0.7499.146 Mobile Safari/537.36 musical_ly_2024301040 AppName/musical_ly ByteLocale/en-GB"
103.194.93.178 - - [15/Jan/2026:21:02:09 +0000] "GET /wp-content/plugins/elementor/assets/js/frontend-modules.min.js?ver=3.33.2 HTTP/2" 200 22744 "https://maheensbeauty.com/" "Mozilla/5.0 (Linux; Android 13; V2115 Build/TP1A.220624.014; wv) AppleWebKit/537.36 (KHTML, like Gecko) Version/4.0 Chrome/143.0.7499.146 Mobile Safari/537.36 musical_ly_2024301040 AppName/musical_ly ByteLocale/en-GB"
103.194.93.178 - - [15/Jan/2026:21:02:10 +0000] "GET /wp-content/plugins/woocommerce/assets/js/js-cookie/js.cookie.min.js?ver=2.1.4-wc.10.3.5 HTTP/2" 200 760 "https://maheensbeauty.com/" "Mozilla/5.0 (Linux; Android 13; V2115 Build/TP1A.220624.014; wv) AppleWebKit/537.36 (KHTML, like Gecko) Version/4.0 Chrome/143.0.7499.146 Mobile Safari/537.36 musical_ly_2024301040 AppName/musical_ly ByteLocale/en-GB"
103.194.93.178 - - [15/Jan/2026:21:02:10 +0000] "GET /wp-content/plugins/elementor/assets/js/frontend.min.js?ver=3.33.2 HTTP/2" 200 10035 "https://maheensbeauty.com/" "Mozilla/5.0 (Linux; Android 13; V2115 Build/TP1A.220624.014; wv) AppleWebKit/537.36 (KHTML, like Gecko) Version/4.0 Chrome/143.0.7499.146 Mobile Safari/537.36 musical_ly_2024301040 AppName/musical_ly ByteLocale/en-GB"
103.194.93.178 - - [15/Jan/2026:21:02:10 +0000] "GET /wp-includes/js/jquery/ui/core.min.js?ver=1.13.3 HTTP/2" 200 6812 "https://maheensbeauty.com/" "Mozilla/5.0 (Linux; Android 13; V2115 Build/TP1A.220624.014; wv) AppleWebKit/537.36 (KHTML, like Gecko) Version/4.0 Chrome/143.0.7499.146 Mobile Safari/537.36 musical_ly_2024301040 AppName/musical_ly ByteLocale/en-GB"
103.194.93.178 - - [15/Jan/2026:21:02:10 +0000] "GET /wp-content/plugins/woocommerce/assets/js/frontend/woocommerce.min.js?ver=10.3.5 HTTP/2" 200 1275 "https://maheensbeauty.com/" "Mozilla/5.0 (Linux; Android 13; V2115 Build/TP1A.220624.014; wv) AppleWebKit/537.36 (KHTML, like Gecko) Version/4.0 Chrome/143.0.7499.146 Mobile Safari/537.36 musical_ly_2024301040 AppName/musical_ly ByteLocale/en-GB"
103.194.93.178 - - [15/Jan/2026:21:02:10 +0000] "GET /wp-content/plugins/click-to-chat-for-whatsapp/new/inc/assets/js/app.js?ver=4.33 HTTP/2" 200 4493 "https://maheensbeauty.com/" "Mozilla/5.0 (Linux; Android 13; V2115 Build/TP1A.220624.014; wv) AppleWebKit/537.36 (KHTML, like Gecko) Version/4.0 Chrome/143.0.7499.146 Mobile Safari/537.36 musical_ly_2024301040 AppName/musical_ly ByteLocale/en-GB"
103.194.93.178 - - [15/Jan/2026:21:02:09 +0000] "GET /wp-content/plugins/woocommerce/assets/js/frontend/add-to-cart.min.js?ver=10.3.5 HTTP/2" 200 1225 "https://maheensbeauty.com/" "Mozilla/5.0 (Linux; Android 13; V2115 Build/TP1A.220624.014; wv) AppleWebKit/537.36 (KHTML, like Gecko) Version/4.0 Chrome/143.0.7499.146 Mobile Safari/537.36 musical_ly_2024301040 AppName/musical_ly ByteLocale/en-GB"
103.194.93.178 - - [15/Jan/2026:21:02:09 +0000] "GET /wp-content/plugins/woocommerce/assets/js/jquery-blockui/jquery.blockUI.min.js?ver=2.7.0-wc.10.3.5 HTTP/2" 200 3277 "https://maheensbeauty.com/" "Mozilla/5.0 (Linux; Android 13; V2115 Build/TP1A.220624.014; wv) AppleWebKit/537.36 (KHTML, like Gecko) Version/4.0 Chrome/143.0.7499.146 Mobile Safari/537.36 musical_ly_2024301040 AppName/musical_ly ByteLocale/en-GB"
103.194.93.178 - - [15/Jan/2026:21:02:10 +0000] "GET /wp-content/uploads/2025/04/2024-12-16-1-1-e1745920420386.webp HTTP/2" 200 58926 "https://maheensbeauty.com/" "Mozilla/5.0 (Linux; Android 13; V2115 Build/TP1A.220624.014; wv) AppleWebKit/537.36 (KHTML, like Gecko) Version/4.0 Chrome/143.0.7499.146 Mobile Safari/537.36 musical_ly_2024301040 AppName/musical_ly ByteLocale/en-GB"
103.194.93.178 - - [15/Jan/2026:21:02:00 +0000] "GET /wp-content/uploads/2024/10/Profile02-scaled.jpg HTTP/2" 200 781357 "https://maheensbeauty.com/" "Mozilla/5.0 (Linux; Android 13; V2115 Build/TP1A.220624.014; wv) AppleWebKit/537.36 (KHTML, like Gecko) Version/4.0 Chrome/143.0.7499.146 Mobile Safari/537.36 musical_ly_2024301040 AppName/musical_ly ByteLocale/en-GB"
103.194.93.178 - - [15/Jan/2026:21:02:22 +0000] "GET /wp-includes/js/wp-emoji-release.min.js?ver=6.9 HTTP/2" 200 4949 "https://maheensbeauty.com/" "Mozilla/5.0 (Linux; Android 13; V2115 Build/TP1A.220624.014; wv) AppleWebKit/537.36 (KHTML, like Gecko) Version/4.0 Chrome/143.0.7499.146 Mobile Safari/537.36 musical_ly_2024301040 AppName/musical_ly ByteLocale/en-GB"
103.194.93.178 - - [15/Jan/2026:21:02:22 +0000] "GET /wp-content/plugins/elementor/assets/js/shared-frontend-handlers.03caa53373b56d3bab67.bundle.min.js HTTP/2" 200 2511 "https://maheensbeauty.com/" "Mozilla/5.0 (Linux; Android 13; V2115 Build/TP1A.220624.014; wv) AppleWebKit/537.36 (KHTML, like Gecko) Version/4.0 Chrome/143.0.7499.146 Mobile Safari/537.36 musical_ly_2024301040 AppName/musical_ly ByteLocale/en-GB"
5.39.65.19 - - [15/Jan/2026:19:58:52 +0000] "POST /wp-login.php HTTP/1.1" 200 2309 "-" "Mozilla/5.0 (Windows NT 10.0; Win64; x64; rv:79.0) Gecko/20100101 Firefox/79.0"
49.51.187.251 - - [15/Jan/2026:20:06:32 +0000] "POST /xmlrpc.php HTTP/1.1" 200 403 "-" "Mozilla/5.0 (X11; CrOS x86_64 10452.74.0) AppleWebKit/537.36 (KHTML, like Gecko) Chrome/66.0.3359.137 Safari/537.36"
138.246.253.24 - - [15/Jan/2026:20:34:33 +0000] "GET /robots.txt HTTP/1.1" 200 71 "-" "Mozilla/5.0 (Windows NT 10.0; Win64; x64) AppleWebKit/537.36 (KHTML, like Gecko) Chrome/103.0.5060.134 Safari/537.36"
64.31.22.34 - - [15/Jan/2026:20:36:39 +0000] "POST /wp-cron.php?doing_wp_cron=1768509399.0881640911102294921875 HTTP/1.1" 200 0 "-" "WordPress/6.9; https://maheensbeauty.com"
34.165.13.211 - - [15/Jan/2026:20:45:27 +0000] "POST /wp-login.php HTTP/1.1" 200 2309 "-" "Mozilla/5.0 (Windows NT 10.0; Win64; x64; rv:97.0) Gecko/20100101 Firefox/97.0"
37.111.146.36 - - [15/Jan/2026:21:03:54 +0000] "GET / HTTP/2" 200 15620 "-" "Mozilla/5.0 (Linux; Android 10; K) AppleWebKit/537.36 (KHTML, like Gecko) Chrome/143.0.0.0 Mobile Safari/537.36"
37.111.146.36 - - [15/Jan/2026:21:03:56 +0000] "GET /wp-content/uploads/2024/09/01-scaled.jpg HTTP/2" 206 1 "https://maheensbeauty.com/" "Mozilla/5.0 (Linux; Android 10; K) AppleWebKit/537.36 (KHTML, like Gecko) Chrome/143.0.0.0 Mobile Safari/537.36"
37.111.146.36 - - [15/Jan/2026:21:03:56 +0000] "GET /wp-content/uploads/2024/10/Profile02-scaled.jpg HTTP/2" 206 1 "https://maheensbeauty.com/" "Mozilla/5.0 (Linux; Android 10; K) AppleWebKit/537.36 (KHTML, like Gecko) Chrome/143.0.0.0 Mobile Safari/537.36"
37.111.146.36 - - [15/Jan/2026:21:03:56 +0000] "GET /wp-content/uploads/2024/09/01-scaled.jpg HTTP/2" 206 616790 "https://maheensbeauty.com/" "Mozilla/5.0 (Linux; Android 10; K) AppleWebKit/537.36 (KHTML, like Gecko) Chrome/143.0.0.0 Mobile Safari/537.36"
37.111.146.36 - - [15/Jan/2026:21:03:56 +0000] "GET /wp-content/uploads/2024/10/Profile02-scaled.jpg HTTP/2" 206 732232 "https://maheensbeauty.com/" "Mozilla/5.0 (Linux; Android 10; K) AppleWebKit/537.36 (KHTML, like Gecko) Chrome/143.0.0.0 Mobile Safari/537.36"
37.111.146.36 - - [15/Jan/2026:21:03:56 +0000] "GET /wp-content/uploads/2024/06/DSC07701-1-scaled.jpg HTTP/2" 200 660584 "https://maheensbeauty.com/" "Mozilla/5.0 (Linux; Android 10; K) AppleWebKit/537.36 (KHTML, like Gecko) Chrome/143.0.0.0 Mobile Safari/537.36"
64.31.22.34 - - [15/Jan/2026:21:11:08 +0000] "POST /wp-cron.php?doing_wp_cron=1768511468.8922710418701171875000 HTTP/1.1" 200 0 "-" "WordPress/6.9; https://maheensbeauty.com"
66.249.66.4 - - [15/Jan/2026:21:11:07 +0000] "GET /?pw HTTP/1.1" 200 15620 "-" "Mozilla/5.0 (Linux; Android 6.0.1; Nexus 5X Build/MMB29P) AppleWebKit/537.36 (KHTML, like Gecko) Chrome/143.0.7499.192 Mobile Safari/537.36 (compatible; Googlebot/2.1; +http://www.google.com/bot.html)"
66.249.66.161 - - [15/Jan/2026:21:27:53 +0000] "GET /?products%2F985491 HTTP/1.1" 200 15620 "-" "Mozilla/5.0 (Linux; Android 6.0.1; Nexus 5X Build/MMB29P) AppleWebKit/537.36 (KHTML, like Gecko) Chrome/143.0.7499.192 Mobile Safari/537.36 (compatible; Googlebot/2.1; +http://www.google.com/bot.html)"
43.157.170.13 - - [15/Jan/2026:21:34:42 +0000] "GET / HTTP/1.1" 200 17516 "http://maheensbeauty.com" "Mozilla/5.0 (iPhone; CPU iPhone OS 13_2_3 like Mac OS X) AppleWebKit/605.1.15 (KHTML, like Gecko) Version/13.0.3 Mobile/15E148 Safari/604.1"
46.182.4.125 - - [15/Jan/2026:21:35:34 +0000] "POST /wp-login.php HTTP/1.1" 200 2309 "-" "Mozilla/5.0 (Windows NT 10.0; Win64; x64; rv:58.0) Gecko/20100101 Firefox/58.0"
64.31.22.34 - - [15/Jan/2026:21:53:13 +0000] "POST /wp-cron.php?doing_wp_cron=1768513993.1845049858093261718750 HTTP/1.1" 200 0 "-" "WordPress/6.9; https://maheensbeauty.com"
31.13.115.115 - - [15/Jan/2026:21:53:12 +0000] "GET / HTTP/2" 200 65876 "-" "meta-webindexer/1.1 (+https://developers.facebook.com/docs/sharing/webmasters/crawler)"
64.31.22.34 - - [15/Jan/2026:22:00:14 +0000] "POST /wp-cron.php?doing_wp_cron=1768514414.1346530914306640625000 HTTP/1.1" 200 0 "-" "WordPress/6.9; https://maheensbeauty.com"
66.249.66.39 - - [15/Jan/2026:22:00:13 +0000] "GET /?jukyuban HTTP/1.1" 200 15620 "-" "Mozilla/5.0 (Linux; Android 6.0.1; Nexus 5X Build/MMB29P) AppleWebKit/537.36 (KHTML, like Gecko) Chrome/143.0.7499.192 Mobile Safari/537.36 (compatible; Googlebot/2.1; +http://www.google.com/bot.html)"
64.31.22.34 - - [15/Jan/2026:22:04:52 +0000] "POST /wp-cron.php?doing_wp_cron=1768514692.6556949615478515625000 HTTP/1.1" 200 0 "-" "WordPress/6.9; https://maheensbeauty.com"
186.77.198.169 - - [15/Jan/2026:22:04:54 +0000] "GET /product-tag/maheens-liquid-foundation/ HTTP/1.1" 200 9776 "https://maheensbeauty.com/" "Mozilla/5.0 (Macintosh; Intel Mac OS X 10_15_7) AppleWebKit/605.1.15 (KHTML, like Gecko) Version/18.3.1 Safari/605.1.15"
178.212.148.253 - - [15/Jan/2026:22:38:28 +0000] "POST /wp-login.php HTTP/1.1" 200 2308 "-" "Mozilla/5.0 (Windows NT 10.0; Win64; x64; rv:75.0) Gecko/20100101 Firefox/75.0"
64.31.22.34 - - [15/Jan/2026:22:39:42 +0000] "POST /wp-cron.php?doing_wp_cron=1768516782.3560190200805664062500 HTTP/1.1" 200 0 "-" "WordPress/6.9; https://maheensbeauty.com"
66.249.66.41 - - [15/Jan/2026:22:39:41 +0000] "GET / HTTP/1.1" 200 15618 "-" "Mozilla/5.0 (compatible; Googlebot/2.1; +http://www.google.com/bot.html)"
103.194.93.178 - - [15/Jan/2026:21:02:10 +0000] "GET /wp-content/uploads/2024/11/4-scaled.jpg HTTP/2" 200 443836 "https://maheensbeauty.com/" "Mozilla/5.0 (Linux; Android 13; V2115 Build/TP1A.220624.014; wv) AppleWebKit/537.36 (KHTML, like Gecko) Version/4.0 Chrome/143.0.7499.146 Mobile Safari/537.36 musical_ly_2024301040 AppName/musical_ly ByteLocale/en-GB"
103.194.93.178 - - [15/Jan/2026:21:02:10 +0000] "GET /wp-content/uploads/2025/04/2022-10-11.jpg HTTP/2" 200 461599 "https://maheensbeauty.com/" "Mozilla/5.0 (Linux; Android 13; V2115 Build/TP1A.220624.014; wv) AppleWebKit/537.36 (KHTML, like Gecko) Version/4.0 Chrome/143.0.7499.146 Mobile Safari/537.36 musical_ly_2024301040 AppName/musical_ly ByteLocale/en-GB"
103.194.93.178 - - [15/Jan/2026:21:02:10 +0000] "GET /wp-content/uploads/2024/06/DSC07701-1-scaled.jpg HTTP/2" 200 660584 "https://maheensbeauty.com/" "Mozilla/5.0 (Linux; Android 13; V2115 Build/TP1A.220624.014; wv) AppleWebKit/537.36 (KHTML, like Gecko) Version/4.0 Chrome/143.0.7499.146 Mobile Safari/537.36 musical_ly_2024301040 AppName/musical_ly ByteLocale/en-GB"
103.194.93.178 - - [15/Jan/2026:21:02:33 +0000] "GET /wp-content/uploads/2025/11/WhatsApp-Image-2025-11-21-at-4.01.33-PM-300x300.jpg HTTP/2" 200 10291 "https://maheensbeauty.com/" "Mozilla/5.0 (Linux; Android 13; V2115 Build/TP1A.220624.014; wv) AppleWebKit/537.36 (KHTML, like Gecko) Version/4.0 Chrome/143.0.7499.146 Mobile Safari/537.36 musical_ly_2024301040 AppName/musical_ly ByteLocale/en-GB"
103.194.93.178 - - [15/Jan/2026:21:02:33 +0000] "GET /wp-content/uploads/2025/11/WhatsApp-Image-2025-11-21-at-4.01.33-PM-100x100.jpg HTTP/2" 200 2379 "https://maheensbeauty.com/" "Mozilla/5.0 (Linux; Android 13; V2115 Build/TP1A.220624.014; wv) AppleWebKit/537.36 (KHTML, like Gecko) Version/4.0 Chrome/143.0.7499.146 Mobile Safari/537.36 musical_ly_2024301040 AppName/musical_ly ByteLocale/en-GB"
64.31.22.34 - - [15/Jan/2026:21:03:55 +0000] "POST /wp-cron.php?doing_wp_cron=1768511035.6015789508819580078125 HTTP/1.1" 200 0 "-" "WordPress/6.9; https://maheensbeauty.com"
64.31.22.34 - - [15/Jan/2026:21:35:35 +0000] "POST /wp-cron.php?doing_wp_cron=1768512935.6047499179840087890625 HTTP/1.1" 200 0 "-" "WordPress/6.9; https://maheensbeauty.com"
52.167.144.162 - - [15/Jan/2026:21:36:43 +0000] "GET /?products%2F30100279 HTTP/2" 200 15618 "-" "Mozilla/5.0 AppleWebKit/537.36 (KHTML, like Gecko; compatible; bingbot/2.0; +http://www.bing.com/bingbot.htm) Chrome/116.0.1938.76 Safari/537.36"
190.244.10.97 - - [15/Jan/2026:22:04:51 +0000] "GET /product-tag/maheens-liquid-foundation HTTP/1.1" 301 0 "https://maheensbeauty.com/" "Mozilla/5.0 (Macintosh; Intel Mac OS X 10_15_7) AppleWebKit/605.1.15 (KHTML, like Gecko) Version/18.3.1 Safari/605.1.15"
64.31.22.34 - - [15/Jan/2026:22:20:58 +0000] "POST /wp-cron.php?doing_wp_cron=1768515658.6562030315399169921875 HTTP/1.1" 200 0 "-" "WordPress/6.9; https://maheensbeauty.com"
66.249.93.203 - - [15/Jan/2026:22:20:57 +0000] "GET /.well-known/traffic-advice HTTP/1.1" 404 10400 "-" "Chrome Privacy Preserving Prefetch Proxy"
193.186.4.61 - - [15/Jan/2026:22:20:58 +0000] "GET / HTTP/2" 200 15620 "https://www.google.com/" "Mozilla/5.0 (Linux; Android 10; K) AppleWebKit/537.36 (KHTML, like Gecko) Chrome/131.0.0.0 Mobile Safari/537.36"
64.31.22.34 - - [15/Jan/2026:22:38:28 +0000] "POST /wp-cron.php?doing_wp_cron=1768516708.9670169353485107421875 HTTP/1.1" 200 0 "-" "WordPress/6.9; https://maheensbeauty.com"
66.249.66.199 - - [15/Jan/2026:22:39:47 +0000] "GET /wp-content/plugins/woocommerce/assets/css/woocommerce-smallscreen.css?ver=10.3.5 HTTP/1.1" 200 1165 "https://maheensbeauty.com/" "Mozilla/5.0 AppleWebKit/537.36 (KHTML, like Gecko; compatible; Googlebot/2.1; +http://www.google.com/bot.html) Chrome/143.0.7499.192 Safari/537.36"
57.141.18.60 - - [15/Jan/2026:22:56:17 +0000] "GET / HTTP/2" 200 65876 "-" "meta-externalagent/1.1 (+https://developers.facebook.com/docs/sharing/webmasters/crawler)"
125.94.144.102 - - [15/Jan/2026:22:58:39 +0000] "GET / HTTP/1.1" 200 17516 "http://maheensbeauty.com" "Mozilla/5.0 (iPhone; CPU iPhone OS 13_2_3 like Mac OS X) AppleWebKit/605.1.15 (KHTML, like Gecko) Version/13.0.3 Mobile/15E148 Safari/604.1"
198.235.24.118 - - [15/Jan/2026:23:11:11 +0000] "GET / HTTP/1.1" 301 0 "-" "Hello from Palo Alto Networks, find out more about our scans in https://docs-cortex.paloaltonetworks.com/r/1/Cortex-Xpanse/Scanning-activity"
64.31.22.34 - - [15/Jan/2026:23:58:54 +0000] "POST /wp-cron.php?doing_wp_cron=1768521534.2795701026916503906250 HTTP/1.1" 200 0 "-" "WordPress/6.9; https://maheensbeauty.com"
64.31.22.34 - - [16/Jan/2026:00:07:23 +0000] "POST /wp-cron.php?doing_wp_cron=1768522043.7514889240264892578125 HTTP/1.1" 200 0 "-" "WordPress/6.9; https://maheensbeauty.com"
40.77.167.131 - - [16/Jan/2026:00:07:21 +0000] "GET /?products%2F27457846 HTTP/2" 200 15563 "-" "Mozilla/5.0 AppleWebKit/537.36 (KHTML, like Gecko; compatible; bingbot/2.0; +http://www.bing.com/bingbot.htm) Chrome/116.0.1938.76 Safari/537.36"
64.31.22.34 - - [15/Jan/2026:22:56:18 +0000] "POST /wp-cron.php?doing_wp_cron=1768517778.8102700710296630859375 HTTP/1.1" 200 0 "-" "WordPress/6.9; https://maheensbeauty.com"
64.31.22.34 - - [15/Jan/2026:23:11:12 +0000] "POST /wp-cron.php?doing_wp_cron=1768518672.3739550113677978515625 HTTP/1.1" 200 0 "-" "WordPress/6.9; https://maheensbeauty.com"
104.210.140.130 - - [15/Jan/2026:23:43:40 +0000] "GET    /robots.txt HTTP/2" 200 71 "-" "Mozilla/5.0 (Macintosh; Intel Mac OS X 10_15_7) AppleWebKit/537.36 (KHTML, like Gecko) Chrome/131.0.0.0 Safari/537.36; compatible; OAI-SearchBot/1.0; +https://openai.com/searchbot"
62.141.44.236 - - [15/Jan/2026:23:50:15 +0000] "GET / HTTP/2" 200 17517 "-" "Mozilla/5.0 (Windows NT 10.0; Win64; x64) AppleWebKit/537.36 (KHTML, like Gecko) Chrome/91.0.4472.114 Safari/537.36 Edg/91.0.864.54"
82.159.176.21 - - [15/Jan/2026:23:58:53 +0000] "POST /wp-login.php HTTP/1.1" 200 2308 "-" "Mozilla/5.0 (Windows NT 10.0; Win64; x64; rv:75.0) Gecko/20100101 Firefox/75.0"
17.22.245.42 - - [16/Jan/2026:00:00:15 +0000] "GET /?sitemap_xml= HTTP/1.1" 301 0 "-" "Mozilla/5.0 (Macintosh; Intel Mac OS X 10_15_7) AppleWebKit/605.1.15 (KHTML, like Gecko) Version/17.4 Safari/605.1.15 (Applebot/0.1; +http://www.apple.com/go/applebot)"
17.22.245.42 - - [16/Jan/2026:00:00:16 +0000] "GET /robots.txt HTTP/1.1" 200 71 "-" "Mozilla/5.0 (Macintosh; Intel Mac OS X 10_15_7) AppleWebKit/605.1.15 (KHTML, like Gecko) Version/17.4 Safari/605.1.15 (Applebot/0.1; +http://www.apple.com/go/applebot)"
17.22.245.42 - - [16/Jan/2026:00:00:16 +0000] "GET /robots.txt HTTP/1.1" 200 71 "-" "Mozilla/5.0 (Macintosh; Intel Mac OS X 10_15_7) AppleWebKit/605.1.15 (KHTML, like Gecko) Version/17.4 Safari/605.1.15 (Applebot/0.1; +http://www.apple.com/go/applebot)"
17.22.245.42 - - [16/Jan/2026:00:00:17 +0000] "GET /robots.txt HTTP/1.1" 200 71 "-" "Mozilla/5.0 (Macintosh; Intel Mac OS X 10_15_7) AppleWebKit/605.1.15 (KHTML, like Gecko) Version/17.4 Safari/605.1.15 (Applebot/0.1; +http://www.apple.com/go/applebot)"
17.22.245.42 - - [16/Jan/2026:00:00:17 +0000] "GET /robots.txt HTTP/1.1" 200 71 "-" "Mozilla/5.0 (Macintosh; Intel Mac OS X 10_15_7) AppleWebKit/605.1.15 (KHTML, like Gecko) Version/17.4 Safari/605.1.15 (Applebot/0.1; +http://www.apple.com/go/applebot)"
17.22.245.42 - - [16/Jan/2026:00:00:18 +0000] "GET /robots.txt HTTP/1.1" 200 71 "-" "Mozilla/5.0 (Macintosh; Intel Mac OS X 10_15_7) AppleWebKit/605.1.15 (KHTML, like Gecko) Version/17.4 Safari/605.1.15 (Applebot/0.1; +http://www.apple.com/go/applebot)"
17.22.245.42 - - [16/Jan/2026:00:00:18 +0000] "GET /robots.txt HTTP/1.1" 200 71 "-" "Mozilla/5.0 (Macintosh; Intel Mac OS X 10_15_7) AppleWebKit/605.1.15 (KHTML, like Gecko) Version/17.4 Safari/605.1.15 (Applebot/0.1; +http://www.apple.com/go/applebot)"
17.22.245.42 - - [16/Jan/2026:00:00:19 +0000] "GET /robots.txt HTTP/1.1" 200 71 "-" "Mozilla/5.0 (Macintosh; Intel Mac OS X 10_15_7) AppleWebKit/605.1.15 (KHTML, like Gecko) Version/17.4 Safari/605.1.15 (Applebot/0.1; +http://www.apple.com/go/applebot)"
17.22.245.42 - - [16/Jan/2026:00:00:19 +0000] "GET /?sitemap_xml= HTTP/1.1" 301 0 "-" "Mozilla/5.0 (Macintosh; Intel Mac OS X 10_15_7) AppleWebKit/605.1.15 (KHTML, like Gecko) Version/17.4 Safari/605.1.15 (Applebot/0.1; +http://www.apple.com/go/applebot)"
52.167.144.55 - - [16/Jan/2026:00:07:13 +0000] "GET /robots.txt HTTP/2" 200 71 "-" "Mozilla/5.0 AppleWebKit/537.36 (KHTML, like Gecko; compatible; bingbot/2.0; +http://www.bing.com/bingbot.htm) Chrome/116.0.1938.76 Safari/537.36"
64.31.22.34 - - [16/Jan/2026:00:34:40 +0000] "POST /wp-cron.php?doing_wp_cron=1768523680.8769650459289550781250 HTTP/1.1" 200 0 "-" "WordPress/6.9; https://maheensbeauty.com"
40.77.167.41 - - [16/Jan/2026:00:34:38 +0000] "GET / HTTP/2" 200 15563 "-" "Mozilla/5.0 AppleWebKit/537.36 (KHTML, like Gecko; compatible; bingbot/2.0; +http://www.bing.com/bingbot.htm) Chrome/116.0.1938.76 Safari/537.36"
40.77.167.41 - - [16/Jan/2026:00:34:58 +0000] "GET /wp-content/plugins/woocommerce/assets/css/brands.css?ver=10.3.5 HTTP/2" 200 579 "-" "Mozilla/5.0 AppleWebKit/537.36 (KHTML, like Gecko; compatible; bingbot/2.0; +http://www.bing.com/bingbot.htm) Chrome/116.0.1938.76 Safari/537.36"
40.77.167.41 - - [16/Jan/2026:00:34:58 +0000] "GET /wp-content/uploads/elementor/google-fonts/css/robotoslab.css?ver=1744100409 HTTP/2" 200 710 "-" "Mozilla/5.0 AppleWebKit/537.36 (KHTML, like Gecko; compatible; bingbot/2.0; +http://www.bing.com/bingbot.htm) Chrome/116.0.1938.76 Safari/537.36"
40.77.167.41 - - [16/Jan/2026:00:34:58 +0000] "GET /wp-content/themes/hello-elementor/assets/css/reset.css?ver=3.4.5 HTTP/2" 200 1581 "-" "Mozilla/5.0 AppleWebKit/537.36 (KHTML, like Gecko; compatible; bingbot/2.0; +http://www.bing.com/bingbot.htm) Chrome/116.0.1938.76 Safari/537.36"
40.77.167.41 - - [16/Jan/2026:00:34:59 +0000] "GET /wp-content/themes/hello-elementor/assets/js/hello-frontend.js?ver=3.4.5 HTTP/2" 200 493 "-" "Mozilla/5.0 AppleWebKit/537.36 (KHTML, like Gecko; compatible; bingbot/2.0; +http://www.bing.com/bingbot.htm) Chrome/116.0.1938.76 Safari/537.36"
