/home3/bmscom/access-logs/hamza.bms69.com-ssl_log
64.31.22.34 - - [15/Jan/2026:13:12:01 +0000] "POST /wp-cron.php?doing_wp_cron=1768482721.5193159580230712890625 HTTP/1.1" 200 0 "-" "WordPress/6.9; https://hamza.bms69.com"
37.236.107.6 - - [15/Jan/2026:13:11:58 +0000] "GET /wp-json/oembed/1.0/embed?url=https%3A%2F%2Fhamza.bms69.com%2Fmeet-our-team%2F&format=xml HTTP/1.1" 200 1064 "-" "Mozilla/5.0 (Windows; U; Windows NT 11.0) AppleWebKit/534.21.7 (KHTML, like Gecko) Version/4.0.4 Safari/534.21.7"
197.10.195.161 - - [15/Jan/2026:13:32:08 +0000] "GET /wp-content/uploads/2025/06/Vanessa-Molina-400x400-1.webp HTTP/1.1" 200 152956 "-" "Opera/8.42.(X11; Linux i686; bho-IN) Presto/2.9.167 Version/12.00"
34.214.212.42 - - [15/Jan/2026:14:26:04 +0000] "GET /wp-content/uploads/elementor/google-fonts/fonts/montserrat-jtusjig1_i6t8kchkm459wlhyw.woff2 HTTP/2" 200 37828 "https://uvr.6fd.myftpupload.com/" "Mozilla/5.0 (Windows NT 10.0; Win64; x64; rv:109.0) Gecko/20100101 Firefox/110.0"
34.214.212.42 - - [15/Jan/2026:14:26:04 +0000] "GET /wp-content/uploads/elementor/google-fonts/fonts/opensans-memvyags126mizpba-uvwbx2vvnxbbobj2ovts-muw.woff2 HTTP/2" 200 48332 "https://uvr.6fd.myftpupload.com/" "Mozilla/5.0 (Windows NT 10.0; Win64; x64; rv:109.0) Gecko/20100101 Firefox/110.0"
34.214.212.42 - - [15/Jan/2026:14:26:04 +0000] "GET /wp-content/uploads/elementor/google-fonts/fonts/roboto-kfo7cnqeu92fr1me7ksn66agldtyluama3yuba.woff2 HTTP/2" 200 40128 "https://uvr.6fd.myftpupload.com/" "Mozilla/5.0 (Windows NT 10.0; Win64; x64; rv:109.0) Gecko/20100101 Firefox/110.0"
34.214.212.42 - - [15/Jan/2026:14:26:04 +0000] "GET /wp-content/uploads/elementor/google-fonts/fonts/hind-5au19_a8oxmifnjderysjq.woff2 HTTP/2" 200 16268 "https://uvr.6fd.myftpupload.com/" "Mozilla/5.0 (Windows NT 10.0; Win64; x64; rv:109.0) Gecko/20100101 Firefox/110.0"
34.214.212.42 - - [15/Jan/2026:14:26:04 +0000] "GET /wp-content/uploads/elementor/google-fonts/fonts/hind-5au69_a8oxmidgl4ba.woff2 HTTP/2" 200 16216 "https://uvr.6fd.myftpupload.com/" "Mozilla/5.0 (Windows NT 10.0; Win64; x64; rv:109.0) Gecko/20100101 Firefox/110.0"
34.214.212.42 - - [15/Jan/2026:14:26:04 +0000] "GET /wp-content/uploads/elementor/google-fonts/fonts/karla-qkbbxvyc6trat7rvltw.woff2 HTTP/2" 200 32256 "https://uvr.6fd.myftpupload.com/" "Mozilla/5.0 (Windows NT 10.0; Win64; x64; rv:109.0) Gecko/20100101 Firefox/110.0"
64.31.22.34 - - [15/Jan/2026:14:26:25 +0000] "POST /wp-cron.php?doing_wp_cron=1768487185.8094871044158935546875 HTTP/1.1" 200 0 "-" "WordPress/6.9; https://hamza.bms69.com"
92.118.182.48 - - [15/Jan/2026:14:26:21 +0000] "GET /tag/online HTTP/1.1" 404 30731 "https://hamza.bms69.com/" "Mozilla/5.0 (Macintosh; Intel Mac OS X 10.15; rv:137.0) Gecko/20100101 Firefox/137.0"
64.31.22.34 - - [15/Jan/2026:14:26:25 +0000] "POST /wp-cron.php?doing_wp_cron=1768487185.1635439395904541015625 HTTP/1.1" 200 0 "-" "WordPress/6.9; https://hamza.bms69.com"
54.203.109.179 - - [15/Jan/2026:15:21:21 +0000] "GET /wp-content/uploads/elementor/google-fonts/fonts/roboto-kfo7cnqeu92fr1me7ksn66agldtyluama3yuba.woff2 HTTP/2" 200 40128 "https://uvr.6fd.myftpupload.com/" "Mozilla/5.0 (Windows NT 10.0; Win64; x64; rv:109.0) Gecko/20100101 Firefox/110.0"
54.203.109.179 - - [15/Jan/2026:15:21:21 +0000] "GET /wp-content/uploads/elementor/google-fonts/fonts/montserrat-jtusjig1_i6t8kchkm459wlhyw.woff2 HTTP/2" 200 37828 "https://uvr.6fd.myftpupload.com/" "Mozilla/5.0 (Windows NT 10.0; Win64; x64; rv:109.0) Gecko/20100101 Firefox/110.0"
54.203.109.179 - - [15/Jan/2026:15:21:21 +0000] "GET /wp-content/uploads/elementor/google-fonts/fonts/opensans-memvyags126mizpba-uvwbx2vvnxbbobj2ovts-muw.woff2 HTTP/2" 200 48332 "https://uvr.6fd.myftpupload.com/" "Mozilla/5.0 (Windows NT 10.0; Win64; x64; rv:109.0) Gecko/20100101 Firefox/110.0"
54.203.109.179 - - [15/Jan/2026:15:21:22 +0000] "GET /wp-content/uploads/elementor/google-fonts/fonts/hind-5au19_a8oxmifnjderysjq.woff2 HTTP/2" 200 16268 "https://uvr.6fd.myftpupload.com/" "Mozilla/5.0 (Windows NT 10.0; Win64; x64; rv:109.0) Gecko/20100101 Firefox/110.0"
54.203.109.179 - - [15/Jan/2026:15:21:22 +0000] "GET /wp-content/uploads/elementor/google-fonts/fonts/hind-5au69_a8oxmidgl4ba.woff2 HTTP/2" 200 16216 "https://uvr.6fd.myftpupload.com/" "Mozilla/5.0 (Windows NT 10.0; Win64; x64; rv:109.0) Gecko/20100101 Firefox/110.0"
54.203.109.179 - - [15/Jan/2026:15:21:22 +0000] "GET /wp-content/uploads/elementor/google-fonts/fonts/karla-qkbbxvyc6trat7rvltw.woff2 HTTP/2" 200 32256 "https://uvr.6fd.myftpupload.com/" "Mozilla/5.0 (Windows NT 10.0; Win64; x64; rv:109.0) Gecko/20100101 Firefox/110.0"
54.203.109.179 - - [15/Jan/2026:15:21:31 +0000] "GET /wp-content/uploads/elementor/google-fonts/fonts/karla-qkbbxvyc6trat7rvltw.woff2 HTTP/2" 200 32256 "https://uvr.6fd.myftpupload.com/" "Mozilla/5.0 (Windows NT 10.0; Win64; x64; rv:109.0) Gecko/20100101 Firefox/110.0"
177.239.83.120 - - [15/Jan/2026:16:04:41 +0000] "GET /wp-content/uploads/elementor/css/post-208.css?ver=1768001538 HTTP/1.1" 200 1726 "-" "Mozilla/5.0 (Macintosh; Intel Mac OS X 10_10_2 rv:2.0; ja-JP) AppleWebKit/531.12.5 (KHTML, like Gecko) Version/5.0.2 Safari/531.12.5"
78.180.53.26 - - [15/Jan/2026:16:29:32 +0000] "GET /wp-content/uploads/elementor/css/post-449.css?ver=1767726809 HTTP/1.1" 200 716 "-" "Mozilla/5.0 (compatible; MSIE 5.0; Windows NT 6.0; Trident/5.1)"
54.203.109.179 - - [15/Jan/2026:15:19:53 +0000] "GET /wp-content/uploads/elementor/google-fonts/fonts/roboto-kfo7cnqeu92fr1me7ksn66agldtyluama3yuba.woff2 HTTP/2" 200 40128 "https://uvr.6fd.myftpupload.com/" "Mozilla/5.0 (Windows NT 10.0; Win64; x64; rv:109.0) Gecko/20100101 Firefox/110.0"
54.203.109.179 - - [15/Jan/2026:15:19:53 +0000] "GET /wp-content/uploads/elementor/google-fonts/fonts/montserrat-jtusjig1_i6t8kchkm459wlhyw.woff2 HTTP/2" 200 37828 "https://uvr.6fd.myftpupload.com/" "Mozilla/5.0 (Windows NT 10.0; Win64; x64; rv:109.0) Gecko/20100101 Firefox/110.0"
54.203.109.179 - - [15/Jan/2026:15:19:53 +0000] "GET /wp-content/uploads/elementor/google-fonts/fonts/opensans-memvyags126mizpba-uvwbx2vvnxbbobj2ovts-muw.woff2 HTTP/2" 200 48332 "https://uvr.6fd.myftpupload.com/" "Mozilla/5.0 (Windows NT 10.0; Win64; x64; rv:109.0) Gecko/20100101 Firefox/110.0"
188.37.52.129 - - [15/Jan/2026:17:00:22 +0000] "GET /wp-content/themes/astra/assets/js/minified/frontend.min.js?ver=4.12.0 HTTP/1.1" 200 5927 "-" "Mozilla/5.0 (Windows NT 10.0) AppleWebKit/531.2 (KHTML, like Gecko) Chrome/61.0.846.0 Safari/531.2"
64.31.22.34 - - [15/Jan/2026:17:15:13 +0000] "POST /wp-cron.php?doing_wp_cron=1768497313.6992490291595458984375 HTTP/1.1" 200 0 "-" "WordPress/6.9; https://hamza.bms69.com"
64.31.22.34 - - [15/Jan/2026:17:15:14 +0000] "POST /wp-cron.php?doing_wp_cron=1768497314.3512039184570312500000 HTTP/1.1" 200 0 "-" "WordPress/6.9; https://hamza.bms69.com"
185.134.176.110 - - [15/Jan/2026:17:15:10 +0000] "GET /online-instructor HTTP/1.1" 404 30731 "https://hamza.bms69.com/" "Mozilla/5.0 (Macintosh; Intel Mac OS X 10_15_7) AppleWebKit/537.36 (KHTML, like Gecko) Chrome/134.0.0.0 Safari/537.36"
177.155.151.249 - - [15/Jan/2026:17:37:27 +0000] "GET /team HTTP/1.1" 404 30731 "https://hamza.bms69.com/" "Mozilla/5.0 (X11; CrOS x86_64 14541.0.0) AppleWebKit/537.36 (KHTML, like Gecko) Chrome/133.0.0.0 Safari/537.36"
64.31.22.34 - - [15/Jan/2026:17:37:28 +0000] "POST /wp-cron.php?doing_wp_cron=1768498648.7806050777435302734375 HTTP/1.1" 200 0 "-" "WordPress/6.9; https://hamza.bms69.com"
204.76.203.25 - - [15/Jan/2026:19:41:20 +0000] "GET /wp-content/plugins/elementor/assets/js/webpack.runtime.min.js HTTP/1.1" 200 5700 "-" "Mozilla/5.0 (Windows NT 10.0; Win64; x64) AppleWebKit/537.36 (KHTML, like Gecko) Chrome/134.0.0.0 Safari/537.3"
204.76.203.25 - - [15/Jan/2026:19:41:20 +0000] "GET /wp-content/plugins/elementor-pro/assets/js/webpack-pro.runtime.min.js HTTP/1.1" 200 5184 "-" "Mozilla/5.0 (Windows NT 10.0; Win64; x64) AppleWebKit/537.36 (KHTML, like Gecko) Chrome/134.0.0.0 Safari/537.3"
64.31.22.34 - - [15/Jan/2026:20:53:18 +0000] "POST /wp-cron.php?doing_wp_cron=1768510398.4160530567169189453125 HTTP/1.1" 200 0 "-" "WordPress/6.9; https://hamza.bms69.com"
64.31.22.34 - - [15/Jan/2026:20:53:19 +0000] "POST /wp-cron.php?doing_wp_cron=1768510399.0683269500732421875000 HTTP/1.1" 200 0 "-" "WordPress/6.9; https://hamza.bms69.com"
64.31.22.34 - - [15/Jan/2026:21:12:40 +0000] "POST /wp-cron.php?doing_wp_cron=1768511560.5864789485931396484375 HTTP/1.1" 200 0 "-" "WordPress/6.9; https://hamza.bms69.com"
223.189.176.33 - - [15/Jan/2026:21:46:19 +0000] "GET /wp-json/oembed/1.0/embed?url=https%3A%2F%2Fhamza.bms69.com%2Fmeet-our-team%2F HTTP/1.1" 200 1031 "-" "Mozilla/5.0 (Windows; U; Windows 98) AppleWebKit/532.16.3 (KHTML, like Gecko) Version/5.1 Safari/532.16.3"
64.31.22.34 - - [15/Jan/2026:21:54:01 +0000] "POST /wp-cron.php?doing_wp_cron=1768514041.1499469280242919921875 HTTP/1.1" 200 0 "-" "WordPress/6.9; https://hamza.bms69.com"
45.216.80.231 - - [15/Jan/2026:22:13:11 +0000] "GET /2024/06/24 HTTP/1.1" 404 30731 "https://hamza.bms69.com/" "Mozilla/5.0 (Windows NT 10.0; Win64; x64) AppleWebKit/537.36 (KHTML, like Gecko) Chrome/135.0.0.0 Safari/537.36 Edg/135.0.0.0"
151.236.166.176 - - [15/Jan/2026:20:28:45 +0000] "GET /wp-content/uploads/elementor/css/post-436.css?ver=1767726809 HTTP/1.1" 200 719 "-" "Mozilla/5.0 (iPad; CPU iPad OS 9_3_5 like Mac OS X) AppleWebKit/536.0 (KHTML, like Gecko) CriOS/37.0.829.0 Mobile/89M120 Safari/536.0"
37.205.115.246 - - [15/Jan/2026:20:53:15 +0000] "GET /2024/06 HTTP/1.1" 404 30731 "https://hamza.bms69.com/" "Mozilla/5.0 (Windows NT 10.0; Win64; x64; rv:137.0) Gecko/20100101 Firefox/137.0"
205.210.31.176 - - [15/Jan/2026:21:12:39 +0000] "GET / HTTP/1.1" 200 229445 "-" "Hello from Palo Alto Networks, find out more about our scans in https://docs-cortex.paloaltonetworks.com/r/1/Cortex-Xpanse/Scanning-activity"
82.129.233.2 - - [15/Jan/2026:21:23:22 +0000] "GET /category/photography HTTP/1.1" 404 30731 "https://hamza.bms69.com/" "Mozilla/5.0 (Macintosh; Intel Mac OS X 10_15_7) AppleWebKit/537.36 (KHTML, like Gecko) Chrome/134.0.0.0 Safari/537.36"
64.31.22.34 - - [15/Jan/2026:21:46:20 +0000] "POST /wp-cron.php?doing_wp_cron=1768513580.4342370033264160156250 HTTP/1.1" 200 0 "-" "WordPress/6.9; https://hamza.bms69.com"
177.53.43.60 - - [15/Jan/2026:21:54:00 +0000] "GET /sample-page HTTP/1.1" 404 30731 "https://hamza.bms69.com/" "Mozilla/5.0 (X11; Linux x86_64; rv:125.0) Gecko/20100101 Firefox/125.0"
64.31.22.34 - - [15/Jan/2026:22:13:12 +0000] "POST /wp-cron.php?doing_wp_cron=1768515192.2356879711151123046875 HTTP/1.1" 200 0 "-" "WordPress/6.9; https://hamza.bms69.com"
31.219.231.174 - - [15/Jan/2026:22:24:35 +0000] "GET /wp-content/uploads/2025/06/Susy-C-Picture-e1748643360806-400x400-1.jpeg HTTP/1.1" 200 24990 "-" "Mozilla/5.0 (Windows; U; Windows 98; Win 9x 4.90) AppleWebKit/532.1.5 (KHTML, like Gecko) Version/4.1 Safari/532.1.5"
64.31.22.34 - - [15/Jan/2026:23:45:01 +0000] "POST /wp-cron.php?doing_wp_cron=1768520701.3397130966186523437500 HTTP/1.1" 200 0 "-" "WordPress/6.9; https://hamza.bms69.com"
45.175.19.131 - - [15/Jan/2026:23:44:58 +0000] "GET /category/finance HTTP/1.1" 404 30731 "https://hamza.bms69.com/" "Mozilla/5.0 (X11; CrOS x86_64 14541.0.0) AppleWebKit/537.36 (KHTML, like Gecko) Chrome/134.0.0.0 Safari/537.36"
189.6.8.241 - - [15/Jan/2026:23:10:09 +0000] "GET /wp-content/uploads/elementor/css/post-407.css?ver=1767726809 HTTP/1.1" 200 758 "-" "Opera/9.48.(Windows NT 11.0; kok-IN) Presto/2.9.176 Version/11.00"
64.31.22.34 - - [15/Jan/2026:23:45:00 +0000] "POST /wp-cron.php?doing_wp_cron=1768520700.8404319286346435546875 HTTP/1.1" 200 0 "-" "WordPress/6.9; https://hamza.bms69.com"
197.184.177.51 - - [15/Jan/2026:23:53:28 +0000] "GET /tag/education HTTP/1.1" 404 30731 "https://hamza.bms69.com/" "Mozilla/5.0 (Windows NT 10.0; Win64; x64) AppleWebKit/537.36 (KHTML, like Gecko) Chrome/135.0.0.0 Safari/537.36"
190.153.66.179 - - [15/Jan/2026:23:53:34 +0000] "GET /wishlist HTTP/1.1" 404 30731 "https://hamza.bms69.com/" "Mozilla/5.0 (X11; Linux x86_64; rv:125.0) Gecko/20100101 Firefox/125.0"
64.31.22.34 - - [16/Jan/2026:00:14:24 +0000] "POST /wp-cron.php?doing_wp_cron=1768522464.2235090732574462890625 HTTP/1.1" 200 0 "-" "WordPress/6.9; https://hamza.bms69.com"
198.235.24.219 - - [16/Jan/2026:00:14:23 +0000] "GET /wp-login.php HTTP/1.1" 200 8755 "-" "Hello from Palo Alto Networks, find out more about our scans in https://docs-cortex.paloaltonetworks.com/r/1/Cortex-Xpanse/Scanning-activity"
205.210.31.193 - - [16/Jan/2026:00:18:51 +0000] "GET /shell.php HTTP/1.1" 404 171093 "-" "Hello from Palo Alto Networks, find out more about our scans in https://docs-cortex.paloaltonetworks.com/r/1/Cortex-Xpanse/Scanning-activity"
45.139.104.168 - - [16/Jan/2026:00:26:35 +0000] "GET //hamza.bms69.com/wp-content/plugins/sticky-header-effects-for-elementor/assets/js/she-header.js HTTP/1.1" 301 0 "-" "Mozilla/5.0 (Linux; Android 9; Mi A2) AppleWebKit/537.36 (KHTML, like Gecko) Chrome/76.0.3809.111 Mobile Safari/537.36"
45.139.104.168 - - [16/Jan/2026:00:26:35 +0000] "GET //hamza.bms69.com/wp-admin/admin-ajax.php HTTP/1.1" 301 0 "-" "Mozilla/5.0 (Macintosh; U; Mac OS X Mach-O; en-US; rv:2.0a) Gecko/20040614 Firefox/3.0.0"
45.139.104.168 - - [16/Jan/2026:00:26:35 +0000] "GET //hamza.bms69.com/wp-content/plugins/elementor/assets/js/webpack.runtime.min.js HTTP/1.1" 301 0 "-" "Mozilla/5.0 (Unknown; UNIX BSD/SYSV system) AppleWebKit/538.1 (KHTML, like Gecko) QupZilla/1.7.0 Safari/538.1"
45.139.104.168 - - [16/Jan/2026:00:26:35 +0000] "GET //hamza.bms69.com/wp-content/plugins/elementor/assets/js/frontend-modules.min.js HTTP/1.1" 301 0 "-" "Mozilla/5.0 (X11; U; Linux x86_64; en-US; rv:1.9.0.3) Gecko/2008092814 (Debian-3.0.1-1)"
45.139.104.168 - - [16/Jan/2026:00:26:35 +0000] "GET //hamza.bms69.com/wp-includes/js/dist/i18n.min.js HTTP/1.1" 301 0 "-" "Mozilla/5.0 (Linux; Android 9; Pixel 2 XL) AppleWebKit/537.36 (KHTML, like Gecko) Chrome/77.0.3865.18 Mobile Safari/537.36"
45.139.104.168 - - [16/Jan/2026:00:26:35 +0000] "GET //hamza.bms69.com/wp-content/plugins/elementor-pro/assets/js/preloaded-elements-handlers.min.js HTTP/1.1" 301 0 "-" "Mozilla/5.0 (Macintosh; Intel Mac OS X 10_14_1) AppleWebKit/605.1.15 (KHTML, like Gecko) Version/12.0.1 Safari/605.1.15"
45.139.104.168 - - [16/Jan/2026:00:26:35 +0000] "GET //hamza.bms69.com/wp-content/plugins/elementskit-lite/libs/framework/assets/js/frontend-script.js HTTP/1.1" 301 0 "-" "Opera/9.80 (Android; Opera Mini/43.3.2254/150.36; U; en) Presto/2.12.423 Version/12.16"
45.139.104.168 - - [16/Jan/2026:00:26:35 +0000] "GET //hamza.bms69.com/wp-content/plugins/elementskit-lite/widgets/init/assets/js/animate-circle.min.js HTTP/1.1" 301 0 "-" "BlackBerry9530/4.7.0.167 Profile/MIDP-2.0 Configuration/CLDC-1.1 VendorID/102 UP.Link/6.3.1.20.0"
45.139.104.168 - - [16/Jan/2026:00:26:35 +0000] "GET //hamza.bms69.com/wp-includes/js/dist/hooks.min.js HTTP/1.1" 301 0 "-" "Mozilla/5.0 (X11; Linux x86_64) AppleWebKit/537.36 (KHTML, like Gecko) Chrome/62.0.3202.94 Safari/537.36"
45.139.104.168 - - [16/Jan/2026:00:26:35 +0000] "GET //hamza.bms69.com/wp-content/plugins/elementor/assets/lib/swiper/v8/swiper.min.js HTTP/1.1" 301 0 "-" "Mozilla/5.0 (X11; Linux i686) AppleWebKit/537.36 (KHTML, like Gecko) Ubuntu Chromium/65.0.3325.181 Chrome/65.0.3325.181 Safari/537.36"
45.139.104.168 - - [16/Jan/2026:00:26:35 +0000] "GET //hamza.bms69.com/wp-content/plugins/latepoint/public/javascripts/vendor-front.js HTTP/1.1" 301 0 "-" "HTC-ST7377/1.59.502.3 (67150) Opera/9.50 (Windows NT 5.1; U; en) UP.Link/6.3.1.17.0"
45.139.104.168 - - [16/Jan/2026:00:26:35 +0000] "GET //hamza.bms69.com/wp-content/plugins/preloader-for-website/assets/js/plwao-public.js HTTP/1.1" 301 0 "-" "Adobe Application Manager 2.0"
45.139.104.168 - - [16/Jan/2026:00:26:35 +0000] "GET //hamza.bms69.com/xmlrpc.php HTTP/1.1" 301 0 "-" "Mozilla/4.0 (compatible; MSIE 6.0; Windows NT 5.0; en) Opera 8.0"
45.139.104.168 - - [16/Jan/2026:00:26:35 +0000] "GET //hamza.bms69.com/wp-includes/js/jquery/jquery.min.js HTTP/1.1" 301 0 "-" "Mozilla/5.0 (X11; Linux i686) AppleWebKit/537.36 (KHTML, like Gecko) Chrome/53.0.2785.101 Safari/537.36 OPR/40.0.2308.62"
205.210.31.239 - - [16/Jan/2026:00:19:00 +0000] "GET /shell HTTP/1.1" 404 171134 "-" "Hello from Palo Alto Networks, find out more about our scans in https://docs-cortex.paloaltonetworks.com/r/1/Cortex-Xpanse/Scanning-activity"
198.235.24.77 - - [16/Jan/2026:00:19:43 +0000] "GET /webshell.php HTTP/1.1" 404 171093 "-" "Hello from Palo Alto Networks, find out more about our scans in https://docs-cortex.paloaltonetworks.com/r/1/Cortex-Xpanse/Scanning-activity"
198.235.24.77 - - [16/Jan/2026:00:19:43 +0000] "GET /webshell HTTP/1.1" 404 171134 "-" "Hello from Palo Alto Networks, find out more about our scans in https://docs-cortex.paloaltonetworks.com/r/1/Cortex-Xpanse/Scanning-activity"
45.139.104.168 - - [16/Jan/2026:00:26:18 +0000] "GET / HTTP/1.1" 200 44792 "-" "Mozilla/5.0 (X11; U; Linux x86_64; en-US; rv:1.9.0.3) Gecko/2008092814 (Debian-3.0.1-1)"
45.139.104.168 - - [16/Jan/2026:00:26:35 +0000] "GET //hamza.bms69.com/wp-content/plugins/elementor/assets/js/frontend.min.js HTTP/1.1" 301 0 "-" "Mozilla/5.0 (Linux; Android 9; MIX 2S Build/PKQ1.180729.001; wv) AppleWebKit/537.36 (KHTML, like Gecko) Version/4.0 Chrome/66.0.3359.126 MQQBrowser/6.2 TBS/044807 Mobile Safari/537.36 MMWEBID/8952 MicroMessenger/7.0.6.1460(0x27000679) Process/tools NetType/4G Language/zh_CN"
45.139.104.168 - - [16/Jan/2026:00:26:35 +0000] "GET //hamza.bms69.com/wp-content/plugins/elementskit-lite/widgets/init/assets/js/widget-scripts.js HTTP/1.1" 301 0 "-" "Mozilla/5.0 (compatible; Konqueror/3.5; NetBSD 4.0_RC3; X11) KHTML/3.5.7 (like Gecko)"
45.139.104.168 - - [16/Jan/2026:00:26:35 +0000] "GET //hamza.bms69.com/wp-includes/js/wp-emoji-loader.min.js HTTP/1.1" 301 0 "-" "Mozilla/5.0 (Linux; Android 5.0.1; GT-I9500) AppleWebKit/537.36 (KHTML, like Gecko) Chrome/76.0.3809.111 Mobile Safari/537.36"
45.139.104.168 - - [16/Jan/2026:00:26:35 +0000] "GET //hamza.bms69.com/wp-includes/js/jquery/ui/core.min.js HTTP/1.1" 301 0 "-" "Mozilla/5.0 (Linux; Android 9; ONEPLUS A6003) AppleWebKit/537.36 (KHTML, like Gecko) Chrome/76.0.3809.111 Mobile Safari/537.36"
45.139.104.168 - - [16/Jan/2026:00:26:35 +0000] "GET //hamza.bms69.com/wp-content/uploads/wpmss/lenis-init.min.js HTTP/1.1" 301 0 "-" "Mozilla/5.0 (Linux; Android 9; ONEPLUS A6000) AppleWebKit/537.36 (KHTML, like Gecko) Chrome/76.0.3809.111 Mobile Safari/537.36"
45.139.104.168 - - [16/Jan/2026:00:26:35 +0000] "GET //hamza.bms69.com/wp-includes/js/jquery/jquery-migrate.min.js HTTP/1.1" 301 0 "-" "Mozilla/5.0 (Windows NT 10.0; WOW64; Trident/7.0; MATBJS; rv:11.0) like Gecko"
45.139.104.168 - - [16/Jan/2026:00:26:35 +0000] "GET //hamza.bms69.com/wp-includes/js/wp-emoji-release.min.js HTTP/1.1" 301 0 "-" "Mozilla/5.0 (X11; NetBSD) AppleWebKit/537.36 (KHTML, like Gecko) Chrome/27.0.1453.116 Safari/537.36"
45.139.104.168 - - [16/Jan/2026:00:26:35 +0000] "GET //hamza.bms69.com/wp-content/plugins/mousewheel-smooth-scroll/js/lenis.min.js HTTP/1.1" 301 0 "-" "Mozilla/5.0 (Windows NT 10.0; Win64; x64) AppleWebKit/537.36 (KHTML, like Gecko) Chrome/55.0.2883.87 Safari/537.36"
45.139.104.168 - - [16/Jan/2026:00:26:35 +0000] "GET //hamza.bms69.com/wp-content/plugins/elementor-pro/assets/js/webpack-pro.runtime.min.js HTTP/1.1" 301 0 "-" "Mozilla/5.0 (Linux; webOS/2.2.4; U; en-US) AppleWebKit/534.6 (KHTML, like Gecko) webOSBrowser/221.56 Safari/534.6 Pre/3.0"
45.139.104.168 - - [16/Jan/2026:00:26:35 +0000] "GET /admin-ajax.php HTTP/1.1" 404 35135 "-" "Mozilla/5.0 (Linux; Android 6.0; NCE-AL00 Build/HUAWEINCE-AL00; wv) AppleWebKit/537.36 (KHTML, like Gecko) Version/4.0 Chrome/66.0.3359.126 MQQBrowser/6.2 TBS/044813 Mobile Safari/537.36 MMWEBID/6904 MicroMessenger/7.0.6.1460(0x27000634) Process/tools NetType/4G Language/zh_CN"
45.139.104.168 - - [16/Jan/2026:00:26:35 +0000] "GET //hamza.bms69.com/wp-content/plugins/elementskit-lite/widgets/init/assets/js/elementor.js HTTP/1.1" 301 0 "-" "Mozilla/5.0 (Linux; Android 9; ANE-LX1) AppleWebKit/537.36 (KHTML, like Gecko) Chrome/76.0.3809.111 Mobile Safari/537.36"
45.139.104.168 - - [16/Jan/2026:00:26:35 +0000] "GET //hamza.bms69.com/wp-content/plugins/latepoint/public/javascripts/front.js HTTP/1.1" 301 0 "-" "Mozilla/5.0 (Maemo; Linux armv7l; rv:2.0.1) Gecko/20100101 Firefox/4.0.1 Fennec/2.0.1"
45.139.104.168 - - [16/Jan/2026:00:26:35 +0000] "GET /default.json HTTP/1.1" 404 35135 "-" "Mozilla/5.0 (Linux; Android 9; Nokia 7.1) AppleWebKit/537.36 (KHTML, like Gecko) Chrome/72.0.3626.121 Mobile Safari/537.36"
45.139.104.168 - - [16/Jan/2026:00:26:55 +0000] "GET //hamza.bms69.com/wp-content/plugins/elementor-pro/assets/lib/smartmenus/jquery.smartmenus.min.js HTTP/1.1" 301 0 "-" "FeedFetcher-Google; ( http://www.google.com/feedfetcher.html)"
45.139.104.168 - - [16/Jan/2026:00:26:55 +0000] "GET //hamza.bms69.com/wp-content/plugins/elementor-pro/assets/js/webpack-pro.runtime.min.js HTTP/1.1" 301 0 "-" "Mozilla/5.0 (Linux; Android 7.0; SM-J327T1) AppleWebKit/537.36 (KHTML, like Gecko) Chrome/71.0.3578.99 Mobile Safari/537.36"
45.139.104.168 - - [16/Jan/2026:00:26:55 +0000] "GET //hamza.bms69.com/wp-content/plugins/elementor/assets/lib/swiper/v8/swiper.min.js HTTP/1.1" 301 0 "-" "Mozilla/5.0 (Macintosh; Intel Mac OS X 10_15) AppleWebKit/605.1.15 (KHTML, like Gecko) Version/13.0 Safari/605.1.15"
45.139.104.168 - - [16/Jan/2026:00:26:55 +0000] "GET //hamza.bms69.com/wp-content/plugins/elementskit-lite/libs/framework/assets/js/frontend-script.js HTTP/1.1" 301 0 "-" "Mozilla/5.0 (X11; Linux i686) AppleWebKit/537.36 (KHTML, like Gecko) Chrome/48.0.2564.116 Safari/537.36"
45.139.104.168 - - [16/Jan/2026:00:26:55 +0000] "GET //hamza.bms69.com/wp-content/plugins/elementor/assets/js/frontend.min.js HTTP/1.1" 301 0 "-" "Mozilla/5.0 (Windows NT 10.0; Win64; x64) AppleWebKit/537.36 (KHTML, like Gecko) Chrome/74.0.3729.157 Safari/537.36"
45.139.104.168 - - [16/Jan/2026:00:26:55 +0000] "GET //hamza.bms69.com/wp-content/plugins/latepoint/public/javascripts/front.js HTTP/1.1" 301 0 "-" "Mozilla/5.0 (Linux; Android 9; SM-G965F) AppleWebKit/537.36 (KHTML, like Gecko) Chrome/73.0.3683.90 Mobile Safari/537.36 EdgA/42.0.2.3819"
45.139.104.168 - - [16/Jan/2026:00:26:55 +0000] "GET //hamza.bms69.com/wp-content/plugins/elementskit-lite/widgets/init/assets/js/elementor.js HTTP/1.1" 301 0 "-" "Mozilla/5.0 (Linux; Android 8.1.0; Redmi 6) AppleWebKit/537.36 (KHTML, like Gecko) Chrome/76.0.3809.111 Mobile Safari/537.36"
45.139.104.168 - - [16/Jan/2026:00:26:55 +0000] "GET //hamza.bms69.com/wp-content/plugins/elementskit-lite/widgets/init/assets/js/animate-circle.min.js HTTP/1.1" 301 0 "-" "Mozilla/5.0 (Linux; Android 9; Mi A1) AppleWebKit/537.36 (KHTML, like Gecko) Chrome/72.0.3626.121 Mobile Safari/537.36"
45.139.104.168 - - [16/Jan/2026:00:26:55 +0000] "GET //hamza.bms69.com/wp-content/plugins/elementskit-lite/widgets/init/assets/js/widget-scripts.js HTTP/1.1" 301 0 "-" "Mozilla/5.0 (Windows NT 10.0; Win64; x64) AppleWebKit/537.36 (KHTML, like Gecko) Chrome/75.0.3770.100 Safari/537.36"
45.139.104.168 - - [16/Jan/2026:00:26:55 +0000] "GET //hamza.bms69.com/wp-content/plugins/latepoint/public/javascripts/vendor-front.js HTTP/1.1" 301 0 "-" "Mozilla/5.0 (X11; Linux x86_64) AppleWebKit/538.1 (KHTML, like Gecko) QupZilla/1.9.0 Safari/538.1"
45.139.104.168 - - [16/Jan/2026:00:26:55 +0000] "GET //hamza.bms69.com/wp-content/plugins/preloader-for-website/assets/js/plwao-public.js HTTP/1.1" 301 0 "-" "Mozilla/5.0 (Linux; Android 8.1.0; SM-G390F) AppleWebKit/537.36 (KHTML, like Gecko) Chrome/76.0.3809.89 Mobile Safari/537.36"
45.139.104.168 - - [16/Jan/2026:00:26:55 +0000] "GET //hamza.bms69.com/wp-content/plugins/sticky-header-effects-for-elementor/assets/js/she-header.js HTTP/1.1" 301 0 "-" "Mozilla/5.0 (Linux; Android 9; SM-G975F) AppleWebKit/537.36 (KHTML, like Gecko) Chrome/76.0.3809.111 Mobile Safari/537.36"
45.139.104.168 - - [16/Jan/2026:00:26:55 +0000] "GET //hamza.bms69.com/wp-content/themes/astra/assets/js/minified/frontend.min.js HTTP/1.1" 301 0 "-" "Mozilla/4.0 (PDA; PalmOS/sony/model prmr/Revision:1.1.54 (en)) NetFront/3.0"
45.139.104.168 - - [16/Jan/2026:00:26:35 +0000] "GET //hamza.bms69.com/wp-content/plugins/elementor-pro/assets/js/frontend.min.js HTTP/1.1" 301 0 "-" "Mozilla/5.0 (Macintosh; Intel Mac OS X 10_15_0) AppleWebKit/537.36 (KHTML, like Gecko) Chrome/75.0.3770.142 Safari/537.36"
45.139.104.168 - - [16/Jan/2026:00:26:35 +0000] "GET //hamza.bms69.com/wp-content/themes/astra/assets/js/minified/frontend.min.js HTTP/1.1" 301 0 "-" "Mozilla/5.0 (Linux; Android 9; SM-N950U) AppleWebKit/537.36 (KHTML, like Gecko) Chrome/76.0.3809.89 Mobile Safari/537.36"
45.139.104.168 - - [16/Jan/2026:00:26:35 +0000] "GET //hamza.bms69.com/wp-content/plugins/elementor-pro/assets/lib/smartmenus/jquery.smartmenus.min.js HTTP/1.1" 301 0 "-" "Mozilla/5.0 (Windows NT 10.0; Win64; x64) AppleWebKit/537.36 (KHTML, like Gecko) Chrome/77.0.3865.19 Safari/537.36"
45.139.104.168 - - [16/Jan/2026:00:26:35 +0000] "GET //hamza.bms69.com/wp-content/themes/astra/assets/js/minified/flexibility.min.js HTTP/1.1" 301 0 "-" "Mozilla/5.0 (X11; Linux x86_64) AppleWebKit/537.36 (KHTML, like Gecko) Chrome/73.0.3683.86 Safari/537.36"
45.139.104.168 - - [16/Jan/2026:00:26:55 +0000] "GET //hamza.bms69.com/wp-content/plugins/elementor-pro/assets/js/frontend.min.js HTTP/1.1" 301 0 "-" "Mozilla/5.0 (Linux; Android 9; RMX1851) AppleWebKit/537.36 (KHTML, like Gecko) Chrome/76.0.3809.111 Mobile Safari/537.36"
45.139.104.168 - - [16/Jan/2026:00:26:55 +0000] "GET //hamza.bms69.com/wp-content/plugins/elementor-pro/assets/js/preloaded-elements-handlers.min.js HTTP/1.1" 301 0 "-" "Mozilla/5.0 (X11; U; Linux i686; en-us) AppleWebKit/528.5  (KHTML, like Gecko, Safari/528.5 ) lt-GtkLauncher"
45.139.104.168 - - [16/Jan/2026:00:26:55 +0000] "GET //hamza.bms69.com/wp-content/plugins/elementor/assets/js/frontend-modules.min.js HTTP/1.1" 301 0 "-" "Mozilla/5.0 (X11; U; Linux i686; en-US; rv:1.8.1) Gecko/20061024 Firefox/2.0 (Swiftfox)"
45.139.104.168 - - [16/Jan/2026:00:26:55 +0000] "GET //hamza.bms69.com/wp-admin/admin-ajax.php HTTP/1.1" 301 0 "-" "Mozilla/5.0 (Linux; Android 8.1.0; ZB602KL) AppleWebKit/537.36 (KHTML, like Gecko) Chrome/76.0.3809.89 Mobile Safari/537.36"
45.139.104.168 - - [16/Jan/2026:00:26:55 +0000] "GET //hamza.bms69.com/wp-content/plugins/mousewheel-smooth-scroll/js/lenis.min.js HTTP/1.1" 301 0 "-" "Mozilla/5.0 (Macintosh; Intel Mac OS X 10_13_6) AppleWebKit/537.36 (KHTML, like Gecko) Chrome/74.0.3729.157 Safari/537.36"
45.139.104.168 - - [16/Jan/2026:00:26:55 +0000] "GET //hamza.bms69.com/wp-includes/js/jquery/ui/core.min.js HTTP/1.1" 301 0 "-" "SEC-SGHE900/1.0 NetFront/3.2 Profile/MIDP-2.0 Configuration/CLDC-1.1 Opera/8.01 (J2ME/MIDP; Opera Mini/2.0.4509/1378; nl; U; ssr)"
45.139.104.168 - - [16/Jan/2026:00:26:55 +0000] "GET //hamza.bms69.com/wp-content/uploads/wpmss/lenis-init.min.js HTTP/1.1" 301 0 "-" "Mozilla/5.0 (Macintosh; Intel Mac OS X 10_13_6) AppleWebKit/605.1.15 (KHTML, like Gecko) Version/11.1.2 Safari/605.1.15"
45.139.104.168 - - [16/Jan/2026:00:26:55 +0000] "GET //hamza.bms69.com/wp-includes/js/jquery/jquery-migrate.min.js HTTP/1.1" 301 0 "-" "Mozilla/5.0 (Linux; Android 8.1.0; Nexus 6P) AppleWebKit/537.36 (KHTML, like Gecko) Chrome/76.0.3809.111 Mobile Safari/537.36"
45.139.104.168 - - [16/Jan/2026:00:26:55 +0000] "GET //hamza.bms69.com/wp-includes/js/jquery/jquery.min.js HTTP/1.1" 301 0 "-" "Mozilla/5.0 (Windows NT 6.3; WOW64) AppleWebKit/537.36 (KHTML, like Gecko) Chrome/44.0.2403.107 Safari/537.36"
45.139.104.168 - - [16/Jan/2026:00:26:55 +0000] "GET //hamza.bms69.com/wp-content/themes/astra/assets/js/minified/flexibility.min.js HTTP/1.1" 301 0 "-" "Microsoft URL Control - 6.00.8862"
45.139.104.168 - - [16/Jan/2026:00:26:57 +0000] "GET //hamza.bms69.com/wp-content/plugins/elementor/assets/js/webpack.runtime.min.js HTTP/1.1" 301 0 "-" "Mozilla/5.0 (Linux; Android 8.0.0; SM-A910F) AppleWebKit/537.36 (KHTML, like Gecko) Chrome/76.0.3809.111 Mobile Safari/537.36"
45.139.104.168 - - [16/Jan/2026:00:26:55 +0000] "GET //hamza.bms69.com/wp-includes/js/dist/hooks.min.js HTTP/1.1" 301 0 "-" "Mozilla/5.0 (Windows NT 6.1; WOW64) AppleWebKit/537.36 (KHTML, like Gecko) SFive/64.0 Chrome/64.0.3282.204 Safari/537.36"
45.139.104.168 - - [16/Jan/2026:00:26:56 +0000] "GET //hamza.bms69.com/wp-includes/js/wp-emoji-release.min.js HTTP/1.1" 301 0 "-" "Mozilla/5.0 (Macintosh; Intel Mac OS X 10_9_5) AppleWebKit/537.36 (KHTML, like Gecko) Chrome/65.0.3325.181 Safari/537.36"
45.139.104.168 - - [16/Jan/2026:00:26:56 +0000] "GET //hamza.bms69.com/wp-includes/js/wp-emoji-loader.min.js HTTP/1.1" 301 0 "-" "Mozilla/5.0 (Windows NT 6.3; WOW64) AppleWebKit/537.36 (KHTML, like Gecko) Chrome/73.0.3800.0 Iron Safari/537.36"
45.139.104.168 - - [16/Jan/2026:00:26:55 +0000] "GET //hamza.bms69.com/wp-includes/js/dist/i18n.min.js HTTP/1.1" 301 0 "-" "Mozilla/5.0 (Windows NT 10.0; WOW64) AppleWebKit/537.36 (KHTML, like Gecko) Chrome/70.0.3538.25 Safari/537.36 Core/1.70.3676.400 QQBrowser/10.4.3469.400"
45.139.104.168 - - [16/Jan/2026:00:26:56 +0000] "GET //hamza.bms69.com/xmlrpc.php HTTP/1.1" 301 0 "-" "Mozilla/5.0 (Macintosh; Intel Mac OS X 10_10_2) AppleWebKit/537.36 (KHTML, like Gecko) Chrome/42.0.2311.82 Safari/537.36 OPR/29.0.1795.41"
45.139.104.168 - - [16/Jan/2026:00:26:56 +0000] "GET /default.json HTTP/1.1" 404 35135 "-" "Mozilla/5.0 (iPad; CPU OS 12_3_1 like Mac OS X) AppleWebKit/605.1.15 (KHTML, like Gecko) Mobile/15E148;WeRead/4.1.3 (iPad; iOS 12.3.1; Scale/2.00)"
45.139.104.168 - - [16/Jan/2026:00:27:13 +0000] "GET //hamza.bms69.com/wp-content/plugins/latepoint/public/javascripts/front.js HTTP/1.1" 301 0 "-" "Mozilla/5.0 (X11; Linux i686; rv:12.0) Gecko/20100101 Firefox/12.0"
45.139.104.168 - - [16/Jan/2026:00:27:13 +0000] "GET //hamza.bms69.com/wp-content/plugins/elementor/assets/js/frontend.min.js HTTP/1.1" 301 0 "-" "Mozilla/5.0 (MeeGo; NokiaN9) AppleWebKit/534.13 (KHTML, like Gecko) NokiaBrowser/8.5.0 Mobile Safari/534.13"
45.139.104.168 - - [16/Jan/2026:00:27:13 +0000] "GET //hamza.bms69.com/wp-content/plugins/elementor/assets/js/webpack.runtime.min.js HTTP/1.1" 301 0 "-" "Mozilla/5.0 (Linux; Android 8.0.0; HTC U Ultra) AppleWebKit/537.36 (KHTML, like Gecko) Chrome/76.0.3809.89 Mobile Safari/537.36"
45.139.104.168 - - [16/Jan/2026:00:27:13 +0000] "GET //hamza.bms69.com/wp-content/plugins/elementor-pro/assets/js/frontend.min.js HTTP/1.1" 301 0 "-" "Mozilla/5.0 (iPhone; CPU iPhone OS 12_3_2 like Mac OS X) AppleWebKit/605.1.15 (KHTML, like Gecko) Version/12.1.1 Mobile/15E148 Safari/604.1"
45.139.104.168 - - [16/Jan/2026:00:27:13 +0000] "GET //hamza.bms69.com/wp-content/plugins/elementskit-lite/widgets/init/assets/js/animate-circle.min.js HTTP/1.1" 301 0 "-" "Mozilla/5.0 (Windows; U; Windows NT 5.1; en-US; rv:1.8.1.23) Gecko/20090825 SeaMonkey/1.1.18"
45.139.104.168 - - [16/Jan/2026:00:27:13 +0000] "GET //hamza.bms69.com/wp-content/plugins/elementskit-lite/widgets/init/assets/js/widget-scripts.js HTTP/1.1" 301 0 "-" "Mozilla/5.0 (Windows NT 10.0) AppleWebKit/537.36 (KHTML, like Gecko) Chrome/42.0.2311.135 Safari/537.36 Edge/12.10240"
45.139.104.168 - - [16/Jan/2026:00:27:13 +0000] "GET //hamza.bms69.com/wp-content/plugins/elementor-pro/assets/lib/smartmenus/jquery.smartmenus.min.js HTTP/1.1" 301 0 "-" "Mozilla/5.0 (Linux; Android 7.0; LGL84VL Build/NRD90U) AppleWebKit/537.36 (KHTML, like Gecko) Chrome/59.0.3071.125 Mobile Safari/537.36"
45.139.104.168 - - [16/Jan/2026:00:27:13 +0000] "GET //hamza.bms69.com/wp-content/uploads/wpmss/lenis-init.min.js HTTP/1.1" 301 0 "-" "Mozilla/5.0 (compatible; MSIE 9.0; Windows NT 6.2; WOW64; Trident/5.0)"
45.139.104.168 - - [16/Jan/2026:00:27:13 +0000] "GET //hamza.bms69.com/wp-content/plugins/elementor/assets/js/frontend-modules.min.js HTTP/1.1" 301 0 "-" "Mozilla/5.0 (Linux; Android 8.0.0; SM-A600FN) AppleWebKit/537.36 (KHTML, like Gecko) Chrome/76.0.3809.111 Mobile Safari/537.36"
45.139.104.168 - - [16/Jan/2026:00:26:56 +0000] "GET /admin-ajax.php HTTP/1.1" 404 35135 "-" "Mozilla/5.0 (iPhone; CPU iPhone OS 11_4_1 like Mac OS X) AppleWebKit/605.1.15 (KHTML, like Gecko) Mobile/15G77 MicroMessenger/7.0.3(0x17000321) NetType/WIFI Language/zh_CN"
45.139.104.168 - - [16/Jan/2026:00:27:13 +0000] "GET //hamza.bms69.com/wp-admin/admin-ajax.php HTTP/1.1" 301 0 "-" "Mozilla/5.0 (Linux; Android 9; Mi A2) AppleWebKit/537.36 (KHTML, like Gecko) Chrome/76.0.3809.111 Mobile Safari/537.36"
45.139.104.168 - - [16/Jan/2026:00:27:13 +0000] "GET //hamza.bms69.com/wp-content/plugins/elementor/assets/lib/swiper/v8/swiper.min.js HTTP/1.1" 301 0 "-" "Mozilla/5.0 (X11; Linux x86_64) AppleWebKit/537.36 (KHTML, like Gecko) Chrome/46.0.2490.86 Safari/537.36"
45.139.104.168 - - [16/Jan/2026:00:27:13 +0000] "GET //hamza.bms69.com/wp-content/plugins/elementskit-lite/widgets/init/assets/js/elementor.js HTTP/1.1" 301 0 "-" "Mozilla/5.0 (Linux; Android 8.1.0; Redmi Y2) AppleWebKit/537.36 (KHTML, like Gecko) Chrome/76.0.3809.111 Mobile Safari/537.36"
45.139.104.168 - - [16/Jan/2026:00:27:13 +0000] "GET //hamza.bms69.com/wp-includes/js/wp-emoji-release.min.js HTTP/1.1" 301 0 "-" "Mozilla/5.0 (Linux; Android 8.0.0; LG-H870DS) AppleWebKit/537.36 (KHTML, like Gecko) Chrome/76.0.3809.111 Mobile Safari/537.36"
45.139.104.168 - - [16/Jan/2026:00:27:13 +0000] "GET //hamza.bms69.com/wp-includes/js/wp-emoji-loader.min.js HTTP/1.1" 301 0 "-" "Mozilla/5.0 (Linux; Android 8.0.0; moto e5 plus) AppleWebKit/537.36 (KHTML, like Gecko) Chrome/76.0.3809.89 Mobile Safari/537.36"
45.139.104.168 - - [16/Jan/2026:00:27:13 +0000] "GET //hamza.bms69.com/wp-content/plugins/latepoint/public/javascripts/vendor-front.js HTTP/1.1" 301 0 "-" "Mozilla/5.0 (Windows NT 10.0) AppleWebKit/537.36 (KHTML, like Gecko) Chrome/52.0.2743.116 Safari/537.36 Edge/15.15063"
45.139.104.168 - - [16/Jan/2026:00:27:13 +0000] "GET //hamza.bms69.com/wp-includes/js/dist/hooks.min.js HTTP/1.1" 301 0 "-" "Mozilla/5.0 (X11; Linux x86_64) AppleWebKit/537.36 (KHTML, like Gecko) Chrome/70.0.3538.113 Safari/537.36 Vivaldi/2.1.1337.51"
45.139.104.168 - - [16/Jan/2026:00:27:13 +0000] "GET //hamza.bms69.com/wp-content/plugins/mousewheel-smooth-scroll/js/lenis.min.js HTTP/1.1" 301 0 "-" "Mozilla/5.0 (X11; Linux x86_64; rv:19.0) Gecko/20100101 Firefox/19.0 Iceweasel/19.0.2"
45.139.104.168 - - [16/Jan/2026:00:27:13 +0000] "GET //hamza.bms69.com/wp-content/plugins/elementor-pro/assets/js/preloaded-elements-handlers.min.js HTTP/1.1" 301 0 "-" "Mozilla/5.0 (Linux; U; Android 1.5; de-de; HTC Magic Build/PLAT-RC33) AppleWebKit/528.5  (KHTML, like Gecko) Version/3.1.2 Mobile Safari/525.20.1 FirePHP/0.3"
45.139.104.168 - - [16/Jan/2026:00:27:13 +0000] "GET /admin-ajax.php HTTP/1.1" 404 35135 "-" "Mozilla/5.0 (Linux; Android 5.1.1; Coolpad 3622A Build/LMY47V) AppleWebKit/537.36 (KHTML, like Gecko) Chrome/58.0.3029.83 Mobile Safari/537.36"
45.139.104.168 - - [16/Jan/2026:00:27:13 +0000] "GET //hamza.bms69.com/wp-includes/js/jquery/ui/core.min.js HTTP/1.1" 301 0 "-" "Mozilla/5.0 (X11; U; Linux x86_64; en-us) AppleWebKit/537.36 (KHTML, like Gecko)  Chrome/30.0.1599.114 Safari/537.36 Puffin/4.8.0.2965AT"
45.139.104.168 - - [16/Jan/2026:00:27:13 +0000] "GET //hamza.bms69.com/wp-content/plugins/elementskit-lite/libs/framework/assets/js/frontend-script.js HTTP/1.1" 301 0 "-" "Mozilla/5.0 (Linux; Android 8.1.0; SM-G610M) AppleWebKit/537.36 (KHTML, like Gecko) Chrome/76.0.3809.111 Mobile Safari/537.36"
64.31.22.34 - - [16/Jan/2026:00:39:46 +0000] "POST /wp-cron.php?doing_wp_cron=1768523986.4942150115966796875000 HTTP/1.1" 200 0 "-" "WordPress/6.9; https://hamza.bms69.com"
200.106.186.51 - - [16/Jan/2026:00:39:45 +0000] "GET /embed/ HTTP/1.1" 301 0 "-" "Mozilla/5.0 (compatible; MSIE 9.0; Windows NT 4.0; Trident/3.1)"
45.139.104.168 - - [16/Jan/2026:00:27:13 +0000] "GET //hamza.bms69.com/wp-content/plugins/elementor-pro/assets/js/webpack-pro.runtime.min.js HTTP/1.1" 301 0 "-" "Mozilla/5.0 (Windows NT 10.0; Win64; x64) AppleWebKit/537.36 (KHTML, like Gecko) Chrome/55.0.2883.87 Safari/537.36"
45.139.104.168 - - [16/Jan/2026:00:27:13 +0000] "GET //hamza.bms69.com/wp-content/plugins/sticky-header-effects-for-elementor/assets/js/she-header.js HTTP/1.1" 301 0 "-" "Mozilla/5.0 (Linux; U; Android 8.1.0; en-us; Redmi 5 Plus Build/OPM1.171019.019) AppleWebKit/537.36 (KHTML, like Gecko) Version/4.0 Chrome/71.0.3578.141 Mobile Safari/537.36 XiaoMi/MiuiBrowser/10.9.7-g"
45.139.104.168 - - [16/Jan/2026:00:27:13 +0000] "GET //hamza.bms69.com/xmlrpc.php HTTP/1.1" 301 0 "-" "Mozilla/5.0 (Macintosh; Intel Mac OS X 10_12_6) AppleWebKit/605.1.15 (KHTML, like Gecko) Version/12.0.3 Safari/605.1.15"
45.139.104.168 - - [16/Jan/2026:00:27:13 +0000] "GET //hamza.bms69.com/wp-content/themes/astra/assets/js/minified/flexibility.min.js HTTP/1.1" 301 0 "-" "Mozilla/5.0 (X11; Linux x86_64) AppleWebKit/537.36 (KHTML, like Gecko) Chrome/74.0.3729.157 Safari/537.36"
45.139.104.168 - - [16/Jan/2026:00:27:13 +0000] "GET //hamza.bms69.com/wp-includes/js/jquery/jquery.min.js HTTP/1.1" 301 0 "-" "Mozilla/5.0 (Linux; Android 9; SM-J701F) AppleWebKit/537.36 (KHTML, like Gecko) Chrome/76.0.3809.111 Mobile Safari/537.36"
45.139.104.168 - - [16/Jan/2026:00:27:13 +0000] "GET //hamza.bms69.com/wp-content/themes/astra/assets/js/minified/frontend.min.js HTTP/1.1" 301 0 "-" "Mozilla/5.0 (Linux; Android 6.0; NCE-AL00 Build/HUAWEINCE-AL00; wv) AppleWebKit/537.36 (KHTML, like Gecko) Version/4.0 Chrome/66.0.3359.126 MQQBrowser/6.2 TBS/044813 Mobile Safari/537.36 MMWEBID/6904 MicroMessenger/7.0.6.1460(0x27000634) Process/tools NetType/4G Language/zh_CN"
45.139.104.168 - - [16/Jan/2026:00:27:13 +0000] "GET //hamza.bms69.com/wp-includes/js/jquery/jquery-migrate.min.js HTTP/1.1" 301 0 "-" "Mozilla/5.0 (iPhone; CPU iPhone OS 12_4 like Mac OS X) AppleWebKit/605.1.15 (KHTML, like Gecko) OPT/1.10.1 Mobile/15E148"
45.139.104.168 - - [16/Jan/2026:00:27:13 +0000] "GET //hamza.bms69.com/wp-content/plugins/preloader-for-website/assets/js/plwao-public.js HTTP/1.1" 301 0 "-" "Mozilla/5.0 (Linux; Android 8.0.0; G8441) AppleWebKit/537.36 (KHTML, like Gecko) Chrome/71.0.3578.99 YaBrowser/19.1.3.198.00 Mobile Safari/537.36"
45.139.104.168 - - [16/Jan/2026:00:27:14 +0000] "GET //hamza.bms69.com/wp-includes/js/dist/i18n.min.js HTTP/1.1" 301 0 "-" "Mozilla/5.0 (Windows NT 6.1; WOW64) AppleWebKit/537.36 (KHTML, like Gecko) SFive/64.0 Chrome/64.0.3282.204 Safari/537.36"
45.139.104.168 - - [16/Jan/2026:00:27:14 +0000] "GET /default.json HTTP/1.1" 404 35129 "-" "Mozilla/5.0 (Macintosh; Intel Mac OS X 10_14_6) AppleWebKit/537.36 (KHTML, like Gecko) Chrome/75.0.3770.90 Safari/537.36"
102.219.163.153 - - [16/Jan/2026:00:39:55 +0000] "GET / HTTP/1.1" 200 38019 "-" "Mozilla/5.0 (iPod; U; CPU iPhone OS 3_3 like Mac OS X; uz-UZ) AppleWebKit/535.27.6 (KHTML, like Gecko) Version/3.0.5 Mobile/8B117 Safari/6535.27.6"
64.31.22.34 - - [16/Jan/2026:01:02:15 +0000] "POST /wp-cron.php?doing_wp_cron=1768525335.6152820587158203125000 HTTP/1.1" 200 0 "-" "WordPress/6.9; https://hamza.bms69.com"
64.31.22.34 - - [16/Jan/2026:01:02:15 +0000] "POST /wp-cron.php?doing_wp_cron=1768525335.7870531082153320312500 HTTP/1.1" 200 0 "-" "WordPress/6.9; https://hamza.bms69.com"
104.210.140.135 - - [16/Jan/2026:01:02:12 +0000] "GET    /robots.txt HTTP/2" 200 100 "-" "Mozilla/5.0 (Macintosh; Intel Mac OS X 10_15_7) AppleWebKit/537.36 (KHTML, like Gecko) Chrome/131.0.0.0 Safari/537.36; compatible; OAI-SearchBot/1.0; +https://openai.com/searchbot"
64.31.22.34 - - [16/Jan/2026:01:55:37 +0000] "POST /wp-cron.php?doing_wp_cron=1768528537.5569419860839843750000 HTTP/1.1" 200 0 "-" "WordPress/6.9; https://hamza.bms69.com"
191.5.49.169 - - [16/Jan/2026:01:55:33 +0000] "GET /courses HTTP/1.1" 404 30731 "https://hamza.bms69.com/" "Mozilla/5.0 (Macintosh; Intel Mac OS X 10_15_7) AppleWebKit/605.1.15 (KHTML, like Gecko) Version/18.4 Safari/605.1.15"
208.115.236.10 - - [16/Jan/2026:02:29:45 +0000] "POST /wp-cron.php?doing_wp_cron=1768530585.4360709190368652343750 HTTP/1.1" 200 0 "-" "WordPress/6.6.1; https://hamza.bms69.com"
64.31.22.34 - - [16/Jan/2026:02:35:09 +0000] "POST /wp-cron.php?doing_wp_cron=1768530909.8805069923400878906250 HTTP/1.1" 200 0 "-" "WordPress/6.9; https://hamza.bms69.com"
64.31.22.34 - - [16/Jan/2026:03:03:54 +0000] "POST /wp-cron.php?doing_wp_cron=1768532634.5722289085388183593750 HTTP/1.1" 200 0 "-" "WordPress/6.9; https://hamza.bms69.com"
177.191.49.173 - - [16/Jan/2026:03:03:52 +0000] "GET /team-details HTTP/1.1" 404 30731 "https://hamza.bms69.com/" "Mozilla/5.0 (X11; CrOS x86_64 14541.0.0) AppleWebKit/537.36 (KHTML, like Gecko) Chrome/134.0.0.0 Safari/537.36"
64.31.22.34 - - [16/Jan/2026:04:12:01 +0000] "POST /wp-cron.php?doing_wp_cron=1768536721.4408230781555175781250 HTTP/1.1" 200 0 "-" "WordPress/6.9; https://hamza.bms69.com"
208.115.236.10 - - [16/Jan/2026:02:29:42 +0000] "POST /wp-cron.php?doing_wp_cron=1768530582.2435030937194824218750 HTTP/1.1" 200 0 "-" "WordPress/6.6.1; https://hamza.bms69.com"
177.53.214.125 - - [16/Jan/2026:02:35:09 +0000] "GET /home-kindergarten HTTP/1.1" 404 30731 "https://hamza.bms69.com/" "Mozilla/5.0 (Windows NT 10.0; Win64; x64) AppleWebKit/537.36 (KHTML, like Gecko) Chrome/135.0.0.0 Safari/537.36"
64.31.22.34 - - [16/Jan/2026:02:53:55 +0000] "POST /wp-cron.php?doing_wp_cron=1768532035.1068310737609863281250 HTTP/1.1" 200 0 "-" "WordPress/6.9; https://hamza.bms69.com"
179.25.0.43 - - [16/Jan/2026:02:53:51 +0000] "GET /dashboard HTTP/1.1" 302 0 "https://hamza.bms69.com/" "Mozilla/5.0 (Windows NT 10.0; Win64; x64) AppleWebKit/537.36 (KHTML, like Gecko) Chrome/135.0.0.0 Safari/537.36"
187.73.93.191 - - [16/Jan/2026:02:53:57 +0000] "GET /wp-admin/ HTTP/1.1" 302 0 "https://hamza.bms69.com/" "Mozilla/5.0 (Windows NT 10.0; Win64; x64) AppleWebKit/537.36 (KHTML, like Gecko) Chrome/135.0.0.0 Safari/537.36"
64.31.22.34 - - [16/Jan/2026:04:12:02 +0000] "POST /wp-cron.php?doing_wp_cron=1768536722.2966740131378173828125 HTTP/1.1" 200 0 "-" "WordPress/6.9; https://hamza.bms69.com"
189.62.45.46 - - [16/Jan/2026:04:11:58 +0000] "GET /about HTTP/1.1" 404 30731 "https://hamza.bms69.com/" "Mozilla/5.0 (Windows NT 10.0; Win64; x64) AppleWebKit/537.36 (KHTML, like Gecko) Chrome/135.0.0.0 Safari/537.36"