66.249.66.196 - - [16/Jan/2026:03:14:01 +0000] "GET /93616170.shtml HTTP/1.1" 500 981 "-" "Mozilla/5.0 (Linux; Android 6.0.1; Nexus 5X Build/MMB29P) AppleWebKit/537.36 (KHTML, like Gecko) Chrome/143.0.7499.192 Mobile Safari/537.36 (compatible; Googlebot/2.1; +http://www.google.com/bot.html)"
185.156.42.127 - - [16/Jan/2026:03:14:45 +0000] "POST /wp-login.php HTTP/1.1" 500 1148 "-" "Mozilla/5.0 (Windows NT 10.0; Win64; x64; rv:53.0) Gecko/20100101 Firefox/53.0"
40.77.167.144 - - [16/Jan/2026:03:17:07 +0000] "GET /7242297.shtml HTTP/2" 500 981 "-" "Mozilla/5.0 AppleWebKit/537.36 (KHTML, like Gecko; compatible; bingbot/2.0; +http://www.bing.com/bingbot.htm) Chrome/116.0.1938.76 Safari/537.36"
66.249.66.1 - - [16/Jan/2026:03:17:35 +0000] "GET /127636338.shtml HTTP/1.1" 500 981 "-" "Mozilla/5.0 (Linux; Android 6.0.1; Nexus 5X Build/MMB29P) AppleWebKit/537.36 (KHTML, like Gecko) Chrome/143.0.7499.192 Mobile Safari/537.36 (compatible; Googlebot/2.1; +http://www.google.com/bot.html)"
66.249.66.64 - - [16/Jan/2026:03:18:04 +0000] "GET /271024917.shtml HTTP/1.1" 500 981 "-" "Mozilla/5.0 (Linux; Android 6.0.1; Nexus 5X Build/MMB29P) AppleWebKit/537.36 (KHTML, like Gecko) Chrome/143.0.7499.192 Mobile Safari/537.36 (compatible; Googlebot/2.1; +http://www.google.com/bot.html)"
66.249.66.2 - - [16/Jan/2026:03:08:21 +0000] "GET /114143289.shtml HTTP/1.1" 500 981 "-" "Mozilla/5.0 (Linux; Android 6.0.1; Nexus 5X Build/MMB29P) AppleWebKit/537.36 (KHTML, like Gecko) Chrome/143.0.7499.192 Mobile Safari/537.36 (compatible; Googlebot/2.1; +http://www.google.com/bot.html)"
66.249.66.1 - - [16/Jan/2026:03:09:03 +0000] "GET /180597213.shtml HTTP/1.1" 500 981 "-" "Mozilla/5.0 (Linux; Android 6.0.1; Nexus 5X Build/MMB29P) AppleWebKit/537.36 (KHTML, like Gecko) Chrome/143.0.7499.192 Mobile Safari/537.36 (compatible; Googlebot/2.1; +http://www.google.com/bot.html)"
66.249.66.64 - - [16/Jan/2026:03:09:29 +0000] "GET /6962799.shtml HTTP/1.1" 500 981 "-" "Mozilla/5.0 (compatible; Googlebot/2.1; +http://www.google.com/bot.html)"
66.249.66.36 - - [16/Jan/2026:03:09:31 +0000] "GET /319454883.shtml HTTP/1.1" 500 981 "-" "Mozilla/5.0 (Linux; Android 6.0.1; Nexus 5X Build/MMB29P) AppleWebKit/537.36 (KHTML, like Gecko) Chrome/143.0.7499.192 Mobile Safari/537.36 (compatible; Googlebot/2.1; +http://www.google.com/bot.html)"
66.249.66.160 - - [16/Jan/2026:03:10:30 +0000] "GET /258056454.shtml HTTP/1.1" 500 981 "-" "Mozilla/5.0 (compatible; Googlebot/2.1; +http://www.google.com/bot.html)"
190.133.48.218 - - [16/Jan/2026:03:12:35 +0000] "GET /148833342.shtml HTTP/1.1" 500 981 "https://km104.com/" "Mozilla/5.0 (Windows NT 10.0; Win64; x64; rv:137.0) Gecko/20100101 Firefox/137.0"
66.249.66.161 - - [16/Jan/2026:03:13:23 +0000] "GET /193900008.shtml HTTP/1.1" 500 981 "-" "Mozilla/5.0 (Linux; Android 6.0.1; Nexus 5X Build/MMB29P) AppleWebKit/537.36 (KHTML, like Gecko) Chrome/143.0.7499.192 Mobile Safari/537.36 (compatible; Googlebot/2.1; +http://www.google.com/bot.html)"
66.249.66.194 - - [16/Jan/2026:03:14:47 +0000] "GET /103956819.shtml HTTP/1.1" 500 981 "-" "Mozilla/5.0 (compatible; Googlebot/2.1; +http://www.google.com/bot.html)"
66.249.66.162 - - [16/Jan/2026:03:15:46 +0000] "GET /174619863.shtml HTTP/1.1" 500 981 "-" "Mozilla/5.0 (Linux; Android 6.0.1; Nexus 5X Build/MMB29P) AppleWebKit/537.36 (KHTML, like Gecko) Chrome/143.0.7499.192 Mobile Safari/537.36 (compatible; Googlebot/2.1; +http://www.google.com/bot.html)"
185.74.81.105 - - [16/Jan/2026:03:18:00 +0000] "POST /wp-login.php HTTP/1.1" 500 1148 "-" "Mozilla/5.0 (Windows NT 10.0; Win64; x64; rv:55.0) Gecko/20100101 Firefox/55.0"
66.249.66.1 - - [16/Jan/2026:03:19:18 +0000] "GET /44302311.shtml HTTP/1.1" 500 981 "-" "Mozilla/5.0 (compatible; Googlebot/2.1; +http://www.google.com/bot.html)"
66.249.66.1 - - [16/Jan/2026:03:19:20 +0000] "GET /69870606.shtml HTTP/1.1" 500 981 "-" "Mozilla/5.0 (Linux; Android 6.0.1; Nexus 5X Build/MMB29P) AppleWebKit/537.36 (KHTML, like Gecko) Chrome/143.0.7499.192 Mobile Safari/537.36 (compatible; Googlebot/2.1; +http://www.google.com/bot.html)"
66.249.66.38 - - [16/Jan/2026:03:19:52 +0000] "GET /289398636.shtml HTTP/1.1" 500 981 "-" "Mozilla/5.0 (Linux; Android 6.0.1; Nexus 5X Build/MMB29P) AppleWebKit/537.36 (KHTML, like Gecko) Chrome/143.0.7499.192 Mobile Safari/537.36 (compatible; Googlebot/2.1; +http://www.google.com/bot.html)"
40.77.167.43 - - [16/Jan/2026:03:20:28 +0000] "GET /product/nueva-ley-de-amparo/ HTTP/2" 500 981 "-" "Mozilla/5.0 AppleWebKit/537.36 (KHTML, like Gecko; compatible; bingbot/2.0; +http://www.bing.com/bingbot.htm) Chrome/116.0.1938.76 Safari/537.36"
66.249.66.36 - - [16/Jan/2026:03:20:57 +0000] "GET /137439858.shtml HTTP/1.1" 500 981 "-" "Mozilla/5.0 (Linux; Android 6.0.1; Nexus 5X Build/MMB29P) AppleWebKit/537.36 (KHTML, like Gecko) Chrome/143.0.7499.192 Mobile Safari/537.36 (compatible; Googlebot/2.1; +http://www.google.com/bot.html)"
47.82.11.45 - - [16/Jan/2026:03:21:17 +0000] "GET /59976288.shtml HTTP/1.1" 500 981 "https://km104.com/" "Mozilla/5.0 (Windows NT 10.0; Win64; x64) AppleWebKit/537.36 (KHTML, like Gecko) Chrome/135.0.0.0 Safari/537.36 Edg/135.0.0.0"
52.167.144.25 - - [16/Jan/2026:03:22:38 +0000] "GET /product/nueva-ley-de-amparo/ HTTP/2" 500 981 "-" "Mozilla/5.0 AppleWebKit/537.36 (KHTML, like Gecko; compatible; bingbot/2.0; +http://www.bing.com/bingbot.htm) Chrome/116.0.1938.76 Safari/537.36"
66.249.66.36 - - [16/Jan/2026:03:20:01 +0000] "GET /284805234.shtml HTTP/1.1" 500 981 "-" "Mozilla/5.0 (Linux; Android 6.0.1; Nexus 5X Build/MMB29P) AppleWebKit/537.36 (KHTML, like Gecko) Chrome/143.0.7499.192 Mobile Safari/537.36 (compatible; Googlebot/2.1; +http://www.google.com/bot.html)"
40.77.167.43 - - [16/Jan/2026:03:20:58 +0000] "GET /product/nueva-ley-de-amparo/ HTTP/2" 500 981 "-" "Mozilla/5.0 AppleWebKit/537.36 (KHTML, like Gecko; compatible; bingbot/2.0; +http://www.bing.com/bingbot.htm) Chrome/116.0.1938.76 Safari/537.36"
66.249.66.64 - - [16/Jan/2026:03:21:31 +0000] "GET /23415663.shtml HTTP/1.1" 500 981 "-" "Mozilla/5.0 (Linux; Android 6.0.1; Nexus 5X Build/MMB29P) AppleWebKit/537.36 (KHTML, like Gecko) Chrome/143.0.7499.192 Mobile Safari/537.36 (compatible; Googlebot/2.1; +http://www.google.com/bot.html)"
52.167.144.25 - - [16/Jan/2026:03:21:38 +0000] "GET /product/nueva-ley-de-amparo/ HTTP/2" 500 981 "-" "Mozilla/5.0 AppleWebKit/537.36 (KHTML, like Gecko; compatible; bingbot/2.0; +http://www.bing.com/bingbot.htm) Chrome/116.0.1938.76 Safari/537.36"
52.167.144.25 - - [16/Jan/2026:03:21:39 +0000] "GET /77243670.shtml HTTP/2" 500 981 "-" "Mozilla/5.0 AppleWebKit/537.36 (KHTML, like Gecko; compatible; bingbot/2.0; +http://www.bing.com/bingbot.htm) Chrome/116.0.1938.76 Safari/537.36"
66.249.66.37 - - [16/Jan/2026:03:22:38 +0000] "GET /80400843.shtml HTTP/1.1" 500 981 "-" "Mozilla/5.0 (compatible; Googlebot/2.1; +http://www.google.com/bot.html)"
66.249.66.161 - - [16/Jan/2026:03:22:38 +0000] "GET /80400843.shtml HTTP/1.1" 500 981 "-" "Mozilla/5.0 (Linux; Android 6.0.1; Nexus 5X Build/MMB29P) AppleWebKit/537.36 (KHTML, like Gecko) Chrome/143.0.7499.192 Mobile Safari/537.36 (compatible; Googlebot/2.1; +http://www.google.com/bot.html)"
52.167.144.25 - - [16/Jan/2026:03:24:09 +0000] "GET /product/nueva-ley-de-amparo/ HTTP/2" 500 981 "-" "Mozilla/5.0 AppleWebKit/537.36 (KHTML, like Gecko; compatible; bingbot/2.0; +http://www.bing.com/bingbot.htm) Chrome/116.0.1938.76 Safari/537.36"
66.249.66.162 - - [16/Jan/2026:03:24:20 +0000] "GET /312685548.shtml HTTP/1.1" 500 981 "-" "Mozilla/5.0 (Linux; Android 6.0.1; Nexus 5X Build/MMB29P) AppleWebKit/537.36 (KHTML, like Gecko) Chrome/143.0.7499.192 Mobile Safari/537.36 (compatible; Googlebot/2.1; +http://www.google.com/bot.html)"
66.249.66.37 - - [16/Jan/2026:03:24:29 +0000] "GET /155249919.shtml HTTP/1.1" 500 981 "-" "Mozilla/5.0 (Linux; Android 6.0.1; Nexus 5X Build/MMB29P) AppleWebKit/537.36 (KHTML, like Gecko) Chrome/143.0.7499.192 Mobile Safari/537.36 (compatible; Googlebot/2.1; +http://www.google.com/bot.html)"
66.249.66.160 - - [16/Jan/2026:03:26:22 +0000] "GET /178711323.shtml HTTP/1.1" 500 981 "-" "Mozilla/5.0 (compatible; Googlebot/2.1; +http://www.google.com/bot.html)"
66.249.66.36 - - [16/Jan/2026:03:26:43 +0000] "GET /287255892.shtml HTTP/1.1" 500 981 "-" "Mozilla/5.0 (Linux; Android 6.0.1; Nexus 5X Build/MMB29P) AppleWebKit/537.36 (KHTML, like Gecko) Chrome/143.0.7499.192 Mobile Safari/537.36 (compatible; Googlebot/2.1; +http://www.google.com/bot.html)"
52.167.144.25 - - [16/Jan/2026:03:27:18 +0000] "GET /product/nueva-ley-de-amparo/ HTTP/2" 500 981 "-" "Mozilla/5.0 AppleWebKit/537.36 (KHTML, like Gecko; compatible; bingbot/2.0; +http://www.bing.com/bingbot.htm) Chrome/116.0.1938.76 Safari/537.36"
66.249.66.1 - - [16/Jan/2026:03:27:43 +0000] "GET /127756329.shtml HTTP/1.1" 500 981 "-" "Mozilla/5.0 (Linux; Android 6.0.1; Nexus 5X Build/MMB29P) AppleWebKit/537.36 (KHTML, like Gecko) Chrome/143.0.7499.192 Mobile Safari/537.36 (compatible; Googlebot/2.1; +http://www.google.com/bot.html)"
66.249.66.2 - - [16/Jan/2026:03:28:29 +0000] "GET /131874984.shtml HTTP/1.1" 500 981 "-" "Mozilla/5.0 (Linux; Android 6.0.1; Nexus 5X Build/MMB29P) AppleWebKit/537.36 (KHTML, like Gecko) Chrome/143.0.7499.192 Mobile Safari/537.36 (compatible; Googlebot/2.1; +http://www.google.com/bot.html)"
52.167.144.167 - - [16/Jan/2026:03:29:32 +0000] "GET /52571478.shtml HTTP/2" 500 981 "-" "Mozilla/5.0 AppleWebKit/537.36 (KHTML, like Gecko; compatible; bingbot/2.0; +http://www.bing.com/bingbot.htm) Chrome/116.0.1938.76 Safari/537.36"
66.249.66.64 - - [16/Jan/2026:03:29:50 +0000] "GET /118897863.shtml HTTP/1.1" 500 981 "-" "Mozilla/5.0 (Linux; Android 6.0.1; Nexus 5X Build/MMB29P) AppleWebKit/537.36 (KHTML, like Gecko) Chrome/143.0.7499.192 Mobile Safari/537.36 (compatible; Googlebot/2.1; +http://www.google.com/bot.html)"
66.249.66.64 - - [16/Jan/2026:03:30:24 +0000] "GET /37641312.shtml HTTP/1.1" 500 981 "-" "Mozilla/5.0 (Linux; Android 6.0.1; Nexus 5X Build/MMB29P) AppleWebKit/537.36 (KHTML, like Gecko) Chrome/143.0.7499.192 Mobile Safari/537.36 (compatible; Googlebot/2.1; +http://www.google.com/bot.html)"
66.249.64.225 - - [16/Jan/2026:03:32:37 +0000] "GET /80400843.shtml HTTP/1.1" 500 981 "-" "Mozilla/5.0 (compatible; Googlebot/2.1; +http://www.google.com/bot.html)"
66.249.66.37 - - [16/Jan/2026:03:32:42 +0000] "GET /149935905.shtml HTTP/1.1" 500 981 "-" "Mozilla/5.0 (Linux; Android 6.0.1; Nexus 5X Build/MMB29P) AppleWebKit/537.36 (KHTML, like Gecko) Chrome/143.0.7499.192 Mobile Safari/537.36 (compatible; Googlebot/2.1; +http://www.google.com/bot.html)"
66.249.66.1 - - [16/Jan/2026:03:35:39 +0000] "GET /green/ HTTP/1.1" 500 981 "-" "Mozilla/5.0 (compatible; Googlebot/2.1; +http://www.google.com/bot.html)"
66.249.66.2 - - [16/Jan/2026:03:36:05 +0000] "GET /195569004.shtml HTTP/1.1" 500 981 "-" "Mozilla/5.0 (compatible; Googlebot/2.1; +http://www.google.com/bot.html)"
66.249.66.66 - - [16/Jan/2026:03:37:07 +0000] "GET /19775640.shtml HTTP/1.1" 500 981 "-" "Mozilla/5.0 (Linux; Android 6.0.1; Nexus 5X Build/MMB29P) AppleWebKit/537.36 (KHTML, like Gecko) Chrome/143.0.7499.192 Mobile Safari/537.36 (compatible; Googlebot/2.1; +http://www.google.com/bot.html)"
66.249.66.3 - - [16/Jan/2026:03:37:07 +0000] "GET /19775640.shtml HTTP/1.1" 500 981 "-" "Mozilla/5.0 (Linux; Android 6.0.1; Nexus 5X Build/MMB29P) AppleWebKit/537.36 (KHTML, like Gecko) Chrome/143.0.7499.192 Mobile Safari/537.36 (compatible; Googlebot/2.1; +http://www.google.com/bot.html)"
66.249.66.37 - - [16/Jan/2026:03:37:09 +0000] "GET /157206516.shtml HTTP/1.1" 500 981 "-" "Mozilla/5.0 (compatible; Googlebot/2.1; +http://www.google.com/bot.html)"
66.249.66.162 - - [16/Jan/2026:03:40:35 +0000] "GET /85683555.shtml HTTP/1.1" 500 981 "-" "Mozilla/5.0 (Linux; Android 6.0.1; Nexus 5X Build/MMB29P) AppleWebKit/537.36 (KHTML, like Gecko) Chrome/143.0.7499.192 Mobile Safari/537.36 (compatible; Googlebot/2.1; +http://www.google.com/bot.html)"
66.249.66.66 - - [16/Jan/2026:03:41:16 +0000] "GET /257316528.shtml HTTP/1.1" 500 981 "-" "Mozilla/5.0 (compatible; Googlebot/2.1; +http://www.google.com/bot.html)"
4.217.221.142 - - [16/Jan/2026:03:41:19 +0000] "GET /.well-known/acme-challenge/ HTTP/1.1" 200 614 "-" "Mozilla/5.0 (Windows NT 10.0; Win64; x64) AppleWebKit/537.36 (KHTML, like Gecko) Chrome/120.0.0.0 Safari/537.36"
4.217.221.142 - - [16/Jan/2026:03:41:19 +0000] "GET /abcd.php HTTP/1.1" 500 981 "-" "Mozilla/5.0 (Windows NT 10.0; Win64; x64) AppleWebKit/537.36 (KHTML, like Gecko) Chrome/120.0.0.0 Safari/537.36"
4.217.221.142 - - [16/Jan/2026:03:41:19 +0000] "GET /about.php HTTP/1.1" 500 981 "-" "Mozilla/5.0 (Windows NT 10.0; Win64; x64) AppleWebKit/537.36 (KHTML, like Gecko) Chrome/120.0.0.0 Safari/537.36"
4.217.221.142 - - [16/Jan/2026:03:41:19 +0000] "GET /chosen.php HTTP/1.1" 500 981 "-" "Mozilla/5.0 (Windows NT 10.0; Win64; x64) AppleWebKit/537.36 (KHTML, like Gecko) Chrome/120.0.0.0 Safari/537.36"
4.217.221.142 - - [16/Jan/2026:03:41:19 +0000] "GET /default.php HTTP/1.1" 500 981 "-" "Mozilla/5.0 (Windows NT 10.0; Win64; x64) AppleWebKit/537.36 (KHTML, like Gecko) Chrome/120.0.0.0 Safari/537.36"
4.217.221.142 - - [16/Jan/2026:03:41:20 +0000] "GET /ds.php HTTP/1.1" 500 981 "-" "Mozilla/5.0 (Windows NT 10.0; Win64; x64) AppleWebKit/537.36 (KHTML, like Gecko) Chrome/120.0.0.0 Safari/537.36"
4.217.221.142 - - [16/Jan/2026:03:41:20 +0000] "GET /f5.php HTTP/1.1" 500 981 "-" "Mozilla/5.0 (Windows NT 10.0; Win64; x64) AppleWebKit/537.36 (KHTML, like Gecko) Chrome/120.0.0.0 Safari/537.36"
4.217.221.142 - - [16/Jan/2026:03:41:20 +0000] "GET /ioxi-o.php HTTP/1.1" 500 981 "-" "Mozilla/5.0 (Windows NT 10.0; Win64; x64) AppleWebKit/537.36 (KHTML, like Gecko) Chrome/120.0.0.0 Safari/537.36"
4.217.221.142 - - [16/Jan/2026:03:41:20 +0000] "GET /bolt.php HTTP/1.1" 500 981 "-" "Mozilla/5.0 (Windows NT 10.0; Win64; x64) AppleWebKit/537.36 (KHTML, like Gecko) Chrome/120.0.0.0 Safari/537.36"
4.217.221.142 - - [16/Jan/2026:03:41:21 +0000] "GET /deepseek_d.php HTTP/1.1" 500 981 "-" "Mozilla/5.0 (Windows NT 10.0; Win64; x64) AppleWebKit/537.36 (KHTML, like Gecko) Chrome/120.0.0.0 Safari/537.36"
4.217.221.142 - - [16/Jan/2026:03:41:21 +0000] "GET /pu9.php HTTP/1.1" 500 981 "-" "Mozilla/5.0 (Windows NT 10.0; Win64; x64) AppleWebKit/537.36 (KHTML, like Gecko) Chrome/120.0.0.0 Safari/537.36"
4.217.221.142 - - [16/Jan/2026:03:41:21 +0000] "GET /wp-bat.php HTTP/1.1" 500 981 "-" "Mozilla/5.0 (Windows NT 10.0; Win64; x64) AppleWebKit/537.36 (KHTML, like Gecko) Chrome/120.0.0.0 Safari/537.36"
4.217.221.142 - - [16/Jan/2026:03:41:21 +0000] "GET /file.php HTTP/1.1" 500 981 "-" "Mozilla/5.0 (Windows NT 10.0; Win64; x64) AppleWebKit/537.36 (KHTML, like Gecko) Chrome/120.0.0.0 Safari/537.36"
4.217.221.142 - - [16/Jan/2026:03:41:22 +0000] "GET /god4m.php HTTP/1.1" 500 981 "-" "Mozilla/5.0 (Windows NT 10.0; Win64; x64) AppleWebKit/537.36 (KHTML, like Gecko) Chrome/120.0.0.0 Safari/537.36"
4.217.221.142 - - [16/Jan/2026:03:41:22 +0000] "GET /info.php HTTP/1.1" 500 981 "-" "Mozilla/5.0 (Windows NT 10.0; Win64; x64) AppleWebKit/537.36 (KHTML, like Gecko) Chrome/120.0.0.0 Safari/537.36"
4.217.221.142 - - [16/Jan/2026:03:41:22 +0000] "GET /modules/ HTTP/1.1" 500 981 "-" "Mozilla/5.0 (Windows NT 10.0; Win64; x64) AppleWebKit/537.36 (KHTML, like Gecko) Chrome/120.0.0.0 Safari/537.36"
4.217.221.142 - - [16/Jan/2026:03:41:22 +0000] "GET /test1.php HTTP/1.1" 500 981 "-" "Mozilla/5.0 (Windows NT 10.0; Win64; x64) AppleWebKit/537.36 (KHTML, like Gecko) Chrome/120.0.0.0 Safari/537.36"
4.217.221.142 - - [16/Jan/2026:03:41:22 +0000] "GET /uploads/ HTTP/1.1" 500 981 "-" "Mozilla/5.0 (Windows NT 10.0; Win64; x64) AppleWebKit/537.36 (KHTML, like Gecko) Chrome/120.0.0.0 Safari/537.36"
4.217.221.142 - - [16/Jan/2026:03:41:23 +0000] "GET /wp-admin/images/ HTTP/1.1" 200 2764 "-" "Mozilla/5.0 (Windows NT 10.0; Win64; x64) AppleWebKit/537.36 (KHTML, like Gecko) Chrome/120.0.0.0 Safari/537.36"
4.217.221.142 - - [16/Jan/2026:03:41:23 +0000] "GET /wp-content/uploads/ HTTP/1.1" 200 1670 "-" "Mozilla/5.0 (Windows NT 10.0; Win64; x64) AppleWebKit/537.36 (KHTML, like Gecko) Chrome/120.0.0.0 Safari/537.36"
4.217.221.142 - - [16/Jan/2026:03:41:23 +0000] "GET /wp-good.php HTTP/1.1" 500 981 "-" "Mozilla/5.0 (Windows NT 10.0; Win64; x64) AppleWebKit/537.36 (KHTML, like Gecko) Chrome/120.0.0.0 Safari/537.36"
4.217.221.142 - - [16/Jan/2026:03:41:23 +0000] "GET /wp-includes/ID3/ HTTP/1.1" 200 1363 "-" "Mozilla/5.0 (Windows NT 10.0; Win64; x64) AppleWebKit/537.36 (KHTML, like Gecko) Chrome/120.0.0.0 Safari/537.36"
4.217.221.142 - - [16/Jan/2026:03:41:24 +0000] "GET /wp-includes/Text/ HTTP/1.1" 200 683 "-" "Mozilla/5.0 (Windows NT 10.0; Win64; x64) AppleWebKit/537.36 (KHTML, like Gecko) Chrome/120.0.0.0 Safari/537.36"
4.217.221.142 - - [16/Jan/2026:03:41:24 +0000] "GET /wp-includes/assets/ HTTP/1.1" 200 1078 "-" "Mozilla/5.0 (Windows NT 10.0; Win64; x64) AppleWebKit/537.36 (KHTML, like Gecko) Chrome/120.0.0.0 Safari/537.36"
4.217.221.142 - - [16/Jan/2026:03:41:24 +0000] "GET /wp-includes/js/codemirror/ HTTP/1.1" 200 1125 "-" "Mozilla/5.0 (Windows NT 10.0; Win64; x64) AppleWebKit/537.36 (KHTML, like Gecko) Chrome/120.0.0.0 Safari/537.36"
4.217.221.142 - - [16/Jan/2026:03:41:24 +0000] "GET /wp-includes/js/crop/ HTTP/1.1" 200 749 "-" "Mozilla/5.0 (Windows NT 10.0; Win64; x64) AppleWebKit/537.36 (KHTML, like Gecko) Chrome/120.0.0.0 Safari/537.36"
4.217.221.142 - - [16/Jan/2026:03:41:24 +0000] "GET /wp-includes/pomo/ HTTP/1.1" 200 1097 "-" "Mozilla/5.0 (Windows NT 10.0; Win64; x64) AppleWebKit/537.36 (KHTML, like Gecko) Chrome/120.0.0.0 Safari/537.36"
4.217.221.142 - - [16/Jan/2026:03:41:25 +0000] "GET /wp-includes/rest-api/fields/ HTTP/1.1" 200 752 "-" "Mozilla/5.0 (Windows NT 10.0; Win64; x64) AppleWebKit/537.36 (KHTML, like Gecko) Chrome/120.0.0.0 Safari/537.36"
4.217.221.142 - - [16/Jan/2026:03:41:25 +0000] "GET /classwithtostring.php HTTP/1.1" 500 981 "-" "Mozilla/5.0 (Windows NT 10.0; Win64; x64) AppleWebKit/537.36 (KHTML, like Gecko) Chrome/120.0.0.0 Safari/537.36"
4.217.221.142 - - [16/Jan/2026:03:41:25 +0000] "GET /manager.php HTTP/1.1" 500 981 "-" "Mozilla/5.0 (Windows NT 10.0; Win64; x64) AppleWebKit/537.36 (KHTML, like Gecko) Chrome/120.0.0.0 Safari/537.36"
4.217.221.142 - - [16/Jan/2026:03:41:25 +0000] "GET /radio.php HTTP/1.1" 500 981 "-" "Mozilla/5.0 (Windows NT 10.0; Win64; x64) AppleWebKit/537.36 (KHTML, like Gecko) Chrome/120.0.0.0 Safari/537.36"
4.217.221.142 - - [16/Jan/2026:03:41:26 +0000] "GET /autoload_classmap.php HTTP/1.1" 500 981 "-" "Mozilla/5.0 (Windows NT 10.0; Win64; x64) AppleWebKit/537.36 (KHTML, like Gecko) Chrome/120.0.0.0 Safari/537.36"
4.217.221.142 - - [16/Jan/2026:03:41:26 +0000] "GET /wp-content/uploads/2024/ HTTP/1.1" 200 1037 "-" "Mozilla/5.0 (Windows NT 10.0; Win64; x64) AppleWebKit/537.36 (KHTML, like Gecko) Chrome/120.0.0.0 Safari/537.36"
4.217.221.142 - - [16/Jan/2026:03:41:26 +0000] "GET /wp-includes/assets/autoload_classmap.php HTTP/1.1" 500 981 "-" "Mozilla/5.0 (Windows NT 10.0; Win64; x64) AppleWebKit/537.36 (KHTML, like Gecko) Chrome/120.0.0.0 Safari/537.36"
4.217.221.142 - - [16/Jan/2026:03:41:26 +0000] "GET /wp-includes/blocks/calendar/index.php HTTP/1.1" 500 981 "-" "Mozilla/5.0 (Windows NT 10.0; Win64; x64) AppleWebKit/537.36 (KHTML, like Gecko) Chrome/120.0.0.0 Safari/537.36"
4.217.221.142 - - [16/Jan/2026:03:41:27 +0000] "GET /wp-includes/js/codemirror/index.php HTTP/1.1" 500 981 "-" "Mozilla/5.0 (Windows NT 10.0; Win64; x64) AppleWebKit/537.36 (KHTML, like Gecko) Chrome/120.0.0.0 Safari/537.36"
4.217.221.142 - - [16/Jan/2026:03:41:27 +0000] "GET /wp-includes/rest-api/index.php HTTP/1.1" 500 981 "-" "Mozilla/5.0 (Windows NT 10.0; Win64; x64) AppleWebKit/537.36 (KHTML, like Gecko) Chrome/120.0.0.0 Safari/537.36"
4.217.221.142 - - [16/Jan/2026:03:41:27 +0000] "GET /0.php HTTP/1.1" 500 981 "-" "Mozilla/5.0 (Windows NT 10.0; Win64; x64) AppleWebKit/537.36 (KHTML, like Gecko) Chrome/120.0.0.0 Safari/537.36"
4.217.221.142 - - [16/Jan/2026:03:41:27 +0000] "GET /07.php HTTP/1.1" 500 981 "-" "Mozilla/5.0 (Windows NT 10.0; Win64; x64) AppleWebKit/537.36 (KHTML, like Gecko) Chrome/120.0.0.0 Safari/537.36"
4.217.221.142 - - [16/Jan/2026:03:41:27 +0000] "GET /1.php HTTP/1.1" 500 981 "-" "Mozilla/5.0 (Windows NT 10.0; Win64; x64) AppleWebKit/537.36 (KHTML, like Gecko) Chrome/120.0.0.0 Safari/537.36"
4.217.221.142 - - [16/Jan/2026:03:41:28 +0000] "GET /123.php HTTP/1.1" 500 981 "-" "Mozilla/5.0 (Windows NT 10.0; Win64; x64) AppleWebKit/537.36 (KHTML, like Gecko) Chrome/120.0.0.0 Safari/537.36"
4.217.221.142 - - [16/Jan/2026:03:41:28 +0000] "GET /aa.php HTTP/1.1" 500 981 "-" "Mozilla/5.0 (Windows NT 10.0; Win64; x64) AppleWebKit/537.36 (KHTML, like Gecko) Chrome/120.0.0.0 Safari/537.36"
4.217.221.142 - - [16/Jan/2026:03:41:28 +0000] "GET /admin.php HTTP/1.1" 500 981 "-" "Mozilla/5.0 (Windows NT 10.0; Win64; x64) AppleWebKit/537.36 (KHTML, like Gecko) Chrome/120.0.0.0 Safari/537.36"
4.217.221.142 - - [16/Jan/2026:03:41:28 +0000] "GET /akc.php HTTP/1.1" 500 981 "-" "Mozilla/5.0 (Windows NT 10.0; Win64; x64) AppleWebKit/537.36 (KHTML, like Gecko) Chrome/120.0.0.0 Safari/537.36"
4.217.221.142 - - [16/Jan/2026:03:41:29 +0000] "GET /akcc.php HTTP/1.1" 500 981 "-" "Mozilla/5.0 (Windows NT 10.0; Win64; x64) AppleWebKit/537.36 (KHTML, like Gecko) Chrome/120.0.0.0 Safari/537.36"
4.217.221.142 - - [16/Jan/2026:03:41:29 +0000] "GET /asasx.php HTTP/1.1" 500 981 "-" "Mozilla/5.0 (Windows NT 10.0; Win64; x64) AppleWebKit/537.36 (KHTML, like Gecko) Chrome/120.0.0.0 Safari/537.36"
4.217.221.142 - - [16/Jan/2026:03:41:29 +0000] "GET /asd.php HTTP/1.1" 500 981 "-" "Mozilla/5.0 (Windows NT 10.0; Win64; x64) AppleWebKit/537.36 (KHTML, like Gecko) Chrome/120.0.0.0 Safari/537.36"
4.217.221.142 - - [16/Jan/2026:03:41:29 +0000] "GET /atomlib.php HTTP/1.1" 500 981 "-" "Mozilla/5.0 (Windows NT 10.0; Win64; x64) AppleWebKit/537.36 (KHTML, like Gecko) Chrome/120.0.0.0 Safari/537.36"
4.217.221.142 - - [16/Jan/2026:03:41:30 +0000] "GET /axx.php HTTP/1.1" 500 981 "-" "Mozilla/5.0 (Windows NT 10.0; Win64; x64) AppleWebKit/537.36 (KHTML, like Gecko) Chrome/120.0.0.0 Safari/537.36"
4.217.221.142 - - [16/Jan/2026:03:41:30 +0000] "GET /berax.php HTTP/1.1" 500 981 "-" "Mozilla/5.0 (Windows NT 10.0; Win64; x64) AppleWebKit/537.36 (KHTML, like Gecko) Chrome/120.0.0.0 Safari/537.36"
4.217.221.142 - - [16/Jan/2026:03:41:30 +0000] "GET /build.php HTTP/1.1" 500 981 "-" "Mozilla/5.0 (Windows NT 10.0; Win64; x64) AppleWebKit/537.36 (KHTML, like Gecko) Chrome/120.0.0.0 Safari/537.36"
4.217.221.142 - - [16/Jan/2026:03:41:30 +0000] "GET /buy.php HTTP/1.1" 500 981 "-" "Mozilla/5.0 (Windows NT 10.0; Win64; x64) AppleWebKit/537.36 (KHTML, like Gecko) Chrome/120.0.0.0 Safari/537.36"
4.217.221.142 - - [16/Jan/2026:03:41:31 +0000] "GET /checkbox.php HTTP/1.1" 500 981 "-" "Mozilla/5.0 (Windows NT 10.0; Win64; x64) AppleWebKit/537.36 (KHTML, like Gecko) Chrome/120.0.0.0 Safari/537.36"
4.217.221.142 - - [16/Jan/2026:03:41:31 +0000] "GET /cong.php HTTP/1.1" 500 981 "-" "Mozilla/5.0 (Windows NT 10.0; Win64; x64) AppleWebKit/537.36 (KHTML, like Gecko) Chrome/120.0.0.0 Safari/537.36"
4.217.221.142 - - [16/Jan/2026:03:41:31 +0000] "GET /css.php HTTP/1.1" 500 981 "-" "Mozilla/5.0 (Windows NT 10.0; Win64; x64) AppleWebKit/537.36 (KHTML, like Gecko) Chrome/120.0.0.0 Safari/537.36"
4.217.221.142 - - [16/Jan/2026:03:41:31 +0000] "GET /dropdown.php HTTP/1.1" 500 981 "-" "Mozilla/5.0 (Windows NT 10.0; Win64; x64) AppleWebKit/537.36 (KHTML, like Gecko) Chrome/120.0.0.0 Safari/537.36"
4.217.221.142 - - [16/Jan/2026:03:41:32 +0000] "GET /edit.php HTTP/1.1" 500 981 "-" "Mozilla/5.0 (Windows NT 10.0; Win64; x64) AppleWebKit/537.36 (KHTML, like Gecko) Chrome/120.0.0.0 Safari/537.36"
4.217.221.142 - - [16/Jan/2026:03:41:32 +0000] "GET /file2.php HTTP/1.1" 500 981 "-" "Mozilla/5.0 (Windows NT 10.0; Win64; x64) AppleWebKit/537.36 (KHTML, like Gecko) Chrome/120.0.0.0 Safari/537.36"
4.217.221.142 - - [16/Jan/2026:03:41:32 +0000] "GET /file4.php HTTP/1.1" 500 981 "-" "Mozilla/5.0 (Windows NT 10.0; Win64; x64) AppleWebKit/537.36 (KHTML, like Gecko) Chrome/120.0.0.0 Safari/537.36"
4.217.221.142 - - [16/Jan/2026:03:41:33 +0000] "GET /filemanager.php HTTP/1.1" 500 981 "-" "Mozilla/5.0 (Windows NT 10.0; Win64; x64) AppleWebKit/537.36 (KHTML, like Gecko) Chrome/120.0.0.0 Safari/537.36"
4.217.221.142 - - [16/Jan/2026:03:41:33 +0000] "GET /flower.php HTTP/1.1" 500 981 "-" "Mozilla/5.0 (Windows NT 10.0; Win64; x64) AppleWebKit/537.36 (KHTML, like Gecko) Chrome/120.0.0.0 Safari/537.36"
4.217.221.142 - - [16/Jan/2026:03:41:33 +0000] "GET /form.php HTTP/1.1" 500 981 "-" "Mozilla/5.0 (Windows NT 10.0; Win64; x64) AppleWebKit/537.36 (KHTML, like Gecko) Chrome/120.0.0.0 Safari/537.36"
4.217.221.142 - - [16/Jan/2026:03:41:33 +0000] "GET /kyami.php HTTP/1.1" 500 981 "-" "Mozilla/5.0 (Windows NT 10.0; Win64; x64) AppleWebKit/537.36 (KHTML, like Gecko) Chrome/120.0.0.0 Safari/537.36"
4.217.221.142 - - [16/Jan/2026:03:41:33 +0000] "GET /makeasmtp.php HTTP/1.1" 500 981 "-" "Mozilla/5.0 (Windows NT 10.0; Win64; x64) AppleWebKit/537.36 (KHTML, like Gecko) Chrome/120.0.0.0 Safari/537.36"
4.217.221.142 - - [16/Jan/2026:03:41:34 +0000] "GET /mari.php HTTP/1.1" 500 981 "-" "Mozilla/5.0 (Windows NT 10.0; Win64; x64) AppleWebKit/537.36 (KHTML, like Gecko) Chrome/120.0.0.0 Safari/537.36"
66.249.66.36 - - [16/Jan/2026:03:23:06 +0000] "GET /23656089.shtml HTTP/1.1" 500 981 "-" "Mozilla/5.0 (Linux; Android 6.0.1; Nexus 5X Build/MMB29P) AppleWebKit/537.36 (KHTML, like Gecko) Chrome/143.0.7499.192 Mobile Safari/537.36 (compatible; Googlebot/2.1; +http://www.google.com/bot.html)"
52.167.144.217 - - [16/Jan/2026:03:24:24 +0000] "GET /307812648.shtml HTTP/2" 500 981 "-" "Mozilla/5.0 AppleWebKit/537.36 (KHTML, like Gecko; compatible; bingbot/2.0; +http://www.bing.com/bingbot.htm) Chrome/116.0.1938.76 Safari/537.36"
52.167.144.217 - - [16/Jan/2026:03:25:04 +0000] "GET /294389862.shtml HTTP/2" 500 981 "-" "Mozilla/5.0 AppleWebKit/537.36 (KHTML, like Gecko; compatible; bingbot/2.0; +http://www.bing.com/bingbot.htm) Chrome/116.0.1938.76 Safari/537.36"
66.249.66.162 - - [16/Jan/2026:03:25:47 +0000] "GET /241575285.shtml HTTP/1.1" 500 981 "-" "Mozilla/5.0 (compatible; Googlebot/2.1; +http://www.google.com/bot.html)"
66.249.66.161 - - [16/Jan/2026:03:25:48 +0000] "GET /328075476.shtml HTTP/1.1" 500 981 "-" "Mozilla/5.0 (Linux; Android 6.0.1; Nexus 5X Build/MMB29P) AppleWebKit/537.36 (KHTML, like Gecko) Chrome/143.0.7499.192 Mobile Safari/537.36 (compatible; Googlebot/2.1; +http://www.google.com/bot.html)"
66.249.66.66 - - [16/Jan/2026:03:29:08 +0000] "GET /254500458.shtml HTTP/1.1" 500 981 "-" "Mozilla/5.0 (Linux; Android 6.0.1; Nexus 5X Build/MMB29P) AppleWebKit/537.36 (KHTML, like Gecko) Chrome/143.0.7499.192 Mobile Safari/537.36 (compatible; Googlebot/2.1; +http://www.google.com/bot.html)"
66.249.66.160 - - [16/Jan/2026:03:29:28 +0000] "GET /269806803.shtml HTTP/1.1" 500 981 "-" "Mozilla/5.0 (Linux; Android 6.0.1; Nexus 5X Build/MMB29P) AppleWebKit/537.36 (KHTML, like Gecko) Chrome/143.0.7499.192 Mobile Safari/537.36 (compatible; Googlebot/2.1; +http://www.google.com/bot.html)"
47.82.11.59 - - [16/Jan/2026:03:31:42 +0000] "GET /175147890.shtml HTTP/1.1" 500 981 "https://km104.com/" "Mozilla/5.0 (Macintosh; Intel Mac OS X 10_15_7) AppleWebKit/537.36 (KHTML, like Gecko) Chrome/135.0.0.0 Safari/537.36"
52.167.144.25 - - [16/Jan/2026:03:32:09 +0000] "GET /product/nueva-ley-de-amparo/ HTTP/2" 500 981 "-" "Mozilla/5.0 AppleWebKit/537.36 (KHTML, like Gecko; compatible; bingbot/2.0; +http://www.bing.com/bingbot.htm) Chrome/116.0.1938.76 Safari/537.36"
66.249.66.194 - - [16/Jan/2026:03:32:57 +0000] "GET /280299300.shtml HTTP/1.1" 500 981 "-" "Mozilla/5.0 (Linux; Android 6.0.1; Nexus 5X Build/MMB29P) AppleWebKit/537.36 (KHTML, like Gecko) Chrome/143.0.7499.192 Mobile Safari/537.36 (compatible; Googlebot/2.1; +http://www.google.com/bot.html)"
15.204.182.106 - - [16/Jan/2026:03:34:59 +0000] "GET / HTTP/2" 500 1148 "-" "Mozilla/5.0 (Windows NT 10.0; Win64; x64) AppleWebKit/537.36 (KHTML, like Gecko) Chrome/143.0.0.0 Safari/537.36"
66.249.66.161 - - [16/Jan/2026:03:35:41 +0000] "GET /89507283.shtml HTTP/1.1" 500 981 "-" "Mozilla/5.0 (Linux; Android 6.0.1; Nexus 5X Build/MMB29P) AppleWebKit/537.36 (KHTML, like Gecko) Chrome/143.0.7499.192 Mobile Safari/537.36 (compatible; Googlebot/2.1; +http://www.google.com/bot.html)"
66.249.92.160 - - [16/Jan/2026:03:35:48 +0000] "GET /178628406.shtml HTTP/1.1" 500 981 "-" "Mozilla/5.0 (X11; Linux x86_64) AppleWebKit/537.36 (KHTML, like Gecko) Chrome/143.0.7499.192 Safari/537.36"
66.249.66.2 - - [16/Jan/2026:03:37:24 +0000] "GET /247347840.shtml HTTP/1.1" 500 981 "-" "Mozilla/5.0 (compatible; Googlebot/2.1; +http://www.google.com/bot.html)"
66.249.66.64 - - [16/Jan/2026:03:37:58 +0000] "GET /160495113.shtml HTTP/1.1" 500 981 "-" "Mozilla/5.0 (Linux; Android 6.0.1; Nexus 5X Build/MMB29P) AppleWebKit/537.36 (KHTML, like Gecko) Chrome/143.0.7499.192 Mobile Safari/537.36 (compatible; Googlebot/2.1; +http://www.google.com/bot.html)"
66.249.66.37 - - [16/Jan/2026:03:41:16 +0000] "GET /257316528.shtml HTTP/1.1" 500 981 "-" "Mozilla/5.0 (Linux; Android 6.0.1; Nexus 5X Build/MMB29P) AppleWebKit/537.36 (KHTML, like Gecko) Chrome/143.0.7499.192 Mobile Safari/537.36 (compatible; Googlebot/2.1; +http://www.google.com/bot.html)"
4.217.221.142 - - [16/Jan/2026:03:41:34 +0000] "GET /moon.php HTTP/1.1" 500 981 "-" "Mozilla/5.0 (Windows NT 10.0; Win64; x64) AppleWebKit/537.36 (KHTML, like Gecko) Chrome/120.0.0.0 Safari/537.36"
4.217.221.142 - - [16/Jan/2026:03:41:34 +0000] "GET /new.php HTTP/1.1" 500 981 "-" "Mozilla/5.0 (Windows NT 10.0; Win64; x64) AppleWebKit/537.36 (KHTML, like Gecko) Chrome/120.0.0.0 Safari/537.36"
4.217.221.142 - - [16/Jan/2026:03:41:34 +0000] "GET /wp-activate.php HTTP/1.1" 500 981 "-" "Mozilla/5.0 (Windows NT 10.0; Win64; x64) AppleWebKit/537.36 (KHTML, like Gecko) Chrome/120.0.0.0 Safari/537.36"
4.217.221.142 - - [16/Jan/2026:03:41:35 +0000] "GET /wp-admin.php HTTP/1.1" 500 981 "-" "Mozilla/5.0 (Windows NT 10.0; Win64; x64) AppleWebKit/537.36 (KHTML, like Gecko) Chrome/120.0.0.0 Safari/537.36"
4.217.221.142 - - [16/Jan/2026:03:41:35 +0000] "GET /wp-trackback.php HTTP/1.1" 500 981 "-" "Mozilla/5.0 (Windows NT 10.0; Win64; x64) AppleWebKit/537.36 (KHTML, like Gecko) Chrome/120.0.0.0 Safari/537.36"
4.217.221.142 - - [16/Jan/2026:03:41:35 +0000] "GET /xmlrpc.php HTTP/1.1" 500 0 "-" "Mozilla/5.0 (Windows NT 10.0; Win64; x64) AppleWebKit/537.36 (KHTML, like Gecko) Chrome/120.0.0.0 Safari/537.36"
4.217.221.142 - - [16/Jan/2026:03:41:35 +0000] "GET /xmrlpc.php HTTP/1.1" 500 981 "-" "Mozilla/5.0 (Windows NT 10.0; Win64; x64) AppleWebKit/537.36 (KHTML, like Gecko) Chrome/120.0.0.0 Safari/537.36"
4.217.221.142 - - [16/Jan/2026:03:41:36 +0000] "GET /adminfuns.php HTTP/1.1" 500 981 "-" "Mozilla/5.0 (Windows NT 10.0; Win64; x64) AppleWebKit/537.36 (KHTML, like Gecko) Chrome/120.0.0.0 Safari/537.36"
40.77.167.35 - - [16/Jan/2026:03:41:40 +0000] "GET /product/nueva-ley-de-amparo/ HTTP/2" 500 981 "-" "Mozilla/5.0 AppleWebKit/537.36 (KHTML, like Gecko; compatible; bingbot/2.0; +http://www.bing.com/bingbot.htm) Chrome/116.0.1938.76 Safari/537.36"
66.249.66.36 - - [16/Jan/2026:03:42:41 +0000] "GET /149935905.shtml HTTP/1.1" 500 981 "-" "Mozilla/5.0 (Linux; Android 6.0.1; Nexus 5X Build/MMB29P) AppleWebKit/537.36 (KHTML, like Gecko) Chrome/143.0.7499.192 Mobile Safari/537.36 (compatible; Googlebot/2.1; +http://www.google.com/bot.html)"
40.77.167.156 - - [16/Jan/2026:03:44:24 +0000] "GET /65506974.shtml HTTP/2" 500 981 "-" "Mozilla/5.0 AppleWebKit/537.36 (KHTML, like Gecko; compatible; bingbot/2.0; +http://www.bing.com/bingbot.htm) Chrome/116.0.1938.76 Safari/537.36"
66.249.66.2 - - [16/Jan/2026:03:45:40 +0000] "GET /89507283.shtml HTTP/1.1" 500 981 "-" "Mozilla/5.0 (Linux; Android 6.0.1; Nexus 5X Build/MMB29P) AppleWebKit/537.36 (KHTML, like Gecko) Chrome/143.0.7499.192 Mobile Safari/537.36 (compatible; Googlebot/2.1; +http://www.google.com/bot.html)"
66.249.66.2 - - [16/Jan/2026:03:48:02 +0000] "GET /238019955.shtml HTTP/1.1" 500 981 "-" "Mozilla/5.0 (Linux; Android 6.0.1; Nexus 5X Build/MMB29P) AppleWebKit/537.36 (KHTML, like Gecko) Chrome/143.0.7499.192 Mobile Safari/537.36 (compatible; Googlebot/2.1; +http://www.google.com/bot.html)"
66.249.66.36 - - [16/Jan/2026:03:50:05 +0000] "GET /181220811.shtml HTTP/1.1" 500 981 "-" "Mozilla/5.0 (Linux; Android 6.0.1; Nexus 5X Build/MMB29P) AppleWebKit/537.36 (KHTML, like Gecko) Chrome/143.0.7499.192 Mobile Safari/537.36 (compatible; Googlebot/2.1; +http://www.google.com/bot.html)"
66.249.66.194 - - [16/Jan/2026:03:50:40 +0000] "GET /64419285.shtml HTTP/1.1" 500 981 "-" "Mozilla/5.0 (compatible; Googlebot/2.1; +http://www.google.com/bot.html)"
47.82.11.79 - - [16/Jan/2026:03:50:53 +0000] "GET /6753009.shtml HTTP/1.1" 500 981 "https://km104.com/" "Mozilla/5.0 (Windows NT 10.0; Win64; x64) AppleWebKit/537.36 (KHTML, like Gecko) Chrome/135.0.0.0 Safari/537.36"
66.249.66.36 - - [16/Jan/2026:03:50:54 +0000] "GET /176008140.shtml HTTP/1.1" 500 981 "-" "Mozilla/5.0 (Linux; Android 6.0.1; Nexus 5X Build/MMB29P) AppleWebKit/537.36 (KHTML, like Gecko) Chrome/143.0.7499.192 Mobile Safari/537.36 (compatible; Googlebot/2.1; +http://www.google.com/bot.html)"
66.249.66.161 - - [16/Jan/2026:03:41:54 +0000] "GET /201359985.shtml HTTP/1.1" 500 981 "-" "Mozilla/5.0 (Linux; Android 6.0.1; Nexus 5X Build/MMB29P) AppleWebKit/537.36 (KHTML, like Gecko) Chrome/143.0.7499.192 Mobile Safari/537.36 (compatible; Googlebot/2.1; +http://www.google.com/bot.html)"
66.249.66.161 - - [16/Jan/2026:03:42:54 +0000] "GET /200212023.shtml HTTP/1.1" 500 981 "-" "Mozilla/5.0 (Linux; Android 6.0.1; Nexus 5X Build/MMB29P) AppleWebKit/537.36 (KHTML, like Gecko) Chrome/143.0.7499.192 Mobile Safari/537.36 (compatible; Googlebot/2.1; +http://www.google.com/bot.html)"
66.249.66.160 - - [16/Jan/2026:03:45:37 +0000] "GET /green/ HTTP/1.1" 500 981 "-" "Mozilla/5.0 (compatible; Googlebot/2.1; +http://www.google.com/bot.html)"
40.77.167.156 - - [16/Jan/2026:03:45:45 +0000] "GET /70111809.shtml HTTP/2" 500 981 "-" "Mozilla/5.0 AppleWebKit/537.36 (KHTML, like Gecko; compatible; bingbot/2.0; +http://www.bing.com/bingbot.htm) Chrome/116.0.1938.76 Safari/537.36"
66.249.66.196 - - [16/Jan/2026:03:47:07 +0000] "GET /19775640.shtml HTTP/1.1" 500 981 "-" "Mozilla/5.0 (Linux; Android 6.0.1; Nexus 5X Build/MMB29P) AppleWebKit/537.36 (KHTML, like Gecko) Chrome/143.0.7499.192 Mobile Safari/537.36 (compatible; Googlebot/2.1; +http://www.google.com/bot.html)"
40.77.167.48 - - [16/Jan/2026:03:49:32 +0000] "GET /ctg/search/similarImageSearchResultView/?ctgItemCd=21627005 HTTP/2" 500 981 "-" "Mozilla/5.0 AppleWebKit/537.36 (KHTML, like Gecko; compatible; bingbot/2.0; +http://www.bing.com/bingbot.htm) Chrome/116.0.1938.76 Safari/537.36"
66.249.66.38 - - [16/Jan/2026:03:51:15 +0000] "GET /257316528.shtml HTTP/1.1" 500 981 "-" "Mozilla/5.0 (Linux; Android 6.0.1; Nexus 5X Build/MMB29P) AppleWebKit/537.36 (KHTML, like Gecko) Chrome/143.0.7499.192 Mobile Safari/537.36 (compatible; Googlebot/2.1; +http://www.google.com/bot.html)"
52.167.144.162 - - [16/Jan/2026:03:51:41 +0000] "GET /237512352.shtml HTTP/2" 500 981 "-" "Mozilla/5.0 AppleWebKit/537.36 (KHTML, like Gecko; compatible; bingbot/2.0; +http://www.bing.com/bingbot.htm) Chrome/116.0.1938.76 Safari/537.36"
66.249.66.36 - - [16/Jan/2026:03:54:56 +0000] "GET /247334520.shtml HTTP/1.1" 500 981 "-" "Mozilla/5.0 (compatible; Googlebot/2.1; +http://www.google.com/bot.html)"
138.122.217.139 - - [16/Jan/2026:04:00:27 +0000] "GET /test HTTP/1.1" 500 981 "https://km104.com/" "Mozilla/5.0 (Windows NT 10.0; Win64; x64) AppleWebKit/537.36 (KHTML, like Gecko) Chrome/135.0.0.0 Safari/537.36"
66.249.66.65 - - [16/Jan/2026:04:00:56 +0000] "GET /317045295.shtml HTTP/1.1" 500 981 "-" "Mozilla/5.0 (Linux; Android 6.0.1; Nexus 5X Build/MMB29P) AppleWebKit/537.36 (KHTML, like Gecko) Chrome/143.0.7499.192 Mobile Safari/537.36 (compatible; Googlebot/2.1; +http://www.google.com/bot.html)"
40.77.167.61 - - [16/Jan/2026:04:01:24 +0000] "GET /266762739.shtml HTTP/2" 500 981 "-" "Mozilla/5.0 AppleWebKit/537.36 (KHTML, like Gecko; compatible; bingbot/2.0; +http://www.bing.com/bingbot.htm) Chrome/116.0.1938.76 Safari/537.36"
66.249.66.196 - - [16/Jan/2026:04:01:39 +0000] "GET /122345745.shtml HTTP/1.1" 500 981 "-" "Mozilla/5.0 (compatible; Googlebot/2.1; +http://www.google.com/bot.html)"
66.249.66.1 - - [16/Jan/2026:04:02:30 +0000] "GET /85743162.shtml HTTP/1.1" 500 981 "-" "Mozilla/5.0 (compatible; Googlebot/2.1; +http://www.google.com/bot.html)"
66.249.66.66 - - [16/Jan/2026:04:06:02 +0000] "GET /197149866.shtml HTTP/1.1" 500 981 "-" "Mozilla/5.0 (compatible; Googlebot/2.1; +http://www.google.com/bot.html)"
52.167.144.19 - - [16/Jan/2026:04:06:13 +0000] "GET /3705060.shtml HTTP/2" 500 981 "-" "Mozilla/5.0 AppleWebKit/537.36 (KHTML, like Gecko; compatible; bingbot/2.0; +http://www.bing.com/bingbot.htm) Chrome/116.0.1938.76 Safari/537.36"
66.249.66.194 - - [16/Jan/2026:04:07:02 +0000] "GET /149464266.shtml HTTP/1.1" 500 981 "-" "Mozilla/5.0 (compatible; Googlebot/2.1; +http://www.google.com/bot.html)"
66.249.66.36 - - [16/Jan/2026:04:08:21 +0000] "GET /128720253.shtml HTTP/1.1" 500 981 "-" "Mozilla/5.0 (compatible; Googlebot/2.1; +http://www.google.com/bot.html)"
66.249.66.36 - - [16/Jan/2026:03:54:06 +0000] "GET /103991784.shtml HTTP/1.1" 500 981 "-" "Mozilla/5.0 (Linux; Android 6.0.1; Nexus 5X Build/MMB29P) AppleWebKit/537.36 (KHTML, like Gecko) Chrome/143.0.7499.192 Mobile Safari/537.36 (compatible; Googlebot/2.1; +http://www.google.com/bot.html)"
52.167.144.162 - - [16/Jan/2026:03:57:12 +0000] "GET /763449.shtml HTTP/2" 500 981 "-" "Mozilla/5.0 AppleWebKit/537.36 (KHTML, like Gecko; compatible; bingbot/2.0; +http://www.bing.com/bingbot.htm) Chrome/116.0.1938.76 Safari/537.36"
40.77.167.61 - - [16/Jan/2026:03:59:02 +0000] "GET /product/nueva-ley-de-amparo/ HTTP/2" 500 981 "-" "Mozilla/5.0 AppleWebKit/537.36 (KHTML, like Gecko; compatible; bingbot/2.0; +http://www.bing.com/bingbot.htm) Chrome/116.0.1938.76 Safari/537.36"
66.249.66.66 - - [16/Jan/2026:04:01:39 +0000] "GET /122345745.shtml HTTP/1.1" 500 981 "-" "Mozilla/5.0 (Linux; Android 6.0.1; Nexus 5X Build/MMB29P) AppleWebKit/537.36 (KHTML, like Gecko) Chrome/143.0.7499.192 Mobile Safari/537.36 (compatible; Googlebot/2.1; +http://www.google.com/bot.html)"
66.249.66.37 - - [16/Jan/2026:04:02:10 +0000] "GET /5832930.shtml HTTP/1.1" 500 981 "-" "Mozilla/5.0 (Linux; Android 6.0.1; Nexus 5X Build/MMB29P) AppleWebKit/537.36 (KHTML, like Gecko) Chrome/143.0.7499.192 Mobile Safari/537.36 (compatible; Googlebot/2.1; +http://www.google.com/bot.html)"
66.249.66.37 - - [16/Jan/2026:04:02:30 +0000] "GET /85743162.shtml HTTP/1.1" 500 981 "-" "Mozilla/5.0 (Linux; Android 6.0.1; Nexus 5X Build/MMB29P) AppleWebKit/537.36 (KHTML, like Gecko) Chrome/143.0.7499.192 Mobile Safari/537.36 (compatible; Googlebot/2.1; +http://www.google.com/bot.html)"
52.167.144.19 - - [16/Jan/2026:04:02:51 +0000] "GET /318039411.shtml HTTP/2" 500 981 "-" "Mozilla/5.0 AppleWebKit/537.36 (KHTML, like Gecko; compatible; bingbot/2.0; +http://www.bing.com/bingbot.htm) Chrome/116.0.1938.76 Safari/537.36"
82.215.107.53 - - [16/Jan/2026:04:03:17 +0000] "GET /169465023.shtml HTTP/1.1" 500 981 "https://km104.com/" "Mozilla/5.0 (X11; CrOS x86_64 14541.0.0) AppleWebKit/537.36 (KHTML, like Gecko) Chrome/126.0.0.0 Safari/537.36"
40.77.167.25 - - [16/Jan/2026:04:06:44 +0000] "GET /288582453.shtml HTTP/2" 500 981 "-" "Mozilla/5.0 AppleWebKit/537.36 (KHTML, like Gecko; compatible; bingbot/2.0; +http://www.bing.com/bingbot.htm) Chrome/116.0.1938.76 Safari/537.36"
40.77.167.25 - - [16/Jan/2026:04:07:05 +0000] "GET /165751629.shtml HTTP/2" 500 981 "-" "Mozilla/5.0 AppleWebKit/537.36 (KHTML, like Gecko; compatible; bingbot/2.0; +http://www.bing.com/bingbot.htm) Chrome/116.0.1938.76 Safari/537.36"
66.249.66.162 - - [16/Jan/2026:04:09:25 +0000] "GET /58650726.shtml HTTP/1.1" 500 981 "-" "Mozilla/5.0 (Linux; Android 6.0.1; Nexus 5X Build/MMB29P) AppleWebKit/537.36 (KHTML, like Gecko) Chrome/143.0.7499.192 Mobile Safari/537.36 (compatible; Googlebot/2.1; +http://www.google.com/bot.html)"
66.249.66.65 - - [16/Jan/2026:04:18:57 +0000] "GET /219864018.shtml HTTP/1.1" 500 981 "-" "Mozilla/5.0 (Linux; Android 6.0.1; Nexus 5X Build/MMB29P) AppleWebKit/537.36 (KHTML, like Gecko) Chrome/143.0.7499.192 Mobile Safari/537.36 (compatible; Googlebot/2.1; +http://www.google.com/bot.html)"
66.249.66.162 - - [16/Jan/2026:04:24:42 +0000] "GET /89073717.shtml HTTP/1.1" 500 981 "-" "Mozilla/5.0 (Linux; Android 6.0.1; Nexus 5X Build/MMB29P) AppleWebKit/537.36 (KHTML, like Gecko) Chrome/143.0.7499.192 Mobile Safari/537.36 (compatible; Googlebot/2.1; +http://www.google.com/bot.html)"
40.77.167.67 - - [16/Jan/2026:04:24:54 +0000] "GET /208004334.shtml HTTP/2" 500 981 "-" "Mozilla/5.0 AppleWebKit/537.36 (KHTML, like Gecko; compatible; bingbot/2.0; +http://www.bing.com/bingbot.htm) Chrome/116.0.1938.76 Safari/537.36"
40.77.167.67 - - [16/Jan/2026:04:26:33 +0000] "GET /155801811.shtml HTTP/2" 500 981 "-" "Mozilla/5.0 AppleWebKit/537.36 (KHTML, like Gecko; compatible; bingbot/2.0; +http://www.bing.com/bingbot.htm) Chrome/116.0.1938.76 Safari/537.36"
47.82.11.59 - - [16/Jan/2026:04:10:18 +0000] "GET /36164790.shtml HTTP/1.1" 500 981 "https://km104.com/" "Mozilla/5.0 (Macintosh; Intel Mac OS X 10_15_7) AppleWebKit/605.1.15 (KHTML, like Gecko) Version/16.6 Safari/605.1.15"
66.249.66.196 - - [16/Jan/2026:04:11:39 +0000] "GET /122345745.shtml HTTP/1.1" 500 981 "-" "Mozilla/5.0 (Linux; Android 6.0.1; Nexus 5X Build/MMB29P) AppleWebKit/537.36 (KHTML, like Gecko) Chrome/143.0.7499.192 Mobile Safari/537.36 (compatible; Googlebot/2.1; +http://www.google.com/bot.html)"
66.249.66.66 - - [16/Jan/2026:04:12:30 +0000] "GET /85743162.shtml HTTP/1.1" 500 981 "-" "Mozilla/5.0 (compatible; Googlebot/2.1; +http://www.google.com/bot.html)"
66.249.66.1 - - [16/Jan/2026:04:12:45 +0000] "GET /207519264.shtml HTTP/1.1" 500 981 "-" "Mozilla/5.0 (compatible; Googlebot/2.1; +http://www.google.com/bot.html)"
40.77.167.25 - - [16/Jan/2026:04:14:23 +0000] "GET /product/nueva-ley-de-amparo/ HTTP/2" 500 981 "-" "Mozilla/5.0 AppleWebKit/537.36 (KHTML, like Gecko; compatible; bingbot/2.0; +http://www.bing.com/bingbot.htm) Chrome/116.0.1938.76 Safari/537.36"
66.249.66.161 - - [16/Jan/2026:04:15:15 +0000] "GET /213597069.shtml HTTP/1.1" 500 981 "-" "Mozilla/5.0 (Linux; Android 6.0.1; Nexus 5X Build/MMB29P) AppleWebKit/537.36 (KHTML, like Gecko) Chrome/143.0.7499.192 Mobile Safari/537.36 (compatible; Googlebot/2.1; +http://www.google.com/bot.html)"
66.249.66.64 - - [16/Jan/2026:04:16:10 +0000] "GET /314272626.shtml HTTP/1.1" 500 981 "-" "Mozilla/5.0 (Linux; Android 6.0.1; Nexus 5X Build/MMB29P) AppleWebKit/537.36 (KHTML, like Gecko) Chrome/143.0.7499.192 Mobile Safari/537.36 (compatible; Googlebot/2.1; +http://www.google.com/bot.html)"
66.249.66.36 - - [16/Jan/2026:04:18:21 +0000] "GET /128720253.shtml HTTP/1.1" 500 981 "-" "Mozilla/5.0 (compatible; Googlebot/2.1; +http://www.google.com/bot.html)"
52.167.144.19 - - [16/Jan/2026:04:18:48 +0000] "GET /275472465.shtml HTTP/2" 500 981 "-" "Mozilla/5.0 AppleWebKit/537.36 (KHTML, like Gecko; compatible; bingbot/2.0; +http://www.bing.com/bingbot.htm) Chrome/116.0.1938.76 Safari/537.36"
66.249.66.2 - - [16/Jan/2026:04:19:29 +0000] "GET /318360090.shtml HTTP/1.1" 500 981 "-" "Mozilla/5.0 (compatible; Googlebot/2.1; +http://www.google.com/bot.html)"
66.249.66.194 - - [16/Jan/2026:04:20:13 +0000] "GET /36127605.shtml HTTP/1.1" 500 981 "-" "Mozilla/5.0 (Linux; Android 6.0.1; Nexus 5X Build/MMB29P) AppleWebKit/537.36 (KHTML, like Gecko) Chrome/143.0.7499.192 Mobile Safari/537.36 (compatible; Googlebot/2.1; +http://www.google.com/bot.html)"
66.249.66.38 - - [16/Jan/2026:04:21:22 +0000] "GET /9548100.shtml HTTP/1.1" 500 981 "-" "Mozilla/5.0 (compatible; Googlebot/2.1; +http://www.google.com/bot.html)"
66.249.66.64 - - [16/Jan/2026:04:21:48 +0000] "GET /85907109.shtml HTTP/1.1" 500 981 "-" "Mozilla/5.0 (compatible; Googlebot/2.1; +http://www.google.com/bot.html)"
66.249.66.64 - - [16/Jan/2026:04:21:49 +0000] "GET /160321176.shtml HTTP/1.1" 500 981 "-" "Mozilla/5.0 (compatible; Googlebot/2.1; +http://www.google.com/bot.html)"
15.204.182.106 - - [16/Jan/2026:04:24:29 +0000] "GET / HTTP/2" 500 1148 "-" "Mozilla/5.0 (Windows NT 10.0; Win64; x64) AppleWebKit/537.36 (KHTML, like Gecko) Chrome/143.0.0.0 Safari/537.36"
66.249.66.161 - - [16/Jan/2026:04:25:55 +0000] "GET /119639343.shtml HTTP/1.1" 500 981 "-" "Mozilla/5.0 (compatible; Googlebot/2.1; +http://www.google.com/bot.html)"
66.249.66.3 - - [16/Jan/2026:04:26:09 +0000] "GET /314272626.shtml HTTP/1.1" 500 981 "-" "Mozilla/5.0 (Linux; Android 6.0.1; Nexus 5X Build/MMB29P) AppleWebKit/537.36 (KHTML, like Gecko) Chrome/143.0.7499.192 Mobile Safari/537.36 (compatible; Googlebot/2.1; +http://www.google.com/bot.html)"
52.167.144.215 - - [16/Jan/2026:04:28:19 +0000] "GET /66606318.shtml HTTP/2" 500 981 "-" "Mozilla/5.0 AppleWebKit/537.36 (KHTML, like Gecko; compatible; bingbot/2.0; +http://www.bing.com/bingbot.htm) Chrome/116.0.1938.76 Safari/537.36"
66.249.66.162 - - [16/Jan/2026:04:28:57 +0000] "GET /219864018.shtml HTTP/1.1" 500 981 "-" "Mozilla/5.0 (Linux; Android 6.0.1; Nexus 5X Build/MMB29P) AppleWebKit/537.36 (KHTML, like Gecko) Chrome/143.0.7499.192 Mobile Safari/537.36 (compatible; Googlebot/2.1; +http://www.google.com/bot.html)"
66.249.66.3 - - [16/Jan/2026:04:29:05 +0000] "GET /103636251.shtml HTTP/1.1" 500 981 "-" "Mozilla/5.0 (Linux; Android 6.0.1; Nexus 5X Build/MMB29P) AppleWebKit/537.36 (KHTML, like Gecko) Chrome/143.0.7499.192 Mobile Safari/537.36 (compatible; Googlebot/2.1; +http://www.google.com/bot.html)"
66.249.66.2 - - [16/Jan/2026:04:29:21 +0000] "GET /40154685.shtml HTTP/1.1" 500 981 "-" "Mozilla/5.0 (Linux; Android 6.0.1; Nexus 5X Build/MMB29P) AppleWebKit/537.36 (KHTML, like Gecko) Chrome/143.0.7499.192 Mobile Safari/537.36 (compatible; Googlebot/2.1; +http://www.google.com/bot.html)"
40.77.167.38 - - [16/Jan/2026:04:29:34 +0000] "GET /product/nueva-ley-de-amparo/ HTTP/2" 500 981 "-" "Mozilla/5.0 AppleWebKit/537.36 (KHTML, like Gecko; compatible; bingbot/2.0; +http://www.bing.com/bingbot.htm) Chrome/116.0.1938.76 Safari/537.36"
66.249.66.194 - - [16/Jan/2026:04:30:26 +0000] "GET /79302165.shtml HTTP/1.1" 500 981 "-" "Mozilla/5.0 (compatible; Googlebot/2.1; +http://www.google.com/bot.html)"
40.77.167.38 - - [16/Jan/2026:04:31:29 +0000] "GET /302576112.shtml HTTP/2" 500 981 "-" "Mozilla/5.0 AppleWebKit/537.36 (KHTML, like Gecko; compatible; bingbot/2.0; +http://www.bing.com/bingbot.htm) Chrome/116.0.1938.76 Safari/537.36"
66.249.66.64 - - [16/Jan/2026:04:32:13 +0000] "GET /323544678.shtml HTTP/1.1" 500 981 "-" "Mozilla/5.0 (Linux; Android 6.0.1; Nexus 5X Build/MMB29P) AppleWebKit/537.36 (KHTML, like Gecko) Chrome/143.0.7499.192 Mobile Safari/537.36 (compatible; Googlebot/2.1; +http://www.google.com/bot.html)"
176.65.149.81 - - [16/Jan/2026:04:33:13 +0000] "GET //assets/images/accesson.php HTTP/1.1" 500 1148 "-" "Mozilla/5.0 (Windows NT 10.0; Win64; x64; rv:81.0) Gecko/20100101 Firefox/81.0"
66.249.66.160 - - [16/Jan/2026:04:33:32 +0000] "GET /39927468.shtml HTTP/1.1" 500 981 "-" "Mozilla/5.0 (Linux; Android 6.0.1; Nexus 5X Build/MMB29P) AppleWebKit/537.36 (KHTML, like Gecko) Chrome/143.0.7499.192 Mobile Safari/537.36 (compatible; Googlebot/2.1; +http://www.google.com/bot.html)"
66.249.66.36 - - [16/Jan/2026:04:34:34 +0000] "GET /265117386.shtml HTTP/1.1" 500 981 "-" "Mozilla/5.0 (compatible; Googlebot/2.1; +http://www.google.com/bot.html)"
139.162.108.43 - - [16/Jan/2026:04:37:04 +0000] "POST /wp-login.php HTTP/1.1" 500 1148 "-" "Mozilla/5.0 (Windows NT 10.0; Win64; x64; rv:67.0) Gecko/20100101 Firefox/67.0"
66.249.66.194 - - [16/Jan/2026:04:37:42 +0000] "GET /80565567.shtml HTTP/1.1" 500 981 "-" "Mozilla/5.0 (compatible; Googlebot/2.1; +http://www.google.com/bot.html)"
66.249.66.1 - - [16/Jan/2026:04:37:52 +0000] "GET /3240414.shtml HTTP/1.1" 500 981 "-" "Mozilla/5.0 (compatible; Googlebot/2.1; +http://www.google.com/bot.html)"
66.249.66.37 - - [16/Jan/2026:04:40:41 +0000] "GET /280386768.shtml HTTP/1.1" 500 981 "-" "Mozilla/5.0 (compatible; Googlebot/2.1; +http://www.google.com/bot.html)"
38.171.51.103 - - [16/Jan/2026:04:42:07 +0000] "GET /141531762.shtml HTTP/1.1" 500 981 "https://km104.com/" "Mozilla/5.0 (Macintosh; Intel Mac OS X 10_15_7) AppleWebKit/537.36 (KHTML, like Gecko) Chrome/134.0.0.0 Safari/537.36"
66.249.66.65 - - [16/Jan/2026:04:42:26 +0000] "GET /194959725.shtml HTTP/1.1" 500 981 "-" "Mozilla/5.0 (compatible; Googlebot/2.1; +http://www.google.com/bot.html)"
66.249.66.66 - - [16/Jan/2026:04:45:28 +0000] "GET /79693107.shtml HTTP/1.1" 500 981 "-" "Mozilla/5.0 (Linux; Android 6.0.1; Nexus 5X Build/MMB29P) AppleWebKit/537.36 (KHTML, like Gecko) Chrome/143.0.7499.192 Mobile Safari/537.36 (compatible; Googlebot/2.1; +http://www.google.com/bot.html)"
66.249.66.160 - - [16/Jan/2026:04:27:20 +0000] "GET /112253070.shtml HTTP/1.1" 500 981 "-" "Mozilla/5.0 (Linux; Android 6.0.1; Nexus 5X Build/MMB29P) AppleWebKit/537.36 (KHTML, like Gecko) Chrome/143.0.7499.192 Mobile Safari/537.36 (compatible; Googlebot/2.1; +http://www.google.com/bot.html)"
66.249.66.3 - - [16/Jan/2026:04:27:20 +0000] "GET /112253070.shtml HTTP/1.1" 500 981 "-" "Mozilla/5.0 (compatible; Googlebot/2.1; +http://www.google.com/bot.html)"
66.249.66.160 - - [16/Jan/2026:04:27:46 +0000] "GET /122261052.shtml HTTP/1.1" 500 981 "-" "Mozilla/5.0 (compatible; Googlebot/2.1; +http://www.google.com/bot.html)"
40.77.167.67 - - [16/Jan/2026:04:32:14 +0000] "GET /61074189.shtml HTTP/2" 500 981 "-" "Mozilla/5.0 AppleWebKit/537.36 (KHTML, like Gecko; compatible; bingbot/2.0; +http://www.bing.com/bingbot.htm) Chrome/116.0.1938.76 Safari/537.36"
