66.249.66.195 - - [16/Jan/2026:04:32:38 +0000] "GET /213588411.shtml HTTP/1.1" 500 981 "-" "Mozilla/5.0 (Linux; Android 6.0.1; Nexus 5X Build/MMB29P) AppleWebKit/537.36 (KHTML, like Gecko) Chrome/143.0.7499.192 Mobile Safari/537.36 (compatible; Googlebot/2.1; +http://www.google.com/bot.html)"
66.249.66.3 - - [16/Jan/2026:04:33:24 +0000] "GET /207579426.shtml HTTP/1.1" 500 981 "-" "Mozilla/5.0 (compatible; Googlebot/2.1; +http://www.google.com/bot.html)"
66.249.66.1 - - [16/Jan/2026:04:33:32 +0000] "GET /39927468.shtml HTTP/1.1" 500 981 "-" "Mozilla/5.0 (compatible; Googlebot/2.1; +http://www.google.com/bot.html)"
66.249.66.194 - - [16/Jan/2026:04:33:43 +0000] "GET /248972880.shtml HTTP/1.1" 500 981 "-" "Mozilla/5.0 (Linux; Android 6.0.1; Nexus 5X Build/MMB29P) AppleWebKit/537.36 (KHTML, like Gecko) Chrome/143.0.7499.192 Mobile Safari/537.36 (compatible; Googlebot/2.1; +http://www.google.com/bot.html)"
66.249.66.37 - - [16/Jan/2026:04:35:37 +0000] "GET /262677051.shtml HTTP/1.1" 500 981 "-" "Mozilla/5.0 (compatible; Googlebot/2.1; +http://www.google.com/bot.html)"
66.249.66.64 - - [16/Jan/2026:04:36:30 +0000] "GET /211710291.shtml HTTP/1.1" 500 981 "-" "Mozilla/5.0 (compatible; Googlebot/2.1; +http://www.google.com/bot.html)"
52.167.144.215 - - [16/Jan/2026:04:36:39 +0000] "GET /249591372.shtml HTTP/2" 500 981 "-" "Mozilla/5.0 AppleWebKit/537.36 (KHTML, like Gecko; compatible; bingbot/2.0; +http://www.bing.com/bingbot.htm) Chrome/116.0.1938.76 Safari/537.36"
66.249.66.38 - - [16/Jan/2026:04:40:20 +0000] "GET /153999282.shtml HTTP/1.1" 500 981 "-" "Mozilla/5.0 (Linux; Android 6.0.1; Nexus 5X Build/MMB29P) AppleWebKit/537.36 (KHTML, like Gecko) Chrome/143.0.7499.192 Mobile Safari/537.36 (compatible; Googlebot/2.1; +http://www.google.com/bot.html)"
66.249.66.160 - - [16/Jan/2026:04:42:11 +0000] "GET /323544678.shtml HTTP/1.1" 500 981 "-" "Mozilla/5.0 (Linux; Android 6.0.1; Nexus 5X Build/MMB29P) AppleWebKit/537.36 (KHTML, like Gecko) Chrome/143.0.7499.192 Mobile Safari/537.36 (compatible; Googlebot/2.1; +http://www.google.com/bot.html)"
45.169.108.96 - - [16/Jan/2026:04:42:29 +0000] "GET /316047849.shtml HTTP/1.1" 500 981 "https://km104.com/" "Mozilla/5.0 (Macintosh; Intel Mac OS X 10_15_7) AppleWebKit/537.36 (KHTML, like Gecko) Chrome/134.0.0.0 Safari/537.36"
66.249.66.1 - - [16/Jan/2026:04:45:38 +0000] "GET /262677051.shtml HTTP/1.1" 500 981 "-" "Mozilla/5.0 (compatible; Googlebot/2.1; +http://www.google.com/bot.html)"
66.249.66.160 - - [16/Jan/2026:04:45:49 +0000] "GET /268060995.shtml HTTP/1.1" 500 981 "-" "Mozilla/5.0 (compatible; Googlebot/2.1; +http://www.google.com/bot.html)"
66.249.66.3 - - [16/Jan/2026:04:48:45 +0000] "GET /299715753.shtml HTTP/1.1" 500 981 "-" "Mozilla/5.0 (compatible; Googlebot/2.1; +http://www.google.com/bot.html)"
66.249.66.194 - - [16/Jan/2026:04:50:25 +0000] "GET /212127651.shtml HTTP/1.1" 500 981 "-" "Mozilla/5.0 (compatible; Googlebot/2.1; +http://www.google.com/bot.html)"
66.249.66.160 - - [16/Jan/2026:04:50:42 +0000] "GET /280386768.shtml HTTP/1.1" 500 981 "-" "Mozilla/5.0 (compatible; Googlebot/2.1; +http://www.google.com/bot.html)"
66.249.66.65 - - [16/Jan/2026:04:46:35 +0000] "GET /272259015.shtml HTTP/1.1" 500 981 "-" "Mozilla/5.0 (Linux; Android 6.0.1; Nexus 5X Build/MMB29P) AppleWebKit/537.36 (KHTML, like Gecko) Chrome/143.0.7499.192 Mobile Safari/537.36 (compatible; Googlebot/2.1; +http://www.google.com/bot.html)"
66.249.66.160 - - [16/Jan/2026:04:46:44 +0000] "GET /138974322.shtml HTTP/1.1" 500 981 "-" "Mozilla/5.0 (Linux; Android 6.0.1; Nexus 5X Build/MMB29P) AppleWebKit/537.36 (KHTML, like Gecko) Chrome/143.0.7499.192 Mobile Safari/537.36 (compatible; Googlebot/2.1; +http://www.google.com/bot.html)"
157.100.53.93 - - [16/Jan/2026:04:51:32 +0000] "GET /169379997.shtml HTTP/1.1" 500 981 "https://km104.com/" "Mozilla/5.0 (Macintosh; Intel Mac OS X 10_15_7) AppleWebKit/537.36 (KHTML, like Gecko) Chrome/128.0.0.0 Safari/537.36"
66.249.66.196 - - [16/Jan/2026:04:51:57 +0000] "GET /50020365.shtml HTTP/1.1" 500 981 "-" "Mozilla/5.0 (Linux; Android 6.0.1; Nexus 5X Build/MMB29P) AppleWebKit/537.36 (KHTML, like Gecko) Chrome/143.0.7499.192 Mobile Safari/537.36 (compatible; Googlebot/2.1; +http://www.google.com/bot.html)"
66.249.66.160 - - [16/Jan/2026:04:53:08 +0000] "GET /181273092.shtml HTTP/1.1" 500 981 "-" "Mozilla/5.0 (Linux; Android 6.0.1; Nexus 5X Build/MMB29P) AppleWebKit/537.36 (KHTML, like Gecko) Chrome/143.0.7499.192 Mobile Safari/537.36 (compatible; Googlebot/2.1; +http://www.google.com/bot.html)"
66.249.66.1 - - [16/Jan/2026:04:56:39 +0000] "GET /63322827.shtml HTTP/1.1" 500 981 "-" "Mozilla/5.0 (compatible; Googlebot/2.1; +http://www.google.com/bot.html)"
40.77.167.17 - - [16/Jan/2026:04:56:47 +0000] "GET /2802408.shtml HTTP/2" 500 981 "-" "Mozilla/5.0 AppleWebKit/537.36 (KHTML, like Gecko; compatible; bingbot/2.0; +http://www.bing.com/bingbot.htm) Chrome/116.0.1938.76 Safari/537.36"
66.249.66.66 - - [16/Jan/2026:04:52:43 +0000] "GET /254755203.shtml HTTP/1.1" 500 981 "-" "Mozilla/5.0 (Linux; Android 6.0.1; Nexus 5X Build/MMB29P) AppleWebKit/537.36 (KHTML, like Gecko) Chrome/143.0.7499.192 Mobile Safari/537.36 (compatible; Googlebot/2.1; +http://www.google.com/bot.html)"
40.77.167.7 - - [16/Jan/2026:04:55:07 +0000] "GET /57196404.shtml HTTP/2" 500 981 "-" "Mozilla/5.0 AppleWebKit/537.36 (KHTML, like Gecko; compatible; bingbot/2.0; +http://www.bing.com/bingbot.htm) Chrome/116.0.1938.76 Safari/537.36"
15.204.155.25 - - [16/Jan/2026:04:56:01 +0000] "GET /?check_plugin HTTP/2" 500 2557 "-" "Mozilla/5.0 (Windows NT 10.0; Win64; x64) AppleWebKit/537.36 (KHTML, like Gecko) Chrome/127.0.0.0 Safari/537.36"
15.204.155.25 - - [16/Jan/2026:04:56:01 +0000] "GET /blog-verify HTTP/2" 500 2557 "-" "Mozilla/5.0 (Windows NT 10.0; Win64; x64) AppleWebKit/537.36 (KHTML, like Gecko) Chrome/127.0.0.0 Safari/537.36"
52.167.144.211 - - [16/Jan/2026:04:56:12 +0000] "GET /83417934.shtml HTTP/2" 500 981 "-" "Mozilla/5.0 AppleWebKit/537.36 (KHTML, like Gecko; compatible; bingbot/2.0; +http://www.bing.com/bingbot.htm) Chrome/116.0.1938.76 Safari/537.36"
66.249.66.66 - - [16/Jan/2026:04:57:34 +0000] "GET /198388404.shtml HTTP/1.1" 500 981 "-" "Mozilla/5.0 (compatible; Googlebot/2.1; +http://www.google.com/bot.html)"
66.249.66.195 - - [16/Jan/2026:04:57:48 +0000] "GET /248731899.shtml HTTP/1.1" 500 981 "-" "Mozilla/5.0 (Linux; Android 6.0.1; Nexus 5X Build/MMB29P) AppleWebKit/537.36 (KHTML, like Gecko) Chrome/143.0.7499.192 Mobile Safari/537.36 (compatible; Googlebot/2.1; +http://www.google.com/bot.html)"
66.249.66.160 - - [16/Jan/2026:04:59:27 +0000] "GET /66088170.shtml HTTP/1.1" 500 981 "-" "Mozilla/5.0 (compatible; Googlebot/2.1; +http://www.google.com/bot.html)"
66.249.66.64 - - [16/Jan/2026:04:59:31 +0000] "GET /66088170.shtml HTTP/1.1" 500 981 "-" "Mozilla/5.0 (compatible; Googlebot/2.1; +http://www.google.com/bot.html)"
66.249.66.194 - - [16/Jan/2026:04:59:36 +0000] "GET /260321076.shtml HTTP/1.1" 500 981 "-" "Mozilla/5.0 (Linux; Android 6.0.1; Nexus 5X Build/MMB29P) AppleWebKit/537.36 (KHTML, like Gecko) Chrome/143.0.7499.192 Mobile Safari/537.36 (compatible; Googlebot/2.1; +http://www.google.com/bot.html)"
52.167.144.230 - - [16/Jan/2026:05:01:58 +0000] "GET /202135542.shtml HTTP/2" 500 981 "-" "Mozilla/5.0 AppleWebKit/537.36 (KHTML, like Gecko; compatible; bingbot/2.0; +http://www.bing.com/bingbot.htm) Chrome/116.0.1938.76 Safari/537.36"
66.249.66.160 - - [16/Jan/2026:05:02:22 +0000] "GET /274525635.shtml HTTP/1.1" 500 981 "-" "Mozilla/5.0 (compatible; Googlebot/2.1; +http://www.google.com/bot.html)"
66.249.66.161 - - [16/Jan/2026:05:03:33 +0000] "GET /270174102.shtml HTTP/1.1" 500 981 "-" "Mozilla/5.0 (compatible; Googlebot/2.1; +http://www.google.com/bot.html)"
40.77.167.17 - - [16/Jan/2026:05:05:18 +0000] "GET /139897176.shtml HTTP/2" 500 981 "-" "Mozilla/5.0 AppleWebKit/537.36 (KHTML, like Gecko; compatible; bingbot/2.0; +http://www.bing.com/bingbot.htm) Chrome/116.0.1938.76 Safari/537.36"
66.249.66.161 - - [16/Jan/2026:05:05:24 +0000] "GET /161896155.shtml HTTP/1.1" 500 981 "-" "Mozilla/5.0 (Linux; Android 6.0.1; Nexus 5X Build/MMB29P) AppleWebKit/537.36 (KHTML, like Gecko) Chrome/143.0.7499.192 Mobile Safari/537.36 (compatible; Googlebot/2.1; +http://www.google.com/bot.html)"
66.249.66.3 - - [16/Jan/2026:05:09:04 +0000] "GET /148269018.shtml HTTP/1.1" 500 981 "-" "Mozilla/5.0 (compatible; Googlebot/2.1; +http://www.google.com/bot.html)"
66.249.66.1 - - [16/Jan/2026:05:10:42 +0000] "GET /169620978.shtml HTTP/1.1" 500 981 "-" "Mozilla/5.0 (compatible; Googlebot/2.1; +http://www.google.com/bot.html)"
138.0.138.166 - - [16/Jan/2026:05:11:01 +0000] "GET /246262926.shtml HTTP/1.1" 500 981 "https://km104.com/" "Mozilla/5.0 (X11; Linux x86_64; rv:125.0) Gecko/20100101 Firefox/125.0"
47.82.11.127 - - [16/Jan/2026:05:11:28 +0000] "GET /160699464.shtml HTTP/1.1" 500 981 "https://km104.com/" "Mozilla/5.0 (Windows NT 10.0; Win64; x64) AppleWebKit/537.36 (KHTML, like Gecko) Chrome/135.0.0.0 Safari/537.36"
66.249.66.160 - - [16/Jan/2026:05:12:34 +0000] "GET /127629345.shtml HTTP/1.1" 500 981 "-" "Mozilla/5.0 (compatible; Googlebot/2.1; +http://www.google.com/bot.html)"
66.249.66.161 - - [16/Jan/2026:05:15:09 +0000] "GET /3741024.shtml HTTP/1.1" 500 981 "-" "Mozilla/5.0 (Linux; Android 6.0.1; Nexus 5X Build/MMB29P) AppleWebKit/537.36 (KHTML, like Gecko) Chrome/143.0.7499.192 Mobile Safari/537.36 (compatible; Googlebot/2.1; +http://www.google.com/bot.html)"
66.249.66.1 - - [16/Jan/2026:05:15:13 +0000] "GET /287187849.shtml HTTP/1.1" 500 981 "-" "Mozilla/5.0 (Linux; Android 6.0.1; Nexus 5X Build/MMB29P) AppleWebKit/537.36 (KHTML, like Gecko) Chrome/143.0.7499.192 Mobile Safari/537.36 (compatible; Googlebot/2.1; +http://www.google.com/bot.html)"
66.249.66.65 - - [16/Jan/2026:05:16:53 +0000] "GET /284000595.shtml HTTP/1.1" 500 981 "-" "Mozilla/5.0 (compatible; Googlebot/2.1; +http://www.google.com/bot.html)"
40.77.167.4 - - [16/Jan/2026:05:17:33 +0000] "GET /244933590.shtml HTTP/2" 500 981 "-" "Mozilla/5.0 AppleWebKit/537.36 (KHTML, like Gecko; compatible; bingbot/2.0; +http://www.bing.com/bingbot.htm) Chrome/116.0.1938.76 Safari/537.36"
66.249.66.37 - - [16/Jan/2026:05:18:09 +0000] "GET /193201818.shtml HTTP/1.1" 500 981 "-" "Mozilla/5.0 (compatible; Googlebot/2.1; +http://www.google.com/bot.html)"
66.249.66.2 - - [16/Jan/2026:05:18:17 +0000] "GET /246358275.shtml HTTP/1.1" 500 981 "-" "Mozilla/5.0 (Linux; Android 6.0.1; Nexus 5X Build/MMB29P) AppleWebKit/537.36 (KHTML, like Gecko) Chrome/143.0.7499.192 Mobile Safari/537.36 (compatible; Googlebot/2.1; +http://www.google.com/bot.html)"
66.249.66.64 - - [16/Jan/2026:04:59:06 +0000] "GET /148269018.shtml HTTP/1.1" 500 981 "-" "Mozilla/5.0 (compatible; Googlebot/2.1; +http://www.google.com/bot.html)"
66.249.66.194 - - [16/Jan/2026:05:03:24 +0000] "GET /28250934.shtml HTTP/1.1" 500 981 "-" "Mozilla/5.0 (compatible; Googlebot/2.1; +http://www.google.com/bot.html)"
66.249.66.65 - - [16/Jan/2026:05:03:33 +0000] "GET /270174102.shtml HTTP/1.1" 500 981 "-" "Mozilla/5.0 (Linux; Android 6.0.1; Nexus 5X Build/MMB29P) AppleWebKit/537.36 (KHTML, like Gecko) Chrome/143.0.7499.192 Mobile Safari/537.36 (compatible; Googlebot/2.1; +http://www.google.com/bot.html)"
66.249.66.1 - - [16/Jan/2026:05:03:59 +0000] "GET /80118681.shtml HTTP/1.1" 500 981 "-" "Mozilla/5.0 (Linux; Android 6.0.1; Nexus 5X Build/MMB29P) AppleWebKit/537.36 (KHTML, like Gecko) Chrome/143.0.7499.192 Mobile Safari/537.36 (compatible; Googlebot/2.1; +http://www.google.com/bot.html)"
66.249.66.194 - - [16/Jan/2026:05:04:57 +0000] "GET /84150423.shtml HTTP/1.1" 500 981 "-" "Mozilla/5.0 (Linux; Android 6.0.1; Nexus 5X Build/MMB29P) AppleWebKit/537.36 (KHTML, like Gecko) Chrome/143.0.7499.192 Mobile Safari/537.36 (compatible; Googlebot/2.1; +http://www.google.com/bot.html)"
66.249.66.194 - - [16/Jan/2026:05:04:58 +0000] "GET /84150423.shtml HTTP/1.1" 500 981 "-" "Mozilla/5.0 (compatible; Googlebot/2.1; +http://www.google.com/bot.html)"
66.249.66.36 - - [16/Jan/2026:05:09:48 +0000] "GET /219508707.shtml HTTP/1.1" 500 981 "-" "Mozilla/5.0 (Linux; Android 6.0.1; Nexus 5X Build/MMB29P) AppleWebKit/537.36 (KHTML, like Gecko) Chrome/143.0.7499.192 Mobile Safari/537.36 (compatible; Googlebot/2.1; +http://www.google.com/bot.html)"
66.249.66.36 - - [16/Jan/2026:05:10:58 +0000] "GET /295459902.shtml HTTP/1.1" 500 981 "-" "Mozilla/5.0 (Linux; Android 6.0.1; Nexus 5X Build/MMB29P) AppleWebKit/537.36 (KHTML, like Gecko) Chrome/143.0.7499.192 Mobile Safari/537.36 (compatible; Googlebot/2.1; +http://www.google.com/bot.html)"
40.77.167.4 - - [16/Jan/2026:05:11:22 +0000] "GET /187200492.shtml HTTP/2" 500 981 "-" "Mozilla/5.0 AppleWebKit/537.36 (KHTML, like Gecko; compatible; bingbot/2.0; +http://www.bing.com/bingbot.htm) Chrome/116.0.1938.76 Safari/537.36"
66.249.66.160 - - [16/Jan/2026:05:14:22 +0000] "GET /39245040.shtml HTTP/1.1" 500 981 "-" "Mozilla/5.0 (compatible; Googlebot/2.1; +http://www.google.com/bot.html)"
66.249.66.66 - - [16/Jan/2026:05:14:54 +0000] "GET /84150423.shtml HTTP/1.1" 500 981 "-" "Mozilla/5.0 (Linux; Android 6.0.1; Nexus 5X Build/MMB29P) AppleWebKit/537.36 (KHTML, like Gecko) Chrome/143.0.7499.192 Mobile Safari/537.36 (compatible; Googlebot/2.1; +http://www.google.com/bot.html)"
66.249.66.2 - - [16/Jan/2026:05:16:25 +0000] "GET /230650665.shtml HTTP/1.1" 500 981 "-" "Mozilla/5.0 (compatible; Googlebot/2.1; +http://www.google.com/bot.html)"
66.249.66.196 - - [16/Jan/2026:05:17:47 +0000] "GET /49107279.shtml HTTP/1.1" 500 981 "-" "Mozilla/5.0 (compatible; Googlebot/2.1; +http://www.google.com/bot.html)"
66.249.66.66 - - [16/Jan/2026:05:18:09 +0000] "GET /193201818.shtml HTTP/1.1" 500 981 "-" "Mozilla/5.0 (Linux; Android 6.0.1; Nexus 5X Build/MMB29P) AppleWebKit/537.36 (KHTML, like Gecko) Chrome/143.0.7499.192 Mobile Safari/537.36 (compatible; Googlebot/2.1; +http://www.google.com/bot.html)"
66.249.66.160 - - [16/Jan/2026:05:18:22 +0000] "GET /203256087.shtml HTTP/1.1" 500 981 "-" "Mozilla/5.0 (Linux; Android 6.0.1; Nexus 5X Build/MMB29P) AppleWebKit/537.36 (KHTML, like Gecko) Chrome/143.0.7499.192 Mobile Safari/537.36 (compatible; Googlebot/2.1; +http://www.google.com/bot.html)"
66.249.66.194 - - [16/Jan/2026:05:18:48 +0000] "GET /143565282.shtml HTTP/1.1" 500 981 "-" "Mozilla/5.0 (Linux; Android 6.0.1; Nexus 5X Build/MMB29P) AppleWebKit/537.36 (KHTML, like Gecko) Chrome/143.0.7499.192 Mobile Safari/537.36 (compatible; Googlebot/2.1; +http://www.google.com/bot.html)"
147.182.149.75 - - [16/Jan/2026:05:19:54 +0000] "GET / HTTP/1.1" 500 2557 "-" "-"
147.182.149.75 - - [16/Jan/2026:05:19:57 +0000] "POST /api HTTP/1.1" 500 532 "-" "Mozilla/5.0 (l9scan/2.0.4333e22323e21333e24363; +https://leakix.net)"
40.77.167.152 - - [16/Jan/2026:05:18:48 +0000] "GET /201079155.shtml HTTP/2" 500 981 "-" "Mozilla/5.0 AppleWebKit/537.36 (KHTML, like Gecko; compatible; bingbot/2.0; +http://www.bing.com/bingbot.htm) Chrome/116.0.1938.76 Safari/537.36"
147.182.149.75 - - [16/Jan/2026:05:19:56 +0000] "GET / HTTP/1.1" 500 2557 "-" "Mozilla/5.0 (l9scan/2.0.4333e22323e21333e24363; +https://leakix.net)"
147.182.149.75 - - [16/Jan/2026:05:19:57 +0000] "POST /graphql HTTP/1.1" 500 532 "-" "Mozilla/5.0 (l9scan/2.0.4333e22323e21333e24363; +https://leakix.net)"
147.182.149.75 - - [16/Jan/2026:05:19:57 +0000] "POST /graphql/api HTTP/1.1" 500 532 "-" "Mozilla/5.0 (l9scan/2.0.4333e22323e21333e24363; +https://leakix.net)"
147.182.149.75 - - [16/Jan/2026:05:19:57 +0000] "POST /api/gql HTTP/1.1" 500 532 "-" "Mozilla/5.0 (l9scan/2.0.4333e22323e21333e24363; +https://leakix.net)"
147.182.149.75 - - [16/Jan/2026:05:19:59 +0000] "GET /swagger-ui.html HTTP/1.1" 500 532 "-" "Mozilla/5.0 (l9scan/2.0.4333e22323e21333e24363; +https://leakix.net)"
147.182.149.75 - - [16/Jan/2026:05:20:01 +0000] "GET /swagger/swagger-ui.html HTTP/1.1" 500 532 "-" "Mozilla/5.0 (l9scan/2.0.4333e22323e21333e24363; +https://leakix.net)"
147.182.149.75 - - [16/Jan/2026:05:20:02 +0000] "GET /webjars/swagger-ui/index.html HTTP/1.1" 500 532 "-" "Mozilla/5.0 (l9scan/2.0.4333e22323e21333e24363; +https://leakix.net)"
147.182.149.75 - - [16/Jan/2026:05:20:03 +0000] "GET /swagger.json HTTP/1.1" 500 532 "-" "Mozilla/5.0 (l9scan/2.0.4333e22323e21333e24363; +https://leakix.net)"
147.182.149.75 - - [16/Jan/2026:05:20:04 +0000] "GET /swagger/v1/swagger.json HTTP/1.1" 500 532 "-" "Mozilla/5.0 (l9scan/2.0.4333e22323e21333e24363; +https://leakix.net)"
147.182.149.75 - - [16/Jan/2026:05:20:05 +0000] "GET /v2/api-docs HTTP/1.1" 500 532 "-" "Mozilla/5.0 (l9scan/2.0.4333e22323e21333e24363; +https://leakix.net)"
147.182.149.75 - - [16/Jan/2026:05:20:10 +0000] "GET /actuator/env HTTP/1.1" 500 1148 "-" "Mozilla/5.0 (l9scan/2.0.4333e22323e21333e24363; +https://leakix.net)"
147.182.149.75 - - [16/Jan/2026:05:20:12 +0000] "GET /server HTTP/1.1" 500 1148 "-" "Mozilla/5.0 (l9scan/2.0.4333e22323e21333e24363; +https://leakix.net)"
66.249.66.3 - - [16/Jan/2026:05:20:12 +0000] "GET /54961197.shtml HTTP/1.1" 500 981 "-" "Mozilla/5.0 (compatible; Googlebot/2.1; +http://www.google.com/bot.html)"
147.182.149.75 - - [16/Jan/2026:05:20:13 +0000] "GET /.vscode/sftp.json HTTP/1.1" 500 1148 "-" "Mozilla/5.0 (l9scan/2.0.4333e22323e21333e24363; +https://leakix.net)"
147.182.149.75 - - [16/Jan/2026:05:20:15 +0000] "GET /about HTTP/1.1" 500 1148 "-" "Mozilla/5.0 (l9scan/2.0.4333e22323e21333e24363; +https://leakix.net)"
147.182.149.75 - - [16/Jan/2026:05:20:18 +0000] "GET /ecp/Current/exporttool/microsoft.exchange.ediscovery.exporttool.application HTTP/1.1" 500 1148 "-" "Mozilla/5.0 (l9scan/2.0.4333e22323e21333e24363; +https://leakix.net)"
147.182.149.75 - - [16/Jan/2026:05:20:21 +0000] "GET /_all_dbs HTTP/1.1" 500 532 "-" "Mozilla/5.0 (l9scan/2.0.4333e22323e21333e24363; +https://leakix.net)"
147.182.149.75 - - [16/Jan/2026:05:20:22 +0000] "GET /.DS_Store HTTP/1.1" 500 1148 "-" "Mozilla/5.0 (l9scan/2.0.4333e22323e21333e24363; +https://leakix.net)"
147.182.149.75 - - [16/Jan/2026:05:20:23 +0000] "GET /.env HTTP/1.1" 500 1148 "-" "Mozilla/5.0 (l9scan/2.0.4333e22323e21333e24363; +https://leakix.net)"
147.182.149.75 - - [16/Jan/2026:05:20:26 +0000] "GET /s/4333e22323e21333e24363/_/;/META-INF/maven/com.atlassian.jira/jira-webapp-dist/pom.properties HTTP/1.1" 500 1148 "-" "Mozilla/5.0 (l9scan/2.0.4333e22323e21333e24363; +https://leakix.net)"
147.182.149.75 - - [16/Jan/2026:05:20:28 +0000] "GET /telescope/requests HTTP/1.1" 500 1148 "-" "Mozilla/5.0 (l9scan/2.0.4333e22323e21333e24363; +https://leakix.net)"
147.182.149.75 - - [16/Jan/2026:05:20:30 +0000] "GET /?rest_route=/wp/v2/users/ HTTP/1.1" 500 1148 "-" "Mozilla/5.0 (l9scan/2.0.4333e22323e21333e24363; +https://leakix.net)"