66.249.66.64 - - [15/Jan/2026:17:24:47 +0000] "GET /59305515.shtml HTTP/1.1" 500 981 "-" "Mozilla/5.0 (Linux; Android 6.0.1; Nexus 5X Build/MMB29P) AppleWebKit/537.36 (KHTML, like Gecko) Chrome/143.0.7499.192 Mobile Safari/537.36 (compatible; Googlebot/2.1; +http://www.google.com/bot.html)"
66.249.66.3 - - [15/Jan/2026:17:25:06 +0000] "GET /239793624.shtml HTTP/1.1" 500 981 "-" "Mozilla/5.0 (compatible; Googlebot/2.1; +http://www.google.com/bot.html)"
66.249.66.2 - - [15/Jan/2026:17:25:25 +0000] "GET /318360090.shtml HTTP/1.1" 500 981 "-" "Mozilla/5.0 (Linux; Android 6.0.1; Nexus 5X Build/MMB29P) AppleWebKit/537.36 (KHTML, like Gecko) Chrome/143.0.7499.192 Mobile Safari/537.36 (compatible; Googlebot/2.1; +http://www.google.com/bot.html)"
66.249.66.64 - - [15/Jan/2026:17:25:27 +0000] "GET /155959875.shtml HTTP/1.1" 500 981 "-" "Mozilla/5.0 (Linux; Android 6.0.1; Nexus 5X Build/MMB29P) AppleWebKit/537.36 (KHTML, like Gecko) Chrome/143.0.7499.192 Mobile Safari/537.36 (compatible; Googlebot/2.1; +http://www.google.com/bot.html)"
66.249.66.160 - - [15/Jan/2026:17:25:30 +0000] "GET /117731253.shtml HTTP/1.1" 500 981 "-" "Mozilla/5.0 (Linux; Android 6.0.1; Nexus 5X Build/MMB29P) AppleWebKit/537.36 (KHTML, like Gecko) Chrome/143.0.7499.192 Mobile Safari/537.36 (compatible; Googlebot/2.1; +http://www.google.com/bot.html)"
66.249.66.1 - - [15/Jan/2026:17:25:32 +0000] "GET /53356137.shtml HTTP/1.1" 500 981 "-" "Mozilla/5.0 (Linux; Android 6.0.1; Nexus 5X Build/MMB29P) AppleWebKit/537.36 (KHTML, like Gecko) Chrome/143.0.7499.192 Mobile Safari/537.36 (compatible; Googlebot/2.1; +http://www.google.com/bot.html)"
66.249.66.194 - - [15/Jan/2026:17:26:00 +0000] "GET /157652958.shtml HTTP/1.1" 500 981 "-" "Mozilla/5.0 (Linux; Android 6.0.1; Nexus 5X Build/MMB29P) AppleWebKit/537.36 (KHTML, like Gecko) Chrome/143.0.7499.192 Mobile Safari/537.36 (compatible; Googlebot/2.1; +http://www.google.com/bot.html)"
66.249.66.64 - - [15/Jan/2026:17:27:03 +0000] "GET /116761002.shtml HTTP/1.1" 500 981 "-" "Mozilla/5.0 (compatible; Googlebot/2.1; +http://www.google.com/bot.html)"
66.249.66.160 - - [15/Jan/2026:17:27:54 +0000] "GET /34062339.shtml HTTP/1.1" 500 981 "-" "Mozilla/5.0 (compatible; Googlebot/2.1; +http://www.google.com/bot.html)"
66.249.66.194 - - [15/Jan/2026:17:27:54 +0000] "GET /224884215.shtml HTTP/1.1" 500 981 "-" "Mozilla/5.0 (Linux; Android 6.0.1; Nexus 5X Build/MMB29P) AppleWebKit/537.36 (KHTML, like Gecko) Chrome/143.0.7499.192 Mobile Safari/537.36 (compatible; Googlebot/2.1; +http://www.google.com/bot.html)"
66.249.66.65 - - [15/Jan/2026:17:30:09 +0000] "GET /312579210.shtml HTTP/1.1" 500 981 "-" "Mozilla/5.0 (Linux; Android 6.0.1; Nexus 5X Build/MMB29P) AppleWebKit/537.36 (KHTML, like Gecko) Chrome/143.0.7499.192 Mobile Safari/537.36 (compatible; Googlebot/2.1; +http://www.google.com/bot.html)"
40.77.167.27 - - [15/Jan/2026:17:35:04 +0000] "GET /128058915.shtml HTTP/2" 500 981 "-" "Mozilla/5.0 AppleWebKit/537.36 (KHTML, like Gecko; compatible; bingbot/2.0; +http://www.bing.com/bingbot.htm) Chrome/116.0.1938.76 Safari/537.36"
40.77.167.51 - - [15/Jan/2026:17:37:04 +0000] "GET /91097691.shtml HTTP/2" 500 981 "-" "Mozilla/5.0 AppleWebKit/537.36 (KHTML, like Gecko; compatible; bingbot/2.0; +http://www.bing.com/bingbot.htm) Chrome/116.0.1938.76 Safari/537.36"
66.249.66.3 - - [15/Jan/2026:17:38:11 +0000] "GET /37670394.shtml HTTP/1.1" 500 981 "-" "Mozilla/5.0 (Linux; Android 6.0.1; Nexus 5X Build/MMB29P) AppleWebKit/537.36 (KHTML, like Gecko) Chrome/143.0.7499.192 Mobile Safari/537.36 (compatible; Googlebot/2.1; +http://www.google.com/bot.html)"
66.249.66.65 - - [15/Jan/2026:17:38:23 +0000] "GET /143473596.shtml HTTP/1.1" 500 981 "-" "Mozilla/5.0 (compatible; Googlebot/2.1; +http://www.google.com/bot.html)"
66.249.66.196 - - [15/Jan/2026:17:39:04 +0000] "GET /220686084.shtml HTTP/1.1" 500 981 "-" "Mozilla/5.0 (Linux; Android 6.0.1; Nexus 5X Build/MMB29P) AppleWebKit/537.36 (KHTML, like Gecko) Chrome/143.0.7499.192 Mobile Safari/537.36 (compatible; Googlebot/2.1; +http://www.google.com/bot.html)"
66.249.66.36 - - [15/Jan/2026:17:39:28 +0000] "GET /326681538.shtml HTTP/1.1" 500 981 "-" "Mozilla/5.0 (Linux; Android 6.0.1; Nexus 5X Build/MMB29P) AppleWebKit/537.36 (KHTML, like Gecko) Chrome/143.0.7499.192 Mobile Safari/537.36 (compatible; Googlebot/2.1; +http://www.google.com/bot.html)"
66.249.66.160 - - [15/Jan/2026:17:40:28 +0000] "GET /262153131.shtml HTTP/1.1" 500 981 "-" "Mozilla/5.0 (compatible; Googlebot/2.1; +http://www.google.com/bot.html)"
66.249.66.2 - - [15/Jan/2026:17:40:28 +0000] "GET /262153131.shtml HTTP/1.1" 500 981 "-" "Mozilla/5.0 (Linux; Android 6.0.1; Nexus 5X Build/MMB29P) AppleWebKit/537.36 (KHTML, like Gecko) Chrome/143.0.7499.192 Mobile Safari/537.36 (compatible; Googlebot/2.1; +http://www.google.com/bot.html)"
66.249.66.65 - - [15/Jan/2026:17:41:28 +0000] "GET /310186272.shtml HTTP/1.1" 500 981 "-" "Mozilla/5.0 (Linux; Android 6.0.1; Nexus 5X Build/MMB29P) AppleWebKit/537.36 (KHTML, like Gecko) Chrome/143.0.7499.192 Mobile Safari/537.36 (compatible; Googlebot/2.1; +http://www.google.com/bot.html)"
66.249.66.36 - - [15/Jan/2026:17:41:42 +0000] "GET /187129674.shtml HTTP/1.1" 500 981 "-" "Mozilla/5.0 (Linux; Android 6.0.1; Nexus 5X Build/MMB29P) AppleWebKit/537.36 (KHTML, like Gecko) Chrome/143.0.7499.192 Mobile Safari/537.36 (compatible; Googlebot/2.1; +http://www.google.com/bot.html)"
66.249.66.64 - - [15/Jan/2026:17:41:47 +0000] "GET /213573981.shtml HTTP/1.1" 500 981 "-" "Mozilla/5.0 (Linux; Android 6.0.1; Nexus 5X Build/MMB29P) AppleWebKit/537.36 (KHTML, like Gecko) Chrome/143.0.7499.192 Mobile Safari/537.36 (compatible; Googlebot/2.1; +http://www.google.com/bot.html)"
66.249.66.196 - - [15/Jan/2026:17:43:23 +0000] "GET /292690674.shtml HTTP/1.1" 500 981 "-" "Mozilla/5.0 (Linux; Android 6.0.1; Nexus 5X Build/MMB29P) AppleWebKit/537.36 (KHTML, like Gecko) Chrome/143.0.7499.192 Mobile Safari/537.36 (compatible; Googlebot/2.1; +http://www.google.com/bot.html)"
66.249.66.65 - - [15/Jan/2026:17:28:37 +0000] "GET /49927569.shtml HTTP/1.1" 500 981 "-" "Mozilla/5.0 (Linux; Android 6.0.1; Nexus 5X Build/MMB29P) AppleWebKit/537.36 (KHTML, like Gecko) Chrome/143.0.7499.192 Mobile Safari/537.36 (compatible; Googlebot/2.1; +http://www.google.com/bot.html)"
66.249.66.65 - - [15/Jan/2026:17:30:29 +0000] "GET /30163575.shtml HTTP/1.1" 500 981 "-" "Mozilla/5.0 (compatible; Googlebot/2.1; +http://www.google.com/bot.html)"
66.249.66.66 - - [15/Jan/2026:17:31:58 +0000] "GET /187049643.shtml HTTP/1.1" 500 981 "-" "Mozilla/5.0 (Linux; Android 6.0.1; Nexus 5X Build/MMB29P) AppleWebKit/537.36 (KHTML, like Gecko) Chrome/143.0.7499.192 Mobile Safari/537.36 (compatible; Googlebot/2.1; +http://www.google.com/bot.html)"
66.249.66.196 - - [15/Jan/2026:17:33:08 +0000] "GET /44302311.shtml HTTP/1.1" 500 981 "-" "Mozilla/5.0 (compatible; Googlebot/2.1; +http://www.google.com/bot.html)"
66.249.66.161 - - [15/Jan/2026:17:33:50 +0000] "GET /331699293.shtml HTTP/1.1" 500 981 "-" "Mozilla/5.0 (compatible; Googlebot/2.1; +http://www.google.com/bot.html)"
66.249.66.66 - - [15/Jan/2026:17:34:07 +0000] "GET /54863073.shtml HTTP/1.1" 500 981 "-" "Mozilla/5.0 (Linux; Android 6.0.1; Nexus 5X Build/MMB29P) AppleWebKit/537.36 (KHTML, like Gecko) Chrome/143.0.7499.192 Mobile Safari/537.36 (compatible; Googlebot/2.1; +http://www.google.com/bot.html)"
66.249.66.2 - - [15/Jan/2026:17:34:53 +0000] "GET /148064556.shtml HTTP/1.1" 500 981 "-" "Mozilla/5.0 (compatible; Googlebot/2.1; +http://www.google.com/bot.html)"
40.77.167.27 - - [15/Jan/2026:17:36:04 +0000] "GET /wp-content/uploads/2023/07/become-instructor-thumb-1-2-1-267x230.png HTTP/2" 200 66837 "-" "Mozilla/5.0 AppleWebKit/537.36 (KHTML, like Gecko; compatible; bingbot/2.0; +http://www.bing.com/bingbot.htm) Chrome/116.0.1938.76 Safari/537.36"
66.249.66.38 - - [15/Jan/2026:17:38:08 +0000] "GET /120278259.shtml HTTP/1.1" 500 981 "-" "Mozilla/5.0 (Linux; Android 6.0.1; Nexus 5X Build/MMB29P) AppleWebKit/537.36 (KHTML, like Gecko) Chrome/143.0.7499.192 Mobile Safari/537.36 (compatible; Googlebot/2.1; +http://www.google.com/bot.html)"
66.249.66.1 - - [15/Jan/2026:17:38:56 +0000] "GET /44847543.shtml HTTP/1.1" 500 981 "-" "Mozilla/5.0 (Linux; Android 6.0.1; Nexus 5X Build/MMB29P) AppleWebKit/537.36 (KHTML, like Gecko) Chrome/143.0.7499.192 Mobile Safari/537.36 (compatible; Googlebot/2.1; +http://www.google.com/bot.html)"
66.249.66.2 - - [15/Jan/2026:17:40:34 +0000] "GET /206636037.shtml HTTP/1.1" 500 981 "-" "Mozilla/5.0 (Linux; Android 6.0.1; Nexus 5X Build/MMB29P) AppleWebKit/537.36 (KHTML, like Gecko) Chrome/143.0.7499.192 Mobile Safari/537.36 (compatible; Googlebot/2.1; +http://www.google.com/bot.html)"
52.167.144.183 - - [15/Jan/2026:17:40:55 +0000] "GET /71599542.shtml HTTP/2" 500 981 "-" "Mozilla/5.0 AppleWebKit/537.36 (KHTML, like Gecko; compatible; bingbot/2.0; +http://www.bing.com/bingbot.htm) Chrome/116.0.1938.76 Safari/537.36"
66.249.66.1 - - [15/Jan/2026:17:41:56 +0000] "GET /240166584.shtml HTTP/1.1" 500 981 "-" "Mozilla/5.0 (Linux; Android 6.0.1; Nexus 5X Build/MMB29P) AppleWebKit/537.36 (KHTML, like Gecko) Chrome/143.0.7499.192 Mobile Safari/537.36 (compatible; Googlebot/2.1; +http://www.google.com/bot.html)"
66.249.66.64 - - [15/Jan/2026:17:43:56 +0000] "GET /178210713.shtml HTTP/1.1" 500 981 "-" "Mozilla/5.0 (compatible; Googlebot/2.1; +http://www.google.com/bot.html)"
66.249.66.3 - - [15/Jan/2026:17:45:09 +0000] "GET /254099526.shtml HTTP/1.1" 500 981 "-" "Mozilla/5.0 (Linux; Android 6.0.1; Nexus 5X Build/MMB29P) AppleWebKit/537.36 (KHTML, like Gecko) Chrome/143.0.7499.192 Mobile Safari/537.36 (compatible; Googlebot/2.1; +http://www.google.com/bot.html)"
66.249.66.1 - - [15/Jan/2026:17:45:22 +0000] "GET /129775974.shtml HTTP/1.1" 500 981 "-" "Mozilla/5.0 (Linux; Android 6.0.1; Nexus 5X Build/MMB29P) AppleWebKit/537.36 (KHTML, like Gecko) Chrome/143.0.7499.192 Mobile Safari/537.36 (compatible; Googlebot/2.1; +http://www.google.com/bot.html)"
66.249.66.36 - - [15/Jan/2026:17:45:12 +0000] "GET /207579426.shtml HTTP/1.1" 500 981 "-" "Mozilla/5.0 (Linux; Android 6.0.1; Nexus 5X Build/MMB29P) AppleWebKit/537.36 (KHTML, like Gecko) Chrome/143.0.7499.192 Mobile Safari/537.36 (compatible; Googlebot/2.1; +http://www.google.com/bot.html)"
66.249.66.1 - - [15/Jan/2026:17:45:14 +0000] "GET /323513709.shtml HTTP/1.1" 500 981 "-" "Mozilla/5.0 (Linux; Android 6.0.1; Nexus 5X Build/MMB29P) AppleWebKit/537.36 (KHTML, like Gecko) Chrome/143.0.7499.192 Mobile Safari/537.36 (compatible; Googlebot/2.1; +http://www.google.com/bot.html)"
66.249.66.1 - - [15/Jan/2026:17:45:15 +0000] "GET /164289315.shtml HTTP/1.1" 500 981 "-" "Mozilla/5.0 (Linux; Android 6.0.1; Nexus 5X Build/MMB29P) AppleWebKit/537.36 (KHTML, like Gecko) Chrome/143.0.7499.192 Mobile Safari/537.36 (compatible; Googlebot/2.1; +http://www.google.com/bot.html)"
66.249.66.36 - - [15/Jan/2026:17:45:21 +0000] "GET /227551212.shtml HTTP/1.1" 500 981 "-" "Mozilla/5.0 (Linux; Android 6.0.1; Nexus 5X Build/MMB29P) AppleWebKit/537.36 (KHTML, like Gecko) Chrome/143.0.7499.192 Mobile Safari/537.36 (compatible; Googlebot/2.1; +http://www.google.com/bot.html)"
66.249.66.64 - - [15/Jan/2026:17:45:28 +0000] "GET /96370746.shtml HTTP/1.1" 500 981 "-" "Mozilla/5.0 (Linux; Android 6.0.1; Nexus 5X Build/MMB29P) AppleWebKit/537.36 (KHTML, like Gecko) Chrome/143.0.7499.192 Mobile Safari/537.36 (compatible; Googlebot/2.1; +http://www.google.com/bot.html)"
66.249.66.1 - - [15/Jan/2026:17:45:32 +0000] "GET /333909636.shtml HTTP/1.1" 500 981 "-" "Mozilla/5.0 (Linux; Android 6.0.1; Nexus 5X Build/MMB29P) AppleWebKit/537.36 (KHTML, like Gecko) Chrome/143.0.7499.192 Mobile Safari/537.36 (compatible; Googlebot/2.1; +http://www.google.com/bot.html)"
66.249.66.160 - - [15/Jan/2026:17:45:44 +0000] "GET /58650726.shtml HTTP/1.1" 500 981 "-" "Mozilla/5.0 (Linux; Android 6.0.1; Nexus 5X Build/MMB29P) AppleWebKit/537.36 (KHTML, like Gecko) Chrome/143.0.7499.192 Mobile Safari/537.36 (compatible; Googlebot/2.1; +http://www.google.com/bot.html)"
66.249.66.36 - - [15/Jan/2026:17:45:50 +0000] "GET /145444512.shtml HTTP/1.1" 500 981 "-" "Mozilla/5.0 (Linux; Android 6.0.1; Nexus 5X Build/MMB29P) AppleWebKit/537.36 (KHTML, like Gecko) Chrome/143.0.7499.192 Mobile Safari/537.36 (compatible; Googlebot/2.1; +http://www.google.com/bot.html)"
66.249.66.1 - - [15/Jan/2026:17:45:56 +0000] "GET /166182642.shtml HTTP/1.1" 500 981 "-" "Mozilla/5.0 (Linux; Android 6.0.1; Nexus 5X Build/MMB29P) AppleWebKit/537.36 (KHTML, like Gecko) Chrome/143.0.7499.192 Mobile Safari/537.36 (compatible; Googlebot/2.1; +http://www.google.com/bot.html)"
66.249.66.196 - - [15/Jan/2026:17:47:07 +0000] "GET /133253049.shtml HTTP/1.1" 500 981 "-" "Mozilla/5.0 (Linux; Android 6.0.1; Nexus 5X Build/MMB29P) AppleWebKit/537.36 (KHTML, like Gecko) Chrome/143.0.7499.192 Mobile Safari/537.36 (compatible; Googlebot/2.1; +http://www.google.com/bot.html)"
85.208.96.207 - - [15/Jan/2026:17:48:49 +0000] "GET /robots.txt HTTP/1.1" 200 142 "-" "Mozilla/5.0 (compatible; SemrushBot/7~bl; +http://www.semrush.com/bot.html)"
85.208.96.194 - - [15/Jan/2026:17:48:50 +0000] "GET /tag/online/ HTTP/1.1" 500 277 "-" "Mozilla/5.0 (compatible; SemrushBot/7~bl; +http://www.semrush.com/bot.html)"
66.249.66.160 - - [15/Jan/2026:17:49:49 +0000] "GET /69657264.shtml HTTP/1.1" 500 981 "-" "Mozilla/5.0 (Linux; Android 6.0.1; Nexus 5X Build/MMB29P) AppleWebKit/537.36 (KHTML, like Gecko) Chrome/143.0.7499.192 Mobile Safari/537.36 (compatible; Googlebot/2.1; +http://www.google.com/bot.html)"
66.249.66.36 - - [15/Jan/2026:17:49:50 +0000] "GET /69657264.shtml HTTP/1.1" 500 981 "-" "Mozilla/5.0 (compatible; Googlebot/2.1; +http://www.google.com/bot.html)"
66.249.66.64 - - [15/Jan/2026:17:50:53 +0000] "GET /86019552.shtml HTTP/1.1" 500 981 "-" "Mozilla/5.0 (Linux; Android 6.0.1; Nexus 5X Build/MMB29P) AppleWebKit/537.36 (KHTML, like Gecko) Chrome/143.0.7499.192 Mobile Safari/537.36 (compatible; Googlebot/2.1; +http://www.google.com/bot.html)"
66.249.66.64 - - [15/Jan/2026:17:45:42 +0000] "GET /271152456.shtml HTTP/1.1" 500 981 "-" "Mozilla/5.0 (Linux; Android 6.0.1; Nexus 5X Build/MMB29P) AppleWebKit/537.36 (KHTML, like Gecko) Chrome/143.0.7499.192 Mobile Safari/537.36 (compatible; Googlebot/2.1; +http://www.google.com/bot.html)"
66.249.66.64 - - [15/Jan/2026:17:45:50 +0000] "GET /120344748.shtml HTTP/1.1" 500 981 "-" "Mozilla/5.0 (Linux; Android 6.0.1; Nexus 5X Build/MMB29P) AppleWebKit/537.36 (KHTML, like Gecko) Chrome/143.0.7499.192 Mobile Safari/537.36 (compatible; Googlebot/2.1; +http://www.google.com/bot.html)"
66.249.66.194 - - [15/Jan/2026:17:45:52 +0000] "GET /66972396.shtml HTTP/1.1" 500 981 "-" "Mozilla/5.0 (Linux; Android 6.0.1; Nexus 5X Build/MMB29P) AppleWebKit/537.36 (KHTML, like Gecko) Chrome/143.0.7499.192 Mobile Safari/537.36 (compatible; Googlebot/2.1; +http://www.google.com/bot.html)"
52.167.144.183 - - [15/Jan/2026:17:46:55 +0000] "GET /330281601.shtml HTTP/2" 500 981 "-" "Mozilla/5.0 AppleWebKit/537.36 (KHTML, like Gecko; compatible; bingbot/2.0; +http://www.bing.com/bingbot.htm) Chrome/116.0.1938.76 Safari/537.36"
52.167.144.183 - - [15/Jan/2026:17:47:16 +0000] "GET /114899421.shtml HTTP/2" 500 981 "-" "Mozilla/5.0 AppleWebKit/537.36 (KHTML, like Gecko; compatible; bingbot/2.0; +http://www.bing.com/bingbot.htm) Chrome/116.0.1938.76 Safari/537.36"
66.249.66.194 - - [15/Jan/2026:17:49:28 +0000] "GET /49029912.shtml HTTP/1.1" 500 981 "-" "Mozilla/5.0 (Linux; Android 6.0.1; Nexus 5X Build/MMB29P) AppleWebKit/537.36 (KHTML, like Gecko) Chrome/143.0.7499.192 Mobile Safari/537.36 (compatible; Googlebot/2.1; +http://www.google.com/bot.html)"
66.249.66.36 - - [15/Jan/2026:17:49:39 +0000] "GET /313629048.shtml HTTP/1.1" 500 981 "-" "Mozilla/5.0 (Linux; Android 6.0.1; Nexus 5X Build/MMB29P) AppleWebKit/537.36 (KHTML, like Gecko) Chrome/143.0.7499.192 Mobile Safari/537.36 (compatible; Googlebot/2.1; +http://www.google.com/bot.html)"
66.249.66.162 - - [15/Jan/2026:17:50:09 +0000] "GET /101202354.shtml HTTP/1.1" 500 981 "-" "Mozilla/5.0 (Linux; Android 6.0.1; Nexus 5X Build/MMB29P) AppleWebKit/537.36 (KHTML, like Gecko) Chrome/143.0.7499.192 Mobile Safari/537.36 (compatible; Googlebot/2.1; +http://www.google.com/bot.html)"
66.249.66.36 - - [15/Jan/2026:17:50:36 +0000] "GET /44861862.shtml HTTP/1.1" 500 981 "-" "Mozilla/5.0 (Linux; Android 6.0.1; Nexus 5X Build/MMB29P) AppleWebKit/537.36 (KHTML, like Gecko) Chrome/143.0.7499.192 Mobile Safari/537.36 (compatible; Googlebot/2.1; +http://www.google.com/bot.html)"
40.77.167.25 - - [15/Jan/2026:17:54:23 +0000] "GET /314112786.shtml HTTP/2" 500 981 "-" "Mozilla/5.0 AppleWebKit/537.36 (KHTML, like Gecko; compatible; bingbot/2.0; +http://www.bing.com/bingbot.htm) Chrome/116.0.1938.76 Safari/537.36"
66.249.66.3 - - [15/Jan/2026:17:54:42 +0000] "GET /49448271.shtml HTTP/1.1" 500 981 "-" "Mozilla/5.0 (Linux; Android 6.0.1; Nexus 5X Build/MMB29P) AppleWebKit/537.36 (KHTML, like Gecko) Chrome/143.0.7499.192 Mobile Safari/537.36 (compatible; Googlebot/2.1; +http://www.google.com/bot.html)"
66.249.66.196 - - [15/Jan/2026:17:55:48 +0000] "GET /120344748.shtml HTTP/1.1" 500 981 "-" "Mozilla/5.0 (Linux; Android 6.0.1; Nexus 5X Build/MMB29P) AppleWebKit/537.36 (KHTML, like Gecko) Chrome/143.0.7499.192 Mobile Safari/537.36 (compatible; Googlebot/2.1; +http://www.google.com/bot.html)"
40.77.167.41 - - [15/Jan/2026:17:56:05 +0000] "GET /128752221.shtml HTTP/2" 500 981 "-" "Mozilla/5.0 AppleWebKit/537.36 (KHTML, like Gecko; compatible; bingbot/2.0; +http://www.bing.com/bingbot.htm) Chrome/116.0.1938.76 Safari/537.36"
40.77.167.126 - - [15/Jan/2026:17:58:06 +0000] "GET /ctg/search/similarImageSearchResultView/?ctgItemCd=47837387 HTTP/2" 500 981 "-" "Mozilla/5.0 AppleWebKit/537.36 (KHTML, like Gecko; compatible; bingbot/2.0; +http://www.bing.com/bingbot.htm) Chrome/116.0.1938.76 Safari/537.36"
40.77.167.41 - - [15/Jan/2026:18:00:06 +0000] "GET /119443983.shtml HTTP/2" 500 981 "-" "Mozilla/5.0 AppleWebKit/537.36 (KHTML, like Gecko; compatible; bingbot/2.0; +http://www.bing.com/bingbot.htm) Chrome/116.0.1938.76 Safari/537.36"
66.249.66.36 - - [15/Jan/2026:18:23:03 +0000] "GET /276347034.shtml HTTP/1.1" 500 981 "-" "Mozilla/5.0 (compatible; Googlebot/2.1; +http://www.google.com/bot.html)"
66.249.66.2 - - [15/Jan/2026:18:28:46 +0000] "GET /152051787.shtml HTTP/1.1" 500 981 "-" "Mozilla/5.0 (Linux; Android 6.0.1; Nexus 5X Build/MMB29P) AppleWebKit/537.36 (KHTML, like Gecko) Chrome/143.0.7499.192 Mobile Safari/537.36 (compatible; Googlebot/2.1; +http://www.google.com/bot.html)"
66.249.66.2 - - [15/Jan/2026:18:29:07 +0000] "GET /203839836.shtml HTTP/1.1" 500 981 "-" "Mozilla/5.0 (Linux; Android 6.0.1; Nexus 5X Build/MMB29P) AppleWebKit/537.36 (KHTML, like Gecko) Chrome/143.0.7499.192 Mobile Safari/537.36 (compatible; Googlebot/2.1; +http://www.google.com/bot.html)"
66.249.66.1 - - [15/Jan/2026:17:50:57 +0000] "GET /271152456.shtml HTTP/1.1" 500 981 "-" "Mozilla/5.0 (compatible; Googlebot/2.1; +http://www.google.com/bot.html)"
47.82.11.48 - - [15/Jan/2026:17:51:59 +0000] "GET /321612501.shtml HTTP/1.1" 500 981 "https://km104.com/" "Mozilla/5.0 (Macintosh; Intel Mac OS X 10_15_7) AppleWebKit/537.36 (KHTML, like Gecko) Chrome/133.0.0.0 Safari/537.36"
66.249.66.2 - - [15/Jan/2026:17:52:29 +0000] "GET /203839836.shtml HTTP/1.1" 500 981 "-" "Mozilla/5.0 (Linux; Android 6.0.1; Nexus 5X Build/MMB29P) AppleWebKit/537.36 (KHTML, like Gecko) Chrome/143.0.7499.192 Mobile Safari/537.36 (compatible; Googlebot/2.1; +http://www.google.com/bot.html)"
66.249.66.161 - - [15/Jan/2026:17:53:54 +0000] "GET /54273774.shtml HTTP/1.1" 500 981 "-" "Mozilla/5.0 (Linux; Android 6.0.1; Nexus 5X Build/MMB29P) AppleWebKit/537.36 (KHTML, like Gecko) Chrome/143.0.7499.192 Mobile Safari/537.36 (compatible; Googlebot/2.1; +http://www.google.com/bot.html)"
52.167.144.172 - - [15/Jan/2026:17:56:33 +0000] "GET /121528785.shtml HTTP/2" 500 981 "-" "Mozilla/5.0 AppleWebKit/537.36 (KHTML, like Gecko; compatible; bingbot/2.0; +http://www.bing.com/bingbot.htm) Chrome/116.0.1938.76 Safari/537.36"
66.249.66.2 - - [15/Jan/2026:17:57:43 +0000] "GET /86152308.shtml HTTP/1.1" 500 981 "-" "Mozilla/5.0 (compatible; Googlebot/2.1; +http://www.google.com/bot.html)"
178.69.157.23 - - [15/Jan/2026:17:58:11 +0000] "GET /220917741.shtml HTTP/1.1" 500 981 "https://km104.com/" "Mozilla/5.0 (Macintosh; Intel Mac OS X 10.15; rv:128.0) Gecko/20100101 Firefox/128.0"
168.231.79.79 - - [15/Jan/2026:17:59:27 +0000] "POST /wp-login.php HTTP/1.1" 500 1148 "-" "Mozilla/5.0 (Windows NT 10.0; Win64; x64; rv:98.0) Gecko/20100101 Firefox/98.0"
66.249.66.160 - - [15/Jan/2026:17:59:27 +0000] "GET /44861862.shtml HTTP/1.1" 500 981 "-" "Mozilla/5.0 (Linux; Android 6.0.1; Nexus 5X Build/MMB29P) AppleWebKit/537.36 (KHTML, like Gecko) Chrome/143.0.7499.192 Mobile Safari/537.36 (compatible; Googlebot/2.1; +http://www.google.com/bot.html)"
66.249.66.36 - - [15/Jan/2026:18:11:55 +0000] "GET /166158555.shtml HTTP/1.1" 500 981 "-" "Mozilla/5.0 (Linux; Android 6.0.1; Nexus 5X Build/MMB29P) AppleWebKit/537.36 (KHTML, like Gecko) Chrome/143.0.7499.192 Mobile Safari/537.36 (compatible; Googlebot/2.1; +http://www.google.com/bot.html)"
66.249.66.37 - - [15/Jan/2026:18:26:24 +0000] "GET /176330373.shtml HTTP/1.1" 500 981 "-" "Mozilla/5.0 (Linux; Android 6.0.1; Nexus 5X Build/MMB29P) AppleWebKit/537.36 (KHTML, like Gecko) Chrome/143.0.7499.192 Mobile Safari/537.36 (compatible; Googlebot/2.1; +http://www.google.com/bot.html)"
185.191.171.10 - - [15/Jan/2026:18:26:49 +0000] "GET /product/schwon-stabile/ HTTP/1.1" 500 277 "-" "Mozilla/5.0 (compatible; SemrushBot/7~bl; +http://www.semrush.com/bot.html)"
66.249.66.162 - - [15/Jan/2026:18:31:00 +0000] "GET /225863013.shtml HTTP/1.1" 500 981 "-" "Mozilla/5.0 (Linux; Android 6.0.1; Nexus 5X Build/MMB29P) AppleWebKit/537.36 (KHTML, like Gecko) Chrome/143.0.7499.192 Mobile Safari/537.36 (compatible; Googlebot/2.1; +http://www.google.com/bot.html)"
66.249.66.160 - - [15/Jan/2026:18:31:16 +0000] "GET /215412252.shtml HTTP/1.1" 500 981 "-" "Mozilla/5.0 (Linux; Android 6.0.1; Nexus 5X Build/MMB29P) AppleWebKit/537.36 (KHTML, like Gecko) Chrome/143.0.7499.192 Mobile Safari/537.36 (compatible; Googlebot/2.1; +http://www.google.com/bot.html)"
66.249.66.194 - - [15/Jan/2026:18:31:31 +0000] "GET /33017496.shtml HTTP/1.1" 500 981 "-" "Mozilla/5.0 (Linux; Android 6.0.1; Nexus 5X Build/MMB29P) AppleWebKit/537.36 (KHTML, like Gecko) Chrome/143.0.7499.192 Mobile Safari/537.36 (compatible; Googlebot/2.1; +http://www.google.com/bot.html)"
66.249.66.64 - - [15/Jan/2026:18:31:43 +0000] "GET /33017496.shtml HTTP/1.1" 500 981 "-" "Mozilla/5.0 (compatible; Googlebot/2.1; +http://www.google.com/bot.html)"
66.249.66.160 - - [15/Jan/2026:18:31:54 +0000] "GET /333245856.shtml HTTP/1.1" 500 981 "-" "Mozilla/5.0 (compatible; Googlebot/2.1; +http://www.google.com/bot.html)"
40.77.167.42 - - [15/Jan/2026:18:31:58 +0000] "GET /ctg/search/similarImageSearchResultView/?ctgItemCd=57241897 HTTP/2" 500 981 "-" "Mozilla/5.0 AppleWebKit/537.36 (KHTML, like Gecko; compatible; bingbot/2.0; +http://www.bing.com/bingbot.htm) Chrome/116.0.1938.76 Safari/537.36"
66.249.66.36 - - [15/Jan/2026:18:32:11 +0000] "GET /140286120.shtml HTTP/1.1" 500 981 "-" "Mozilla/5.0 (compatible; Googlebot/2.1; +http://www.google.com/bot.html)"
66.249.66.64 - - [15/Jan/2026:18:32:48 +0000] "GET /93356541.shtml HTTP/1.1" 500 981 "-" "Mozilla/5.0 (compatible; Googlebot/2.1; +http://www.google.com/bot.html)"
66.249.66.194 - - [15/Jan/2026:18:32:51 +0000] "GET /174212049.shtml HTTP/1.1" 500 981 "-" "Mozilla/5.0 (compatible; Googlebot/2.1; +http://www.google.com/bot.html)"
40.77.167.42 - - [15/Jan/2026:18:32:59 +0000] "GET /329541897.shtml HTTP/2" 500 981 "-" "Mozilla/5.0 AppleWebKit/537.36 (KHTML, like Gecko; compatible; bingbot/2.0; +http://www.bing.com/bingbot.htm) Chrome/116.0.1938.76 Safari/537.36"
66.249.66.36 - - [15/Jan/2026:18:34:01 +0000] "GET /152051787.shtml HTTP/1.1" 500 981 "-" "Mozilla/5.0 (Linux; Android 6.0.1; Nexus 5X Build/MMB29P) AppleWebKit/537.36 (KHTML, like Gecko) Chrome/143.0.7499.192 Mobile Safari/537.36 (compatible; Googlebot/2.1; +http://www.google.com/bot.html)"
66.249.66.161 - - [15/Jan/2026:18:34:05 +0000] "GET /276347034.shtml HTTP/1.1" 500 981 "-" "Mozilla/5.0 (compatible; Googlebot/2.1; +http://www.google.com/bot.html)"
66.249.66.36 - - [15/Jan/2026:18:34:12 +0000] "GET /298470888.shtml HTTP/1.1" 500 981 "-" "Mozilla/5.0 (compatible; Googlebot/2.1; +http://www.google.com/bot.html)"
66.249.66.64 - - [15/Jan/2026:18:34:21 +0000] "GET /298470888.shtml HTTP/1.1" 500 981 "-" "Mozilla/5.0 (Linux; Android 6.0.1; Nexus 5X Build/MMB29P) AppleWebKit/537.36 (KHTML, like Gecko) Chrome/143.0.7499.192 Mobile Safari/537.36 (compatible; Googlebot/2.1; +http://www.google.com/bot.html)"
66.249.66.161 - - [15/Jan/2026:18:35:04 +0000] "GET /287895807.shtml HTTP/1.1" 500 981 "-" "Mozilla/5.0 (compatible; Googlebot/2.1; +http://www.google.com/bot.html)"
85.208.96.194 - - [15/Jan/2026:18:35:16 +0000] "GET /tag/solution/ HTTP/1.1" 500 277 "-" "Mozilla/5.0 (compatible; SemrushBot/7~bl; +http://www.semrush.com/bot.html)"
66.249.66.161 - - [15/Jan/2026:18:35:19 +0000] "GET /297248889.shtml HTTP/1.1" 500 981 "-" "Mozilla/5.0 (compatible; Googlebot/2.1; +http://www.google.com/bot.html)"
66.249.66.160 - - [15/Jan/2026:18:35:28 +0000] "GET /57746520.shtml HTTP/1.1" 500 981 "-" "Mozilla/5.0 (Linux; Android 6.0.1; Nexus 5X Build/MMB29P) AppleWebKit/537.36 (KHTML, like Gecko) Chrome/143.0.7499.192 Mobile Safari/537.36 (compatible; Googlebot/2.1; +http://www.google.com/bot.html)"
66.249.66.36 - - [15/Jan/2026:18:30:23 +0000] "GET /51989172.shtml HTTP/1.1" 500 981 "-" "Mozilla/5.0 (compatible; Googlebot/2.1; +http://www.google.com/bot.html)"
66.249.66.65 - - [15/Jan/2026:18:30:46 +0000] "GET /278999490.shtml HTTP/1.1" 500 981 "-" "Mozilla/5.0 (Linux; Android 6.0.1; Nexus 5X Build/MMB29P) AppleWebKit/537.36 (KHTML, like Gecko) Chrome/143.0.7499.192 Mobile Safari/537.36 (compatible; Googlebot/2.1; +http://www.google.com/bot.html)"
66.249.66.36 - - [15/Jan/2026:18:31:47 +0000] "GET /280399644.shtml HTTP/1.1" 500 981 "-" "Mozilla/5.0 (compatible; Googlebot/2.1; +http://www.google.com/bot.html)"
66.249.66.65 - - [15/Jan/2026:18:32:00 +0000] "GET /99947499.shtml HTTP/1.1" 500 981 "-" "Mozilla/5.0 (compatible; Googlebot/2.1; +http://www.google.com/bot.html)"
66.249.66.160 - - [15/Jan/2026:18:32:13 +0000] "GET /140286120.shtml HTTP/1.1" 500 981 "-" "Mozilla/5.0 (Linux; Android 6.0.1; Nexus 5X Build/MMB29P) AppleWebKit/537.36 (KHTML, like Gecko) Chrome/143.0.7499.192 Mobile Safari/537.36 (compatible; Googlebot/2.1; +http://www.google.com/bot.html)"
66.249.66.160 - - [15/Jan/2026:18:33:05 +0000] "GET /35769186.shtml HTTP/1.1" 500 981 "-" "Mozilla/5.0 (Linux; Android 6.0.1; Nexus 5X Build/MMB29P) AppleWebKit/537.36 (KHTML, like Gecko) Chrome/143.0.7499.192 Mobile Safari/537.36 (compatible; Googlebot/2.1; +http://www.google.com/bot.html)"
66.249.64.234 - - [15/Jan/2026:18:33:31 +0000] "GET /12530781.shtml HTTP/1.1" 500 981 "-" "Mozilla/5.0 (compatible; Googlebot/2.1; +http://www.google.com/bot.html)"
66.249.66.194 - - [15/Jan/2026:18:33:37 +0000] "GET /17177130.shtml HTTP/1.1" 500 981 "-" "Mozilla/5.0 (compatible; Googlebot/2.1; +http://www.google.com/bot.html)"
66.249.66.64 - - [15/Jan/2026:18:34:49 +0000] "GET /112693074.shtml HTTP/1.1" 500 981 "-" "Mozilla/5.0 (Linux; Android 6.0.1; Nexus 5X Build/MMB29P) AppleWebKit/537.36 (KHTML, like Gecko) Chrome/143.0.7499.192 Mobile Safari/537.36 (compatible; Googlebot/2.1; +http://www.google.com/bot.html)"
66.249.66.160 - - [15/Jan/2026:18:35:36 +0000] "GET /225645342.shtml HTTP/1.1" 500 981 "-" "Mozilla/5.0 (compatible; Googlebot/2.1; +http://www.google.com/bot.html)"
66.249.66.162 - - [15/Jan/2026:18:36:11 +0000] "GET /56582241.shtml HTTP/1.1" 500 981 "-" "Mozilla/5.0 (compatible; Googlebot/2.1; +http://www.google.com/bot.html)"
66.249.66.195 - - [15/Jan/2026:18:36:39 +0000] "GET /174018132.shtml HTTP/1.1" 500 981 "-" "Mozilla/5.0 (Linux; Android 6.0.1; Nexus 5X Build/MMB29P) AppleWebKit/537.36 (KHTML, like Gecko) Chrome/143.0.7499.192 Mobile Safari/537.36 (compatible; Googlebot/2.1; +http://www.google.com/bot.html)"
66.249.66.161 - - [15/Jan/2026:18:37:18 +0000] "GET /225863013.shtml HTTP/1.1" 500 981 "-" "Mozilla/5.0 (Linux; Android 6.0.1; Nexus 5X Build/MMB29P) AppleWebKit/537.36 (KHTML, like Gecko) Chrome/143.0.7499.192 Mobile Safari/537.36 (compatible; Googlebot/2.1; +http://www.google.com/bot.html)"
66.249.66.36 - - [15/Jan/2026:18:37:31 +0000] "GET /17177130.shtml HTTP/1.1" 500 981 "-" "Mozilla/5.0 (compatible; Googlebot/2.1; +http://www.google.com/bot.html)"
66.249.66.1 - - [15/Jan/2026:18:37:38 +0000] "GET /201751593.shtml HTTP/1.1" 500 981 "-" "Mozilla/5.0 (compatible; Googlebot/2.1; +http://www.google.com/bot.html)"
66.249.66.160 - - [15/Jan/2026:18:37:44 +0000] "GET /38364699.shtml HTTP/1.1" 500 981 "-" "Mozilla/5.0 (Linux; Android 6.0.1; Nexus 5X Build/MMB29P) AppleWebKit/537.36 (KHTML, like Gecko) Chrome/143.0.7499.192 Mobile Safari/537.36 (compatible; Googlebot/2.1; +http://www.google.com/bot.html)"
66.249.66.160 - - [15/Jan/2026:18:37:47 +0000] "GET /84680004.shtml HTTP/1.1" 500 981 "-" "Mozilla/5.0 (compatible; Googlebot/2.1; +http://www.google.com/bot.html)"
66.249.66.194 - - [15/Jan/2026:18:38:49 +0000] "GET /271152456.shtml HTTP/1.1" 508 875 "-" "Mozilla/5.0 (compatible; Googlebot/2.1; +http://www.google.com/bot.html)"
66.249.66.36 - - [15/Jan/2026:18:38:51 +0000] "GET /225863013.shtml HTTP/1.1" 508 875 "-" "Mozilla/5.0 (Linux; Android 6.0.1; Nexus 5X Build/MMB29P) AppleWebKit/537.36 (KHTML, like Gecko) Chrome/143.0.7499.192 Mobile Safari/537.36 (compatible; Googlebot/2.1; +http://www.google.com/bot.html)"
52.167.144.225 - - [15/Jan/2026:18:36:02 +0000] "GET /132376149.shtml HTTP/2" 500 981 "-" "Mozilla/5.0 AppleWebKit/537.36 (KHTML, like Gecko; compatible; bingbot/2.0; +http://www.bing.com/bingbot.htm) Chrome/116.0.1938.76 Safari/537.36"
66.249.66.194 - - [15/Jan/2026:18:37:38 +0000] "GET /280399644.shtml HTTP/1.1" 500 981 "-" "Mozilla/5.0 (compatible; Googlebot/2.1; +http://www.google.com/bot.html)"
66.249.66.160 - - [15/Jan/2026:18:38:09 +0000] "GET /320921526.shtml HTTP/1.1" 500 981 "-" "Mozilla/5.0 (Linux; Android 6.0.1; Nexus 5X Build/MMB29P) AppleWebKit/537.36 (KHTML, like Gecko) Chrome/143.0.7499.192 Mobile Safari/537.36 (compatible; Googlebot/2.1; +http://www.google.com/bot.html)"
52.167.144.225 - - [15/Jan/2026:18:38:49 +0000] "GET /326831277.shtml HTTP/2" 508 875 "-" "Mozilla/5.0 AppleWebKit/537.36 (KHTML, like Gecko; compatible; bingbot/2.0; +http://www.bing.com/bingbot.htm) Chrome/116.0.1938.76 Safari/537.36"
66.249.66.161 - - [15/Jan/2026:18:38:49 +0000] "GET /17177130.shtml HTTP/1.1" 503 807 "-" "Mozilla/5.0 (compatible; Googlebot/2.1; +http://www.google.com/bot.html)"
66.249.66.37 - - [15/Jan/2026:18:44:13 +0000] "GET /157914918.shtml HTTP/1.1" 500 981 "-" "Mozilla/5.0 (Linux; Android 6.0.1; Nexus 5X Build/MMB29P) AppleWebKit/537.36 (KHTML, like Gecko) Chrome/143.0.7499.192 Mobile Safari/537.36 (compatible; Googlebot/2.1; +http://www.google.com/bot.html)"
66.249.66.194 - - [15/Jan/2026:18:45:00 +0000] "GET /6561867.shtml HTTP/1.1" 500 981 "-" "Mozilla/5.0 (compatible; Googlebot/2.1; +http://www.google.com/bot.html)"
66.249.66.1 - - [15/Jan/2026:18:45:28 +0000] "GET /126792738.shtml HTTP/1.1" 500 981 "-" "Mozilla/5.0 (Linux; Android 6.0.1; Nexus 5X Build/MMB29P) AppleWebKit/537.36 (KHTML, like Gecko) Chrome/143.0.7499.192 Mobile Safari/537.36 (compatible; Googlebot/2.1; +http://www.google.com/bot.html)"
66.249.66.3 - - [15/Jan/2026:18:47:28 +0000] "GET /139114182.shtml HTTP/1.1" 500 981 "-" "Mozilla/5.0 (compatible; Googlebot/2.1; +http://www.google.com/bot.html)"
66.249.66.1 - - [15/Jan/2026:18:47:53 +0000] "GET /297248889.shtml HTTP/1.1" 500 981 "-" "Mozilla/5.0 (compatible; Googlebot/2.1; +http://www.google.com/bot.html)"
66.249.66.160 - - [15/Jan/2026:18:48:13 +0000] "GET /19206876.shtml HTTP/1.1" 500 981 "-" "Mozilla/5.0 (Linux; Android 6.0.1; Nexus 5X Build/MMB29P) AppleWebKit/537.36 (KHTML, like Gecko) Chrome/143.0.7499.192 Mobile Safari/537.36 (compatible; Googlebot/2.1; +http://www.google.com/bot.html)"
66.249.66.65 - - [15/Jan/2026:18:49:26 +0000] "GET /f/special/ HTTP/1.1" 500 981 "-" "Mozilla/5.0 (compatible; Googlebot/2.1; +http://www.google.com/bot.html)"
66.249.66.160 - - [15/Jan/2026:18:43:49 +0000] "GET /121204887.shtml HTTP/1.1" 500 981 "-" "Mozilla/5.0 (Linux; Android 6.0.1; Nexus 5X Build/MMB29P) AppleWebKit/537.36 (KHTML, like Gecko) Chrome/143.0.7499.192 Mobile Safari/537.36 (compatible; Googlebot/2.1; +http://www.google.com/bot.html)"
149.255.251.21 - - [15/Jan/2026:18:43:55 +0000] "GET /198297162.shtml HTTP/1.1" 500 981 "https://km104.com/" "Mozilla/5.0 (X11; Linux x86_64) AppleWebKit/537.36 (KHTML, like Gecko) Chrome/129.0.0.0 Safari/537.36"
66.249.66.37 - - [15/Jan/2026:18:44:43 +0000] "GET /96370746.shtml HTTP/1.1" 500 981 "-" "Mozilla/5.0 (Linux; Android 6.0.1; Nexus 5X Build/MMB29P) AppleWebKit/537.36 (KHTML, like Gecko) Chrome/143.0.7499.192 Mobile Safari/537.36 (compatible; Googlebot/2.1; +http://www.google.com/bot.html)"
66.249.66.160 - - [15/Jan/2026:18:44:54 +0000] "GET /96370746.shtml HTTP/1.1" 500 981 "-" "Mozilla/5.0 (compatible; Googlebot/2.1; +http://www.google.com/bot.html)"
66.249.66.1 - - [15/Jan/2026:18:45:10 +0000] "GET /6561867.shtml HTTP/1.1" 500 981 "-" "Mozilla/5.0 (Linux; Android 6.0.1; Nexus 5X Build/MMB29P) AppleWebKit/537.36 (KHTML, like Gecko) Chrome/143.0.7499.192 Mobile Safari/537.36 (compatible; Googlebot/2.1; +http://www.google.com/bot.html)"
66.249.66.194 - - [15/Jan/2026:18:45:50 +0000] "GET /179911344.shtml HTTP/1.1" 500 981 "-" "Mozilla/5.0 (Linux; Android 6.0.1; Nexus 5X Build/MMB29P) AppleWebKit/537.36 (KHTML, like Gecko) Chrome/143.0.7499.192 Mobile Safari/537.36 (compatible; Googlebot/2.1; +http://www.google.com/bot.html)"
66.249.66.36 - - [15/Jan/2026:18:45:59 +0000] "GET /26535429.shtml HTTP/1.1" 500 981 "-" "Mozilla/5.0 (Linux; Android 6.0.1; Nexus 5X Build/MMB29P) AppleWebKit/537.36 (KHTML, like Gecko) Chrome/143.0.7499.192 Mobile Safari/537.36 (compatible; Googlebot/2.1; +http://www.google.com/bot.html)"
66.249.66.162 - - [15/Jan/2026:18:47:39 +0000] "GET /241523670.shtml HTTP/1.1" 500 981 "-" "Mozilla/5.0 (compatible; Googlebot/2.1; +http://www.google.com/bot.html)"
66.249.66.66 - - [15/Jan/2026:18:47:55 +0000] "GET /201751593.shtml HTTP/1.1" 500 981 "-" "Mozilla/5.0 (compatible; Googlebot/2.1; +http://www.google.com/bot.html)"
66.249.66.194 - - [15/Jan/2026:18:49:29 +0000] "GET /9858789.shtml HTTP/1.1" 500 981 "-" "Mozilla/5.0 (compatible; Googlebot/2.1; +http://www.google.com/bot.html)"
66.249.66.195 - - [15/Jan/2026:18:50:01 +0000] "GET /272048004.shtml HTTP/1.1" 500 981 "-" "Mozilla/5.0 (Linux; Android 6.0.1; Nexus 5X Build/MMB29P) AppleWebKit/537.36 (KHTML, like Gecko) Chrome/143.0.7499.192 Mobile Safari/537.36 (compatible; Googlebot/2.1; +http://www.google.com/bot.html)"
85.208.96.210 - - [15/Jan/2026:18:50:45 +0000] "GET /robots.txt HTTP/1.1" 200 142 "-" "Mozilla/5.0 (compatible; SemrushBot/7~bl; +http://www.semrush.com/bot.html)"
185.191.171.17 - - [15/Jan/2026:18:50:46 +0000] "GET /?edura_header=header-one-new HTTP/1.1" 500 277 "-" "Mozilla/5.0 (compatible; SemrushBot/7~bl; +http://www.semrush.com/bot.html)"
66.249.66.2 - - [15/Jan/2026:18:50:47 +0000] "GET /96370746.shtml HTTP/1.1" 500 981 "-" "Mozilla/5.0 (Linux; Android 6.0.1; Nexus 5X Build/MMB29P) AppleWebKit/537.36 (KHTML, like Gecko) Chrome/143.0.7499.192 Mobile Safari/537.36 (compatible; Googlebot/2.1; +http://www.google.com/bot.html)"
66.249.66.160 - - [15/Jan/2026:18:53:35 +0000] "GET /178617750.shtml HTTP/1.1" 500 981 "-" "Mozilla/5.0 (compatible; Googlebot/2.1; +http://www.google.com/bot.html)"
220.132.7.82 - - [15/Jan/2026:19:19:24 +0000] "POST /wp-login.php HTTP/1.1" 500 1148 "-" "Mozilla/5.0 (Windows NT 10.0; Win64; x64; rv:51.0) Gecko/20100101 Firefox/51.0"
52.167.144.167 - - [15/Jan/2026:19:20:24 +0000] "GET /163771944.shtml HTTP/2" 500 981 "-" "Mozilla/5.0 AppleWebKit/537.36 (KHTML, like Gecko; compatible; bingbot/2.0; +http://www.bing.com/bingbot.htm) Chrome/116.0.1938.76 Safari/537.36"
66.249.66.196 - - [15/Jan/2026:19:24:21 +0000] "GET /148064556.shtml HTTP/1.1" 500 981 "-" "Mozilla/5.0 (compatible; Googlebot/2.1; +http://www.google.com/bot.html)"
66.249.66.162 - - [15/Jan/2026:19:24:59 +0000] "GET /292912674.shtml HTTP/1.1" 500 981 "-" "Mozilla/5.0 (Linux; Android 6.0.1; Nexus 5X Build/MMB29P) AppleWebKit/537.36 (KHTML, like Gecko) Chrome/143.0.7499.192 Mobile Safari/537.36 (compatible; Googlebot/2.1; +http://www.google.com/bot.html)"
66.249.66.161 - - [15/Jan/2026:19:25:03 +0000] "GET /106371957.shtml HTTP/1.1" 500 981 "-" "Mozilla/5.0 (Linux; Android 6.0.1; Nexus 5X Build/MMB29P) AppleWebKit/537.36 (KHTML, like Gecko) Chrome/143.0.7499.192 Mobile Safari/537.36 (compatible; Googlebot/2.1; +http://www.google.com/bot.html)"
66.249.66.66 - - [15/Jan/2026:19:25:49 +0000] "GET /166182642.shtml HTTP/1.1" 500 981 "-" "Mozilla/5.0 (compatible; Googlebot/2.1; +http://www.google.com/bot.html)"
66.249.66.2 - - [15/Jan/2026:19:25:56 +0000] "GET /272366463.shtml HTTP/1.1" 500 981 "-" "Mozilla/5.0 (Linux; Android 6.0.1; Nexus 5X Build/MMB29P) AppleWebKit/537.36 (KHTML, like Gecko) Chrome/143.0.7499.192 Mobile Safari/537.36 (compatible; Googlebot/2.1; +http://www.google.com/bot.html)"
66.249.66.37 - - [15/Jan/2026:19:26:08 +0000] "GET /278820114.shtml HTTP/1.1" 500 981 "-" "Mozilla/5.0 (Linux; Android 6.0.1; Nexus 5X Build/MMB29P) AppleWebKit/537.36 (KHTML, like Gecko) Chrome/143.0.7499.192 Mobile Safari/537.36 (compatible; Googlebot/2.1; +http://www.google.com/bot.html)"
66.249.66.64 - - [15/Jan/2026:19:26:17 +0000] "GET /166322391.shtml HTTP/1.1" 500 981 "-" "Mozilla/5.0 (Linux; Android 6.0.1; Nexus 5X Build/MMB29P) AppleWebKit/537.36 (KHTML, like Gecko) Chrome/143.0.7499.192 Mobile Safari/537.36 (compatible; Googlebot/2.1; +http://www.google.com/bot.html)"
66.249.66.160 - - [15/Jan/2026:19:26:46 +0000] "GET /141336069.shtml HTTP/1.1" 500 981 "-" "Mozilla/5.0 (compatible; Googlebot/2.1; +http://www.google.com/bot.html)"
40.77.167.154 - - [15/Jan/2026:19:27:23 +0000] "GET /311467878.shtml HTTP/2" 500 981 "-" "Mozilla/5.0 AppleWebKit/537.36 (KHTML, like Gecko; compatible; bingbot/2.0; +http://www.bing.com/bingbot.htm) Chrome/116.0.1938.76 Safari/537.36"
66.249.66.64 - - [15/Jan/2026:19:27:57 +0000] "GET /32213190.shtml HTTP/1.1" 500 981 "-" "Mozilla/5.0 (Linux; Android 6.0.1; Nexus 5X Build/MMB29P) AppleWebKit/537.36 (KHTML, like Gecko) Chrome/143.0.7499.192 Mobile Safari/537.36 (compatible; Googlebot/2.1; +http://www.google.com/bot.html)"
66.249.66.1 - - [15/Jan/2026:18:50:47 +0000] "GET /9858789.shtml HTTP/1.1" 500 981 "-" "Mozilla/5.0 (Linux; Android 6.0.1; Nexus 5X Build/MMB29P) AppleWebKit/537.36 (KHTML, like Gecko) Chrome/143.0.7499.192 Mobile Safari/537.36 (compatible; Googlebot/2.1; +http://www.google.com/bot.html)"
66.249.66.37 - - [15/Jan/2026:18:51:09 +0000] "GET /245182563.shtml HTTP/1.1" 500 981 "-" "Mozilla/5.0 (compatible; Googlebot/2.1; +http://www.google.com/bot.html)"
66.249.66.3 - - [15/Jan/2026:19:14:35 +0000] "GET /169989720.shtml HTTP/1.1" 500 981 "-" "Mozilla/5.0 (compatible; Googlebot/2.1; +http://www.google.com/bot.html)"
66.249.66.3 - - [15/Jan/2026:19:19:59 +0000] "GET /62192514.shtml HTTP/1.1" 500 981 "-" "Mozilla/5.0 (compatible; Googlebot/2.1; +http://www.google.com/bot.html)"
66.249.66.2 - - [15/Jan/2026:19:22:42 +0000] "GET /166182642.shtml HTTP/1.1" 500 981 "-" "Mozilla/5.0 (Linux; Android 6.0.1; Nexus 5X Build/MMB29P) AppleWebKit/537.36 (KHTML, like Gecko) Chrome/143.0.7499.192 Mobile Safari/537.36 (compatible; Googlebot/2.1; +http://www.google.com/bot.html)"
47.82.11.88 - - [15/Jan/2026:19:23:08 +0000] "GET /102218781.shtml HTTP/1.1" 500 981 "https://km104.com/" "Mozilla/5.0 (Windows NT 10.0; Win64; x64) AppleWebKit/537.36 (KHTML, like Gecko) Chrome/135.0.0.0 Safari/537.36"
66.249.66.196 - - [15/Jan/2026:19:23:15 +0000] "GET /326177709.shtml HTTP/1.1" 500 981 "-" "Mozilla/5.0 (Linux; Android 6.0.1; Nexus 5X Build/MMB29P) AppleWebKit/537.36 (KHTML, like Gecko) Chrome/143.0.7499.192 Mobile Safari/537.36 (compatible; Googlebot/2.1; +http://www.google.com/bot.html)"
66.249.66.160 - - [15/Jan/2026:19:25:20 +0000] "GET /61356573.shtml HTTP/1.1" 500 981 "-" "Mozilla/5.0 (compatible; Googlebot/2.1; +http://www.google.com/bot.html)"
66.249.66.37 - - [15/Jan/2026:19:26:12 +0000] "GET /293482437.shtml HTTP/1.1" 500 981 "-" "Mozilla/5.0 (Linux; Android 6.0.1; Nexus 5X Build/MMB29P) AppleWebKit/537.36 (KHTML, like Gecko) Chrome/143.0.7499.192 Mobile Safari/537.36 (compatible; Googlebot/2.1; +http://www.google.com/bot.html)"
66.249.66.194 - - [15/Jan/2026:19:26:48 +0000] "GET /215662002.shtml HTTP/1.1" 500 981 "-" "Mozilla/5.0 (Linux; Android 6.0.1; Nexus 5X Build/MMB29P) AppleWebKit/537.36 (KHTML, like Gecko) Chrome/143.0.7499.192 Mobile Safari/537.36 (compatible; Googlebot/2.1; +http://www.google.com/bot.html)"
66.249.66.160 - - [15/Jan/2026:19:28:23 +0000] "GET /316817634.shtml HTTP/1.1" 500 981 "-" "Mozilla/5.0 (Linux; Android 6.0.1; Nexus 5X Build/MMB29P) AppleWebKit/537.36 (KHTML, like Gecko) Chrome/143.0.7499.192 Mobile Safari/537.36 (compatible; Googlebot/2.1; +http://www.google.com/bot.html)"
66.249.66.194 - - [15/Jan/2026:19:28:33 +0000] "GET /312994017.shtml HTTP/1.1" 500 981 "-" "Mozilla/5.0 (Linux; Android 6.0.1; Nexus 5X Build/MMB29P) AppleWebKit/537.36 (KHTML, like Gecko) Chrome/143.0.7499.192 Mobile Safari/537.36 (compatible; Googlebot/2.1; +http://www.google.com/bot.html)"
66.249.66.65 - - [15/Jan/2026:19:29:23 +0000] "GET /112215108.shtml HTTP/1.1" 500 981 "-" "Mozilla/5.0 (Linux; Android 6.0.1; Nexus 5X Build/MMB29P) AppleWebKit/537.36 (KHTML, like Gecko) Chrome/143.0.7499.192 Mobile Safari/537.36 (compatible; Googlebot/2.1; +http://www.google.com/bot.html)"
66.249.66.160 - - [15/Jan/2026:19:29:27 +0000] "GET /112215108.shtml HTTP/1.1" 500 981 "-" "Mozilla/5.0 (compatible; Googlebot/2.1; +http://www.google.com/bot.html)"
66.249.66.194 - - [15/Jan/2026:19:29:51 +0000] "GET /81501297.shtml HTTP/1.1" 500 981 "-" "Mozilla/5.0 (Linux; Android 6.0.1; Nexus 5X Build/MMB29P) AppleWebKit/537.36 (KHTML, like Gecko) Chrome/143.0.7499.192 Mobile Safari/537.36 (compatible; Googlebot/2.1; +http://www.google.com/bot.html)"
40.77.167.154 - - [15/Jan/2026:19:29:53 +0000] "GET /180405627.shtml HTTP/2" 500 981 "-" "Mozilla/5.0 AppleWebKit/537.36 (KHTML, like Gecko; compatible; bingbot/2.0; +http://www.bing.com/bingbot.htm) Chrome/116.0.1938.76 Safari/537.36"
66.249.66.64 - - [15/Jan/2026:19:28:13 +0000] "GET /152309862.shtml HTTP/1.1" 500 981 "-" "Mozilla/5.0 (compatible; Googlebot/2.1; +http://www.google.com/bot.html)"
66.249.66.194 - - [15/Jan/2026:19:28:40 +0000] "GET /312994017.shtml HTTP/1.1" 500 981 "-" "Mozilla/5.0 (compatible; Googlebot/2.1; +http://www.google.com/bot.html)"
66.249.66.65 - - [15/Jan/2026:19:29:15 +0000] "GET /169989720.shtml HTTP/1.1" 500 981 "-" "Mozilla/5.0 (compatible; Googlebot/2.1; +http://www.google.com/bot.html)"
66.249.66.161 - - [15/Jan/2026:19:29:17 +0000] "GET /18489816.shtml HTTP/1.1" 500 981 "-" "Mozilla/5.0 (Linux; Android 6.0.1; Nexus 5X Build/MMB29P) AppleWebKit/537.36 (KHTML, like Gecko) Chrome/143.0.7499.192 Mobile Safari/537.36 (compatible; Googlebot/2.1; +http://www.google.com/bot.html)"
66.249.66.1 - - [15/Jan/2026:19:29:35 +0000] "GET /19461954.shtml HTTP/1.1" 500 981 "-" "Mozilla/5.0 (Linux; Android 6.0.1; Nexus 5X Build/MMB29P) AppleWebKit/537.36 (KHTML, like Gecko) Chrome/143.0.7499.192 Mobile Safari/537.36 (compatible; Googlebot/2.1; +http://www.google.com/bot.html)"
66.249.66.1 - - [15/Jan/2026:19:30:00 +0000] "GET /293482437.shtml HTTP/1.1" 500 981 "-" "Mozilla/5.0 (compatible; Googlebot/2.1; +http://www.google.com/bot.html)"
66.249.66.194 - - [15/Jan/2026:19:30:43 +0000] "GET /312994017.shtml HTTP/1.1" 500 981 "-" "Mozilla/5.0 (Linux; Android 6.0.1; Nexus 5X Build/MMB29P) AppleWebKit/537.36 (KHTML, like Gecko) Chrome/143.0.7499.192 Mobile Safari/537.36 (compatible; Googlebot/2.1; +http://www.google.com/bot.html)"
66.249.66.160 - - [15/Jan/2026:19:31:32 +0000] "GET /115747350.shtml HTTP/1.1" 500 981 "-" "Mozilla/5.0 (compatible; Googlebot/2.1; +http://www.google.com/bot.html)"
66.249.66.160 - - [15/Jan/2026:19:31:34 +0000] "GET /149414205.shtml HTTP/1.1" 500 981 "-" "Mozilla/5.0 (compatible; Googlebot/2.1; +http://www.google.com/bot.html)"
66.249.66.162 - - [15/Jan/2026:19:32:27 +0000] "GET /90390732.shtml HTTP/1.1" 500 981 "-" "Mozilla/5.0 (Linux; Android 6.0.1; Nexus 5X Build/MMB29P) AppleWebKit/537.36 (KHTML, like Gecko) Chrome/143.0.7499.192 Mobile Safari/537.36 (compatible; Googlebot/2.1; +http://www.google.com/bot.html)"
66.249.66.2 - - [15/Jan/2026:19:33:34 +0000] "GET /293115582.shtml HTTP/1.1" 500 981 "-" "Mozilla/5.0 (compatible; Googlebot/2.1; +http://www.google.com/bot.html)"
66.249.66.160 - - [15/Jan/2026:19:34:07 +0000] "GET /278820114.shtml HTTP/1.1" 500 981 "-" "Mozilla/5.0 (Linux; Android 6.0.1; Nexus 5X Build/MMB29P) AppleWebKit/537.36 (KHTML, like Gecko) Chrome/143.0.7499.192 Mobile Safari/537.36 (compatible; Googlebot/2.1; +http://www.google.com/bot.html)"
66.249.66.36 - - [15/Jan/2026:19:34:18 +0000] "GET /141336069.shtml HTTP/1.1" 500 981 "-" "Mozilla/5.0 (compatible; Googlebot/2.1; +http://www.google.com/bot.html)"
66.249.66.36 - - [15/Jan/2026:19:34:30 +0000] "GET /191603862.shtml HTTP/1.1" 500 981 "-" "Mozilla/5.0 (Linux; Android 6.0.1; Nexus 5X Build/MMB29P) AppleWebKit/537.36 (KHTML, like Gecko) Chrome/143.0.7499.192 Mobile Safari/537.36 (compatible; Googlebot/2.1; +http://www.google.com/bot.html)"
40.77.167.154 - - [15/Jan/2026:19:35:26 +0000] "GET /149766741.shtml HTTP/2" 500 981 "-" "Mozilla/5.0 AppleWebKit/537.36 (KHTML, like Gecko; compatible; bingbot/2.0; +http://www.bing.com/bingbot.htm) Chrome/116.0.1938.76 Safari/537.36"
40.77.167.154 - - [15/Jan/2026:19:35:48 +0000] "GET /242671299.shtml HTTP/2" 500 981 "-" "Mozilla/5.0 AppleWebKit/537.36 (KHTML, like Gecko; compatible; bingbot/2.0; +http://www.bing.com/bingbot.htm) Chrome/116.0.1938.76 Safari/537.36"
66.249.66.195 - - [15/Jan/2026:19:36:05 +0000] "GET /72083946.shtml HTTP/1.1" 500 981 "-" "Mozilla/5.0 (Linux; Android 6.0.1; Nexus 5X Build/MMB29P) AppleWebKit/537.36 (KHTML, like Gecko) Chrome/143.0.7499.192 Mobile Safari/537.36 (compatible; Googlebot/2.1; +http://www.google.com/bot.html)"
66.249.66.66 - - [15/Jan/2026:19:30:04 +0000] "GET /24663414.shtml HTTP/1.1" 500 981 "-" "Mozilla/5.0 (Linux; Android 6.0.1; Nexus 5X Build/MMB29P) AppleWebKit/537.36 (KHTML, like Gecko) Chrome/143.0.7499.192 Mobile Safari/537.36 (compatible; Googlebot/2.1; +http://www.google.com/bot.html)"
66.249.66.65 - - [15/Jan/2026:19:30:34 +0000] "GET /326681538.shtml HTTP/1.1" 500 981 "-" "Mozilla/5.0 (Linux; Android 6.0.1; Nexus 5X Build/MMB29P) AppleWebKit/537.36 (KHTML, like Gecko) Chrome/143.0.7499.192 Mobile Safari/537.36 (compatible; Googlebot/2.1; +http://www.google.com/bot.html)"
66.249.66.36 - - [15/Jan/2026:19:30:35 +0000] "GET /166182642.shtml HTTP/1.1" 500 981 "-" "Mozilla/5.0 (compatible; Googlebot/2.1; +http://www.google.com/bot.html)"
66.249.66.160 - - [15/Jan/2026:19:30:41 +0000] "GET /326177709.shtml HTTP/1.1" 500 981 "-" "Mozilla/5.0 (Linux; Android 6.0.1; Nexus 5X Build/MMB29P) AppleWebKit/537.36 (KHTML, like Gecko) Chrome/143.0.7499.192 Mobile Safari/537.36 (compatible; Googlebot/2.1; +http://www.google.com/bot.html)"
66.249.66.160 - - [15/Jan/2026:19:30:42 +0000] "GET /312994017.shtml HTTP/1.1" 500 981 "-" "Mozilla/5.0 (compatible; Googlebot/2.1; +http://www.google.com/bot.html)"
66.249.66.1 - - [15/Jan/2026:19:30:44 +0000] "GET /19461954.shtml HTTP/1.1" 500 981 "-" "Mozilla/5.0 (compatible; Googlebot/2.1; +http://www.google.com/bot.html)"
66.249.66.160 - - [15/Jan/2026:19:31:12 +0000] "GET /239775420.shtml HTTP/1.1" 500 981 "-" "Mozilla/5.0 (Linux; Android 6.0.1; Nexus 5X Build/MMB29P) AppleWebKit/537.36 (KHTML, like Gecko) Chrome/143.0.7499.192 Mobile Safari/537.36 (compatible; Googlebot/2.1; +http://www.google.com/bot.html)"
66.249.66.160 - - [15/Jan/2026:19:31:20 +0000] "GET /93558339.shtml HTTP/1.1" 500 981 "-" "Mozilla/5.0 (Linux; Android 6.0.1; Nexus 5X Build/MMB29P) AppleWebKit/537.36 (KHTML, like Gecko) Chrome/143.0.7499.192 Mobile Safari/537.36 (compatible; Googlebot/2.1; +http://www.google.com/bot.html)"
66.249.66.1 - - [15/Jan/2026:19:33:04 +0000] "GET /70974945.shtml HTTP/1.1" 500 981 "-" "Mozilla/5.0 (compatible; Googlebot/2.1; +http://www.google.com/bot.html)"
66.249.66.65 - - [15/Jan/2026:19:33:35 +0000] "GET /61356573.shtml HTTP/1.1" 500 981 "-" "Mozilla/5.0 (compatible; Googlebot/2.1; +http://www.google.com/bot.html)"
66.249.66.194 - - [15/Jan/2026:19:33:51 +0000] "GET /ctg/search/similarImageSearchResultView/?ctgItemCd=76256060 HTTP/1.1" 500 981 "-" "Mozilla/5.0 (compatible; Googlebot/2.1; +http://www.google.com/bot.html)"
66.249.66.160 - - [15/Jan/2026:19:35:52 +0000] "GET /19461954.shtml HTTP/1.1" 500 981 "-" "Mozilla/5.0 (compatible; Googlebot/2.1; +http://www.google.com/bot.html)"
40.77.167.33 - - [15/Jan/2026:19:36:05 +0000] "GET /209988681.shtml HTTP/2" 500 981 "-" "Mozilla/5.0 AppleWebKit/537.36 (KHTML, like Gecko; compatible; bingbot/2.0; +http://www.bing.com/bingbot.htm) Chrome/116.0.1938.76 Safari/537.36"
66.249.66.196 - - [15/Jan/2026:19:36:07 +0000] "GET /71123574.shtml HTTP/1.1" 500 981 "-" "Mozilla/5.0 (Linux; Android 6.0.1; Nexus 5X Build/MMB29P) AppleWebKit/537.36 (KHTML, like Gecko) Chrome/143.0.7499.192 Mobile Safari/537.36 (compatible; Googlebot/2.1; +http://www.google.com/bot.html)"
66.249.66.2 - - [15/Jan/2026:19:36:09 +0000] "GET /71123574.shtml HTTP/1.1" 500 981 "-" "Mozilla/5.0 (compatible; Googlebot/2.1; +http://www.google.com/bot.html)"
66.249.66.196 - - [15/Jan/2026:19:36:30 +0000] "GET /216258738.shtml HTTP/1.1" 500 981 "-" "Mozilla/5.0 (compatible; Googlebot/2.1; +http://www.google.com/bot.html)"
