170.78.245.2 - - [16/Jan/2026:00:50:17 +0000] "GET /275667270.shtml HTTP/1.1" 500 981 "https://km104.com/" "Mozilla/5.0 (Macintosh; Intel Mac OS X 10_15_7) AppleWebKit/537.36 (KHTML, like Gecko) Chrome/134.0.0.0 Safari/537.36"
66.249.66.161 - - [16/Jan/2026:00:50:18 +0000] "GET /312579210.shtml HTTP/1.1" 500 981 "-" "Mozilla/5.0 (Linux; Android 6.0.1; Nexus 5X Build/MMB29P) AppleWebKit/537.36 (KHTML, like Gecko) Chrome/143.0.7499.192 Mobile Safari/537.36 (compatible; Googlebot/2.1; +http://www.google.com/bot.html)"
66.249.66.64 - - [16/Jan/2026:00:50:30 +0000] "GET /54178203.shtml HTTP/1.1" 500 981 "-" "Mozilla/5.0 (Linux; Android 6.0.1; Nexus 5X Build/MMB29P) AppleWebKit/537.36 (KHTML, like Gecko) Chrome/143.0.7499.192 Mobile Safari/537.36 (compatible; Googlebot/2.1; +http://www.google.com/bot.html)"
46.105.124.216 - - [16/Jan/2026:00:51:20 +0000] "POST /wp-login.php HTTP/1.1" 500 1148 "-" "Mozilla/5.0 (Windows NT 10.0; Win64; x64; rv:41.0) Gecko/20100101 Firefox/41.0"
66.249.66.195 - - [16/Jan/2026:00:51:47 +0000] "GET /294135117.shtml HTTP/1.1" 500 981 "-" "Mozilla/5.0 (compatible; Googlebot/2.1; +http://www.google.com/bot.html)"
190.220.151.87 - - [16/Jan/2026:00:51:52 +0000] "GET /126940590.shtml HTTP/1.1" 500 981 "https://km104.com/" "Mozilla/5.0 (Windows NT 10.0; Win64; x64) AppleWebKit/537.36 (KHTML, like Gecko) Chrome/134.0.0.0 Safari/537.36 Edg/134.0.0.0"
40.77.167.7 - - [16/Jan/2026:00:52:39 +0000] "GET /293275977.shtml HTTP/2" 500 981 "-" "Mozilla/5.0 AppleWebKit/537.36 (KHTML, like Gecko; compatible; bingbot/2.0; +http://www.bing.com/bingbot.htm) Chrome/116.0.1938.76 Safari/537.36"
66.249.66.37 - - [16/Jan/2026:00:53:58 +0000] "GET /37871193.shtml HTTP/1.1" 500 981 "-" "Mozilla/5.0 (compatible; Googlebot/2.1; +http://www.google.com/bot.html)"
66.249.66.38 - - [16/Jan/2026:00:54:11 +0000] "GET /149605791.shtml HTTP/1.1" 500 981 "-" "Mozilla/5.0 (compatible; Googlebot/2.1; +http://www.google.com/bot.html)"
66.249.66.3 - - [16/Jan/2026:00:55:08 +0000] "GET /300540039.shtml HTTP/1.1" 500 981 "-" "Mozilla/5.0 (compatible; Googlebot/2.1; +http://www.google.com/bot.html)"
40.77.167.235 - - [16/Jan/2026:00:56:46 +0000] "GET /264433626.shtml HTTP/2" 500 981 "-" "Mozilla/5.0 AppleWebKit/537.36 (KHTML, like Gecko; compatible; bingbot/2.0; +http://www.bing.com/bingbot.htm) Chrome/116.0.1938.76 Safari/537.36"
66.249.66.3 - - [16/Jan/2026:00:58:33 +0000] "GET /87930084.shtml HTTP/1.1" 500 981 "-" "Mozilla/5.0 (Linux; Android 6.0.1; Nexus 5X Build/MMB29P) AppleWebKit/537.36 (KHTML, like Gecko) Chrome/143.0.7499.192 Mobile Safari/537.36 (compatible; Googlebot/2.1; +http://www.google.com/bot.html)"
66.249.66.160 - - [16/Jan/2026:01:01:39 +0000] "GET /156939783.shtml HTTP/1.1" 500 981 "-" "Mozilla/5.0 (compatible; Googlebot/2.1; +http://www.google.com/bot.html)"
66.249.66.66 - - [16/Jan/2026:01:05:09 +0000] "GET /244088769.shtml HTTP/1.1" 500 981 "-" "Mozilla/5.0 (compatible; Googlebot/2.1; +http://www.google.com/bot.html)"
66.249.66.36 - - [16/Jan/2026:01:05:36 +0000] "GET /4517469.shtml HTTP/1.1" 500 981 "-" "Mozilla/5.0 (compatible; Googlebot/2.1; +http://www.google.com/bot.html)"
66.249.66.2 - - [16/Jan/2026:01:06:48 +0000] "GET /282623196.shtml HTTP/1.1" 500 981 "-" "Mozilla/5.0 (Linux; Android 6.0.1; Nexus 5X Build/MMB29P) AppleWebKit/537.36 (KHTML, like Gecko) Chrome/143.0.7499.192 Mobile Safari/537.36 (compatible; Googlebot/2.1; +http://www.google.com/bot.html)"
52.167.144.158 - - [16/Jan/2026:01:09:15 +0000] "GET /17757882.shtml HTTP/2" 500 981 "-" "Mozilla/5.0 AppleWebKit/537.36 (KHTML, like Gecko; compatible; bingbot/2.0; +http://www.bing.com/bingbot.htm) Chrome/116.0.1938.76 Safari/537.36"
66.249.66.65 - - [16/Jan/2026:01:09:38 +0000] "GET /71661369.shtml HTTP/1.1" 500 981 "-" "Mozilla/5.0 (Linux; Android 6.0.1; Nexus 5X Build/MMB29P) AppleWebKit/537.36 (KHTML, like Gecko) Chrome/143.0.7499.192 Mobile Safari/537.36 (compatible; Googlebot/2.1; +http://www.google.com/bot.html)"
66.249.66.194 - - [16/Jan/2026:01:10:37 +0000] "GET /285786363.shtml HTTP/1.1" 500 981 "-" "Mozilla/5.0 (Linux; Android 6.0.1; Nexus 5X Build/MMB29P) AppleWebKit/537.36 (KHTML, like Gecko) Chrome/143.0.7499.192 Mobile Safari/537.36 (compatible; Googlebot/2.1; +http://www.google.com/bot.html)"
66.249.66.37 - - [16/Jan/2026:01:10:37 +0000] "GET /285786363.shtml HTTP/1.1" 500 981 "-" "Mozilla/5.0 (compatible; Googlebot/2.1; +http://www.google.com/bot.html)"
47.82.11.75 - - [16/Jan/2026:01:11:03 +0000] "GET /172982169.shtml HTTP/1.1" 500 981 "https://km104.com/" "Mozilla/5.0 (Windows NT 10.0; Win64; x64) AppleWebKit/537.36 (KHTML, like Gecko) Chrome/135.0.0.0 Safari/537.36"
47.82.11.47 - - [16/Jan/2026:01:11:49 +0000] "GET /65060532.shtml HTTP/1.1" 500 981 "https://km104.com/" "Mozilla/5.0 (Macintosh; Intel Mac OS X 10_15_7) AppleWebKit/605.1.15 (KHTML, like Gecko) Version/18.3 Safari/605.1.15"
66.249.66.1 - - [16/Jan/2026:01:11:50 +0000] "GET /156939783.shtml HTTP/1.1" 500 981 "-" "Mozilla/5.0 (Linux; Android 6.0.1; Nexus 5X Build/MMB29P) AppleWebKit/537.36 (KHTML, like Gecko) Chrome/143.0.7499.192 Mobile Safari/537.36 (compatible; Googlebot/2.1; +http://www.google.com/bot.html)"
66.249.66.36 - - [16/Jan/2026:01:11:50 +0000] "GET /156939783.shtml HTTP/1.1" 500 981 "-" "Mozilla/5.0 (compatible; Googlebot/2.1; +http://www.google.com/bot.html)"
190.92.109.145 - - [16/Jan/2026:01:12:00 +0000] "GET /251619342.shtml HTTP/1.1" 500 981 "https://km104.com/" "Mozilla/5.0 (Windows NT 10.0; Win64; x64) AppleWebKit/537.36 (KHTML, like Gecko) Chrome/135.0.0.0 Safari/537.36"
52.167.144.228 - - [16/Jan/2026:01:13:21 +0000] "GET /94929411.shtml HTTP/2" 500 981 "-" "Mozilla/5.0 AppleWebKit/537.36 (KHTML, like Gecko; compatible; bingbot/2.0; +http://www.bing.com/bingbot.htm) Chrome/116.0.1938.76 Safari/537.36"
52.167.144.228 - - [16/Jan/2026:01:13:23 +0000] "GET /285203280.shtml HTTP/2" 500 981 "-" "Mozilla/5.0 AppleWebKit/537.36 (KHTML, like Gecko; compatible; bingbot/2.0; +http://www.bing.com/bingbot.htm) Chrome/116.0.1938.76 Safari/537.36"
66.249.66.160 - - [16/Jan/2026:00:55:53 +0000] "GET /275970966.shtml HTTP/1.1" 500 981 "-" "Mozilla/5.0 (Linux; Android 6.0.1; Nexus 5X Build/MMB29P) AppleWebKit/537.36 (KHTML, like Gecko) Chrome/143.0.7499.192 Mobile Safari/537.36 (compatible; Googlebot/2.1; +http://www.google.com/bot.html)"
66.249.66.196 - - [16/Jan/2026:00:56:26 +0000] "GET /232547211.shtml HTTP/1.1" 500 981 "-" "Mozilla/5.0 (Linux; Android 6.0.1; Nexus 5X Build/MMB29P) AppleWebKit/537.36 (KHTML, like Gecko) Chrome/143.0.7499.192 Mobile Safari/537.36 (compatible; Googlebot/2.1; +http://www.google.com/bot.html)"
66.249.66.3 - - [16/Jan/2026:00:57:36 +0000] "GET /61079073.shtml HTTP/1.1" 500 981 "-" "Mozilla/5.0 (compatible; Googlebot/2.1; +http://www.google.com/bot.html)"
40.77.167.154 - - [16/Jan/2026:00:58:22 +0000] "GET /189582996.shtml HTTP/2" 500 981 "-" "Mozilla/5.0 AppleWebKit/537.36 (KHTML, like Gecko; compatible; bingbot/2.0; +http://www.bing.com/bingbot.htm) Chrome/116.0.1938.76 Safari/537.36"
66.249.66.1 - - [16/Jan/2026:00:58:32 +0000] "GET /87930084.shtml HTTP/1.1" 500 981 "-" "Mozilla/5.0 (compatible; Googlebot/2.1; +http://www.google.com/bot.html)"
66.249.66.161 - - [16/Jan/2026:00:58:56 +0000] "GET /292707768.shtml HTTP/1.1" 500 981 "-" "Mozilla/5.0 (compatible; Googlebot/2.1; +http://www.google.com/bot.html)"
66.249.66.162 - - [16/Jan/2026:01:01:14 +0000] "GET /52162443.shtml HTTP/1.1" 500 981 "-" "Mozilla/5.0 (Linux; Android 6.0.1; Nexus 5X Build/MMB29P) AppleWebKit/537.36 (KHTML, like Gecko) Chrome/143.0.7499.192 Mobile Safari/537.36 (compatible; Googlebot/2.1; +http://www.google.com/bot.html)"
66.249.66.36 - - [16/Jan/2026:01:01:38 +0000] "GET /156939783.shtml HTTP/1.1" 500 981 "-" "Mozilla/5.0 (Linux; Android 6.0.1; Nexus 5X Build/MMB29P) AppleWebKit/537.36 (KHTML, like Gecko) Chrome/143.0.7499.192 Mobile Safari/537.36 (compatible; Googlebot/2.1; +http://www.google.com/bot.html)"
66.249.66.160 - - [16/Jan/2026:01:05:13 +0000] "GET /300540039.shtml HTTP/1.1" 500 981 "-" "Mozilla/5.0 (compatible; Googlebot/2.1; +http://www.google.com/bot.html)"
66.249.66.2 - - [16/Jan/2026:01:05:20 +0000] "GET /65175195.shtml HTTP/1.1" 500 981 "-" "Mozilla/5.0 (compatible; Googlebot/2.1; +http://www.google.com/bot.html)"
66.249.66.36 - - [16/Jan/2026:01:06:25 +0000] "GET /232547211.shtml HTTP/1.1" 500 981 "-" "Mozilla/5.0 (Linux; Android 6.0.1; Nexus 5X Build/MMB29P) AppleWebKit/537.36 (KHTML, like Gecko) Chrome/143.0.7499.192 Mobile Safari/537.36 (compatible; Googlebot/2.1; +http://www.google.com/bot.html)"
66.249.66.162 - - [16/Jan/2026:01:08:30 +0000] "GET /79890354.shtml HTTP/1.1" 500 981 "-" "Mozilla/5.0 (compatible; Googlebot/2.1; +http://www.google.com/bot.html)"
191.40.100.232 - - [16/Jan/2026:01:12:20 +0000] "GET /161478684.shtml HTTP/1.1" 500 981 "https://km104.com/" "Mozilla/5.0 (Windows NT 10.0; Win64; x64) AppleWebKit/537.36 (KHTML, like Gecko) Chrome/135.0.0.0 Safari/537.36 Edg/135.0.0.0"
66.249.66.64 - - [16/Jan/2026:01:14:02 +0000] "GET /67307172.shtml HTTP/1.1" 500 981 "-" "Mozilla/5.0 (Linux; Android 6.0.1; Nexus 5X Build/MMB29P) AppleWebKit/537.36 (KHTML, like Gecko) Chrome/143.0.7499.192 Mobile Safari/537.36 (compatible; Googlebot/2.1; +http://www.google.com/bot.html)"
66.249.66.194 - - [16/Jan/2026:01:15:35 +0000] "GET /4517469.shtml HTTP/1.1" 500 981 "-" "Mozilla/5.0 (compatible; Googlebot/2.1; +http://www.google.com/bot.html)"
66.249.66.195 - - [16/Jan/2026:01:16:55 +0000] "GET /236253501.shtml HTTP/1.1" 500 981 "-" "Mozilla/5.0 (Linux; Android 6.0.1; Nexus 5X Build/MMB29P) AppleWebKit/537.36 (KHTML, like Gecko) Chrome/143.0.7499.192 Mobile Safari/537.36 (compatible; Googlebot/2.1; +http://www.google.com/bot.html)"
66.249.66.196 - - [16/Jan/2026:01:18:58 +0000] "GET /139646427.shtml HTTP/1.1" 500 981 "-" "Mozilla/5.0 (compatible; Googlebot/2.1; +http://www.google.com/bot.html)"
66.249.66.64 - - [16/Jan/2026:01:13:39 +0000] "GET /12382818.shtml HTTP/1.1" 500 981 "-" "Mozilla/5.0 (Linux; Android 6.0.1; Nexus 5X Build/MMB29P) AppleWebKit/537.36 (KHTML, like Gecko) Chrome/143.0.7499.192 Mobile Safari/537.36 (compatible; Googlebot/2.1; +http://www.google.com/bot.html)"
66.249.66.160 - - [16/Jan/2026:01:14:15 +0000] "GET /62834205.shtml HTTP/1.1" 500 981 "-" "Mozilla/5.0 (Linux; Android 6.0.1; Nexus 5X Build/MMB29P) AppleWebKit/537.36 (KHTML, like Gecko) Chrome/143.0.7499.192 Mobile Safari/537.36 (compatible; Googlebot/2.1; +http://www.google.com/bot.html)"
66.249.66.65 - - [16/Jan/2026:01:15:19 +0000] "GET /65175195.shtml HTTP/1.1" 500 981 "-" "Mozilla/5.0 (compatible; Googlebot/2.1; +http://www.google.com/bot.html)"
66.249.66.3 - - [16/Jan/2026:01:16:55 +0000] "GET /236253501.shtml HTTP/1.1" 500 981 "-" "Mozilla/5.0 (compatible; Googlebot/2.1; +http://www.google.com/bot.html)"
40.77.167.63 - - [16/Jan/2026:01:19:59 +0000] "GET /111271941.shtml HTTP/2" 500 981 "-" "Mozilla/5.0 AppleWebKit/537.36 (KHTML, like Gecko; compatible; bingbot/2.0; +http://www.bing.com/bingbot.htm) Chrome/116.0.1938.76 Safari/537.36"
66.249.66.65 - - [16/Jan/2026:01:20:36 +0000] "GET /285786363.shtml HTTP/1.1" 500 981 "-" "Mozilla/5.0 (compatible; Googlebot/2.1; +http://www.google.com/bot.html)"
66.249.66.160 - - [16/Jan/2026:01:20:36 +0000] "GET /285786363.shtml HTTP/1.1" 500 981 "-" "Mozilla/5.0 (Linux; Android 6.0.1; Nexus 5X Build/MMB29P) AppleWebKit/537.36 (KHTML, like Gecko) Chrome/143.0.7499.192 Mobile Safari/537.36 (compatible; Googlebot/2.1; +http://www.google.com/bot.html)"
66.249.66.38 - - [16/Jan/2026:01:21:17 +0000] "GET /212271396.shtml HTTP/1.1" 500 981 "-" "Mozilla/5.0 (Linux; Android 6.0.1; Nexus 5X Build/MMB29P) AppleWebKit/537.36 (KHTML, like Gecko) Chrome/143.0.7499.192 Mobile Safari/537.36 (compatible; Googlebot/2.1; +http://www.google.com/bot.html)"
66.249.66.162 - - [16/Jan/2026:01:22:24 +0000] "GET /22218195.shtml HTTP/1.1" 500 981 "-" "Mozilla/5.0 (Linux; Android 6.0.1; Nexus 5X Build/MMB29P) AppleWebKit/537.36 (KHTML, like Gecko) Chrome/143.0.7499.192 Mobile Safari/537.36 (compatible; Googlebot/2.1; +http://www.google.com/bot.html)"
66.249.66.64 - - [16/Jan/2026:01:23:06 +0000] "GET /297215922.shtml HTTP/1.1" 500 981 "-" "Mozilla/5.0 (Linux; Android 6.0.1; Nexus 5X Build/MMB29P) AppleWebKit/537.36 (KHTML, like Gecko) Chrome/143.0.7499.192 Mobile Safari/537.36 (compatible; Googlebot/2.1; +http://www.google.com/bot.html)"
66.249.66.3 - - [16/Jan/2026:01:23:09 +0000] "GET /compare/ HTTP/1.1" 500 981 "-" "Mozilla/5.0 (Linux; Android 6.0.1; Nexus 5X Build/MMB29P) AppleWebKit/537.36 (KHTML, like Gecko) Chrome/143.0.7499.192 Mobile Safari/537.36 (compatible; Googlebot/2.1; +http://www.google.com/bot.html)"
66.249.66.36 - - [16/Jan/2026:01:26:55 +0000] "GET /236253501.shtml HTTP/1.1" 500 981 "-" "Mozilla/5.0 (compatible; Googlebot/2.1; +http://www.google.com/bot.html)"
66.249.66.160 - - [16/Jan/2026:01:27:10 +0000] "GET /304883358.shtml HTTP/1.1" 500 981 "-" "Mozilla/5.0 (Linux; Android 6.0.1; Nexus 5X Build/MMB29P) AppleWebKit/537.36 (KHTML, like Gecko) Chrome/143.0.7499.192 Mobile Safari/537.36 (compatible; Googlebot/2.1; +http://www.google.com/bot.html)"
66.249.66.36 - - [16/Jan/2026:01:29:16 +0000] "GET /150283779.shtml HTTP/1.1" 500 981 "-" "Mozilla/5.0 (Linux; Android 6.0.1; Nexus 5X Build/MMB29P) AppleWebKit/537.36 (KHTML, like Gecko) Chrome/143.0.7499.192 Mobile Safari/537.36 (compatible; Googlebot/2.1; +http://www.google.com/bot.html)"
85.208.96.212 - - [16/Jan/2026:01:35:49 +0000] "GET /lp-term-conditions-2/ HTTP/1.1" 500 277 "-" "Mozilla/5.0 (compatible; SemrushBot/7~bl; +http://www.semrush.com/bot.html)"
66.249.66.65 - - [16/Jan/2026:01:35:53 +0000] "GET /218250189.shtml HTTP/1.1" 500 981 "-" "Mozilla/5.0 (Linux; Android 6.0.1; Nexus 5X Build/MMB29P) AppleWebKit/537.36 (KHTML, like Gecko) Chrome/143.0.7499.192 Mobile Safari/537.36 (compatible; Googlebot/2.1; +http://www.google.com/bot.html)"
66.249.66.37 - - [16/Jan/2026:01:20:39 +0000] "GET /138792393.shtml HTTP/1.1" 500 981 "-" "Mozilla/5.0 (Linux; Android 6.0.1; Nexus 5X Build/MMB29P) AppleWebKit/537.36 (KHTML, like Gecko) Chrome/143.0.7499.192 Mobile Safari/537.36 (compatible; Googlebot/2.1; +http://www.google.com/bot.html)"
66.249.66.161 - - [16/Jan/2026:01:20:57 +0000] "GET /93589863.shtml HTTP/1.1" 500 981 "-" "Mozilla/5.0 (Linux; Android 6.0.1; Nexus 5X Build/MMB29P) AppleWebKit/537.36 (KHTML, like Gecko) Chrome/143.0.7499.192 Mobile Safari/537.36 (compatible; Googlebot/2.1; +http://www.google.com/bot.html)"
66.249.66.37 - - [16/Jan/2026:01:20:58 +0000] "GET /93589863.shtml HTTP/1.1" 500 981 "-" "Mozilla/5.0 (compatible; Googlebot/2.1; +http://www.google.com/bot.html)"
186.167.81.149 - - [16/Jan/2026:01:21:21 +0000] "GET /231910959.shtml HTTP/1.1" 500 981 "https://km104.com/" "Mozilla/5.0 (Windows NT 10.0; Win64; x64) AppleWebKit/537.36 (KHTML, like Gecko) Chrome/135.0.0.0 Safari/537.36"
66.249.66.160 - - [16/Jan/2026:01:25:44 +0000] "GET /245714031.shtml HTTP/1.1" 500 981 "-" "Mozilla/5.0 (compatible; Googlebot/2.1; +http://www.google.com/bot.html)"
66.249.66.38 - - [16/Jan/2026:01:28:46 +0000] "GET /253410549.shtml HTTP/1.1" 500 981 "-" "Mozilla/5.0 (Linux; Android 6.0.1; Nexus 5X Build/MMB29P) AppleWebKit/537.36 (KHTML, like Gecko) Chrome/143.0.7499.192 Mobile Safari/537.36 (compatible; Googlebot/2.1; +http://www.google.com/bot.html)"
66.249.66.38 - - [16/Jan/2026:01:31:05 +0000] "GET /74271978.shtml HTTP/1.1" 500 981 "-" "Mozilla/5.0 (compatible; Googlebot/2.1; +http://www.google.com/bot.html)"
66.249.66.3 - - [16/Jan/2026:01:32:48 +0000] "GET /313262970.shtml HTTP/1.1" 500 981 "-" "Mozilla/5.0 (Linux; Android 6.0.1; Nexus 5X Build/MMB29P) AppleWebKit/537.36 (KHTML, like Gecko) Chrome/143.0.7499.192 Mobile Safari/537.36 (compatible; Googlebot/2.1; +http://www.google.com/bot.html)"
66.249.66.1 - - [16/Jan/2026:01:33:24 +0000] "GET /327065043.shtml HTTP/1.1" 500 981 "-" "Mozilla/5.0 (compatible; Googlebot/2.1; +http://www.google.com/bot.html)"
66.249.66.195 - - [16/Jan/2026:01:33:49 +0000] "GET /90540138.shtml HTTP/1.1" 500 981 "-" "Mozilla/5.0 (compatible; Googlebot/2.1; +http://www.google.com/bot.html)"
66.249.66.1 - - [16/Jan/2026:01:33:50 +0000] "GET /90540138.shtml HTTP/1.1" 500 981 "-" "Mozilla/5.0 (Linux; Android 6.0.1; Nexus 5X Build/MMB29P) AppleWebKit/537.36 (KHTML, like Gecko) Chrome/143.0.7499.192 Mobile Safari/537.36 (compatible; Googlebot/2.1; +http://www.google.com/bot.html)"
66.249.66.2 - - [16/Jan/2026:01:33:51 +0000] "GET /15150936.shtml HTTP/1.1" 500 981 "-" "Mozilla/5.0 (Linux; Android 6.0.1; Nexus 5X Build/MMB29P) AppleWebKit/537.36 (KHTML, like Gecko) Chrome/143.0.7499.192 Mobile Safari/537.36 (compatible; Googlebot/2.1; +http://www.google.com/bot.html)"
66.249.66.1 - - [16/Jan/2026:01:33:57 +0000] "GET /32019717.shtml HTTP/1.1" 500 981 "-" "Mozilla/5.0 (Linux; Android 6.0.1; Nexus 5X Build/MMB29P) AppleWebKit/537.36 (KHTML, like Gecko) Chrome/143.0.7499.192 Mobile Safari/537.36 (compatible; Googlebot/2.1; +http://www.google.com/bot.html)"
66.249.66.160 - - [16/Jan/2026:01:34:05 +0000] "GET /130043151.shtml HTTP/1.1" 500 981 "-" "Mozilla/5.0 (compatible; Googlebot/2.1; +http://www.google.com/bot.html)"
85.208.96.211 - - [16/Jan/2026:01:35:49 +0000] "GET /robots.txt HTTP/1.1" 200 142 "-" "Mozilla/5.0 (compatible; SemrushBot/7~bl; +http://www.semrush.com/bot.html)"
66.249.66.2 - - [16/Jan/2026:01:40:24 +0000] "GET /72051534.shtml HTTP/1.1" 500 981 "-" "Mozilla/5.0 (compatible; Googlebot/2.1; +http://www.google.com/bot.html)"
40.77.167.70 - - [16/Jan/2026:01:41:21 +0000] "GET /202425030.shtml HTTP/2" 500 981 "-" "Mozilla/5.0 AppleWebKit/537.36 (KHTML, like Gecko; compatible; bingbot/2.0; +http://www.bing.com/bingbot.htm) Chrome/116.0.1938.76 Safari/537.36"
40.77.167.70 - - [16/Jan/2026:01:41:59 +0000] "GET /84568005.shtml HTTP/2" 500 981 "-" "Mozilla/5.0 AppleWebKit/537.36 (KHTML, like Gecko; compatible; bingbot/2.0; +http://www.bing.com/bingbot.htm) Chrome/116.0.1938.76 Safari/537.36"
66.249.66.66 - - [16/Jan/2026:01:39:02 +0000] "GET /83473212.shtml HTTP/1.1" 500 981 "-" "Mozilla/5.0 (compatible; Googlebot/2.1; +http://www.google.com/bot.html)"
52.167.144.23 - - [16/Jan/2026:01:39:39 +0000] "GET /74792235.shtml HTTP/2" 500 981 "-" "Mozilla/5.0 AppleWebKit/537.36 (KHTML, like Gecko; compatible; bingbot/2.0; +http://www.bing.com/bingbot.htm) Chrome/116.0.1938.76 Safari/537.36"
91.242.72.24 - - [16/Jan/2026:01:40:06 +0000] "GET / HTTP/2" 500 981 "-" "Mozilla/5.0 (Windows NT 10.0; Win64; x64; rv:109.0) Gecko/20100101 Firefox/115.0"
91.242.72.24 - - [16/Jan/2026:01:40:06 +0000] "GET /favicon.ico HTTP/2" 404 1251 "https://km104.com/" "Mozilla/5.0 (Windows NT 10.0; Win64; x64; rv:109.0) Gecko/20100101 Firefox/115.0"
66.249.66.38 - - [16/Jan/2026:01:42:19 +0000] "GET /250247937.shtml HTTP/1.1" 500 981 "-" "Mozilla/5.0 (Linux; Android 6.0.1; Nexus 5X Build/MMB29P) AppleWebKit/537.36 (KHTML, like Gecko) Chrome/143.0.7499.192 Mobile Safari/537.36 (compatible; Googlebot/2.1; +http://www.google.com/bot.html)"
66.249.66.65 - - [16/Jan/2026:01:43:57 +0000] "GET /32019717.shtml HTTP/1.1" 500 981 "-" "Mozilla/5.0 (Linux; Android 6.0.1; Nexus 5X Build/MMB29P) AppleWebKit/537.36 (KHTML, like Gecko) Chrome/143.0.7499.192 Mobile Safari/537.36 (compatible; Googlebot/2.1; +http://www.google.com/bot.html)"
66.249.66.160 - - [16/Jan/2026:01:45:53 +0000] "GET /87604077.shtml HTTP/1.1" 500 981 "-" "Mozilla/5.0 (compatible; Googlebot/2.1; +http://www.google.com/bot.html)"
66.249.66.65 - - [16/Jan/2026:01:49:38 +0000] "GET /101366412.shtml HTTP/1.1" 500 981 "-" "Mozilla/5.0 (compatible; Googlebot/2.1; +http://www.google.com/bot.html)"
66.249.66.160 - - [16/Jan/2026:01:49:38 +0000] "GET /101366412.shtml HTTP/1.1" 500 981 "-" "Mozilla/5.0 (Linux; Android 6.0.1; Nexus 5X Build/MMB29P) AppleWebKit/537.36 (KHTML, like Gecko) Chrome/143.0.7499.192 Mobile Safari/537.36 (compatible; Googlebot/2.1; +http://www.google.com/bot.html)"
66.249.66.2 - - [16/Jan/2026:01:49:44 +0000] "GET /52563597.shtml HTTP/1.1" 500 981 "-" "Mozilla/5.0 (compatible; Googlebot/2.1; +http://www.google.com/bot.html)"
40.77.167.77 - - [16/Jan/2026:01:50:04 +0000] "GET /214574535.shtml HTTP/2" 500 981 "-" "Mozilla/5.0 AppleWebKit/537.36 (KHTML, like Gecko; compatible; bingbot/2.0; +http://www.bing.com/bingbot.htm) Chrome/116.0.1938.76 Safari/537.36"
66.249.66.162 - - [16/Jan/2026:01:50:26 +0000] "GET /96943617.shtml HTTP/1.1" 500 981 "-" "Mozilla/5.0 (Linux; Android 6.0.1; Nexus 5X Build/MMB29P) AppleWebKit/537.36 (KHTML, like Gecko) Chrome/143.0.7499.192 Mobile Safari/537.36 (compatible; Googlebot/2.1; +http://www.google.com/bot.html)"
40.77.167.77 - - [16/Jan/2026:01:52:24 +0000] "GET /155346267.shtml HTTP/2" 500 981 "-" "Mozilla/5.0 AppleWebKit/537.36 (KHTML, like Gecko; compatible; bingbot/2.0; +http://www.bing.com/bingbot.htm) Chrome/116.0.1938.76 Safari/537.36"
66.249.66.3 - - [16/Jan/2026:01:52:49 +0000] "GET /294315714.shtml HTTP/1.1" 500 981 "-" "Mozilla/5.0 (Linux; Android 6.0.1; Nexus 5X Build/MMB29P) AppleWebKit/537.36 (KHTML, like Gecko) Chrome/143.0.7499.192 Mobile Safari/537.36 (compatible; Googlebot/2.1; +http://www.google.com/bot.html)"
66.249.66.65 - - [16/Jan/2026:01:53:01 +0000] "GET /3809622.shtml HTTP/1.1" 500 981 "-" "Mozilla/5.0 (Linux; Android 6.0.1; Nexus 5X Build/MMB29P) AppleWebKit/537.36 (KHTML, like Gecko) Chrome/143.0.7499.192 Mobile Safari/537.36 (compatible; Googlebot/2.1; +http://www.google.com/bot.html)"
66.249.66.37 - - [16/Jan/2026:01:55:20 +0000] "GET /269982849.shtml HTTP/1.1" 500 981 "-" "Mozilla/5.0 (Linux; Android 6.0.1; Nexus 5X Build/MMB29P) AppleWebKit/537.36 (KHTML, like Gecko) Chrome/143.0.7499.192 Mobile Safari/537.36 (compatible; Googlebot/2.1; +http://www.google.com/bot.html)"
40.77.167.23 - - [16/Jan/2026:01:42:51 +0000] "GET /142270800.shtml HTTP/2" 500 981 "-" "Mozilla/5.0 AppleWebKit/537.36 (KHTML, like Gecko; compatible; bingbot/2.0; +http://www.bing.com/bingbot.htm) Chrome/116.0.1938.76 Safari/537.36"
66.249.66.160 - - [16/Jan/2026:01:43:47 +0000] "GET /90540138.shtml HTTP/1.1" 500 981 "-" "Mozilla/5.0 (compatible; Googlebot/2.1; +http://www.google.com/bot.html)"
66.249.66.64 - - [16/Jan/2026:01:43:59 +0000] "GET /59613651.shtml HTTP/1.1" 500 981 "-" "Mozilla/5.0 (Linux; Android 6.0.1; Nexus 5X Build/MMB29P) AppleWebKit/537.36 (KHTML, like Gecko) Chrome/143.0.7499.192 Mobile Safari/537.36 (compatible; Googlebot/2.1; +http://www.google.com/bot.html)"
66.249.66.38 - - [16/Jan/2026:01:47:17 +0000] "GET /66490434.shtml HTTP/1.1" 500 981 "-" "Mozilla/5.0 (Linux; Android 6.0.1; Nexus 5X Build/MMB29P) AppleWebKit/537.36 (KHTML, like Gecko) Chrome/143.0.7499.192 Mobile Safari/537.36 (compatible; Googlebot/2.1; +http://www.google.com/bot.html)"
66.249.66.38 - - [16/Jan/2026:01:52:51 +0000] "GET /29846115.shtml HTTP/1.1" 500 981 "-" "Mozilla/5.0 (compatible; Googlebot/2.1; +http://www.google.com/bot.html)"
66.249.66.195 - - [16/Jan/2026:01:53:01 +0000] "GET /3809622.shtml HTTP/1.1" 500 981 "-" "Mozilla/5.0 (compatible; Googlebot/2.1; +http://www.google.com/bot.html)"
40.77.167.23 - - [16/Jan/2026:01:53:21 +0000] "GET /3449649.shtml HTTP/2" 500 981 "-" "Mozilla/5.0 AppleWebKit/537.36 (KHTML, like Gecko; compatible; bingbot/2.0; +http://www.bing.com/bingbot.htm) Chrome/116.0.1938.76 Safari/537.36"
66.249.66.37 - - [16/Jan/2026:01:55:53 +0000] "GET /87604077.shtml HTTP/1.1" 500 981 "-" "Mozilla/5.0 (compatible; Googlebot/2.1; +http://www.google.com/bot.html)"
66.249.66.38 - - [16/Jan/2026:01:57:02 +0000] "GET /224004096.shtml HTTP/1.1" 500 981 "-" "Mozilla/5.0 (Linux; Android 6.0.1; Nexus 5X Build/MMB29P) AppleWebKit/537.36 (KHTML, like Gecko) Chrome/143.0.7499.192 Mobile Safari/537.36 (compatible; Googlebot/2.1; +http://www.google.com/bot.html)"
66.249.66.65 - - [16/Jan/2026:01:57:08 +0000] "GET /39330177.shtml HTTP/1.1" 500 981 "-" "Mozilla/5.0 (Linux; Android 6.0.1; Nexus 5X Build/MMB29P) AppleWebKit/537.36 (KHTML, like Gecko) Chrome/143.0.7499.192 Mobile Safari/537.36 (compatible; Googlebot/2.1; +http://www.google.com/bot.html)"
66.249.66.161 - - [16/Jan/2026:01:58:26 +0000] "GET /154882065.shtml HTTP/1.1" 500 981 "-" "Mozilla/5.0 (Linux; Android 6.0.1; Nexus 5X Build/MMB29P) AppleWebKit/537.36 (KHTML, like Gecko) Chrome/143.0.7499.192 Mobile Safari/537.36 (compatible; Googlebot/2.1; +http://www.google.com/bot.html)"
66.249.66.37 - - [16/Jan/2026:01:58:29 +0000] "GET /51343929.shtml HTTP/1.1" 500 981 "-" "Mozilla/5.0 (Linux; Android 6.0.1; Nexus 5X Build/MMB29P) AppleWebKit/537.36 (KHTML, like Gecko) Chrome/143.0.7499.192 Mobile Safari/537.36 (compatible; Googlebot/2.1; +http://www.google.com/bot.html)"
66.249.66.195 - - [16/Jan/2026:02:01:44 +0000] "GET /search/ HTTP/1.1" 500 981 "-" "Mozilla/5.0 (Linux; Android 6.0.1; Nexus 5X Build/MMB29P) AppleWebKit/537.36 (KHTML, like Gecko) Chrome/143.0.7499.192 Mobile Safari/537.36 (compatible; Googlebot/2.1; +http://www.google.com/bot.html)"
66.249.66.65 - - [16/Jan/2026:02:02:30 +0000] "GET /257989521.shtml HTTP/1.1" 500 981 "-" "Mozilla/5.0 (compatible; Googlebot/2.1; +http://www.google.com/bot.html)"
66.249.66.1 - - [16/Jan/2026:02:02:50 +0000] "GET /29846115.shtml HTTP/1.1" 500 981 "-" "Mozilla/5.0 (compatible; Googlebot/2.1; +http://www.google.com/bot.html)"
66.249.66.1 - - [16/Jan/2026:02:02:52 +0000] "GET /196996575.shtml HTTP/1.1" 500 981 "-" "Mozilla/5.0 (compatible; Googlebot/2.1; +http://www.google.com/bot.html)"
66.249.66.194 - - [16/Jan/2026:02:03:34 +0000] "GET /97832394.shtml HTTP/1.1" 500 981 "-" "Mozilla/5.0 (compatible; Googlebot/2.1; +http://www.google.com/bot.html)"
66.249.66.37 - - [16/Jan/2026:02:03:44 +0000] "GET /28697043.shtml HTTP/1.1" 500 981 "-" "Mozilla/5.0 (Linux; Android 6.0.1; Nexus 5X Build/MMB29P) AppleWebKit/537.36 (KHTML, like Gecko) Chrome/143.0.7499.192 Mobile Safari/537.36 (compatible; Googlebot/2.1; +http://www.google.com/bot.html)"
66.249.66.161 - - [16/Jan/2026:02:06:15 +0000] "GET /231307341.shtml HTTP/1.1" 500 981 "-" "Mozilla/5.0 (Linux; Android 6.0.1; Nexus 5X Build/MMB29P) AppleWebKit/537.36 (KHTML, like Gecko) Chrome/143.0.7499.192 Mobile Safari/537.36 (compatible; Googlebot/2.1; +http://www.google.com/bot.html)"
40.77.167.27 - - [16/Jan/2026:02:08:52 +0000] "GET /273918798.shtml HTTP/2" 500 981 "-" "Mozilla/5.0 AppleWebKit/537.36 (KHTML, like Gecko; compatible; bingbot/2.0; +http://www.bing.com/bingbot.htm) Chrome/116.0.1938.76 Safari/537.36"
52.167.144.219 - - [16/Jan/2026:02:10:57 +0000] "GET /24277134.shtml HTTP/2" 500 981 "-" "Mozilla/5.0 AppleWebKit/537.36 (KHTML, like Gecko; compatible; bingbot/2.0; +http://www.bing.com/bingbot.htm) Chrome/116.0.1938.76 Safari/537.36"
66.249.66.37 - - [16/Jan/2026:02:13:13 +0000] "GET /155959875.shtml HTTP/1.1" 500 981 "-" "Mozilla/5.0 (compatible; Googlebot/2.1; +http://www.google.com/bot.html)"
66.249.66.161 - - [16/Jan/2026:02:15:06 +0000] "GET /291675135.shtml HTTP/1.1" 500 981 "-" "Mozilla/5.0 (Linux; Android 6.0.1; Nexus 5X Build/MMB29P) AppleWebKit/537.36 (KHTML, like Gecko) Chrome/143.0.7499.192 Mobile Safari/537.36 (compatible; Googlebot/2.1; +http://www.google.com/bot.html)"
52.167.144.225 - - [16/Jan/2026:02:20:04 +0000] "GET /309894231.shtml HTTP/2" 500 981 "-" "Mozilla/5.0 AppleWebKit/537.36 (KHTML, like Gecko; compatible; bingbot/2.0; +http://www.bing.com/bingbot.htm) Chrome/116.0.1938.76 Safari/537.36"
66.249.66.64 - - [16/Jan/2026:01:57:28 +0000] "GET /146498235.shtml HTTP/1.1" 500 981 "-" "Mozilla/5.0 (compatible; Googlebot/2.1; +http://www.google.com/bot.html)"
66.249.66.37 - - [16/Jan/2026:02:00:27 +0000] "GET /96943617.shtml HTTP/1.1" 500 981 "-" "Mozilla/5.0 (Linux; Android 6.0.1; Nexus 5X Build/MMB29P) AppleWebKit/537.36 (KHTML, like Gecko) Chrome/143.0.7499.192 Mobile Safari/537.36 (compatible; Googlebot/2.1; +http://www.google.com/bot.html)"
66.249.66.160 - - [16/Jan/2026:02:01:29 +0000] "GET /19982433.shtml HTTP/1.1" 500 981 "-" "Mozilla/5.0 (compatible; Googlebot/2.1; +http://www.google.com/bot.html)"
178.254.50.206 - - [16/Jan/2026:02:01:34 +0000] "POST /wp-login.php HTTP/1.1" 500 1148 "-" "Mozilla/5.0 (Windows NT 10.0; Win64; x64; rv:69.0) Gecko/20100101 Firefox/69.0"
66.249.66.195 - - [16/Jan/2026:02:03:33 +0000] "GET /97832394.shtml HTTP/1.1" 500 981 "-" "Mozilla/5.0 (Linux; Android 6.0.1; Nexus 5X Build/MMB29P) AppleWebKit/537.36 (KHTML, like Gecko) Chrome/143.0.7499.192 Mobile Safari/537.36 (compatible; Googlebot/2.1; +http://www.google.com/bot.html)"
66.249.66.36 - - [16/Jan/2026:02:03:55 +0000] "GET /136602585.shtml HTTP/1.1" 500 981 "-" "Mozilla/5.0 (compatible; Googlebot/2.1; +http://www.google.com/bot.html)"
40.77.167.19 - - [16/Jan/2026:02:07:34 +0000] "GET /ctg/search/similarImageSearchResultView/?ctgItemCd=43610717 HTTP/2" 500 981 "-" "Mozilla/5.0 AppleWebKit/537.36 (KHTML, like Gecko; compatible; bingbot/2.0; +http://www.bing.com/bingbot.htm) Chrome/116.0.1938.76 Safari/537.36"
66.249.66.195 - - [16/Jan/2026:02:09:56 +0000] "GET /202991574.shtml HTTP/1.1" 500 981 "-" "Mozilla/5.0 (Linux; Android 6.0.1; Nexus 5X Build/MMB29P) AppleWebKit/537.36 (KHTML, like Gecko) Chrome/143.0.7499.192 Mobile Safari/537.36 (compatible; Googlebot/2.1; +http://www.google.com/bot.html)"
47.82.11.92 - - [16/Jan/2026:02:11:14 +0000] "GET /221064039.shtml HTTP/1.1" 500 981 "https://km104.com/" "Mozilla/5.0 (Macintosh; Intel Mac OS X 10_15_7) AppleWebKit/605.1.15 (KHTML, like Gecko) Version/18.3.1 Mobile/15E148 Safari/604.1"
66.249.66.1 - - [16/Jan/2026:02:11:29 +0000] "GET /298165527.shtml HTTP/1.1" 500 981 "-" "Mozilla/5.0 (Linux; Android 6.0.1; Nexus 5X Build/MMB29P) AppleWebKit/537.36 (KHTML, like Gecko) Chrome/143.0.7499.192 Mobile Safari/537.36 (compatible; Googlebot/2.1; +http://www.google.com/bot.html)"
66.249.66.66 - - [16/Jan/2026:02:12:01 +0000] "GET /181241568.shtml HTTP/1.1" 500 981 "-" "Mozilla/5.0 (Linux; Android 6.0.1; Nexus 5X Build/MMB29P) AppleWebKit/537.36 (KHTML, like Gecko) Chrome/143.0.7499.192 Mobile Safari/537.36 (compatible; Googlebot/2.1; +http://www.google.com/bot.html)"
66.249.66.160 - - [16/Jan/2026:02:12:52 +0000] "GET /196996575.shtml HTTP/1.1" 500 981 "-" "Mozilla/5.0 (compatible; Googlebot/2.1; +http://www.google.com/bot.html)"
66.249.66.2 - - [16/Jan/2026:02:14:58 +0000] "GET /34331070.shtml HTTP/1.1" 500 981 "-" "Mozilla/5.0 (Linux; Android 6.0.1; Nexus 5X Build/MMB29P) AppleWebKit/537.36 (KHTML, like Gecko) Chrome/143.0.7499.192 Mobile Safari/537.36 (compatible; Googlebot/2.1; +http://www.google.com/bot.html)"
66.249.66.2 - - [16/Jan/2026:02:15:12 +0000] "GET /102481629.shtml HTTP/1.1" 500 981 "-" "Mozilla/5.0 (Linux; Android 6.0.1; Nexus 5X Build/MMB29P) AppleWebKit/537.36 (KHTML, like Gecko) Chrome/143.0.7499.192 Mobile Safari/537.36 (compatible; Googlebot/2.1; +http://www.google.com/bot.html)"
66.249.66.64 - - [16/Jan/2026:02:18:49 +0000] "GET /ctg/search/similarImageSearchResultView/?ctgItemCd=60625391 HTTP/1.1" 500 981 "-" "Mozilla/5.0 (Linux; Android 6.0.1; Nexus 5X Build/MMB29P) AppleWebKit/537.36 (KHTML, like Gecko) Chrome/143.0.7499.192 Mobile Safari/537.36 (compatible; Googlebot/2.1; +http://www.google.com/bot.html)"
66.249.66.161 - - [16/Jan/2026:02:20:38 +0000] "GET /272961645.shtml HTTP/1.1" 500 981 "-" "Mozilla/5.0 (Linux; Android 6.0.1; Nexus 5X Build/MMB29P) AppleWebKit/537.36 (KHTML, like Gecko) Chrome/143.0.7499.192 Mobile Safari/537.36 (compatible; Googlebot/2.1; +http://www.google.com/bot.html)"
66.249.66.36 - - [16/Jan/2026:02:20:42 +0000] "GET /207552786.shtml HTTP/1.1" 500 981 "-" "Mozilla/5.0 (Linux; Android 6.0.1; Nexus 5X Build/MMB29P) AppleWebKit/537.36 (KHTML, like Gecko) Chrome/143.0.7499.192 Mobile Safari/537.36 (compatible; Googlebot/2.1; +http://www.google.com/bot.html)"
66.249.66.195 - - [16/Jan/2026:02:23:13 +0000] "GET /155959875.shtml HTTP/1.1" 500 981 "-" "Mozilla/5.0 (compatible; Googlebot/2.1; +http://www.google.com/bot.html)"
66.249.66.36 - - [16/Jan/2026:02:23:18 +0000] "GET /139739001.shtml HTTP/1.1" 500 981 "-" "Mozilla/5.0 (Linux; Android 6.0.1; Nexus 5X Build/MMB29P) AppleWebKit/537.36 (KHTML, like Gecko) Chrome/143.0.7499.192 Mobile Safari/537.36 (compatible; Googlebot/2.1; +http://www.google.com/bot.html)"
66.249.66.194 - - [16/Jan/2026:02:23:31 +0000] "GET /19146825.shtml HTTP/1.1" 500 981 "-" "Mozilla/5.0 (Linux; Android 6.0.1; Nexus 5X Build/MMB29P) AppleWebKit/537.36 (KHTML, like Gecko) Chrome/143.0.7499.192 Mobile Safari/537.36 (compatible; Googlebot/2.1; +http://www.google.com/bot.html)"
154.208.43.162 - - [16/Jan/2026:02:24:25 +0000] "GET /109733259.shtml HTTP/1.1" 500 981 "https://km104.com/" "Mozilla/5.0 (Macintosh; Intel Mac OS X 10_15_7) AppleWebKit/537.36 (KHTML, like Gecko) Chrome/135.0.0.0 Safari/537.36"
52.167.144.225 - - [16/Jan/2026:02:25:04 +0000] "GET /259287999.shtml HTTP/2" 500 981 "-" "Mozilla/5.0 AppleWebKit/537.36 (KHTML, like Gecko; compatible; bingbot/2.0; +http://www.bing.com/bingbot.htm) Chrome/116.0.1938.76 Safari/537.36"
66.249.66.65 - - [16/Jan/2026:02:26:33 +0000] "GET /72881814.shtml HTTP/1.1" 500 981 "-" "Mozilla/5.0 (Linux; Android 6.0.1; Nexus 5X Build/MMB29P) AppleWebKit/537.36 (KHTML, like Gecko) Chrome/143.0.7499.192 Mobile Safari/537.36 (compatible; Googlebot/2.1; +http://www.google.com/bot.html)"
40.77.167.9 - - [16/Jan/2026:02:29:12 +0000] "GET /218342874.shtml HTTP/2" 500 981 "-" "Mozilla/5.0 AppleWebKit/537.36 (KHTML, like Gecko; compatible; bingbot/2.0; +http://www.bing.com/bingbot.htm) Chrome/116.0.1938.76 Safari/537.36"
208.115.236.10 - - [16/Jan/2026:02:30:00 +0000] "POST /wp-cron.php?doing_wp_cron=1768530600.3156790733337402343750 HTTP/1.1" 200 0 "-" "WordPress/6.6.1; https://km104.com"
52.167.144.167 - - [16/Jan/2026:02:31:15 +0000] "GET /284306511.shtml HTTP/2" 500 981 "-" "Mozilla/5.0 AppleWebKit/537.36 (KHTML, like Gecko; compatible; bingbot/2.0; +http://www.bing.com/bingbot.htm) Chrome/116.0.1938.76 Safari/537.36"
66.249.66.64 - - [16/Jan/2026:02:32:49 +0000] "GET /72528057.shtml HTTP/1.1" 500 981 "-" "Mozilla/5.0 (Linux; Android 6.0.1; Nexus 5X Build/MMB29P) AppleWebKit/537.36 (KHTML, like Gecko) Chrome/143.0.7499.192 Mobile Safari/537.36 (compatible; Googlebot/2.1; +http://www.google.com/bot.html)"
66.249.66.162 - - [16/Jan/2026:02:34:39 +0000] "GET /272989950.shtml HTTP/1.1" 500 981 "-" "Mozilla/5.0 (Linux; Android 6.0.1; Nexus 5X Build/MMB29P) AppleWebKit/537.36 (KHTML, like Gecko) Chrome/143.0.7499.192 Mobile Safari/537.36 (compatible; Googlebot/2.1; +http://www.google.com/bot.html)"
66.249.66.64 - - [16/Jan/2026:02:34:53 +0000] "GET /84855384.shtml HTTP/1.1" 500 981 "-" "Mozilla/5.0 (compatible; Googlebot/2.1; +http://www.google.com/bot.html)"
66.249.66.66 - - [16/Jan/2026:02:36:27 +0000] "GET /ctg/search/similarImageSearchResultView/?ctgItemCd=62461410 HTTP/1.1" 500 981 "-" "Mozilla/5.0 (compatible; Googlebot/2.1; +http://www.google.com/bot.html)"
66.249.66.66 - - [16/Jan/2026:02:36:50 +0000] "GET /120459411.shtml HTTP/1.1" 500 981 "-" "Mozilla/5.0 (Linux; Android 6.0.1; Nexus 5X Build/MMB29P) AppleWebKit/537.36 (KHTML, like Gecko) Chrome/143.0.7499.192 Mobile Safari/537.36 (compatible; Googlebot/2.1; +http://www.google.com/bot.html)"
66.249.66.162 - - [16/Jan/2026:02:36:58 +0000] "GET /185914002.shtml HTTP/1.1" 500 981 "-" "Mozilla/5.0 (Linux; Android 6.0.1; Nexus 5X Build/MMB29P) AppleWebKit/537.36 (KHTML, like Gecko) Chrome/143.0.7499.192 Mobile Safari/537.36 (compatible; Googlebot/2.1; +http://www.google.com/bot.html)"
40.77.167.9 - - [16/Jan/2026:02:24:52 +0000] "GET /247055022.shtml HTTP/2" 500 981 "-" "Mozilla/5.0 AppleWebKit/537.36 (KHTML, like Gecko; compatible; bingbot/2.0; +http://www.bing.com/bingbot.htm) Chrome/116.0.1938.76 Safari/537.36"
66.249.66.65 - - [16/Jan/2026:02:24:54 +0000] "GET /84855384.shtml HTTP/1.1" 500 981 "-" "Mozilla/5.0 (compatible; Googlebot/2.1; +http://www.google.com/bot.html)"
66.249.66.64 - - [16/Jan/2026:02:25:12 +0000] "GET /102481629.shtml HTTP/1.1" 500 981 "-" "Mozilla/5.0 (Linux; Android 6.0.1; Nexus 5X Build/MMB29P) AppleWebKit/537.36 (KHTML, like Gecko) Chrome/143.0.7499.192 Mobile Safari/537.36 (compatible; Googlebot/2.1; +http://www.google.com/bot.html)"
208.115.236.10 - - [16/Jan/2026:02:30:03 +0000] "POST /wp-cron.php?doing_wp_cron=1768530603.7748548984527587890625 HTTP/1.1" 200 0 "-" "WordPress/6.6.1; https://km104.com"
47.82.11.132 - - [16/Jan/2026:02:31:38 +0000] "GET /255472596.shtml HTTP/1.1" 500 981 "https://km104.com/" "Mozilla/5.0 (Windows NT 10.0; Win64; x64) AppleWebKit/537.36 (KHTML, like Gecko) Chrome/135.0.0.0 Safari/537.36 Edg/135.0.0.0"
66.249.66.162 - - [16/Jan/2026:02:31:48 +0000] "GET /259891617.shtml HTTP/1.1" 500 981 "-" "Mozilla/5.0 (compatible; Googlebot/2.1; +http://www.google.com/bot.html)"
66.249.66.65 - - [16/Jan/2026:02:31:48 +0000] "GET /259891617.shtml HTTP/1.1" 500 981 "-" "Mozilla/5.0 (compatible; Googlebot/2.1; +http://www.google.com/bot.html)"
66.249.66.161 - - [16/Jan/2026:02:32:22 +0000] "GET /320943060.shtml HTTP/1.1" 500 981 "-" "Mozilla/5.0 (Linux; Android 6.0.1; Nexus 5X Build/MMB29P) AppleWebKit/537.36 (KHTML, like Gecko) Chrome/143.0.7499.192 Mobile Safari/537.36 (compatible; Googlebot/2.1; +http://www.google.com/bot.html)"
66.249.66.1 - - [16/Jan/2026:02:35:10 +0000] "GET /248060904.shtml HTTP/1.1" 500 981 "-" "Mozilla/5.0 (compatible; Googlebot/2.1; +http://www.google.com/bot.html)"
66.249.66.1 - - [16/Jan/2026:02:35:17 +0000] "GET /58992606.shtml HTTP/1.1" 500 981 "-" "Mozilla/5.0 (Linux; Android 6.0.1; Nexus 5X Build/MMB29P) AppleWebKit/537.36 (KHTML, like Gecko) Chrome/143.0.7499.192 Mobile Safari/537.36 (compatible; Googlebot/2.1; +http://www.google.com/bot.html)"
66.249.66.1 - - [16/Jan/2026:02:35:25 +0000] "GET /24881862.shtml HTTP/1.1" 500 981 "-" "Mozilla/5.0 (Linux; Android 6.0.1; Nexus 5X Build/MMB29P) AppleWebKit/537.36 (KHTML, like Gecko) Chrome/143.0.7499.192 Mobile Safari/537.36 (compatible; Googlebot/2.1; +http://www.google.com/bot.html)"
52.167.144.187 - - [16/Jan/2026:02:35:59 +0000] "GET /15972114.shtml HTTP/2" 500 981 "-" "Mozilla/5.0 AppleWebKit/537.36 (KHTML, like Gecko; compatible; bingbot/2.0; +http://www.bing.com/bingbot.htm) Chrome/116.0.1938.76 Safari/537.36"
66.249.66.3 - - [16/Jan/2026:02:37:10 +0000] "GET /122497593.shtml HTTP/1.1" 500 981 "-" "Mozilla/5.0 (Linux; Android 6.0.1; Nexus 5X Build/MMB29P) AppleWebKit/537.36 (KHTML, like Gecko) Chrome/143.0.7499.192 Mobile Safari/537.36 (compatible; Googlebot/2.1; +http://www.google.com/bot.html)"
52.167.144.167 - - [16/Jan/2026:02:37:19 +0000] "GET /222435111.shtml HTTP/2" 500 981 "-" "Mozilla/5.0 AppleWebKit/537.36 (KHTML, like Gecko; compatible; bingbot/2.0; +http://www.bing.com/bingbot.htm) Chrome/116.0.1938.76 Safari/537.36"
66.249.66.194 - - [16/Jan/2026:02:37:58 +0000] "GET /175791024.shtml HTTP/1.1" 500 981 "-" "Mozilla/5.0 (Linux; Android 6.0.1; Nexus 5X Build/MMB29P) AppleWebKit/537.36 (KHTML, like Gecko) Chrome/143.0.7499.192 Mobile Safari/537.36 (compatible; Googlebot/2.1; +http://www.google.com/bot.html)"
47.82.11.95 - - [16/Jan/2026:02:41:44 +0000] "GET /236868219.shtml HTTP/1.1" 500 981 "https://km104.com/" "Mozilla/5.0 (Windows NT 10.0; Win64; x64) AppleWebKit/537.36 (KHTML, like Gecko) Chrome/135.0.0.0 Safari/537.36"
66.249.66.194 - - [16/Jan/2026:02:46:25 +0000] "GET /ctg/search/similarImageSearchResultView/?ctgItemCd=62461410 HTTP/1.1" 500 981 "-" "Mozilla/5.0 (compatible; Googlebot/2.1; +http://www.google.com/bot.html)"
40.77.167.48 - - [16/Jan/2026:02:38:12 +0000] "GET /134635998.shtml HTTP/2" 500 981 "-" "Mozilla/5.0 AppleWebKit/537.36 (KHTML, like Gecko; compatible; bingbot/2.0; +http://www.bing.com/bingbot.htm) Chrome/116.0.1938.76 Safari/537.36"
66.249.66.194 - - [16/Jan/2026:02:39:34 +0000] "GET /193115460.shtml HTTP/1.1" 500 981 "-" "Mozilla/5.0 (Linux; Android 6.0.1; Nexus 5X Build/MMB29P) AppleWebKit/537.36 (KHTML, like Gecko) Chrome/143.0.7499.192 Mobile Safari/537.36 (compatible; Googlebot/2.1; +http://www.google.com/bot.html)"
66.249.66.195 - - [16/Jan/2026:02:41:14 +0000] "GET /252706143.shtml HTTP/1.1" 500 981 "-" "Mozilla/5.0 (Linux; Android 6.0.1; Nexus 5X Build/MMB29P) AppleWebKit/537.36 (KHTML, like Gecko) Chrome/143.0.7499.192 Mobile Safari/537.36 (compatible; Googlebot/2.1; +http://www.google.com/bot.html)"
66.249.66.2 - - [16/Jan/2026:02:41:41 +0000] "GET /309829962.shtml HTTP/1.1" 500 981 "-" "Mozilla/5.0 (Linux; Android 6.0.1; Nexus 5X Build/MMB29P) AppleWebKit/537.36 (KHTML, like Gecko) Chrome/143.0.7499.192 Mobile Safari/537.36 (compatible; Googlebot/2.1; +http://www.google.com/bot.html)"
66.249.66.37 - - [16/Jan/2026:02:45:35 +0000] "GET /19244838.shtml HTTP/1.1" 500 981 "-" "Mozilla/5.0 (compatible; Googlebot/2.1; +http://www.google.com/bot.html)"
66.249.66.160 - - [16/Jan/2026:02:45:42 +0000] "GET /294375654.shtml HTTP/1.1" 500 981 "-" "Mozilla/5.0 (compatible; Googlebot/2.1; +http://www.google.com/bot.html)"
66.249.66.1 - - [16/Jan/2026:02:45:59 +0000] "GET /265693476.shtml HTTP/1.1" 500 981 "-" "Mozilla/5.0 (compatible; Googlebot/2.1; +http://www.google.com/bot.html)"
66.249.66.195 - - [16/Jan/2026:02:46:49 +0000] "GET /120459411.shtml HTTP/1.1" 500 981 "-" "Mozilla/5.0 (Linux; Android 6.0.1; Nexus 5X Build/MMB29P) AppleWebKit/537.36 (KHTML, like Gecko) Chrome/143.0.7499.192 Mobile Safari/537.36 (compatible; Googlebot/2.1; +http://www.google.com/bot.html)"
66.249.66.161 - - [16/Jan/2026:02:47:09 +0000] "GET /54863073.shtml HTTP/1.1" 500 981 "-" "Mozilla/5.0 (Linux; Android 6.0.1; Nexus 5X Build/MMB29P) AppleWebKit/537.36 (KHTML, like Gecko) Chrome/143.0.7499.192 Mobile Safari/537.36 (compatible; Googlebot/2.1; +http://www.google.com/bot.html)"
66.249.66.1 - - [16/Jan/2026:02:47:26 +0000] "GET /257200533.shtml HTTP/1.1" 500 981 "-" "Mozilla/5.0 (Linux; Android 6.0.1; Nexus 5X Build/MMB29P) AppleWebKit/537.36 (KHTML, like Gecko) Chrome/143.0.7499.192 Mobile Safari/537.36 (compatible; Googlebot/2.1; +http://www.google.com/bot.html)"
66.249.66.196 - - [16/Jan/2026:02:49:00 +0000] "GET /220067925.shtml HTTP/1.1" 500 981 "-" "Mozilla/5.0 (compatible; Googlebot/2.1; +http://www.google.com/bot.html)"
66.249.66.195 - - [16/Jan/2026:02:49:01 +0000] "GET /161495889.shtml HTTP/1.1" 500 981 "-" "Mozilla/5.0 (Linux; Android 6.0.1; Nexus 5X Build/MMB29P) AppleWebKit/537.36 (KHTML, like Gecko) Chrome/143.0.7499.192 Mobile Safari/537.36 (compatible; Googlebot/2.1; +http://www.google.com/bot.html)"
66.249.66.160 - - [16/Jan/2026:02:49:02 +0000] "GET /161495889.shtml HTTP/1.1" 500 981 "-" "Mozilla/5.0 (compatible; Googlebot/2.1; +http://www.google.com/bot.html)"
66.249.66.1 - - [16/Jan/2026:02:50:52 +0000] "GET /129377706.shtml HTTP/1.1" 500 981 "-" "Mozilla/5.0 (compatible; Googlebot/2.1; +http://www.google.com/bot.html)"
47.82.11.138 - - [16/Jan/2026:02:51:35 +0000] "GET /181325595.shtml HTTP/1.1" 500 981 "https://km104.com/" "Mozilla/5.0 (Macintosh; Intel Mac OS X 10_15_7) AppleWebKit/537.36 (KHTML, like Gecko) Chrome/134.0.0.0 Safari/537.36"
66.249.66.3 - - [16/Jan/2026:02:52:54 +0000] "GET /118319664.shtml HTTP/1.1" 500 981 "-" "Mozilla/5.0 (Linux; Android 6.0.1; Nexus 5X Build/MMB29P) AppleWebKit/537.36 (KHTML, like Gecko) Chrome/143.0.7499.192 Mobile Safari/537.36 (compatible; Googlebot/2.1; +http://www.google.com/bot.html)"
66.249.66.38 - - [16/Jan/2026:02:56:13 +0000] "GET /117170481.shtml HTTP/1.1" 500 981 "-" "Mozilla/5.0 (Linux; Android 6.0.1; Nexus 5X Build/MMB29P) AppleWebKit/537.36 (KHTML, like Gecko) Chrome/143.0.7499.192 Mobile Safari/537.36 (compatible; Googlebot/2.1; +http://www.google.com/bot.html)"
52.167.144.195 - - [16/Jan/2026:02:46:47 +0000] "GET /163601337.shtml HTTP/2" 500 981 "-" "Mozilla/5.0 AppleWebKit/537.36 (KHTML, like Gecko; compatible; bingbot/2.0; +http://www.bing.com/bingbot.htm) Chrome/116.0.1938.76 Safari/537.36"
52.167.144.219 - - [16/Jan/2026:02:47:25 +0000] "GET /319622715.shtml HTTP/2" 500 981 "-" "Mozilla/5.0 AppleWebKit/537.36 (KHTML, like Gecko; compatible; bingbot/2.0; +http://www.bing.com/bingbot.htm) Chrome/116.0.1938.76 Safari/537.36"
66.249.66.66 - - [16/Jan/2026:02:48:50 +0000] "GET /321065937.shtml HTTP/1.1" 500 981 "-" "Mozilla/5.0 (compatible; Googlebot/2.1; +http://www.google.com/bot.html)"
66.249.66.196 - - [16/Jan/2026:02:48:50 +0000] "GET /321065937.shtml HTTP/1.1" 500 981 "-" "Mozilla/5.0 (Linux; Android 6.0.1; Nexus 5X Build/MMB29P) AppleWebKit/537.36 (KHTML, like Gecko) Chrome/143.0.7499.192 Mobile Safari/537.36 (compatible; Googlebot/2.1; +http://www.google.com/bot.html)"
66.249.66.65 - - [16/Jan/2026:02:50:49 +0000] "GET /178240905.shtml HTTP/1.1" 500 981 "-" "Mozilla/5.0 (Linux; Android 6.0.1; Nexus 5X Build/MMB29P) AppleWebKit/537.36 (KHTML, like Gecko) Chrome/143.0.7499.192 Mobile Safari/537.36 (compatible; Googlebot/2.1; +http://www.google.com/bot.html)"
66.249.66.3 - - [16/Jan/2026:02:50:52 +0000] "GET /129377706.shtml HTTP/1.1" 500 981 "-" "Mozilla/5.0 (Linux; Android 6.0.1; Nexus 5X Build/MMB29P) AppleWebKit/537.36 (KHTML, like Gecko) Chrome/143.0.7499.192 Mobile Safari/537.36 (compatible; Googlebot/2.1; +http://www.google.com/bot.html)"
66.249.66.3 - - [16/Jan/2026:02:55:28 +0000] "GET /252727677.shtml HTTP/1.1" 500 981 "-" "Mozilla/5.0 (compatible; Googlebot/2.1; +http://www.google.com/bot.html)"
66.249.66.65 - - [16/Jan/2026:02:56:31 +0000] "GET /256835787.shtml HTTP/1.1" 500 981 "-" "Mozilla/5.0 (Linux; Android 6.0.1; Nexus 5X Build/MMB29P) AppleWebKit/537.36 (KHTML, like Gecko) Chrome/143.0.7499.192 Mobile Safari/537.36 (compatible; Googlebot/2.1; +http://www.google.com/bot.html)"
66.249.66.38 - - [16/Jan/2026:02:58:25 +0000] "GET /114143289.shtml HTTP/1.1" 500 981 "-" "Mozilla/5.0 (Linux; Android 6.0.1; Nexus 5X Build/MMB29P) AppleWebKit/537.36 (KHTML, like Gecko) Chrome/143.0.7499.192 Mobile Safari/537.36 (compatible; Googlebot/2.1; +http://www.google.com/bot.html)"
66.249.66.65 - - [16/Jan/2026:03:00:12 +0000] "GET /177030228.shtml HTTP/1.1" 500 981 "-" "Mozilla/5.0 (Linux; Android 6.0.1; Nexus 5X Build/MMB29P) AppleWebKit/537.36 (KHTML, like Gecko) Chrome/143.0.7499.192 Mobile Safari/537.36 (compatible; Googlebot/2.1; +http://www.google.com/bot.html)"
66.249.66.1 - - [16/Jan/2026:03:01:32 +0000] "GET /327334107.shtml HTTP/1.1" 500 981 "-" "Mozilla/5.0 (Linux; Android 6.0.1; Nexus 5X Build/MMB29P) AppleWebKit/537.36 (KHTML, like Gecko) Chrome/143.0.7499.192 Mobile Safari/537.36 (compatible; Googlebot/2.1; +http://www.google.com/bot.html)"
66.249.92.129 - - [16/Jan/2026:03:02:23 +0000] "GET /56448486.shtml HTTP/1.1" 500 981 "-" "Mozilla/5.0 (X11; Linux x86_64) AppleWebKit/537.36 (KHTML, like Gecko) Chrome/143.0.7499.192 Safari/537.36"
66.249.66.37 - - [16/Jan/2026:03:02:58 +0000] "GET /89639817.shtml HTTP/1.1" 500 981 "-" "Mozilla/5.0 (Linux; Android 6.0.1; Nexus 5X Build/MMB29P) AppleWebKit/537.36 (KHTML, like Gecko) Chrome/143.0.7499.192 Mobile Safari/537.36 (compatible; Googlebot/2.1; +http://www.google.com/bot.html)"
66.249.66.3 - - [16/Jan/2026:03:06:45 +0000] "GET /187129674.shtml HTTP/1.1" 500 981 "-" "Mozilla/5.0 (Linux; Android 6.0.1; Nexus 5X Build/MMB29P) AppleWebKit/537.36 (KHTML, like Gecko) Chrome/143.0.7499.192 Mobile Safari/537.36 (compatible; Googlebot/2.1; +http://www.google.com/bot.html)"
66.249.66.160 - - [16/Jan/2026:03:07:23 +0000] "GET /208135314.shtml HTTP/1.1" 500 981 "-" "Mozilla/5.0 (Linux; Android 6.0.1; Nexus 5X Build/MMB29P) AppleWebKit/537.36 (KHTML, like Gecko) Chrome/143.0.7499.192 Mobile Safari/537.36 (compatible; Googlebot/2.1; +http://www.google.com/bot.html)"
66.249.66.162 - - [16/Jan/2026:02:56:43 +0000] "GET /312921756.shtml HTTP/1.1" 500 981 "-" "Mozilla/5.0 (Linux; Android 6.0.1; Nexus 5X Build/MMB29P) AppleWebKit/537.36 (KHTML, like Gecko) Chrome/143.0.7499.192 Mobile Safari/537.36 (compatible; Googlebot/2.1; +http://www.google.com/bot.html)"
66.249.66.2 - - [16/Jan/2026:02:59:31 +0000] "GET /164379003.shtml HTTP/1.1" 500 981 "-" "Mozilla/5.0 (compatible; Googlebot/2.1; +http://www.google.com/bot.html)"
66.249.66.1 - - [16/Jan/2026:03:00:12 +0000] "GET /177030228.shtml HTTP/1.1" 500 981 "-" "Mozilla/5.0 (compatible; Googlebot/2.1; +http://www.google.com/bot.html)"
52.167.144.218 - - [16/Jan/2026:03:03:36 +0000] "GET /100558221.shtml HTTP/2" 500 981 "-" "Mozilla/5.0 AppleWebKit/537.36 (KHTML, like Gecko; compatible; bingbot/2.0; +http://www.bing.com/bingbot.htm) Chrome/116.0.1938.76 Safari/537.36"
66.249.66.196 - - [16/Jan/2026:03:05:32 +0000] "GET /42236823.shtml HTTP/1.1" 500 981 "-" "Mozilla/5.0 (Linux; Android 6.0.1; Nexus 5X Build/MMB29P) AppleWebKit/537.36 (KHTML, like Gecko) Chrome/143.0.7499.192 Mobile Safari/537.36 (compatible; Googlebot/2.1; +http://www.google.com/bot.html)"
66.249.66.65 - - [16/Jan/2026:03:09:22 +0000] "GET /44302311.shtml HTTP/1.1" 500 981 "-" "Mozilla/5.0 (compatible; Googlebot/2.1; +http://www.google.com/bot.html)"
66.249.66.1 - - [16/Jan/2026:03:09:31 +0000] "GET /206907987.shtml HTTP/1.1" 500 981 "-" "Mozilla/5.0 (Linux; Android 6.0.1; Nexus 5X Build/MMB29P) AppleWebKit/537.36 (KHTML, like Gecko) Chrome/143.0.7499.192 Mobile Safari/537.36 (compatible; Googlebot/2.1; +http://www.google.com/bot.html)"
66.249.66.1 - - [16/Jan/2026:03:09:32 +0000] "GET /206907987.shtml HTTP/1.1" 500 981 "-" "Mozilla/5.0 (compatible; Googlebot/2.1; +http://www.google.com/bot.html)"
66.249.66.37 - - [16/Jan/2026:03:10:42 +0000] "GET /119434437.shtml HTTP/1.1" 500 981 "-" "Mozilla/5.0 (Linux; Android 6.0.1; Nexus 5X Build/MMB29P) AppleWebKit/537.36 (KHTML, like Gecko) Chrome/143.0.7499.192 Mobile Safari/537.36 (compatible; Googlebot/2.1; +http://www.google.com/bot.html)"
66.249.66.194 - - [16/Jan/2026:03:10:55 +0000] "GET /137439858.shtml HTTP/1.1" 500 981 "-" "Mozilla/5.0 (Linux; Android 6.0.1; Nexus 5X Build/MMB29P) AppleWebKit/537.36 (KHTML, like Gecko) Chrome/143.0.7499.192 Mobile Safari/537.36 (compatible; Googlebot/2.1; +http://www.google.com/bot.html)"
66.249.66.3 - - [16/Jan/2026:03:14:01 +0000] "GET /93616170.shtml HTTP/1.1" 500 981 "-" "Mozilla/5.0 (compatible; Googlebot/2.1; +http://www.google.com/bot.html)"
