193.36.225.57 - - [15/Jan/2026:22:49:25 +0000] "POST /wp-login.php HTTP/1.1" 200 6748 "-" "Mozilla/5.0"
66.249.66.160 - - [15/Jan/2026:22:50:00 +0000] "GET /products/9767642/ HTTP/1.1" 404 22001 "-" "Mozilla/5.0 (Linux; Android 6.0.1; Nexus 5X Build/MMB29P) AppleWebKit/537.36 (KHTML, like Gecko) Chrome/143.0.7499.192 Mobile Safari/537.36 (compatible; Googlebot/2.1; +http://www.google.com/bot.html)"
66.249.66.200 - - [15/Jan/2026:22:52:09 +0000] "GET /products/12381897/ HTTP/1.1" 404 22001 "-" "Mozilla/5.0 (Linux; Android 6.0.1; Nexus 5X Build/MMB29P) AppleWebKit/537.36 (KHTML, like Gecko) Chrome/143.0.7499.192 Mobile Safari/537.36 (compatible; Googlebot/2.1; +http://www.google.com/bot.html)"
66.249.66.43 - - [15/Jan/2026:22:53:01 +0000] "GET /products/17320853/ HTTP/1.1" 404 22001 "-" "Mozilla/5.0 (Linux; Android 6.0.1; Nexus 5X Build/MMB29P) AppleWebKit/537.36 (KHTML, like Gecko) Chrome/143.0.7499.192 Mobile Safari/537.36 (compatible; Googlebot/2.1; +http://www.google.com/bot.html)"
66.249.66.74 - - [15/Jan/2026:22:57:28 +0000] "GET /products/9053942/ HTTP/1.1" 404 22001 "-" "Mozilla/5.0 (Linux; Android 6.0.1; Nexus 5X Build/MMB29P) AppleWebKit/537.36 (KHTML, like Gecko) Chrome/143.0.7499.192 Mobile Safari/537.36 (compatible; Googlebot/2.1; +http://www.google.com/bot.html)"
66.249.66.160 - - [15/Jan/2026:22:58:55 +0000] "GET /products/3948108/ HTTP/1.1" 404 22001 "-" "Mozilla/5.0 (Linux; Android 6.0.1; Nexus 5X Build/MMB29P) AppleWebKit/537.36 (KHTML, like Gecko) Chrome/143.0.7499.192 Mobile Safari/537.36 (compatible; Googlebot/2.1; +http://www.google.com/bot.html)"
64.31.22.34 - - [15/Jan/2026:23:01:23 +0000] "POST /wp-cron.php?doing_wp_cron=1768518083.2834050655364990234375 HTTP/1.1" 200 0 "-" "WordPress/6.9; https://jujusmooth.com"
64.31.22.34 - - [15/Jan/2026:23:05:45 +0000] "POST /wp-cron.php?doing_wp_cron=1768518345.5624039173126220703125 HTTP/1.1" 200 0 "-" "WordPress/6.9; https://jujusmooth.com"
66.249.66.161 - - [15/Jan/2026:23:05:43 +0000] "GET /products/8146864/ HTTP/1.1" 404 22001 "-" "Mozilla/5.0 (Linux; Android 6.0.1; Nexus 5X Build/MMB29P) AppleWebKit/537.36 (KHTML, like Gecko) Chrome/143.0.7499.192 Mobile Safari/537.36 (compatible; Googlebot/2.1; +http://www.google.com/bot.html)"
172.245.102.44 - - [15/Jan/2026:23:06:00 +0000] "POST /wp-login.php HTTP/1.1" 200 6748 "-" "Mozilla/5.0"
64.31.22.34 - - [15/Jan/2026:23:14:05 +0000] "POST /wp-cron.php?doing_wp_cron=1768518845.5511660575866699218750 HTTP/1.1" 200 0 "-" "WordPress/6.9; https://jujusmooth.com"
193.36.225.61 - - [15/Jan/2026:23:14:03 +0000] "POST /wp-login.php HTTP/1.1" 200 6748 "-" "Mozilla/5.0"
64.31.22.34 - - [15/Jan/2026:23:22:16 +0000] "POST /wp-cron.php?doing_wp_cron=1768519336.7060680389404296875000 HTTP/1.1" 200 0 "-" "WordPress/6.9; https://jujusmooth.com"
193.36.225.61 - - [15/Jan/2026:23:22:14 +0000] "POST /wp-login.php HTTP/1.1" 200 6748 "-" "Mozilla/5.0"
66.249.66.13 - - [15/Jan/2026:23:24:56 +0000] "GET /products/3474864/ HTTP/1.1" 404 22001 "-" "Mozilla/5.0 (Linux; Android 6.0.1; Nexus 5X Build/MMB29P) AppleWebKit/537.36 (KHTML, like Gecko) Chrome/143.0.7499.192 Mobile Safari/537.36 (compatible; Googlebot/2.1; +http://www.google.com/bot.html)"
64.31.22.34 - - [15/Jan/2026:23:30:30 +0000] "POST /wp-cron.php?doing_wp_cron=1768519830.6775639057159423828125 HTTP/1.1" 200 0 "-" "WordPress/6.9; https://jujusmooth.com"
193.36.225.68 - - [15/Jan/2026:23:30:29 +0000] "POST /wp-login.php HTTP/1.1" 200 6748 "-" "Mozilla/5.0"
64.31.22.34 - - [15/Jan/2026:23:31:17 +0000] "POST /wp-cron.php?doing_wp_cron=1768519877.4145150184631347656250 HTTP/1.1" 200 0 "-" "WordPress/6.9; https://jujusmooth.com"
66.249.66.12 - - [15/Jan/2026:23:31:15 +0000] "GET /products/6720475/ HTTP/1.1" 404 22001 "-" "Mozilla/5.0 (Linux; Android 6.0.1; Nexus 5X Build/MMB29P) AppleWebKit/537.36 (KHTML, like Gecko) Chrome/143.0.7499.192 Mobile Safari/537.36 (compatible; Googlebot/2.1; +http://www.google.com/bot.html)"
136.144.33.96 - - [15/Jan/2026:23:38:40 +0000] "POST /wp-login.php HTTP/1.1" 200 6748 "-" "Mozilla/5.0"
66.249.66.75 - - [15/Jan/2026:23:40:54 +0000] "GET /products/4130719/ HTTP/1.1" 404 22001 "-" "Mozilla/5.0 (Linux; Android 6.0.1; Nexus 5X Build/MMB29P) AppleWebKit/537.36 (KHTML, like Gecko) Chrome/143.0.7499.192 Mobile Safari/537.36 (compatible; Googlebot/2.1; +http://www.google.com/bot.html)"
193.36.225.60 - - [15/Jan/2026:23:46:56 +0000] "POST /wp-login.php HTTP/1.1" 200 6748 "-" "Mozilla/5.0"
64.31.22.34 - - [15/Jan/2026:23:50:32 +0000] "POST /wp-cron.php?doing_wp_cron=1768521032.8965809345245361328125 HTTP/1.1" 200 0 "-" "WordPress/6.9; https://jujusmooth.com"
66.249.66.74 - - [15/Jan/2026:23:50:31 +0000] "GET /products/21344297/ HTTP/1.1" 404 22001 "-" "Mozilla/5.0 (Linux; Android 6.0.1; Nexus 5X Build/MMB29P) AppleWebKit/537.36 (KHTML, like Gecko) Chrome/143.0.7499.192 Mobile Safari/537.36 (compatible; Googlebot/2.1; +http://www.google.com/bot.html)"
64.31.22.34 - - [15/Jan/2026:23:51:52 +0000] "POST /wp-cron.php?doing_wp_cron=1768521112.5619919300079345703125 HTTP/1.1" 200 0 "-" "WordPress/6.9; https://jujusmooth.com"
66.249.66.74 - - [15/Jan/2026:23:51:50 +0000] "GET /products/18116075/ HTTP/1.1" 404 22001 "-" "Mozilla/5.0 (Linux; Android 6.0.1; Nexus 5X Build/MMB29P) AppleWebKit/537.36 (KHTML, like Gecko) Chrome/143.0.7499.192 Mobile Safari/537.36 (compatible; Googlebot/2.1; +http://www.google.com/bot.html)"
66.249.66.199 - - [15/Jan/2026:23:56:47 +0000] "GET /products/15029242/ HTTP/1.1" 404 22001 "-" "Mozilla/5.0 (Linux; Android 6.0.1; Nexus 5X Build/MMB29P) AppleWebKit/537.36 (KHTML, like Gecko) Chrome/143.0.7499.192 Mobile Safari/537.36 (compatible; Googlebot/2.1; +http://www.google.com/bot.html)"
64.31.22.34 - - [15/Jan/2026:23:58:17 +0000] "POST /wp-cron.php?doing_wp_cron=1768521497.0178039073944091796875 HTTP/1.1" 200 0 "-" "WordPress/6.9; https://jujusmooth.com"
136.144.33.110 - - [15/Jan/2026:23:58:15 +0000] "POST /wp-login.php HTTP/1.1" 200 6748 "-" "Mozilla/5.0"
64.31.22.34 - - [16/Jan/2026:00:06:31 +0000] "POST /wp-cron.php?doing_wp_cron=1768521991.7290489673614501953125 HTTP/1.1" 200 0 "-" "WordPress/6.9; https://jujusmooth.com"
66.249.66.199 - - [16/Jan/2026:00:06:26 +0000] "GET /products/19061453/ HTTP/1.1" 404 21994 "-" "Mozilla/5.0 (Linux; Android 6.0.1; Nexus 5X Build/MMB29P) AppleWebKit/537.36 (KHTML, like Gecko) Chrome/143.0.7499.192 Mobile Safari/537.36 (compatible; Googlebot/2.1; +http://www.google.com/bot.html)"
64.31.22.34 - - [15/Jan/2026:22:56:49 +0000] "POST /wp-cron.php?doing_wp_cron=1768517809.7557930946350097656250 HTTP/1.1" 200 0 "-" "WordPress/6.9; https://jujusmooth.com"
52.167.144.197 - - [15/Jan/2026:22:56:47 +0000] "GET /products/4696508/ HTTP/2" 404 22035 "-" "Mozilla/5.0 AppleWebKit/537.36 (KHTML, like Gecko; compatible; bingbot/2.0; +http://www.bing.com/bingbot.htm) Chrome/116.0.1938.76 Safari/537.36"
64.31.22.34 - - [15/Jan/2026:22:57:29 +0000] "POST /wp-cron.php?doing_wp_cron=1768517849.8353528976440429687500 HTTP/1.1" 200 0 "-" "WordPress/6.9; https://jujusmooth.com"
136.144.33.99 - - [15/Jan/2026:22:57:43 +0000] "POST /wp-login.php HTTP/1.1" 200 6748 "-" "Mozilla/5.0"
64.31.22.34 - - [15/Jan/2026:22:58:57 +0000] "POST /wp-cron.php?doing_wp_cron=1768517937.8067119121551513671875 HTTP/1.1" 200 0 "-" "WordPress/6.9; https://jujusmooth.com"
66.249.66.11 - - [15/Jan/2026:23:01:21 +0000] "GET /products/20889897/ HTTP/1.1" 404 22001 "-" "Mozilla/5.0 (Linux; Android 6.0.1; Nexus 5X Build/MMB29P) AppleWebKit/537.36 (KHTML, like Gecko) Chrome/143.0.7499.192 Mobile Safari/537.36 (compatible; Googlebot/2.1; +http://www.google.com/bot.html)"
104.168.98.195 - - [15/Jan/2026:23:12:11 +0000] "GET / HTTP/2" 200 37778 "http://www.jujusmooth.com.bms69.com/" "Mozilla/5.0 (Macintosh; Intel Mac OS X 15_7_3) AppleWebKit/605.1.15 (KHTML, like Gecko) Version/26.0 Safari/605.1.15"
64.31.22.34 - - [15/Jan/2026:23:24:58 +0000] "POST /wp-cron.php?doing_wp_cron=1768519498.2457098960876464843750 HTTP/1.1" 200 0 "-" "WordPress/6.9; https://jujusmooth.com"
64.31.22.34 - - [15/Jan/2026:23:36:55 +0000] "POST /wp-cron.php?doing_wp_cron=1768520215.6759119033813476562500 HTTP/1.1" 200 0 "-" "WordPress/6.9; https://jujusmooth.com"
176.65.149.205 - - [15/Jan/2026:23:36:54 +0000] "GET //assets/images/accesson.php HTTP/1.1" 301 0 "-" "Mozilla/5.0 (Windows NT 10.0; Win64; x64; rv:81.0) Gecko/20100101 Firefox/81.0"
176.65.149.205 - - [15/Jan/2026:23:36:56 +0000] "GET /assets/images/accesson.php HTTP/1.1" 404 25735 "-" "Mozilla/5.0 (Windows NT 10.0; Win64; x64; rv:81.0) Gecko/20100101 Firefox/81.0"
64.31.22.34 - - [15/Jan/2026:23:38:42 +0000] "POST /wp-cron.php?doing_wp_cron=1768520322.5279259681701660156250 HTTP/1.1" 200 0 "-" "WordPress/6.9; https://jujusmooth.com"
64.31.22.34 - - [15/Jan/2026:23:40:56 +0000] "POST /wp-cron.php?doing_wp_cron=1768520456.2787709236145019531250 HTTP/1.1" 200 0 "-" "WordPress/6.9; https://jujusmooth.com"
64.31.22.34 - - [15/Jan/2026:23:46:58 +0000] "POST /wp-cron.php?doing_wp_cron=1768520818.4565598964691162109375 HTTP/1.1" 200 0 "-" "WordPress/6.9; https://jujusmooth.com"
64.31.22.34 - - [15/Jan/2026:23:56:49 +0000] "POST /wp-cron.php?doing_wp_cron=1768521409.4557309150695800781250 HTTP/1.1" 200 0 "-" "WordPress/6.9; https://jujusmooth.com"
37.140.223.68 - - [16/Jan/2026:00:06:57 +0000] "POST /wp-login.php HTTP/1.1" 200 6748 "-" "Mozilla/5.0"
66.249.66.13 - - [16/Jan/2026:00:12:45 +0000] "GET /products/11308453/ HTTP/1.1" 404 21994 "-" "Mozilla/5.0 (Linux; Android 6.0.1; Nexus 5X Build/MMB29P) AppleWebKit/537.36 (KHTML, like Gecko) Chrome/143.0.7499.192 Mobile Safari/537.36 (compatible; Googlebot/2.1; +http://www.google.com/bot.html)"
64.31.22.34 - - [16/Jan/2026:00:15:27 +0000] "POST /wp-cron.php?doing_wp_cron=1768522527.5433509349822998046875 HTTP/1.1" 200 0 "-" "WordPress/6.9; https://jujusmooth.com"
136.144.33.107 - - [16/Jan/2026:00:15:25 +0000] "POST /wp-login.php HTTP/1.1" 200 6748 "-" "Mozilla/5.0"
64.31.22.34 - - [16/Jan/2026:00:19:09 +0000] "POST /wp-cron.php?doing_wp_cron=1768522749.4547710418701171875000 HTTP/1.1" 200 0 "-" "WordPress/6.9; https://jujusmooth.com"
64.31.22.34 - - [16/Jan/2026:00:23:44 +0000] "POST /wp-cron.php?doing_wp_cron=1768523024.2690770626068115234375 HTTP/1.1" 200 0 "-" "WordPress/6.9; https://jujusmooth.com"
193.36.225.72 - - [16/Jan/2026:00:23:42 +0000] "POST /wp-login.php HTTP/1.1" 200 6748 "-" "Mozilla/5.0"
66.249.66.42 - - [16/Jan/2026:00:24:32 +0000] "GET /products/24896564/ HTTP/1.1" 404 21994 "-" "Mozilla/5.0 (Linux; Android 6.0.1; Nexus 5X Build/MMB29P) AppleWebKit/537.36 (KHTML, like Gecko) Chrome/143.0.7499.192 Mobile Safari/537.36 (compatible; Googlebot/2.1; +http://www.google.com/bot.html)"
66.249.66.43 - - [16/Jan/2026:00:28:11 +0000] "GET /products/11974142/ HTTP/1.1" 404 21994 "-" "Mozilla/5.0 (Linux; Android 6.0.1; Nexus 5X Build/MMB29P) AppleWebKit/537.36 (KHTML, like Gecko) Chrome/143.0.7499.192 Mobile Safari/537.36 (compatible; Googlebot/2.1; +http://www.google.com/bot.html)"
20.36.186.191 - - [16/Jan/2026:00:31:24 +0000] "GET /wp-content/plugins/hellopress/wp_filemanager.php HTTP/1.1" 404 5750 "-" "-"
20.36.186.191 - - [16/Jan/2026:00:31:24 +0000] "GET /ver.php HTTP/1.1" 404 5750 "-" "-"
20.36.186.191 - - [16/Jan/2026:00:31:25 +0000] "GET /ultra.php HTTP/1.1" 404 5750 "-" "-"
20.36.186.191 - - [16/Jan/2026:00:31:25 +0000] "GET /pro.php HTTP/1.1" 404 5750 "-" "-"
20.36.186.191 - - [16/Jan/2026:00:31:25 +0000] "GET /wp-good.php HTTP/1.1" 404 5750 "-" "-"
20.36.186.191 - - [16/Jan/2026:00:31:25 +0000] "GET /e.php HTTP/1.1" 404 5750 "-" "-"
20.36.186.191 - - [16/Jan/2026:00:31:26 +0000] "GET /data.php HTTP/1.1" 404 5750 "-" "-"
20.36.186.191 - - [16/Jan/2026:00:31:26 +0000] "GET /abcd.php HTTP/1.1" 404 5750 "-" "-"
20.36.186.191 - - [16/Jan/2026:00:31:26 +0000] "GET /z.php HTTP/1.1" 404 5750 "-" "-"
20.36.186.191 - - [16/Jan/2026:00:31:26 +0000] "GET /css.php HTTP/1.1" 404 5750 "-" "-"
20.36.186.191 - - [16/Jan/2026:00:31:26 +0000] "GET /image.php HTTP/1.1" 404 5750 "-" "-"
20.36.186.191 - - [16/Jan/2026:00:31:26 +0000] "GET /file22.php HTTP/1.1" 404 5750 "-" "-"
20.36.186.191 - - [16/Jan/2026:00:31:26 +0000] "GET /check.php HTTP/1.1" 404 5750 "-" "-"
20.36.186.191 - - [16/Jan/2026:00:31:26 +0000] "GET /wp-header-json.php HTTP/1.1" 404 5750 "-" "-"
20.36.186.191 - - [16/Jan/2026:00:31:26 +0000] "GET /fm.php HTTP/1.1" 404 5750 "-" "-"
20.36.186.191 - - [16/Jan/2026:00:31:26 +0000] "GET /1.php HTTP/1.1" 404 5750 "-" "-"
20.36.186.191 - - [16/Jan/2026:00:31:27 +0000] "GET /ws.php HTTP/1.1" 404 5750 "-" "-"
20.36.186.191 - - [16/Jan/2026:00:31:27 +0000] "GET /xxxx.php HTTP/1.1" 404 5750 "-" "-"
20.36.186.191 - - [16/Jan/2026:00:31:27 +0000] "GET /wp-configs.php HTTP/1.1" 404 5750 "-" "-"
20.36.186.191 - - [16/Jan/2026:00:31:27 +0000] "GET /xmlrpc.php HTTP/1.1" 404 5750 "-" "-"
20.36.186.191 - - [16/Jan/2026:00:31:27 +0000] "GET /file56.php HTTP/1.1" 404 5750 "-" "-"
20.36.186.191 - - [16/Jan/2026:00:31:27 +0000] "GET /990.php HTTP/1.1" 404 5750 "-" "-"
20.36.186.191 - - [16/Jan/2026:00:31:27 +0000] "GET /error.php HTTP/1.1" 404 5750 "-" "-"
20.36.186.191 - - [16/Jan/2026:00:31:27 +0000] "GET /admin.php HTTP/1.1" 404 5750 "-" "-"
20.36.186.191 - - [16/Jan/2026:00:31:27 +0000] "GET /bless.php HTTP/1.1" 404 5750 "-" "-"
193.36.225.60 - - [16/Jan/2026:00:32:12 +0000] "POST /wp-login.php HTTP/1.1" 200 6748 "-" "Mozilla/5.0"
64.31.22.34 - - [16/Jan/2026:00:55:18 +0000] "POST /wp-cron.php?doing_wp_cron=1768524918.8884971141815185546875 HTTP/1.1" 200 0 "-" "WordPress/6.9; https://jujusmooth.com"
66.249.66.44 - - [16/Jan/2026:00:55:16 +0000] "GET /products/17365853/ HTTP/1.1" 404 21994 "-" "Mozilla/5.0 (Linux; Android 6.0.1; Nexus 5X Build/MMB29P) AppleWebKit/537.36 (KHTML, like Gecko) Chrome/143.0.7499.192 Mobile Safari/537.36 (compatible; Googlebot/2.1; +http://www.google.com/bot.html)"
64.31.22.34 - - [16/Jan/2026:00:12:47 +0000] "POST /wp-cron.php?doing_wp_cron=1768522367.3664131164550781250000 HTTP/1.1" 200 0 "-" "WordPress/6.9; https://jujusmooth.com"
66.249.66.74 - - [16/Jan/2026:00:19:07 +0000] "GET /products/15333964/ HTTP/1.1" 404 21994 "-" "Mozilla/5.0 (Linux; Android 6.0.1; Nexus 5X Build/MMB29P) AppleWebKit/537.36 (KHTML, like Gecko) Chrome/143.0.7499.192 Mobile Safari/537.36 (compatible; Googlebot/2.1; +http://www.google.com/bot.html)"
64.31.22.34 - - [16/Jan/2026:00:24:34 +0000] "POST /wp-cron.php?doing_wp_cron=1768523074.4084060192108154296875 HTTP/1.1" 200 0 "-" "WordPress/6.9; https://jujusmooth.com"
66.249.66.161 - - [16/Jan/2026:00:27:40 +0000] "GET /product-sitemap.xml HTTP/1.1" 200 604 "-" "Mozilla/5.0 (compatible; Googlebot/2.1; +http://www.google.com/bot.html)"
64.31.22.34 - - [16/Jan/2026:00:28:13 +0000] "POST /wp-cron.php?doing_wp_cron=1768523293.0618979930877685546875 HTTP/1.1" 200 0 "-" "WordPress/6.9; https://jujusmooth.com"
64.31.22.34 - - [16/Jan/2026:00:32:14 +0000] "POST /wp-cron.php?doing_wp_cron=1768523534.5557689666748046875000 HTTP/1.1" 200 0 "-" "WordPress/6.9; https://jujusmooth.com"
66.249.66.43 - - [16/Jan/2026:00:37:15 +0000] "GET /products/17743897/ HTTP/1.1" 404 21994 "-" "Mozilla/5.0 (Linux; Android 6.0.1; Nexus 5X Build/MMB29P) AppleWebKit/537.36 (KHTML, like Gecko) Chrome/143.0.7499.192 Mobile Safari/537.36 (compatible; Googlebot/2.1; +http://www.google.com/bot.html)"
64.31.22.34 - - [16/Jan/2026:00:48:58 +0000] "POST /wp-cron.php?doing_wp_cron=1768524537.9955360889434814453125 HTTP/1.1" 200 0 "-" "WordPress/6.9; https://jujusmooth.com"
136.144.33.110 - - [16/Jan/2026:00:48:56 +0000] "POST /wp-login.php HTTP/1.1" 200 6748 "-" "Mozilla/5.0"
66.249.66.200 - - [16/Jan/2026:00:49:18 +0000] "GET /products/14951419/ HTTP/1.1" 404 21994 "-" "Mozilla/5.0 (Linux; Android 6.0.1; Nexus 5X Build/MMB29P) AppleWebKit/537.36 (KHTML, like Gecko) Chrome/143.0.7499.192 Mobile Safari/537.36 (compatible; Googlebot/2.1; +http://www.google.com/bot.html)"
64.31.22.34 - - [16/Jan/2026:00:50:21 +0000] "POST /wp-cron.php?doing_wp_cron=1768524621.5106348991394042968750 HTTP/1.1" 200 0 "-" "WordPress/6.9; https://jujusmooth.com"
52.167.144.192 - - [16/Jan/2026:00:50:19 +0000] "GET /products/7374608/ HTTP/2" 404 22031 "-" "Mozilla/5.0 AppleWebKit/537.36 (KHTML, like Gecko; compatible; bingbot/2.0; +http://www.bing.com/bingbot.htm) Chrome/116.0.1938.76 Safari/537.36"
64.31.22.34 - - [16/Jan/2026:00:37:17 +0000] "POST /wp-cron.php?doing_wp_cron=1768523837.6211988925933837890625 HTTP/1.1" 200 0 "-" "WordPress/6.9; https://jujusmooth.com"
66.249.66.11 - - [16/Jan/2026:00:37:45 +0000] "GET /products/8361297/ HTTP/1.1" 404 21994 "-" "Mozilla/5.0 (Linux; Android 6.0.1; Nexus 5X Build/MMB29P) AppleWebKit/537.36 (KHTML, like Gecko) Chrome/143.0.7499.192 Mobile Safari/537.36 (compatible; Googlebot/2.1; +http://www.google.com/bot.html)"
64.31.22.34 - - [16/Jan/2026:00:40:43 +0000] "POST /wp-cron.php?doing_wp_cron=1768524043.7027969360351562500000 HTTP/1.1" 200 0 "-" "WordPress/6.9; https://jujusmooth.com"
136.144.33.53 - - [16/Jan/2026:00:40:42 +0000] "POST /wp-login.php HTTP/1.1" 200 6748 "-" "Mozilla/5.0"
64.31.22.34 - - [16/Jan/2026:00:45:38 +0000] "POST /wp-cron.php?doing_wp_cron=1768524338.3200259208679199218750 HTTP/1.1" 200 0 "-" "WordPress/6.9; https://jujusmooth.com"
66.249.66.76 - - [16/Jan/2026:00:45:36 +0000] "GET /products/15481997/ HTTP/1.1" 404 21994 "-" "Mozilla/5.0 (Linux; Android 6.0.1; Nexus 5X Build/MMB29P) AppleWebKit/537.36 (KHTML, like Gecko) Chrome/143.0.7499.192 Mobile Safari/537.36 (compatible; Googlebot/2.1; +http://www.google.com/bot.html)"
64.31.22.34 - - [16/Jan/2026:00:46:16 +0000] "POST /wp-cron.php?doing_wp_cron=1768524376.3593680858612060546875 HTTP/1.1" 200 0 "-" "WordPress/6.9; https://jujusmooth.com"
66.249.66.161 - - [16/Jan/2026:00:46:14 +0000] "GET /products/18956864/ HTTP/1.1" 404 21994 "-" "Mozilla/5.0 (Linux; Android 6.0.1; Nexus 5X Build/MMB29P) AppleWebKit/537.36 (KHTML, like Gecko) Chrome/143.0.7499.192 Mobile Safari/537.36 (compatible; Googlebot/2.1; +http://www.google.com/bot.html)"
64.31.22.34 - - [16/Jan/2026:00:49:20 +0000] "POST /wp-cron.php?doing_wp_cron=1768524560.5903000831604003906250 HTTP/1.1" 200 0 "-" "WordPress/6.9; https://jujusmooth.com"
20.89.212.133 - - [16/Jan/2026:00:57:04 +0000] "GET /.well-known/acme-challenge/ HTTP/1.1" 200 625 "-" "Mozilla/5.0 (Windows NT 10.0; Win64; x64) AppleWebKit/537.36 (KHTML, like Gecko) Chrome/120.0.0.0 Safari/537.36"
64.31.22.34 - - [16/Jan/2026:00:57:11 +0000] "POST /wp-cron.php?doing_wp_cron=1768525031.5643029212951660156250 HTTP/1.1" 200 0 "-" "WordPress/6.9; https://jujusmooth.com"
20.89.212.133 - - [16/Jan/2026:00:57:04 +0000] "GET /abcd.php HTTP/1.1" 404 22031 "-" "Mozilla/5.0 (Windows NT 10.0; Win64; x64) AppleWebKit/537.36 (KHTML, like Gecko) Chrome/120.0.0.0 Safari/537.36"
20.89.212.133 - - [16/Jan/2026:00:57:11 +0000] "GET /about.php HTTP/1.1" 404 22031 "-" "Mozilla/5.0 (Windows NT 10.0; Win64; x64) AppleWebKit/537.36 (KHTML, like Gecko) Chrome/120.0.0.0 Safari/537.36"
20.89.212.133 - - [16/Jan/2026:00:57:14 +0000] "GET /chosen.php HTTP/1.1" 404 22031 "-" "Mozilla/5.0 (Windows NT 10.0; Win64; x64) AppleWebKit/537.36 (KHTML, like Gecko) Chrome/120.0.0.0 Safari/537.36"
20.89.212.133 - - [16/Jan/2026:00:57:16 +0000] "GET /default.php HTTP/1.1" 404 22031 "-" "Mozilla/5.0 (Windows NT 10.0; Win64; x64) AppleWebKit/537.36 (KHTML, like Gecko) Chrome/120.0.0.0 Safari/537.36"
20.89.212.133 - - [16/Jan/2026:00:57:18 +0000] "GET /ds.php HTTP/1.1" 404 22031 "-" "Mozilla/5.0 (Windows NT 10.0; Win64; x64) AppleWebKit/537.36 (KHTML, like Gecko) Chrome/120.0.0.0 Safari/537.36"
20.89.212.133 - - [16/Jan/2026:00:57:20 +0000] "GET /f5.php HTTP/1.1" 404 22031 "-" "Mozilla/5.0 (Windows NT 10.0; Win64; x64) AppleWebKit/537.36 (KHTML, like Gecko) Chrome/120.0.0.0 Safari/537.36"
20.89.212.133 - - [16/Jan/2026:00:57:22 +0000] "GET /ioxi-o.php HTTP/1.1" 404 22031 "-" "Mozilla/5.0 (Windows NT 10.0; Win64; x64) AppleWebKit/537.36 (KHTML, like Gecko) Chrome/120.0.0.0 Safari/537.36"
20.89.212.133 - - [16/Jan/2026:00:57:24 +0000] "GET /bolt.php HTTP/1.1" 404 22031 "-" "Mozilla/5.0 (Windows NT 10.0; Win64; x64) AppleWebKit/537.36 (KHTML, like Gecko) Chrome/120.0.0.0 Safari/537.36"
20.89.212.133 - - [16/Jan/2026:00:57:26 +0000] "GET /deepseek_d.php HTTP/1.1" 404 22031 "-" "Mozilla/5.0 (Windows NT 10.0; Win64; x64) AppleWebKit/537.36 (KHTML, like Gecko) Chrome/120.0.0.0 Safari/537.36"
20.89.212.133 - - [16/Jan/2026:00:57:28 +0000] "GET /pu9.php HTTP/1.1" 404 22031 "-" "Mozilla/5.0 (Windows NT 10.0; Win64; x64) AppleWebKit/537.36 (KHTML, like Gecko) Chrome/120.0.0.0 Safari/537.36"
20.89.212.133 - - [16/Jan/2026:00:57:30 +0000] "GET /wp-bat.php HTTP/1.1" 404 22031 "-" "Mozilla/5.0 (Windows NT 10.0; Win64; x64) AppleWebKit/537.36 (KHTML, like Gecko) Chrome/120.0.0.0 Safari/537.36"
20.89.212.133 - - [16/Jan/2026:00:57:33 +0000] "GET /file.php HTTP/1.1" 404 22031 "-" "Mozilla/5.0 (Windows NT 10.0; Win64; x64) AppleWebKit/537.36 (KHTML, like Gecko) Chrome/120.0.0.0 Safari/537.36"
20.89.212.133 - - [16/Jan/2026:00:57:35 +0000] "GET /god4m.php HTTP/1.1" 404 22031 "-" "Mozilla/5.0 (Windows NT 10.0; Win64; x64) AppleWebKit/537.36 (KHTML, like Gecko) Chrome/120.0.0.0 Safari/537.36"
20.89.212.133 - - [16/Jan/2026:00:57:37 +0000] "GET /info.php HTTP/1.1" 404 22031 "-" "Mozilla/5.0 (Windows NT 10.0; Win64; x64) AppleWebKit/537.36 (KHTML, like Gecko) Chrome/120.0.0.0 Safari/537.36"
20.89.212.133 - - [16/Jan/2026:00:57:40 +0000] "GET /modules/ HTTP/1.1" 404 22031 "-" "Mozilla/5.0 (Windows NT 10.0; Win64; x64) AppleWebKit/537.36 (KHTML, like Gecko) Chrome/120.0.0.0 Safari/537.36"
20.89.212.133 - - [16/Jan/2026:00:57:42 +0000] "GET /test1.php HTTP/1.1" 404 22031 "-" "Mozilla/5.0 (Windows NT 10.0; Win64; x64) AppleWebKit/537.36 (KHTML, like Gecko) Chrome/120.0.0.0 Safari/537.36"
20.89.212.133 - - [16/Jan/2026:00:57:44 +0000] "GET /uploads/ HTTP/1.1" 404 22031 "-" "Mozilla/5.0 (Windows NT 10.0; Win64; x64) AppleWebKit/537.36 (KHTML, like Gecko) Chrome/120.0.0.0 Safari/537.36"
20.89.212.133 - - [16/Jan/2026:00:57:46 +0000] "GET /wp-admin/images/ HTTP/1.1" 200 2852 "-" "Mozilla/5.0 (Windows NT 10.0; Win64; x64) AppleWebKit/537.36 (KHTML, like Gecko) Chrome/120.0.0.0 Safari/537.36"
20.89.212.133 - - [16/Jan/2026:00:57:46 +0000] "GET /wp-content/uploads/ HTTP/1.1" 200 1555 "-" "Mozilla/5.0 (Windows NT 10.0; Win64; x64) AppleWebKit/537.36 (KHTML, like Gecko) Chrome/120.0.0.0 Safari/537.36"
20.89.212.133 - - [16/Jan/2026:00:57:46 +0000] "GET /wp-good.php HTTP/1.1" 404 22031 "-" "Mozilla/5.0 (Windows NT 10.0; Win64; x64) AppleWebKit/537.36 (KHTML, like Gecko) Chrome/120.0.0.0 Safari/537.36"
20.89.212.133 - - [16/Jan/2026:00:57:48 +0000] "GET /wp-includes/ID3/ HTTP/1.1" 200 1393 "-" "Mozilla/5.0 (Windows NT 10.0; Win64; x64) AppleWebKit/537.36 (KHTML, like Gecko) Chrome/120.0.0.0 Safari/537.36"
20.89.212.133 - - [16/Jan/2026:00:57:48 +0000] "GET /wp-includes/Text/ HTTP/1.1" 200 733 "-" "Mozilla/5.0 (Windows NT 10.0; Win64; x64) AppleWebKit/537.36 (KHTML, like Gecko) Chrome/120.0.0.0 Safari/537.36"
20.89.212.133 - - [16/Jan/2026:00:57:48 +0000] "GET /wp-includes/assets/ HTTP/1.1" 200 1070 "-" "Mozilla/5.0 (Windows NT 10.0; Win64; x64) AppleWebKit/537.36 (KHTML, like Gecko) Chrome/120.0.0.0 Safari/537.36"
20.89.212.133 - - [16/Jan/2026:00:57:48 +0000] "GET /wp-includes/js/codemirror/ HTTP/1.1" 200 1135 "-" "Mozilla/5.0 (Windows NT 10.0; Win64; x64) AppleWebKit/537.36 (KHTML, like Gecko) Chrome/120.0.0.0 Safari/537.36"
20.89.212.133 - - [16/Jan/2026:00:57:49 +0000] "GET /wp-includes/js/crop/ HTTP/1.1" 200 754 "-" "Mozilla/5.0 (Windows NT 10.0; Win64; x64) AppleWebKit/537.36 (KHTML, like Gecko) Chrome/120.0.0.0 Safari/537.36"
20.89.212.133 - - [16/Jan/2026:00:57:49 +0000] "GET /wp-includes/pomo/ HTTP/1.1" 200 1098 "-" "Mozilla/5.0 (Windows NT 10.0; Win64; x64) AppleWebKit/537.36 (KHTML, like Gecko) Chrome/120.0.0.0 Safari/537.36"
20.89.212.133 - - [16/Jan/2026:00:57:49 +0000] "GET /wp-includes/rest-api/fields/ HTTP/1.1" 200 1097 "-" "Mozilla/5.0 (Windows NT 10.0; Win64; x64) AppleWebKit/537.36 (KHTML, like Gecko) Chrome/120.0.0.0 Safari/537.36"
20.89.212.133 - - [16/Jan/2026:00:57:49 +0000] "GET /classwithtostring.php HTTP/1.1" 404 22031 "-" "Mozilla/5.0 (Windows NT 10.0; Win64; x64) AppleWebKit/537.36 (KHTML, like Gecko) Chrome/120.0.0.0 Safari/537.36"
20.89.212.133 - - [16/Jan/2026:00:57:51 +0000] "GET /manager.php HTTP/1.1" 404 22031 "-" "Mozilla/5.0 (Windows NT 10.0; Win64; x64) AppleWebKit/537.36 (KHTML, like Gecko) Chrome/120.0.0.0 Safari/537.36"
20.89.212.133 - - [16/Jan/2026:00:57:54 +0000] "GET /radio.php HTTP/1.1" 404 22031 "-" "Mozilla/5.0 (Windows NT 10.0; Win64; x64) AppleWebKit/537.36 (KHTML, like Gecko) Chrome/120.0.0.0 Safari/537.36"
20.89.212.133 - - [16/Jan/2026:00:57:56 +0000] "GET /autoload_classmap.php HTTP/1.1" 404 22031 "-" "Mozilla/5.0 (Windows NT 10.0; Win64; x64) AppleWebKit/537.36 (KHTML, like Gecko) Chrome/120.0.0.0 Safari/537.36"
20.89.212.133 - - [16/Jan/2026:00:57:58 +0000] "GET /wp-content/uploads/2024/ HTTP/1.1" 404 22031 "-" "Mozilla/5.0 (Windows NT 10.0; Win64; x64) AppleWebKit/537.36 (KHTML, like Gecko) Chrome/120.0.0.0 Safari/537.36"
20.89.212.133 - - [16/Jan/2026:00:58:00 +0000] "GET /wp-includes/assets/autoload_classmap.php HTTP/1.1" 404 22031 "-" "Mozilla/5.0 (Windows NT 10.0; Win64; x64) AppleWebKit/537.36 (KHTML, like Gecko) Chrome/120.0.0.0 Safari/537.36"
66.249.66.12 - - [16/Jan/2026:00:58:02 +0000] "GET /product-sitemap.xml HTTP/1.1" 200 604 "-" "Mozilla/5.0 (compatible; Googlebot/2.1; +http://www.google.com/bot.html)"
20.89.212.133 - - [16/Jan/2026:00:58:02 +0000] "GET /wp-includes/blocks/calendar/index.php HTTP/1.1" 301 0 "-" "Mozilla/5.0 (Windows NT 10.0; Win64; x64) AppleWebKit/537.36 (KHTML, like Gecko) Chrome/120.0.0.0 Safari/537.36"
20.89.212.133 - - [16/Jan/2026:00:58:04 +0000] "GET /wp-includes/js/codemirror/index.php HTTP/1.1" 301 0 "-" "Mozilla/5.0 (Windows NT 10.0; Win64; x64) AppleWebKit/537.36 (KHTML, like Gecko) Chrome/120.0.0.0 Safari/537.36"
64.31.22.34 - - [16/Jan/2026:00:58:07 +0000] "POST /wp-cron.php?doing_wp_cron=1768525087.1928191184997558593750 HTTP/1.1" 200 0 "-" "WordPress/6.9; https://jujusmooth.com"
20.89.212.133 - - [16/Jan/2026:00:58:05 +0000] "GET /wp-includes/rest-api/index.php HTTP/1.1" 301 0 "-" "Mozilla/5.0 (Windows NT 10.0; Win64; x64) AppleWebKit/537.36 (KHTML, like Gecko) Chrome/120.0.0.0 Safari/537.36"
20.89.212.133 - - [16/Jan/2026:00:58:07 +0000] "GET /0.php HTTP/1.1" 404 22031 "-" "Mozilla/5.0 (Windows NT 10.0; Win64; x64) AppleWebKit/537.36 (KHTML, like Gecko) Chrome/120.0.0.0 Safari/537.36"
20.89.212.133 - - [16/Jan/2026:00:58:09 +0000] "GET /07.php HTTP/1.1" 404 22031 "-" "Mozilla/5.0 (Windows NT 10.0; Win64; x64) AppleWebKit/537.36 (KHTML, like Gecko) Chrome/120.0.0.0 Safari/537.36"
20.89.212.133 - - [16/Jan/2026:00:58:11 +0000] "GET /1.php HTTP/1.1" 404 22031 "-" "Mozilla/5.0 (Windows NT 10.0; Win64; x64) AppleWebKit/537.36 (KHTML, like Gecko) Chrome/120.0.0.0 Safari/537.36"
20.89.212.133 - - [16/Jan/2026:00:58:13 +0000] "GET /123.php HTTP/1.1" 404 22031 "-" "Mozilla/5.0 (Windows NT 10.0; Win64; x64) AppleWebKit/537.36 (KHTML, like Gecko) Chrome/120.0.0.0 Safari/537.36"
20.89.212.133 - - [16/Jan/2026:00:58:16 +0000] "GET /aa.php HTTP/1.1" 404 22031 "-" "Mozilla/5.0 (Windows NT 10.0; Win64; x64) AppleWebKit/537.36 (KHTML, like Gecko) Chrome/120.0.0.0 Safari/537.36"
20.89.212.133 - - [16/Jan/2026:00:58:18 +0000] "GET /admin.php HTTP/1.1" 404 22031 "-" "Mozilla/5.0 (Windows NT 10.0; Win64; x64) AppleWebKit/537.36 (KHTML, like Gecko) Chrome/120.0.0.0 Safari/537.36"
20.89.212.133 - - [16/Jan/2026:00:58:20 +0000] "GET /akc.php HTTP/1.1" 404 22031 "-" "Mozilla/5.0 (Windows NT 10.0; Win64; x64) AppleWebKit/537.36 (KHTML, like Gecko) Chrome/120.0.0.0 Safari/537.36"
20.89.212.133 - - [16/Jan/2026:00:58:23 +0000] "GET /akcc.php HTTP/1.1" 404 22031 "-" "Mozilla/5.0 (Windows NT 10.0; Win64; x64) AppleWebKit/537.36 (KHTML, like Gecko) Chrome/120.0.0.0 Safari/537.36"
20.89.212.133 - - [16/Jan/2026:00:58:25 +0000] "GET /asasx.php HTTP/1.1" 404 22031 "-" "Mozilla/5.0 (Windows NT 10.0; Win64; x64) AppleWebKit/537.36 (KHTML, like Gecko) Chrome/120.0.0.0 Safari/537.36"
20.89.212.133 - - [16/Jan/2026:00:58:27 +0000] "GET /asd.php HTTP/1.1" 404 22031 "-" "Mozilla/5.0 (Windows NT 10.0; Win64; x64) AppleWebKit/537.36 (KHTML, like Gecko) Chrome/120.0.0.0 Safari/537.36"
20.89.212.133 - - [16/Jan/2026:00:58:29 +0000] "GET /atomlib.php HTTP/1.1" 404 22031 "-" "Mozilla/5.0 (Windows NT 10.0; Win64; x64) AppleWebKit/537.36 (KHTML, like Gecko) Chrome/120.0.0.0 Safari/537.36"
20.89.212.133 - - [16/Jan/2026:00:58:32 +0000] "GET /axx.php HTTP/1.1" 404 22031 "-" "Mozilla/5.0 (Windows NT 10.0; Win64; x64) AppleWebKit/537.36 (KHTML, like Gecko) Chrome/120.0.0.0 Safari/537.36"
20.89.212.133 - - [16/Jan/2026:00:58:35 +0000] "GET /berax.php HTTP/1.1" 404 22031 "-" "Mozilla/5.0 (Windows NT 10.0; Win64; x64) AppleWebKit/537.36 (KHTML, like Gecko) Chrome/120.0.0.0 Safari/537.36"
20.89.212.133 - - [16/Jan/2026:00:58:37 +0000] "GET /build.php HTTP/1.1" 404 22031 "-" "Mozilla/5.0 (Windows NT 10.0; Win64; x64) AppleWebKit/537.36 (KHTML, like Gecko) Chrome/120.0.0.0 Safari/537.36"
20.89.212.133 - - [16/Jan/2026:00:58:39 +0000] "GET /buy.php HTTP/1.1" 404 22031 "-" "Mozilla/5.0 (Windows NT 10.0; Win64; x64) AppleWebKit/537.36 (KHTML, like Gecko) Chrome/120.0.0.0 Safari/537.36"
20.89.212.133 - - [16/Jan/2026:00:58:41 +0000] "GET /checkbox.php HTTP/1.1" 404 22031 "-" "Mozilla/5.0 (Windows NT 10.0; Win64; x64) AppleWebKit/537.36 (KHTML, like Gecko) Chrome/120.0.0.0 Safari/537.36"
20.89.212.133 - - [16/Jan/2026:00:58:43 +0000] "GET /cong.php HTTP/1.1" 404 22031 "-" "Mozilla/5.0 (Windows NT 10.0; Win64; x64) AppleWebKit/537.36 (KHTML, like Gecko) Chrome/120.0.0.0 Safari/537.36"
20.89.212.133 - - [16/Jan/2026:00:58:45 +0000] "GET /css.php HTTP/1.1" 404 22031 "-" "Mozilla/5.0 (Windows NT 10.0; Win64; x64) AppleWebKit/537.36 (KHTML, like Gecko) Chrome/120.0.0.0 Safari/537.36"
20.89.212.133 - - [16/Jan/2026:00:58:47 +0000] "GET /dropdown.php HTTP/1.1" 404 22031 "-" "Mozilla/5.0 (Windows NT 10.0; Win64; x64) AppleWebKit/537.36 (KHTML, like Gecko) Chrome/120.0.0.0 Safari/537.36"
20.89.212.133 - - [16/Jan/2026:00:58:49 +0000] "GET /edit.php HTTP/1.1" 404 22031 "-" "Mozilla/5.0 (Windows NT 10.0; Win64; x64) AppleWebKit/537.36 (KHTML, like Gecko) Chrome/120.0.0.0 Safari/537.36"
20.89.212.133 - - [16/Jan/2026:00:58:51 +0000] "GET /file2.php HTTP/1.1" 404 22031 "-" "Mozilla/5.0 (Windows NT 10.0; Win64; x64) AppleWebKit/537.36 (KHTML, like Gecko) Chrome/120.0.0.0 Safari/537.36"
20.89.212.133 - - [16/Jan/2026:00:58:53 +0000] "GET /file4.php HTTP/1.1" 404 22031 "-" "Mozilla/5.0 (Windows NT 10.0; Win64; x64) AppleWebKit/537.36 (KHTML, like Gecko) Chrome/120.0.0.0 Safari/537.36"
20.89.212.133 - - [16/Jan/2026:00:58:55 +0000] "GET /filemanager.php HTTP/1.1" 404 22031 "-" "Mozilla/5.0 (Windows NT 10.0; Win64; x64) AppleWebKit/537.36 (KHTML, like Gecko) Chrome/120.0.0.0 Safari/537.36"
20.89.212.133 - - [16/Jan/2026:00:58:58 +0000] "GET /flower.php HTTP/1.1" 404 22031 "-" "Mozilla/5.0 (Windows NT 10.0; Win64; x64) AppleWebKit/537.36 (KHTML, like Gecko) Chrome/120.0.0.0 Safari/537.36"
20.89.212.133 - - [16/Jan/2026:00:59:00 +0000] "GET /form.php HTTP/1.1" 404 22031 "-" "Mozilla/5.0 (Windows NT 10.0; Win64; x64) AppleWebKit/537.36 (KHTML, like Gecko) Chrome/120.0.0.0 Safari/537.36"
20.89.212.133 - - [16/Jan/2026:00:59:03 +0000] "GET /kyami.php HTTP/1.1" 404 22031 "-" "Mozilla/5.0 (Windows NT 10.0; Win64; x64) AppleWebKit/537.36 (KHTML, like Gecko) Chrome/120.0.0.0 Safari/537.36"
20.89.212.133 - - [16/Jan/2026:00:59:05 +0000] "GET /makeasmtp.php HTTP/1.1" 404 22031 "-" "Mozilla/5.0 (Windows NT 10.0; Win64; x64) AppleWebKit/537.36 (KHTML, like Gecko) Chrome/120.0.0.0 Safari/537.36"
20.89.212.133 - - [16/Jan/2026:00:59:07 +0000] "GET /mari.php HTTP/1.1" 404 22031 "-" "Mozilla/5.0 (Windows NT 10.0; Win64; x64) AppleWebKit/537.36 (KHTML, like Gecko) Chrome/120.0.0.0 Safari/537.36"
20.89.212.133 - - [16/Jan/2026:00:59:09 +0000] "GET /moon.php HTTP/1.1" 404 22031 "-" "Mozilla/5.0 (Windows NT 10.0; Win64; x64) AppleWebKit/537.36 (KHTML, like Gecko) Chrome/120.0.0.0 Safari/537.36"
20.89.212.133 - - [16/Jan/2026:00:59:11 +0000] "GET /new.php HTTP/1.1" 404 22031 "-" "Mozilla/5.0 (Windows NT 10.0; Win64; x64) AppleWebKit/537.36 (KHTML, like Gecko) Chrome/120.0.0.0 Safari/537.36"
20.89.212.133 - - [16/Jan/2026:00:59:13 +0000] "GET /wp-activate.php HTTP/1.1" 302 0 "-" "Mozilla/5.0 (Windows NT 10.0; Win64; x64) AppleWebKit/537.36 (KHTML, like Gecko) Chrome/120.0.0.0 Safari/537.36"
20.89.212.133 - - [16/Jan/2026:00:59:14 +0000] "GET /wp-admin.php HTTP/1.1" 404 22031 "-" "Mozilla/5.0 (Windows NT 10.0; Win64; x64) AppleWebKit/537.36 (KHTML, like Gecko) Chrome/120.0.0.0 Safari/537.36"
20.89.212.133 - - [16/Jan/2026:00:59:16 +0000] "GET /wp-trackback.php HTTP/1.1" 404 91 "-" "Mozilla/5.0 (Windows NT 10.0; Win64; x64) AppleWebKit/537.36 (KHTML, like Gecko) Chrome/120.0.0.0 Safari/537.36"
20.89.212.133 - - [16/Jan/2026:00:59:18 +0000] "GET /xmlrpc.php HTTP/1.1" 405 46 "-" "Mozilla/5.0 (Windows NT 10.0; Win64; x64) AppleWebKit/537.36 (KHTML, like Gecko) Chrome/120.0.0.0 Safari/537.36"
20.89.212.133 - - [16/Jan/2026:00:59:20 +0000] "GET /xmrlpc.php HTTP/1.1" 404 22031 "-" "Mozilla/5.0 (Windows NT 10.0; Win64; x64) AppleWebKit/537.36 (KHTML, like Gecko) Chrome/120.0.0.0 Safari/537.36"
20.89.212.133 - - [16/Jan/2026:00:59:22 +0000] "GET /adminfuns.php HTTP/1.1" 404 22031 "-" "Mozilla/5.0 (Windows NT 10.0; Win64; x64) AppleWebKit/537.36 (KHTML, like Gecko) Chrome/120.0.0.0 Safari/537.36"
64.31.22.34 - - [16/Jan/2026:01:00:50 +0000] "POST /wp-cron.php?doing_wp_cron=1768525250.4818511009216308593750 HTTP/1.1" 200 0 "-" "WordPress/6.9; https://jujusmooth.com"
66.249.66.162 - - [16/Jan/2026:01:00:48 +0000] "GET /products/7314642/ HTTP/1.1" 404 21994 "-" "Mozilla/5.0 (Linux; Android 6.0.1; Nexus 5X Build/MMB29P) AppleWebKit/537.36 (KHTML, like Gecko) Chrome/143.0.7499.192 Mobile Safari/537.36 (compatible; Googlebot/2.1; +http://www.google.com/bot.html)"
64.31.22.34 - - [16/Jan/2026:01:01:24 +0000] "POST /wp-cron.php?doing_wp_cron=1768525284.2710599899291992187500 HTTP/1.1" 200 0 "-" "WordPress/6.9; https://jujusmooth.com"
193.36.225.67 - - [16/Jan/2026:00:57:19 +0000] "POST /wp-login.php HTTP/1.1" 200 6748 "-" "Mozilla/5.0"
64.31.22.34 - - [16/Jan/2026:00:59:07 +0000] "POST /wp-cron.php?doing_wp_cron=1768525147.2864389419555664062500 HTTP/1.1" 200 0 "-" "WordPress/6.9; https://jujusmooth.com"
64.31.22.34 - - [16/Jan/2026:01:04:25 +0000] "POST /wp-cron.php?doing_wp_cron=1768525465.6313109397888183593750 HTTP/1.1" 200 0 "-" "WordPress/6.9; https://jujusmooth.com"
193.36.225.70 - - [16/Jan/2026:01:05:55 +0000] "POST /wp-login.php HTTP/1.1" 200 6748 "-" "Mozilla/5.0"
193.36.225.67 - - [16/Jan/2026:01:14:13 +0000] "POST /wp-login.php HTTP/1.1" 200 6748 "-" "Mozilla/5.0"
138.124.66.86 - - [16/Jan/2026:01:19:20 +0000] "HEAD / HTTP/1.1" 200 0 "-" "Mozilla/5.0 (X11; Ubuntu; Linux x86_64; rv:146.0) Gecko/20100101 Firefox/146.0"
193.36.225.55 - - [16/Jan/2026:01:22:36 +0000] "POST /wp-login.php HTTP/1.1" 200 6748 "-" "Mozilla/5.0"
136.144.33.104 - - [16/Jan/2026:01:39:20 +0000] "POST /wp-login.php HTTP/1.1" 200 6748 "-" "Mozilla/5.0"
66.249.66.12 - - [16/Jan/2026:01:42:20 +0000] "GET /product_cat-sitemap.xml HTTP/1.1" 200 345 "-" "Mozilla/5.0 (compatible; Googlebot/2.1; +http://www.google.com/bot.html)"
64.31.22.34 - - [16/Jan/2026:01:47:40 +0000] "POST /wp-cron.php?doing_wp_cron=1768528060.3071529865264892578125 HTTP/1.1" 200 0 "-" "WordPress/6.9; https://jujusmooth.com"
64.31.22.34 - - [16/Jan/2026:01:47:42 +0000] "POST /wp-admin/admin-ajax.php?action=wp_1_wc_privacy_cleanup&nonce=67437c3868 HTTP/1.1" 302 0 "-" "WordPress/6.9; https://jujusmooth.com"
64.31.22.34 - - [16/Jan/2026:01:56:14 +0000] "POST /wp-cron.php?doing_wp_cron=1768528574.6713569164276123046875 HTTP/1.1" 200 0 "-" "WordPress/6.9; https://jujusmooth.com"
136.144.33.28 - - [16/Jan/2026:01:56:13 +0000] "POST /wp-login.php HTTP/1.1" 200 6748 "-" "Mozilla/5.0"
66.249.66.161 - - [16/Jan/2026:01:01:22 +0000] "GET /products/13362686/ HTTP/1.1" 404 21994 "-" "Mozilla/5.0 (Linux; Android 6.0.1; Nexus 5X Build/MMB29P) AppleWebKit/537.36 (KHTML, like Gecko) Chrome/143.0.7499.192 Mobile Safari/537.36 (compatible; Googlebot/2.1; +http://www.google.com/bot.html)"
66.249.66.199 - - [16/Jan/2026:01:04:23 +0000] "GET /products/16198386/ HTTP/1.1" 404 21994 "-" "Mozilla/5.0 (Linux; Android 6.0.1; Nexus 5X Build/MMB29P) AppleWebKit/537.36 (KHTML, like Gecko) Chrome/143.0.7499.192 Mobile Safari/537.36 (compatible; Googlebot/2.1; +http://www.google.com/bot.html)"
64.31.22.34 - - [16/Jan/2026:01:05:57 +0000] "POST /wp-cron.php?doing_wp_cron=1768525557.4192810058593750000000 HTTP/1.1" 200 0 "-" "WordPress/6.9; https://jujusmooth.com"
64.31.22.34 - - [16/Jan/2026:01:14:14 +0000] "POST /wp-cron.php?doing_wp_cron=1768526054.8154220581054687500000 HTTP/1.1" 200 0 "-" "WordPress/6.9; https://jujusmooth.com"
64.31.22.34 - - [16/Jan/2026:01:22:38 +0000] "POST /wp-cron.php?doing_wp_cron=1768526558.3125898838043212890625 HTTP/1.1" 200 0 "-" "WordPress/6.9; https://jujusmooth.com"
64.31.22.34 - - [16/Jan/2026:01:31:11 +0000] "POST /wp-cron.php?doing_wp_cron=1768527071.9436819553375244140625 HTTP/1.1" 200 0 "-" "WordPress/6.9; https://jujusmooth.com"
193.36.225.56 - - [16/Jan/2026:01:31:10 +0000] "POST /wp-login.php HTTP/1.1" 200 6748 "-" "Mozilla/5.0"
64.31.22.34 - - [16/Jan/2026:01:39:22 +0000] "POST /wp-cron.php?doing_wp_cron=1768527562.5386281013488769531250 HTTP/1.1" 200 0 "-" "WordPress/6.9; https://jujusmooth.com"
136.144.33.104 - - [16/Jan/2026:01:47:38 +0000] "POST /wp-login.php HTTP/1.1" 200 6748 "-" "Mozilla/5.0"
64.31.22.34 - - [16/Jan/2026:01:53:48 +0000] "POST /wp-cron.php?doing_wp_cron=1768528428.1912460327148437500000 HTTP/1.1" 200 0 "-" "WordPress/6.9; https://jujusmooth.com"
158.94.208.230 - - [16/Jan/2026:01:53:46 +0000] "GET /wp-content/plugins/simply-schedule-appointments/readme.txt HTTP/1.1" 404 25733 "-" "Mozilla/5.0 (X11; Ubuntu; Linux x86_64; rv:140.0) Gecko/20100101 Firefox/140.0"
138.246.253.24 - - [16/Jan/2026:01:53:59 +0000] "GET /robots.txt HTTP/1.1" 200 26 "-" "Mozilla/5.0 (Windows NT 10.0; Win64; x64) AppleWebKit/537.36 (KHTML, like Gecko) Chrome/103.0.5060.134 Safari/537.36"
64.31.22.34 - - [16/Jan/2026:02:12:55 +0000] "POST /wp-cron.php?doing_wp_cron=1768529575.9158630371093750000000 HTTP/1.1" 200 0 "-" "WordPress/6.9; https://jujusmooth.com"
172.245.102.44 - - [16/Jan/2026:02:12:54 +0000] "POST /wp-login.php HTTP/1.1" 200 6748 "-" "Mozilla/5.0"
64.31.22.34 - - [16/Jan/2026:02:13:55 +0000] "POST /wp-cron.php?doing_wp_cron=1768529635.1105411052703857421875 HTTP/1.1" 200 0 "-" "WordPress/6.9; https://jujusmooth.com"
3.18.186.238 - - [16/Jan/2026:02:16:03 +0000] "GET / HTTP/1.1" 200 37778 "-" "air.ai/scanning Mozilla/5.0 (Macintosh; Intel Mac OS X 10_15_7) Chrome/126.0.0.0 Safari/537.36"
3.20.201.240 - - [16/Jan/2026:02:19:42 +0000] "GET / HTTP/1.1" 200 37778 "http://jujusmooth.com.bms69.com/" "air.ai/scanning Mozilla/5.0 (Macintosh; Intel Mac OS X 10_15_7) Chrome/126.0.0.0 Safari/537.36"
64.31.22.34 - - [16/Jan/2026:02:26:55 +0000] "POST /wp-cron.php?doing_wp_cron=1768530415.9777839183807373046875 HTTP/1.1" 200 0 "-" "WordPress/6.9; https://jujusmooth.com"
64.31.22.34 - - [16/Jan/2026:02:28:13 +0000] "POST /wp-cron.php?doing_wp_cron=1768530493.0147790908813476562500 HTTP/1.1" 200 0 "-" "WordPress/6.9; https://jujusmooth.com"
64.31.22.34 - - [16/Jan/2026:02:29:10 +0000] "POST /wp-cron.php?doing_wp_cron=1768530550.0518550872802734375000 HTTP/1.1" 200 0 "-" "WordPress/6.9; https://jujusmooth.com"
66.249.66.12 - - [16/Jan/2026:02:29:08 +0000] "GET /products/17814864/ HTTP/1.1" 404 21994 "-" "Mozilla/5.0 (Linux; Android 6.0.1; Nexus 5X Build/MMB29P) AppleWebKit/537.36 (KHTML, like Gecko) Chrome/143.0.7499.192 Mobile Safari/537.36 (compatible; Googlebot/2.1; +http://www.google.com/bot.html)"
64.31.22.34 - - [16/Jan/2026:02:30:37 +0000] "POST /wp-cron.php?doing_wp_cron=1768530637.9641170501708984375000 HTTP/1.1" 200 0 "-" "WordPress/6.9; https://jujusmooth.com"
64.31.22.34 - - [16/Jan/2026:02:32:22 +0000] "POST /wp-cron.php?doing_wp_cron=1768530742.3908629417419433593750 HTTP/1.1" 200 0 "-" "WordPress/6.9; https://jujusmooth.com"
52.167.144.184 - - [16/Jan/2026:02:32:20 +0000] "GET /products/3789942/ HTTP/2" 404 22031 "-" "Mozilla/5.0 AppleWebKit/537.36 (KHTML, like Gecko; compatible; bingbot/2.0; +http://www.bing.com/bingbot.htm) Chrome/116.0.1938.76 Safari/537.36"
66.249.66.11 - - [16/Jan/2026:02:32:32 +0000] "GET /products/11626019/ HTTP/1.1" 404 21994 "-" "Mozilla/5.0 (Linux; Android 6.0.1; Nexus 5X Build/MMB29P) AppleWebKit/537.36 (KHTML, like Gecko) Chrome/143.0.7499.192 Mobile Safari/537.36 (compatible; Googlebot/2.1; +http://www.google.com/bot.html)"
64.31.22.34 - - [16/Jan/2026:02:38:21 +0000] "POST /wp-cron.php?doing_wp_cron=1768531101.4142770767211914062500 HTTP/1.1" 200 0 "-" "WordPress/6.9; https://jujusmooth.com"
66.249.66.43 - - [16/Jan/2026:02:38:18 +0000] "GET /products/11938708/ HTTP/1.1" 404 21994 "-" "Mozilla/5.0 (Linux; Android 6.0.1; Nexus 5X Build/MMB29P) AppleWebKit/537.36 (KHTML, like Gecko) Chrome/143.0.7499.192 Mobile Safari/537.36 (compatible; Googlebot/2.1; +http://www.google.com/bot.html)"
136.144.33.105 - - [16/Jan/2026:02:39:14 +0000] "POST /wp-login.php HTTP/1.1" 200 6748 "-" "Mozilla/5.0"
64.31.22.34 - - [16/Jan/2026:02:42:40 +0000] "POST /wp-cron.php?doing_wp_cron=1768531360.4993710517883300781250 HTTP/1.1" 200 0 "-" "WordPress/6.9; https://jujusmooth.com"
66.249.66.13 - - [16/Jan/2026:02:42:38 +0000] "GET /products/12850631/ HTTP/1.1" 404 21994 "-" "Mozilla/5.0 (Linux; Android 6.0.1; Nexus 5X Build/MMB29P) AppleWebKit/537.36 (KHTML, like Gecko) Chrome/143.0.7499.192 Mobile Safari/537.36 (compatible; Googlebot/2.1; +http://www.google.com/bot.html)"
66.249.66.44 - - [16/Jan/2026:02:45:53 +0000] "GET /products/8708808/ HTTP/1.1" 404 21994 "-" "Mozilla/5.0 (Linux; Android 6.0.1; Nexus 5X Build/MMB29P) AppleWebKit/537.36 (KHTML, like Gecko) Chrome/143.0.7499.192 Mobile Safari/537.36 (compatible; Googlebot/2.1; +http://www.google.com/bot.html)"
64.31.22.34 - - [16/Jan/2026:02:48:14 +0000] "POST /wp-cron.php?doing_wp_cron=1768531694.5030450820922851562500 HTTP/1.1" 200 0 "-" "WordPress/6.9; https://jujusmooth.com"
40.77.167.16 - - [16/Jan/2026:01:57:00 +0000] "GET /products/4814264/ HTTP/2" 404 22031 "-" "Mozilla/5.0 AppleWebKit/537.36 (KHTML, like Gecko; compatible; bingbot/2.0; +http://www.bing.com/bingbot.htm) Chrome/116.0.1938.76 Safari/537.36"
198.199.88.98 - - [16/Jan/2026:02:11:39 +0000] "GET /wp-login.php HTTP/1.1" 200 2229 "-" "Mozilla/5.0"
198.199.88.98 - - [16/Jan/2026:02:11:42 +0000] "GET /?author=1 HTTP/1.1" 301 0 "-" "Mozilla/5.0"
198.199.88.98 - - [16/Jan/2026:02:11:43 +0000] "GET /?author=2 HTTP/1.1" 302 0 "-" "Mozilla/5.0"
95.85.238.51 - - [16/Jan/2026:02:13:53 +0000] "GET /wp-login.php HTTP/1.1" 200 6360 "-" "Mozilla/5.0 (Windows NT 6.3; WOW64) AppleWebKit/537.36 (KHTML, like Gecko) Chrome/36.0.1985.125 Safari/537.36"
95.85.238.51 - - [16/Jan/2026:02:13:55 +0000] "POST /wp-login.php HTTP/1.1" 200 6748 "-" "Mozilla/5.0 (Windows NT 6.3; WOW64) AppleWebKit/537.36 (KHTML, like Gecko) Chrome/36.0.1985.125 Safari/537.36"
3.20.201.240 - - [16/Jan/2026:02:19:41 +0000] "GET / HTTP/1.1" 200 37778 "-" "air.ai/scanning Mozilla/5.0 (Macintosh; Intel Mac OS X 10_15_7) Chrome/126.0.0.0 Safari/537.36"
64.31.22.34 - - [16/Jan/2026:02:21:38 +0000] "POST /wp-cron.php?doing_wp_cron=1768530098.0853960514068603515625 HTTP/1.1" 200 0 "-" "WordPress/6.9; https://jujusmooth.com"
172.245.102.43 - - [16/Jan/2026:02:21:36 +0000] "POST /wp-login.php HTTP/1.1" 200 6748 "-" "Mozilla/5.0"
64.31.22.34 - - [16/Jan/2026:02:23:29 +0000] "POST /wp-cron.php?doing_wp_cron=1768530209.4134860038757324218750 HTTP/1.1" 200 0 "-" "WordPress/6.9; https://jujusmooth.com"
40.77.167.150 - - [16/Jan/2026:02:23:27 +0000] "GET /products/9071220/ HTTP/2" 404 22031 "-" "Mozilla/5.0 AppleWebKit/537.36 (KHTML, like Gecko; compatible; bingbot/2.0; +http://www.bing.com/bingbot.htm) Chrome/116.0.1938.76 Safari/537.36"
66.249.66.161 - - [16/Jan/2026:02:26:54 +0000] "GET /products/20585931/ HTTP/1.1" 404 21994 "-" "Mozilla/5.0 (Linux; Android 6.0.1; Nexus 5X Build/MMB29P) AppleWebKit/537.36 (KHTML, like Gecko) Chrome/143.0.7499.192 Mobile Safari/537.36 (compatible; Googlebot/2.1; +http://www.google.com/bot.html)"
66.249.66.201 - - [16/Jan/2026:02:28:10 +0000] "GET /products/7851142/ HTTP/1.1" 404 21994 "-" "Mozilla/5.0 (Linux; Android 6.0.1; Nexus 5X Build/MMB29P) AppleWebKit/537.36 (KHTML, like Gecko) Chrome/143.0.7499.192 Mobile Safari/537.36 (compatible; Googlebot/2.1; +http://www.google.com/bot.html)"
193.36.225.72 - - [16/Jan/2026:02:30:36 +0000] "POST /wp-login.php HTTP/1.1" 200 6748 "-" "Mozilla/5.0"
66.249.66.75 - - [16/Jan/2026:02:35:28 +0000] "GET /product_cat-sitemap.xml HTTP/1.1" 200 345 "-" "Mozilla/5.0 (compatible; Googlebot/2.1; +http://www.google.com/bot.html)"
64.31.22.34 - - [16/Jan/2026:02:39:16 +0000] "POST /wp-cron.php?doing_wp_cron=1768531156.0086789131164550781250 HTTP/1.1" 200 0 "-" "WordPress/6.9; https://jujusmooth.com"
64.31.22.34 - - [16/Jan/2026:02:45:55 +0000] "POST /wp-cron.php?doing_wp_cron=1768531555.4726800918579101562500 HTTP/1.1" 200 0 "-" "WordPress/6.9; https://jujusmooth.com"
3.139.87.209 - - [16/Jan/2026:02:49:25 +0000] "GET / HTTP/1.1" 200 211564 "-" "Mozilla/5.0 (Windows NT 10.0; Win64; x64) AppleWebKit/537.36 (KHTML, like Gecko) Chrome/80.0.3987.149 Safari/537.36"
3.139.87.209 - - [16/Jan/2026:02:49:28 +0000] "GET //wp-includes/wlwmanifest.xml HTTP/1.1" 301 0 "-" "Mozilla/5.0 (Windows NT 10.0; Win64; x64) AppleWebKit/537.36 (KHTML, like Gecko) Chrome/80.0.3987.149 Safari/537.36"
3.139.87.209 - - [16/Jan/2026:02:49:29 +0000] "GET //xmlrpc.php?rsd HTTP/1.1" 200 799 "-" "Mozilla/5.0 (Windows NT 10.0; Win64; x64) AppleWebKit/537.36 (KHTML, like Gecko) Chrome/80.0.3987.149 Safari/537.36"
3.139.87.209 - - [16/Jan/2026:02:49:31 +0000] "GET //?author=1 HTTP/1.1" 301 0 "-" "Mozilla/5.0 (Windows NT 10.0; Win64; x64) AppleWebKit/537.36 (KHTML, like Gecko) Chrome/80.0.3987.149 Safari/537.36"
3.139.87.209 - - [16/Jan/2026:02:49:33 +0000] "GET //?author=2 HTTP/1.1" 301 0 "-" "Mozilla/5.0 (Windows NT 10.0; Win64; x64) AppleWebKit/537.36 (KHTML, like Gecko) Chrome/80.0.3987.149 Safari/537.36"
136.144.33.97 - - [16/Jan/2026:02:48:13 +0000] "POST /wp-login.php HTTP/1.1" 200 6748 "-" "Mozilla/5.0"
64.31.22.34 - - [16/Jan/2026:02:51:32 +0000] "POST /wp-cron.php?doing_wp_cron=1768531892.0332410335540771484375 HTTP/1.1" 200 0 "-" "WordPress/6.9; https://jujusmooth.com"
64.31.22.34 - - [16/Jan/2026:02:53:20 +0000] "POST /wp-cron.php?doing_wp_cron=1768532000.6868100166320800781250 HTTP/1.1" 200 0 "-" "WordPress/6.9; https://jujusmooth.com"
66.249.66.11 - - [16/Jan/2026:02:53:18 +0000] "GET /products/22763097/ HTTP/1.1" 404 21994 "-" "Mozilla/5.0 (Linux; Android 6.0.1; Nexus 5X Build/MMB29P) AppleWebKit/537.36 (KHTML, like Gecko) Chrome/143.0.7499.192 Mobile Safari/537.36 (compatible; Googlebot/2.1; +http://www.google.com/bot.html)"
64.31.22.34 - - [16/Jan/2026:02:56:48 +0000] "POST /wp-cron.php?doing_wp_cron=1768532208.6804239749908447265625 HTTP/1.1" 200 0 "-" "WordPress/6.9; https://jujusmooth.com"
64.31.22.34 - - [16/Jan/2026:03:01:08 +0000] "POST /wp-cron.php?doing_wp_cron=1768532468.4608709812164306640625 HTTP/1.1" 200 0 "-" "WordPress/6.9; https://jujusmooth.com"
66.249.66.75 - - [16/Jan/2026:03:01:05 +0000] "GET /products/13994375/ HTTP/1.1" 404 21994 "-" "Mozilla/5.0 (Linux; Android 6.0.1; Nexus 5X Build/MMB29P) AppleWebKit/537.36 (KHTML, like Gecko) Chrome/143.0.7499.192 Mobile Safari/537.36 (compatible; Googlebot/2.1; +http://www.google.com/bot.html)"
182.188.82.53 - - [16/Jan/2026:03:01:16 +0000] "GET / HTTP/2" 200 32438 "-" "Mozilla/5.0 (Linux; Android 10; K) AppleWebKit/537.36 (KHTML, like Gecko) Chrome/143.0.0.0 Mobile Safari/537.36"
182.188.82.53 - - [16/Jan/2026:03:01:19 +0000] "POST /?wc-ajax=get_refreshed_fragments HTTP/2" 200 0 "https://jujusmooth.com/" "Mozilla/5.0 (Linux; Android 10; K) AppleWebKit/537.36 (KHTML, like Gecko) Chrome/143.0.0.0 Mobile Safari/537.36"
182.188.82.53 - - [16/Jan/2026:03:01:19 +0000] "GET /wp-content/uploads/2025/02/WhatsApp-Video-2025-02-18-at-19.46.20_81e1df44.mp4 HTTP/2" 206 262072 "https://jujusmooth.com/" "Mozilla/5.0 (Linux; Android 10; K) AppleWebKit/537.36 (KHTML, like Gecko) Chrome/143.0.0.0 Mobile Safari/537.36"
64.31.22.34 - - [16/Jan/2026:03:02:59 +0000] "POST /wp-cron.php?doing_wp_cron=1768532579.9691009521484375000000 HTTP/1.1" 200 0 "-" "WordPress/6.9; https://jujusmooth.com"
66.249.66.13 - - [16/Jan/2026:03:03:04 +0000] "GET /products/8899664/ HTTP/1.1" 404 21994 "-" "Mozilla/5.0 (Linux; Android 6.0.1; Nexus 5X Build/MMB29P) AppleWebKit/537.36 (KHTML, like Gecko) Chrome/143.0.7499.192 Mobile Safari/537.36 (compatible; Googlebot/2.1; +http://www.google.com/bot.html)"
64.31.22.34 - - [16/Jan/2026:03:12:44 +0000] "POST /wp-cron.php?doing_wp_cron=1768533164.8802480697631835937500 HTTP/1.1" 200 0 "-" "WordPress/6.9; https://jujusmooth.com"
193.36.225.11 - - [16/Jan/2026:03:14:02 +0000] "POST /wp-login.php HTTP/1.1" 200 6748 "-" "Mozilla/5.0"
182.188.82.53 - - [16/Jan/2026:03:20:49 +0000] "GET /wp-content/uploads/2025/02/WhatsApp-Video-2025-02-18-at-19.46.20_81e1df44.mp4 HTTP/2" 206 131000 "https://jujusmooth.com/" "Mozilla/5.0 (Linux; Android 10; K) AppleWebKit/537.36 (KHTML, like Gecko) Chrome/143.0.0.0 Mobile Safari/537.36"
64.31.22.34 - - [16/Jan/2026:03:22:32 +0000] "POST /wp-cron.php?doing_wp_cron=1768533752.2920939922332763671875 HTTP/1.1" 200 0 "-" "WordPress/6.9; https://jujusmooth.com"
69.171.231.3 - - [16/Jan/2026:03:33:59 +0000] "GET /robots.txt HTTP/2" 206 68 "-" "facebookexternalhit/1.1 (+http://www.facebook.com/externalhit_uatext.php)"
64.31.22.34 - - [16/Jan/2026:03:44:08 +0000] "POST /wp-cron.php?doing_wp_cron=1768535048.3574240207672119140625 HTTP/1.1" 200 0 "-" "WordPress/6.9; https://jujusmooth.com"
