/home3/bmscom/access-logs/jujusmooth.com.bms69.com-ssl_log
64.31.22.34 - - [15/Jan/2026:12:14:13 +0000] "POST /wp-cron.php?doing_wp_cron=1768479253.9754829406738281250000 HTTP/1.1" 200 0 "-" "WordPress/6.9; https://jujusmooth.com"
216.126.224.11 - - [15/Jan/2026:12:14:14 +0000] "GET /wp-content/plugins/woocommerce-simple-registration/readme.txt HTTP/1.1" 404 25735 "-" "Mozilla/5.0 (SS; Linux i686) AppleWebKit/537.36 (KHTML, like Gecko) Chrome/135.0.0.0 Safari/537.36"
66.249.66.74 - - [15/Jan/2026:12:15:11 +0000] "GET /product-sitemap.xml HTTP/1.1" 200 604 "-" "Mozilla/5.0 (compatible; Googlebot/2.1; +http://www.google.com/bot.html)"
66.249.66.43 - - [15/Jan/2026:12:15:12 +0000] "GET /product_cat-sitemap.xml HTTP/1.1" 200 345 "-" "Mozilla/5.0 (compatible; Googlebot/2.1; +http://www.google.com/bot.html)"
66.249.66.43 - - [15/Jan/2026:12:41:42 +0000] "GET /products/17718786/ HTTP/1.1" 404 22001 "-" "Mozilla/5.0 (Linux; Android 6.0.1; Nexus 5X Build/MMB29P) AppleWebKit/537.36 (KHTML, like Gecko) Chrome/143.0.7499.192 Mobile Safari/537.36 (compatible; Googlebot/2.1; +http://www.google.com/bot.html)"
66.249.66.42 - - [15/Jan/2026:12:42:57 +0000] "GET /products/11012120/ HTTP/1.1" 404 22001 "-" "Mozilla/5.0 (Linux; Android 6.0.1; Nexus 5X Build/MMB29P) AppleWebKit/537.36 (KHTML, like Gecko) Chrome/143.0.7499.192 Mobile Safari/537.36 (compatible; Googlebot/2.1; +http://www.google.com/bot.html)"
64.31.22.34 - - [15/Jan/2026:12:51:30 +0000] "POST /wp-cron.php?doing_wp_cron=1768481490.8911919593811035156250 HTTP/1.1" 200 0 "-" "WordPress/6.9; https://jujusmooth.com"
66.249.66.161 - - [15/Jan/2026:12:51:43 +0000] "GET /products/10634620/ HTTP/1.1" 404 22001 "-" "Mozilla/5.0 (Linux; Android 6.0.1; Nexus 5X Build/MMB29P) AppleWebKit/537.36 (KHTML, like Gecko) Chrome/143.0.7499.192 Mobile Safari/537.36 (compatible; Googlebot/2.1; +http://www.google.com/bot.html)"
66.249.66.76 - - [15/Jan/2026:12:52:02 +0000] "GET /products/3806108/ HTTP/1.1" 404 22001 "-" "Mozilla/5.0 (Linux; Android 6.0.1; Nexus 5X Build/MMB29P) AppleWebKit/537.36 (KHTML, like Gecko) Chrome/143.0.7499.192 Mobile Safari/537.36 (compatible; Googlebot/2.1; +http://www.google.com/bot.html)"
66.249.66.74 - - [15/Jan/2026:12:52:22 +0000] "GET /products/5037175/ HTTP/1.1" 404 22001 "-" "Mozilla/5.0 (Linux; Android 6.0.1; Nexus 5X Build/MMB29P) AppleWebKit/537.36 (KHTML, like Gecko) Chrome/143.0.7499.192 Mobile Safari/537.36 (compatible; Googlebot/2.1; +http://www.google.com/bot.html)"
64.31.22.34 - - [15/Jan/2026:12:55:53 +0000] "POST /wp-cron.php?doing_wp_cron=1768481753.6181249618530273437500 HTTP/1.1" 200 0 "-" "WordPress/6.9; https://jujusmooth.com"
64.31.22.34 - - [15/Jan/2026:13:09:45 +0000] "POST /wp-cron.php?doing_wp_cron=1768482585.6660380363464355468750 HTTP/1.1" 200 0 "-" "WordPress/6.9; https://jujusmooth.com"
52.167.144.167 - - [15/Jan/2026:13:09:43 +0000] "GET /products/4242997/ HTTP/2" 404 22035 "-" "Mozilla/5.0 AppleWebKit/537.36 (KHTML, like Gecko; compatible; bingbot/2.0; +http://www.bing.com/bingbot.htm) Chrome/116.0.1938.76 Safari/537.36"
66.249.66.160 - - [15/Jan/2026:13:11:42 +0000] "GET /products/14610964/ HTTP/1.1" 404 22001 "-" "Mozilla/5.0 (Linux; Android 6.0.1; Nexus 5X Build/MMB29P) AppleWebKit/537.36 (KHTML, like Gecko) Chrome/143.0.7499.192 Mobile Safari/537.36 (compatible; Googlebot/2.1; +http://www.google.com/bot.html)"
64.31.22.34 - - [15/Jan/2026:13:19:59 +0000] "POST /wp-cron.php?doing_wp_cron=1768483199.5205259323120117187500 HTTP/1.1" 200 0 "-" "WordPress/6.9; https://jujusmooth.com"
114.119.135.223 - - [15/Jan/2026:13:20:00 +0000] "GET /contact/ HTTP/1.1" 200 28132 "https://jujusmooth.com/collections/frontpage" "Mozilla/5.0 (Linux; Android 7.0;) AppleWebKit/537.36 (KHTML, like Gecko) Mobile Safari/537.36 (compatible; PetalBot;+https://webmaster.petalsearch.com/site/petalbot)"
52.167.144.225 - - [15/Jan/2026:13:20:08 +0000] "GET /products/23778319/ HTTP/2" 404 22035 "-" "Mozilla/5.0 AppleWebKit/537.36 (KHTML, like Gecko; compatible; bingbot/2.0; +http://www.bing.com/bingbot.htm) Chrome/116.0.1938.76 Safari/537.36"
217.15.167.30 - - [15/Jan/2026:12:12:27 +0000] "POST /wp-login.php HTTP/1.1" 307 797 "-" "Mozilla/5.0"
216.126.224.11 - - [15/Jan/2026:12:14:07 +0000] "GET /wp-content/plugins/woocommerce-simple-registration/assets/js/custom.js HTTP/1.1" 404 27191 "-" "Mozilla/5.0 (Windows NT 10.0; Win64; x64) AppleWebKit/537.36 (KHTML, like Gecko) Chrome/92.0.4515.159 Safari/537.36"
129.226.213.145 - - [15/Jan/2026:12:15:38 +0000] "GET / HTTP/1.1" 200 37982 "http://jujusmooth.com" "Mozilla/5.0 (iPhone; CPU iPhone OS 13_2_3 like Mac OS X) AppleWebKit/605.1.15 (KHTML, like Gecko) Version/13.0.3 Mobile/15E148 Safari/604.1"
217.15.167.30 - - [15/Jan/2026:12:25:39 +0000] "POST /wp-login.php HTTP/1.1" 307 797 "-" "Mozilla/5.0"
66.249.66.74 - - [15/Jan/2026:12:29:34 +0000] "GET /product-sitemap.xml HTTP/1.1" 200 604 "-" "Mozilla/5.0 (compatible; Googlebot/2.1; +http://www.google.com/bot.html)"
217.15.167.30 - - [15/Jan/2026:12:39:12 +0000] "POST /wp-login.php HTTP/1.1" 307 797 "-" "Mozilla/5.0"
64.31.22.34 - - [15/Jan/2026:12:41:48 +0000] "POST /wp-cron.php?doing_wp_cron=1768480908.9737429618835449218750 HTTP/1.1" 200 0 "-" "WordPress/6.9; https://jujusmooth.com"
64.31.22.34 - - [15/Jan/2026:12:42:58 +0000] "POST /wp-cron.php?doing_wp_cron=1768480978.8399240970611572265625 HTTP/1.1" 200 0 "-" "WordPress/6.9; https://jujusmooth.com"
66.249.66.76 - - [15/Jan/2026:12:51:29 +0000] "GET /products/13946497/ HTTP/1.1" 404 22001 "-" "Mozilla/5.0 (Linux; Android 6.0.1; Nexus 5X Build/MMB29P) AppleWebKit/537.36 (KHTML, like Gecko) Chrome/143.0.7499.192 Mobile Safari/537.36 (compatible; Googlebot/2.1; +http://www.google.com/bot.html)"
64.31.22.34 - - [15/Jan/2026:12:52:24 +0000] "POST /wp-cron.php?doing_wp_cron=1768481544.2759881019592285156250 HTTP/1.1" 200 0 "-" "WordPress/6.9; https://jujusmooth.com"
66.249.66.160 - - [15/Jan/2026:12:52:33 +0000] "GET /products/6172331/ HTTP/1.1" 404 22001 "-" "Mozilla/5.0 (Linux; Android 6.0.1; Nexus 5X Build/MMB29P) AppleWebKit/537.36 (KHTML, like Gecko) Chrome/143.0.7499.192 Mobile Safari/537.36 (compatible; Googlebot/2.1; +http://www.google.com/bot.html)"
217.15.167.30 - - [15/Jan/2026:12:53:44 +0000] "POST /wp-login.php HTTP/1.1" 307 797 "-" "Mozilla/5.0"
40.77.167.14 - - [15/Jan/2026:12:55:52 +0000] "GET /products/1571020/ HTTP/2" 301 0 "-" "Mozilla/5.0 AppleWebKit/537.36 (KHTML, like Gecko; compatible; bingbot/2.0; +http://www.bing.com/bingbot.htm) Chrome/116.0.1938.76 Safari/537.36"
115.45.41.40 - - [15/Jan/2026:13:02:06 +0000] "GET /robots.txt HTTP/1.1" 200 68 "-" "Mozilla/5.0 (Windows NT 10.0; Win64; x64) AppleWebKit/537.36 (KHTML, like Gecko) Chrome/92.0.4309.147 Safari/537.36 OPR/63.0.3368.43"
217.15.167.30 - - [15/Jan/2026:13:08:39 +0000] "POST /wp-login.php HTTP/1.1" 307 797 "-" "Mozilla/5.0"
64.31.22.34 - - [15/Jan/2026:13:11:33 +0000] "POST /wp-cron.php?doing_wp_cron=1768482693.7092208862304687500000 HTTP/1.1" 200 0 "-" "WordPress/6.9; https://jujusmooth.com"
66.249.66.43 - - [15/Jan/2026:13:11:31 +0000] "GET /products/15690564/ HTTP/1.1" 404 22001 "-" "Mozilla/5.0 (Linux; Android 6.0.1; Nexus 5X Build/MMB29P) AppleWebKit/537.36 (KHTML, like Gecko) Chrome/143.0.7499.192 Mobile Safari/537.36 (compatible; Googlebot/2.1; +http://www.google.com/bot.html)"
114.119.135.223 - - [15/Jan/2026:13:19:58 +0000] "GET /pages/contact HTTP/1.1" 301 0 "https://jujusmooth.com/collections/frontpage" "Mozilla/5.0 (Linux; Android 7.0;) AppleWebKit/537.36 (KHTML, like Gecko) Mobile Safari/537.36 (compatible; PetalBot;+https://webmaster.petalsearch.com/site/petalbot)"
64.31.22.34 - - [15/Jan/2026:13:20:10 +0000] "POST /wp-cron.php?doing_wp_cron=1768483210.1052019596099853515625 HTTP/1.1" 200 0 "-" "WordPress/6.9; https://jujusmooth.com"
64.31.22.34 - - [15/Jan/2026:13:24:05 +0000] "POST /wp-cron.php?doing_wp_cron=1768483445.3592801094055175781250 HTTP/1.1" 200 0 "-" "WordPress/6.9; https://jujusmooth.com"
3.15.11.173 - - [15/Jan/2026:13:24:03 +0000] "GET /wp-content/plugins/rss-feed-post-generator-echo/readme.txt HTTP/1.1" 404 25715 "-" "Mozilla/5.0 (iPhone; CPU iPhone OS 18_3_2 like Mac OS X) AppleWebKit/605.1.15 (KHTML, like Gecko) Version/18.3.1 Mobile/15E148 Safari/604.1"
64.31.22.34 - - [15/Jan/2026:13:27:27 +0000] "POST /wp-cron.php?doing_wp_cron=1768483647.3821980953216552734375 HTTP/1.1" 200 0 "-" "WordPress/6.9; https://jujusmooth.com"
66.249.66.12 - - [15/Jan/2026:13:30:03 +0000] "GET /products/4055653/ HTTP/1.1" 404 22001 "-" "Mozilla/5.0 (Linux; Android 6.0.1; Nexus 5X Build/MMB29P) AppleWebKit/537.36 (KHTML, like Gecko) Chrome/143.0.7499.192 Mobile Safari/537.36 (compatible; Googlebot/2.1; +http://www.google.com/bot.html)"
66.249.66.161 - - [15/Jan/2026:13:30:28 +0000] "GET /products/7431108/ HTTP/1.1" 404 22001 "-" "Mozilla/5.0 (Linux; Android 6.0.1; Nexus 5X Build/MMB29P) AppleWebKit/537.36 (KHTML, like Gecko) Chrome/143.0.7499.192 Mobile Safari/537.36 (compatible; Googlebot/2.1; +http://www.google.com/bot.html)"
66.249.66.12 - - [15/Jan/2026:13:30:30 +0000] "GET /products/14139875/ HTTP/1.1" 404 22001 "-" "Mozilla/5.0 (Linux; Android 6.0.1; Nexus 5X Build/MMB29P) AppleWebKit/537.36 (KHTML, like Gecko) Chrome/143.0.7499.192 Mobile Safari/537.36 (compatible; Googlebot/2.1; +http://www.google.com/bot.html)"
170.106.148.137 - - [15/Jan/2026:13:37:43 +0000] "GET / HTTP/1.1" 200 22024 "http://www.jujusmooth.com" "Mozilla/5.0 (iPhone; CPU iPhone OS 13_2_3 like Mac OS X) AppleWebKit/605.1.15 (KHTML, like Gecko) Version/13.0.3 Mobile/15E148 Safari/604.1"
217.15.167.30 - - [15/Jan/2026:13:38:37 +0000] "POST /wp-login.php HTTP/1.1" 200 6748 "-" "Mozilla/5.0"
66.249.66.161 - - [15/Jan/2026:13:45:17 +0000] "GET /products/25316020/ HTTP/1.1" 404 22001 "-" "Mozilla/5.0 (Linux; Android 6.0.1; Nexus 5X Build/MMB29P) AppleWebKit/537.36 (KHTML, like Gecko) Chrome/143.0.7499.192 Mobile Safari/537.36 (compatible; Googlebot/2.1; +http://www.google.com/bot.html)"
66.249.66.160 - - [15/Jan/2026:13:45:59 +0000] "GET /products/24814631/ HTTP/1.1" 404 22001 "-" "Mozilla/5.0 (Linux; Android 6.0.1; Nexus 5X Build/MMB29P) AppleWebKit/537.36 (KHTML, like Gecko) Chrome/143.0.7499.192 Mobile Safari/537.36 (compatible; Googlebot/2.1; +http://www.google.com/bot.html)"
64.31.22.34 - - [15/Jan/2026:13:46:21 +0000] "POST /wp-cron.php?doing_wp_cron=1768484781.9072918891906738281250 HTTP/1.1" 200 0 "-" "WordPress/6.9; https://jujusmooth.com"
66.249.66.11 - - [15/Jan/2026:13:46:20 +0000] "GET /products/9347631/ HTTP/1.1" 404 22001 "-" "Mozilla/5.0 (Linux; Android 6.0.1; Nexus 5X Build/MMB29P) AppleWebKit/537.36 (KHTML, like Gecko) Chrome/143.0.7499.192 Mobile Safari/537.36 (compatible; Googlebot/2.1; +http://www.google.com/bot.html)"
64.31.22.34 - - [15/Jan/2026:13:47:54 +0000] "POST /wp-cron.php?doing_wp_cron=1768484873.9982049465179443359375 HTTP/1.1" 200 0 "-" "WordPress/6.9; https://jujusmooth.com"
165.227.108.154 - - [15/Jan/2026:13:50:08 +0000] "GET /.git/config HTTP/1.1" 403 1242 "-" "Mozilla/5.0 (Linux; U; Android 9; en-gb; Redmi Note 7 Pro Build/PKQ1.181203.001) AppleWebKit/537.36 (KHTML, like Gecko) Version/4.0 Chrome/71.0.3578.141 Mobile Safari/537.36 XiaoMi/MiuiBrowser/10.9.8-g"
64.31.22.34 - - [15/Jan/2026:13:50:18 +0000] "POST /wp-cron.php?doing_wp_cron=1768485018.9603490829467773437500 HTTP/1.1" 200 0 "-" "WordPress/6.9; https://jujusmooth.com"
217.15.167.30 - - [15/Jan/2026:13:53:35 +0000] "POST /wp-login.php HTTP/1.1" 307 797 "-" "Mozilla/5.0"
64.31.22.34 - - [15/Jan/2026:13:53:54 +0000] "POST /wp-cron.php?doing_wp_cron=1768485234.2921059131622314453125 HTTP/1.1" 200 0 "-" "WordPress/6.9; https://jujusmooth.com"
66.249.66.12 - - [15/Jan/2026:13:53:52 +0000] "GET /products/13004564/ HTTP/1.1" 404 22001 "-" "Mozilla/5.0 (Linux; Android 6.0.1; Nexus 5X Build/MMB29P) AppleWebKit/537.36 (KHTML, like Gecko) Chrome/143.0.7499.192 Mobile Safari/537.36 (compatible; Googlebot/2.1; +http://www.google.com/bot.html)"
217.15.167.30 - - [15/Jan/2026:13:23:41 +0000] "POST /wp-login.php HTTP/1.1" 307 797 "-" "Mozilla/5.0"
181.90.225.119 - - [15/Jan/2026:13:27:26 +0000] "GET /privacy-policy HTTP/1.1" 301 0 "https://jujusmooth.com/" "Mozilla/5.0 (Windows NT 10.0; Win64; x64) AppleWebKit/537.36 (KHTML, like Gecko) Chrome/135.0.0.0 Safari/537.36"
37.150.48.198 - - [15/Jan/2026:13:27:29 +0000] "GET /privacy-policy/ HTTP/1.1" 200 23845 "https://jujusmooth.com/" "Mozilla/5.0 (Windows NT 10.0; Win64; x64) AppleWebKit/537.36 (KHTML, like Gecko) Chrome/135.0.0.0 Safari/537.36"
64.31.22.34 - - [15/Jan/2026:13:30:05 +0000] "POST /wp-cron.php?doing_wp_cron=1768483805.6187069416046142578125 HTTP/1.1" 200 0 "-" "WordPress/6.9; https://jujusmooth.com"
66.249.66.200 - - [15/Jan/2026:13:30:32 +0000] "GET /products/9645508/ HTTP/1.1" 404 22001 "-" "Mozilla/5.0 (Linux; Android 6.0.1; Nexus 5X Build/MMB29P) AppleWebKit/537.36 (KHTML, like Gecko) Chrome/143.0.7499.192 Mobile Safari/537.36 (compatible; Googlebot/2.1; +http://www.google.com/bot.html)"
64.31.22.34 - - [15/Jan/2026:13:38:39 +0000] "POST /wp-cron.php?doing_wp_cron=1768484319.6831960678100585937500 HTTP/1.1" 200 0 "-" "WordPress/6.9; https://jujusmooth.com"
64.31.22.34 - - [15/Jan/2026:13:45:19 +0000] "POST /wp-cron.php?doing_wp_cron=1768484719.4297571182250976562500 HTTP/1.1" 200 0 "-" "WordPress/6.9; https://jujusmooth.com"
66.249.66.76 - - [15/Jan/2026:13:47:52 +0000] "GET /products/20030986/ HTTP/1.1" 404 22001 "-" "Mozilla/5.0 (Linux; Android 6.0.1; Nexus 5X Build/MMB29P) AppleWebKit/537.36 (KHTML, like Gecko) Chrome/143.0.7499.192 Mobile Safari/537.36 (compatible; Googlebot/2.1; +http://www.google.com/bot.html)"
40.77.167.55 - - [15/Jan/2026:13:50:17 +0000] "GET /products/8048086/ HTTP/2" 301 0 "-" "Mozilla/5.0 AppleWebKit/537.36 (KHTML, like Gecko; compatible; bingbot/2.0; +http://www.bing.com/bingbot.htm) Chrome/116.0.1938.76 Safari/537.36"
66.249.66.13 - - [15/Jan/2026:13:55:33 +0000] "GET /products/15246597/ HTTP/1.1" 404 22001 "-" "Mozilla/5.0 (Linux; Android 6.0.1; Nexus 5X Build/MMB29P) AppleWebKit/537.36 (KHTML, like Gecko) Chrome/143.0.7499.192 Mobile Safari/537.36 (compatible; Googlebot/2.1; +http://www.google.com/bot.html)"
64.31.22.34 - - [15/Jan/2026:13:56:08 +0000] "POST /wp-cron.php?doing_wp_cron=1768485368.0821540355682373046875 HTTP/1.1" 200 0 "-" "WordPress/6.9; https://jujusmooth.com"
66.249.66.76 - - [15/Jan/2026:13:54:01 +0000] "GET /products/17564353/ HTTP/1.1" 404 22001 "-" "Mozilla/5.0 (Linux; Android 6.0.1; Nexus 5X Build/MMB29P) AppleWebKit/537.36 (KHTML, like Gecko) Chrome/143.0.7499.192 Mobile Safari/537.36 (compatible; Googlebot/2.1; +http://www.google.com/bot.html)"
64.31.22.34 - - [15/Jan/2026:13:55:35 +0000] "POST /wp-cron.php?doing_wp_cron=1768485335.3607530593872070312500 HTTP/1.1" 200 0 "-" "WordPress/6.9; https://jujusmooth.com"
66.249.66.12 - - [15/Jan/2026:13:56:06 +0000] "GET /products/6819231/ HTTP/1.1" 404 22001 "-" "Mozilla/5.0 (Linux; Android 6.0.1; Nexus 5X Build/MMB29P) AppleWebKit/537.36 (KHTML, like Gecko) Chrome/143.0.7499.192 Mobile Safari/537.36 (compatible; Googlebot/2.1; +http://www.google.com/bot.html)"
66.249.66.199 - - [15/Jan/2026:13:56:30 +0000] "GET /products/25057964/ HTTP/1.1" 404 22001 "-" "Mozilla/5.0 (Linux; Android 6.0.1; Nexus 5X Build/MMB29P) AppleWebKit/537.36 (KHTML, like Gecko) Chrome/143.0.7499.192 Mobile Safari/537.36 (compatible; Googlebot/2.1; +http://www.google.com/bot.html)"
66.249.66.199 - - [15/Jan/2026:13:56:33 +0000] "GET /products/1761197/ HTTP/1.1" 404 22001 "-" "Mozilla/5.0 (Linux; Android 6.0.1; Nexus 5X Build/MMB29P) AppleWebKit/537.36 (KHTML, like Gecko) Chrome/143.0.7499.192 Mobile Safari/537.36 (compatible; Googlebot/2.1; +http://www.google.com/bot.html)"
52.167.144.162 - - [15/Jan/2026:14:23:57 +0000] "GET /products/6735231/ HTTP/2" 404 22035 "-" "Mozilla/5.0 AppleWebKit/537.36 (KHTML, like Gecko; compatible; bingbot/2.0; +http://www.bing.com/bingbot.htm) Chrome/116.0.1938.76 Safari/537.36"
47.128.111.184 - - [15/Jan/2026:13:59:29 +0000] "GET /collections/frontpage HTTP/2" 403 0 "-" "Mozilla/5.0 (Linux; Android 5.0) AppleWebKit/537.36 (KHTML, like Gecko) Mobile Safari/537.36 (compatible; Bytespider; spider-feedback@bytedance.com)"
64.31.22.34 - - [15/Jan/2026:14:23:44 +0000] "POST /wp-cron.php?doing_wp_cron=1768487024.6010339260101318359375 HTTP/1.1" 200 0 "-" "WordPress/6.9; https://jujusmooth.com"
217.15.167.30 - - [15/Jan/2026:14:23:41 +0000] "POST /wp-login.php HTTP/1.1" 200 6748 "-" "Mozilla/5.0"
217.15.167.30 - - [15/Jan/2026:14:53:56 +0000] "POST /wp-login.php HTTP/1.1" 200 6748 "-" "Mozilla/5.0"
64.31.22.34 - - [15/Jan/2026:15:09:06 +0000] "POST /wp-cron.php?doing_wp_cron=1768489746.5298619270324707031250 HTTP/1.1" 200 0 "-" "WordPress/6.9; https://jujusmooth.com"
64.31.22.34 - - [15/Jan/2026:15:39:24 +0000] "POST /wp-cron.php?doing_wp_cron=1768491564.2459599971771240234375 HTTP/1.1" 200 0 "-" "WordPress/6.9; https://jujusmooth.com"
217.15.167.30 - - [15/Jan/2026:15:39:22 +0000] "POST /wp-login.php HTTP/1.1" 200 6748 "-" "Mozilla/5.0"
213.180.203.179 - - [15/Jan/2026:15:40:49 +0000] "GET /robots.txt HTTP/1.1" 200 68 "-" "Mozilla/5.0 (compatible; YandexBot/3.0; +http://yandex.com/bots)"
64.31.22.34 - - [15/Jan/2026:15:40:52 +0000] "POST /wp-cron.php?doing_wp_cron=1768491652.2209260463714599609375 HTTP/1.1" 200 0 "-" "WordPress/6.9; https://jujusmooth.com"
64.31.22.34 - - [15/Jan/2026:15:42:00 +0000] "POST /wp-cron.php?doing_wp_cron=1768491719.9920821189880371093750 HTTP/1.1" 200 0 "-" "WordPress/6.9; https://jujusmooth.com"
52.167.144.161 - - [15/Jan/2026:15:41:58 +0000] "GET /products/13539120/ HTTP/2" 301 0 "-" "Mozilla/5.0 AppleWebKit/537.36 (KHTML, like Gecko; compatible; bingbot/2.0; +http://www.bing.com/bingbot.htm) Chrome/116.0.1938.76 Safari/537.36"
66.249.66.11 - - [15/Jan/2026:15:51:25 +0000] "GET /product_cat-sitemap.xml HTTP/1.1" 200 345 "-" "Mozilla/5.0 (compatible; Googlebot/2.1; +http://www.google.com/bot.html)"
64.31.22.34 - - [15/Jan/2026:15:54:14 +0000] "POST /wp-cron.php?doing_wp_cron=1768492454.1050209999084472656250 HTTP/1.1" 200 0 "-" "WordPress/6.9; https://jujusmooth.com"
217.15.167.30 - - [15/Jan/2026:15:54:12 +0000] "POST /wp-login.php HTTP/1.1" 200 6748 "-" "Mozilla/5.0"
66.249.66.199 - - [15/Jan/2026:16:05:01 +0000] "GET /products/24165686/ HTTP/1.1" 404 22001 "-" "Mozilla/5.0 (Linux; Android 6.0.1; Nexus 5X Build/MMB29P) AppleWebKit/537.36 (KHTML, like Gecko) Chrome/143.0.7499.192 Mobile Safari/537.36 (compatible; Googlebot/2.1; +http://www.google.com/bot.html)"
64.31.22.34 - - [15/Jan/2026:16:09:25 +0000] "POST /wp-cron.php?doing_wp_cron=1768493365.8254439830780029296875 HTTP/1.1" 200 0 "-" "WordPress/6.9; https://jujusmooth.com"
64.31.22.34 - - [15/Jan/2026:16:17:32 +0000] "POST /wp-cron.php?doing_wp_cron=1768493852.1849548816680908203125 HTTP/1.1" 200 0 "-" "WordPress/6.9; https://jujusmooth.com"
37.215.34.81 - - [15/Jan/2026:16:21:32 +0000] "GET /pages/terms-conditions HTTP/1.1" 404 22035 "https://jujusmooth.com/" "Mozilla/5.0 (Windows NT 10.0; Win64; x64) AppleWebKit/537.36 (KHTML, like Gecko) Chrome/135.0.0.0 Safari/537.36"
64.31.22.34 - - [15/Jan/2026:16:25:06 +0000] "POST /wp-cron.php?doing_wp_cron=1768494306.8626410961151123046875 HTTP/1.1" 200 0 "-" "WordPress/6.9; https://jujusmooth.com"
38.15.213.92 - - [15/Jan/2026:16:27:44 +0000] "GET / HTTP/2" 200 32129 "-" "Mozilla/5.0 (Macintosh; Intel Mac OS X 10_15_7) AppleWebKit/537.36 (KHTML, like Gecko) Chrome/143.0.0.0 Safari/537.36"
38.15.213.92 - - [15/Jan/2026:16:27:48 +0000] "GET /collections/frontpage HTTP/2" 404 22035 "https://jujusmooth.com/" "Mozilla/5.0 (Macintosh; Intel Mac OS X 10_15_7) AppleWebKit/537.36 (KHTML, like Gecko) Chrome/143.0.0.0 Safari/537.36"
167.234.105.171 - - [15/Jan/2026:16:27:57 +0000] "GET /wp-content/plugins/elementor/assets/css/widget-social-icons.min.css?ver=3.24.0 HTTP/2" 200 1039 "https://jujusmooth.com/collections/frontpage" "Mozilla/5.0 (Linux; Android 5.0; SM-G900P Build/LRX21T) AppleWebKit/537.36 (KHTML, like Gecko) Chrome/50.0.8171.1830 Mobile Safari/537.36"
167.234.105.171 - - [15/Jan/2026:16:27:57 +0000] "GET /wp-content/plugins/elementor/assets/lib/eicons/css/elementor-icons.min.css?ver=5.34.0 HTTP/2" 200 4025 "https://jujusmooth.com/collections/frontpage" "Mozilla/5.0 (Linux; Android 5.0; SM-G900P Build/LRX21T) AppleWebKit/537.36 (KHTML, like Gecko) Chrome/50.0.8171.1830 Mobile Safari/537.36"
167.234.105.171 - - [15/Jan/2026:16:27:57 +0000] "GET /wp-content/plugins/elementor/assets/css/widget-icon-list.min.css?ver=3.24.3 HTTP/2" 200 928 "https://jujusmooth.com/collections/frontpage" "Mozilla/5.0 (Linux; Android 5.0; SM-G900P Build/LRX21T) AppleWebKit/537.36 (KHTML, like Gecko) Chrome/50.0.8171.1830 Mobile Safari/537.36"
167.234.105.171 - - [15/Jan/2026:16:27:57 +0000] "GET /wp-content/plugins/elementor-pro/assets/css/widget-nav-menu.min.css?ver=3.26.0 HTTP/2" 200 3244 "https://jujusmooth.com/collections/frontpage" "Mozilla/5.0 (Linux; Android 5.0; SM-G900P Build/LRX21T) AppleWebKit/537.36 (KHTML, like Gecko) Chrome/50.0.8171.1830 Mobile Safari/537.36"
167.234.105.171 - - [15/Jan/2026:16:27:57 +0000] "GET /wp-content/plugins/header-footer-elementor-new/inc/widgets-css/frontend.css?ver=2.7.0 HTTP/2" 200 8756 "https://jujusmooth.com/collections/frontpage" "Mozilla/5.0 (Linux; Android 5.0; SM-G900P Build/LRX21T) AppleWebKit/537.36 (KHTML, like Gecko) Chrome/50.0.8171.1830 Mobile Safari/537.36"
167.234.105.171 - - [15/Jan/2026:16:27:57 +0000] "GET /wp-content/themes/hello-elementor/assets/css/theme.css?ver=3.4.5 HTTP/2" 200 1126 "https://jujusmooth.com/collections/frontpage" "Mozilla/5.0 (Linux; Android 5.0; SM-G900P Build/LRX21T) AppleWebKit/537.36 (KHTML, like Gecko) Chrome/50.0.8171.1830 Mobile Safari/537.36"
167.234.105.171 - - [15/Jan/2026:16:27:57 +0000] "GET /wp-content/plugins/header-footer-elementor-new/assets/css/header-footer-elementor.css?ver=2.7.0 HTTP/2" 200 259 "https://jujusmooth.com/collections/frontpage" "Mozilla/5.0 (Linux; Android 5.0; SM-G900P Build/LRX21T) AppleWebKit/537.36 (KHTML, like Gecko) Chrome/50.0.8171.1830 Mobile Safari/537.36"
167.234.105.171 - - [15/Jan/2026:16:27:57 +0000] "GET /wp-content/plugins/jetwoo-widgets-for-elementor/assets/css/jet-woo-widgets.css?ver=1.1.9 HTTP/2" 200 2678 "https://jujusmooth.com/collections/frontpage" "Mozilla/5.0 (Linux; Android 5.0; SM-G900P Build/LRX21T) AppleWebKit/537.36 (KHTML, like Gecko) Chrome/50.0.8171.1830 Mobile Safari/537.36"
167.234.105.171 - - [15/Jan/2026:16:27:57 +0000] "GET /wp-content/plugins/elementor-pro/assets/css/widget-nav-menu.min.css?ver=3.33.1 HTTP/2" 200 3244 "https://jujusmooth.com/collections/frontpage" "Mozilla/5.0 (Linux; Android 5.0; SM-G900P Build/LRX21T) AppleWebKit/537.36 (KHTML, like Gecko) Chrome/50.0.8171.1830 Mobile Safari/537.36"
167.234.105.171 - - [15/Jan/2026:16:27:57 +0000] "GET /wp-includes/css/dist/block-library/style.min.css?ver=6.9 HTTP/2" 200 14921 "https://jujusmooth.com/collections/frontpage" "Mozilla/5.0 (Linux; Android 5.0; SM-G900P Build/LRX21T) AppleWebKit/537.36 (KHTML, like Gecko) Chrome/50.0.8171.1830 Mobile Safari/537.36"
167.234.105.171 - - [15/Jan/2026:16:27:57 +0000] "GET /wp-content/plugins/header-footer-elementor-new/inc/widgets-css/woo-products.css?ver=2.7.0 HTTP/2" 200 987 "https://jujusmooth.com/collections/frontpage" "Mozilla/5.0 (Linux; Android 5.0; SM-G900P Build/LRX21T) AppleWebKit/537.36 (KHTML, like Gecko) Chrome/50.0.8171.1830 Mobile Safari/537.36"
167.234.105.171 - - [15/Jan/2026:16:27:57 +0000] "GET /wp-content/plugins/elementor/assets/css/widget-icon-list.min.css?ver=3.34.1 HTTP/2" 200 928 "https://jujusmooth.com/collections/frontpage" "Mozilla/5.0 (Linux; Android 5.0; SM-G900P Build/LRX21T) AppleWebKit/537.36 (KHTML, like Gecko) Chrome/50.0.8171.1830 Mobile Safari/537.36"
167.234.105.171 - - [15/Jan/2026:16:27:57 +0000] "GET /wp-content/themes/hello-elementor/assets/css/header-footer.css?ver=3.4.5 HTTP/2" 200 1261 "https://jujusmooth.com/collections/frontpage" "Mozilla/5.0 (Linux; Android 5.0; SM-G900P Build/LRX21T) AppleWebKit/537.36 (KHTML, like Gecko) Chrome/50.0.8171.1830 Mobile Safari/537.36"
167.234.105.171 - - [15/Jan/2026:16:27:57 +0000] "GET /wp-content/plugins/woocommerce/assets/css/woocommerce-layout.css?ver=10.4.3 HTTP/2" 200 3160 "https://jujusmooth.com/collections/frontpage" "Mozilla/5.0 (Linux; Android 5.0; SM-G900P Build/LRX21T) AppleWebKit/537.36 (KHTML, like Gecko) Chrome/50.0.8171.1830 Mobile Safari/537.36"
167.234.105.171 - - [15/Jan/2026:16:27:57 +0000] "GET /wp-content/plugins/click-to-chat-for-whatsapp/new/inc/assets/css/main.css?ver=4.35 HTTP/2" 200 940 "https://jujusmooth.com/collections/frontpage" "Mozilla/5.0 (Linux; Android 5.0; SM-G900P Build/LRX21T) AppleWebKit/537.36 (KHTML, like Gecko) Chrome/50.0.8171.1830 Mobile Safari/537.36"
167.234.105.171 - - [15/Jan/2026:16:27:57 +0000] "GET /wp-content/plugins/woocommerce/assets/css/woocommerce-smallscreen.css?ver=10.4.3 HTTP/2" 200 1165 "https://jujusmooth.com/collections/frontpage" "Mozilla/5.0 (Linux; Android 5.0; SM-G900P Build/LRX21T) AppleWebKit/537.36 (KHTML, like Gecko) Chrome/50.0.8171.1830 Mobile Safari/537.36"
167.234.105.171 - - [15/Jan/2026:16:27:57 +0000] "GET /wp-content/plugins/added-to-cart-popup-woocommerce/assets/css/xoo-cp-style.css?ver=1.8.2 HTTP/2" 200 1923 "https://jujusmooth.com/collections/frontpage" "Mozilla/5.0 (Linux; Android 5.0; SM-G900P Build/LRX21T) AppleWebKit/537.36 (KHTML, like Gecko) Chrome/50.0.8171.1830 Mobile Safari/537.36"
167.234.105.171 - - [15/Jan/2026:16:27:57 +0000] "GET /wp-content/plugins/elementor/assets/lib/font-awesome/css/all.min.css?ver=3.34.1 HTTP/2" 200 12380 "https://jujusmooth.com/collections/frontpage" "Mozilla/5.0 (Linux; Android 5.0; SM-G900P Build/LRX21T) AppleWebKit/537.36 (KHTML, like Gecko) Chrome/50.0.8171.1830 Mobile Safari/537.36"
167.234.105.171 - - [15/Jan/2026:16:27:57 +0000] "GET /wp-content/themes/hello-elementor/assets/css/reset.css?ver=3.4.5 HTTP/2" 200 1581 "https://jujusmooth.com/collections/frontpage" "Mozilla/5.0 (Linux; Android 5.0; SM-G900P Build/LRX21T) AppleWebKit/537.36 (KHTML, like Gecko) Chrome/50.0.8171.1830 Mobile Safari/537.36"
167.234.105.171 - - [15/Jan/2026:16:27:57 +0000] "GET /wp-content/plugins/elementor/assets/css/frontend.min.css?ver=3.34.1 HTTP/2" 200 6584 "https://jujusmooth.com/collections/frontpage" "Mozilla/5.0 (Linux; Android 5.0; SM-G900P Build/LRX21T) AppleWebKit/537.36 (KHTML, like Gecko) Chrome/50.0.8171.1830 Mobile Safari/537.36"
167.234.105.171 - - [15/Jan/2026:16:27:57 +0000] "GET /wp-content/plugins/elementor/assets/lib/eicons/css/elementor-icons.min.css?ver=5.45.0 HTTP/2" 200 4025 "https://jujusmooth.com/collections/frontpage" "Mozilla/5.0 (Linux; Android 5.0; SM-G900P Build/LRX21T) AppleWebKit/537.36 (KHTML, like Gecko) Chrome/50.0.8171.1830 Mobile Safari/537.36"
167.234.105.171 - - [15/Jan/2026:16:27:57 +0000] "GET /wp-content/plugins/woocommerce/assets/css/woocommerce.css?ver=10.4.3 HTTP/2" 200 10314 "https://jujusmooth.com/collections/frontpage" "Mozilla/5.0 (Linux; Android 5.0; SM-G900P Build/LRX21T) AppleWebKit/537.36 (KHTML, like Gecko) Chrome/50.0.8171.1830 Mobile Safari/537.36"
167.234.105.171 - - [15/Jan/2026:16:27:57 +0000] "GET /wp-content/plugins/sticky-header-effects-for-elementor/assets/css/she-header-style.css?ver=2.1.6 HTTP/2" 200 737 "https://jujusmooth.com/collections/frontpage" "Mozilla/5.0 (Linux; Android 5.0; SM-G900P Build/LRX21T) AppleWebKit/537.36 (KHTML, like Gecko) Chrome/50.0.8171.1830 Mobile Safari/537.36"
167.234.105.171 - - [15/Jan/2026:16:27:57 +0000] "GET /wp-content/plugins/wpc-buy-now-button/assets/css/frontend.css?ver=2.1.9 HTTP/2" 200 1077 "https://jujusmooth.com/collections/frontpage" "Mozilla/5.0 (Linux; Android 5.0; SM-G900P Build/LRX21T) AppleWebKit/537.36 (KHTML, like Gecko) Chrome/50.0.8171.1830 Mobile Safari/537.36"
167.234.105.171 - - [15/Jan/2026:16:27:57 +0000] "GET /wp-content/plugins/elementor/assets/lib/font-awesome/css/v4-shims.min.css?ver=3.34.1 HTTP/2" 200 3987 "https://jujusmooth.com/collections/frontpage" "Mozilla/5.0 (Linux; Android 5.0; SM-G900P Build/LRX21T) AppleWebKit/537.36 (KHTML, like Gecko) Chrome/50.0.8171.1830 Mobile Safari/537.36"
167.234.105.171 - - [15/Jan/2026:16:27:57 +0000] "GET /wp-content/plugins/elementor/assets/css/widget-image.min.css?ver=3.34.1 HTTP/2" 200 96 "https://jujusmooth.com/collections/frontpage" "Mozilla/5.0 (Linux; Android 5.0; SM-G900P Build/LRX21T) AppleWebKit/537.36 (KHTML, like Gecko) Chrome/50.0.8171.1830 Mobile Safari/537.36"
167.234.105.171 - - [15/Jan/2026:16:27:57 +0000] "GET /wp-content/plugins/elementor/assets/css/conditionals/apple-webkit.min.css?ver=3.34.1 HTTP/2" 200 464 "https://jujusmooth.com/collections/frontpage" "Mozilla/5.0 (Linux; Android 5.0; SM-G900P Build/LRX21T) AppleWebKit/537.36 (KHTML, like Gecko) Chrome/50.0.8171.1830 Mobile Safari/537.36"
167.234.105.171 - - [15/Jan/2026:16:27:57 +0000] "GET /wp-content/plugins/yith-woocommerce-product-add-ons/assets/css/front.css?ver=4.26.0 HTTP/2" 200 5051 "https://jujusmooth.com/collections/frontpage" "Mozilla/5.0 (Linux; Android 5.0; SM-G900P Build/LRX21T) AppleWebKit/537.36 (KHTML, like Gecko) Chrome/50.0.8171.1830 Mobile Safari/537.36"
167.234.105.171 - - [15/Jan/2026:16:27:57 +0000] "GET /wp-content/plugins/yith-woocommerce-product-add-ons/plugin-fw/assets/css/yith-icon.css?ver=4.7.7 HTTP/2" 200 11651 "https://jujusmooth.com/collections/frontpage" "Mozilla/5.0 (Linux; Android 5.0; SM-G900P Build/LRX21T) AppleWebKit/537.36 (KHTML, like Gecko) Chrome/50.0.8171.1830 Mobile Safari/537.36"
167.234.105.171 - - [15/Jan/2026:16:27:57 +0000] "GET /wp-content/plugins/elementor/assets/lib/font-awesome/css/brands.min.css?ver=5.15.3 HTTP/2" 200 284 "https://jujusmooth.com/collections/frontpage" "Mozilla/5.0 (Linux; Android 5.0; SM-G900P Build/LRX21T) AppleWebKit/537.36 (KHTML, like Gecko) Chrome/50.0.8171.1830 Mobile Safari/537.36"
167.234.105.171 - - [15/Jan/2026:16:27:57 +0000] "GET /wp-content/plugins/elementor/assets/lib/font-awesome/css/regular.min.css?ver=5.15.3 HTTP/2" 200 283 "https://jujusmooth.com/collections/frontpage" "Mozilla/5.0 (Linux; Android 5.0; SM-G900P Build/LRX21T) AppleWebKit/537.36 (KHTML, like Gecko) Chrome/50.0.8171.1830 Mobile Safari/537.36"
167.234.105.171 - - [15/Jan/2026:16:27:57 +0000] "GET /wp-content/plugins/elementor-pro/assets/css/widget-blockquote.min.css?ver=3.25.0 HTTP/2" 200 970 "https://jujusmooth.com/collections/frontpage" "Mozilla/5.0 (Linux; Android 5.0; SM-G900P Build/LRX21T) AppleWebKit/537.36 (KHTML, like Gecko) Chrome/50.0.8171.1830 Mobile Safari/537.36"
167.234.105.171 - - [15/Jan/2026:16:27:57 +0000] "GET /wp-content/plugins/elementor-pro/assets/css/widget-mega-menu.min.css?ver=3.26.2 HTTP/2" 200 2690 "https://jujusmooth.com/collections/frontpage" "Mozilla/5.0 (Linux; Android 5.0; SM-G900P Build/LRX21T) AppleWebKit/537.36 (KHTML, like Gecko) Chrome/50.0.8171.1830 Mobile Safari/537.36"
167.234.105.171 - - [15/Jan/2026:16:27:57 +0000] "GET /wp-content/plugins/elementor/assets/css/widget-heading.min.css?ver=3.34.1 HTTP/2" 200 126 "https://jujusmooth.com/collections/frontpage" "Mozilla/5.0 (Linux; Android 5.0; SM-G900P Build/LRX21T) AppleWebKit/537.36 (KHTML, like Gecko) Chrome/50.0.8171.1830 Mobile Safari/537.36"
167.234.105.171 - - [15/Jan/2026:16:27:57 +0000] "GET /wp-content/plugins/elementor/assets/css/widget-social-icons.min.css?ver=3.34.1 HTTP/2" 200 1039 "https://jujusmooth.com/collections/frontpage" "Mozilla/5.0 (Linux; Android 5.0; SM-G900P Build/LRX21T) AppleWebKit/537.36 (KHTML, like Gecko) Chrome/50.0.8171.1830 Mobile Safari/537.36"
167.234.105.171 - - [15/Jan/2026:16:27:57 +0000] "GET /wp-content/plugins/elementor/assets/lib/font-awesome/css/solid.min.css?ver=5.15.3 HTTP/2" 200 286 "https://jujusmooth.com/collections/frontpage" "Mozilla/5.0 (Linux; Android 5.0; SM-G900P Build/LRX21T) AppleWebKit/537.36 (KHTML, like Gecko) Chrome/50.0.8171.1830 Mobile Safari/537.36"
167.234.105.171 - - [15/Jan/2026:16:27:57 +0000] "GET /wp-content/plugins/elementor/assets/lib/animations/styles/fadeIn.min.css?ver=3.34.1 HTTP/2" 200 77 "https://jujusmooth.com/collections/frontpage" "Mozilla/5.0 (Linux; Android 5.0; SM-G900P Build/LRX21T) AppleWebKit/537.36 (KHTML, like Gecko) Chrome/50.0.8171.1830 Mobile Safari/537.36"
167.234.105.171 - - [15/Jan/2026:16:27:57 +0000] "GET /wp-content/plugins/elementor-pro/assets/css/widget-search-form.min.css?ver=3.33.1 HTTP/2" 200 910 "https://jujusmooth.com/collections/frontpage" "Mozilla/5.0 (Linux; Android 5.0; SM-G900P Build/LRX21T) AppleWebKit/537.36 (KHTML, like Gecko) Chrome/50.0.8171.1830 Mobile Safari/537.36"
167.234.105.171 - - [15/Jan/2026:16:27:57 +0000] "GET /wp-content/plugins/elementor/assets/lib/font-awesome/css/fontawesome.min.css?ver=5.15.3 HTTP/2" 200 12164 "https://jujusmooth.com/collections/frontpage" "Mozilla/5.0 (Linux; Android 5.0; SM-G900P Build/LRX21T) AppleWebKit/537.36 (KHTML, like Gecko) Chrome/50.0.8171.1830 Mobile Safari/537.36"
167.234.105.171 - - [15/Jan/2026:16:27:57 +0000] "GET /wp-content/plugins/elementor/assets/lib/font-awesome/css/fontawesome.css?ver=5.15.3 HTTP/2" 200 12526 "https://jujusmooth.com/collections/frontpage" "Mozilla/5.0 (Linux; Android 5.0; SM-G900P Build/LRX21T) AppleWebKit/537.36 (KHTML, like Gecko) Chrome/50.0.8171.1830 Mobile Safari/537.36"
167.234.105.171 - - [15/Jan/2026:16:27:57 +0000] "GET /wp-content/plugins/elementor/assets/lib/font-awesome/css/solid.css?ver=5.15.3 HTTP/2" 200 296 "https://jujusmooth.com/collections/frontpage" "Mozilla/5.0 (Linux; Android 5.0; SM-G900P Build/LRX21T) AppleWebKit/537.36 (KHTML, like Gecko) Chrome/50.0.8171.1830 Mobile Safari/537.36"
167.234.105.171 - - [15/Jan/2026:16:27:57 +0000] "GET /wp-content/plugins/elementor/assets/lib/font-awesome/css/brands.css?ver=5.15.3 HTTP/2" 200 296 "https://jujusmooth.com/collections/frontpage" "Mozilla/5.0 (Linux; Android 5.0; SM-G900P Build/LRX21T) AppleWebKit/537.36 (KHTML, like Gecko) Chrome/50.0.8171.1830 Mobile Safari/537.36"
167.234.105.171 - - [15/Jan/2026:16:27:57 +0000] "GET /wp-includes/css/dashicons.min.css?ver=6.9 HTTP/2" 200 35101 "https://jujusmooth.com/collections/frontpage" "Mozilla/5.0 (Linux; Android 5.0; SM-G900P Build/LRX21T) AppleWebKit/537.36 (KHTML, like Gecko) Chrome/50.0.8171.1830 Mobile Safari/537.36"
167.234.105.171 - - [15/Jan/2026:16:27:57 +0000] "GET /wp-content/uploads/2025/02/342898667_1941358529536952_8635560579032325528_n-600x382.jpeg HTTP/2" 206 500 "https://jujusmooth.com/collections/frontpage" "Mozilla/5.0 (Linux; Android 5.0; SM-G900P Build/LRX21T) AppleWebKit/537.36 (KHTML, like Gecko) Chrome/50.0.8171.1830 Mobile Safari/537.36"
167.234.105.171 - - [15/Jan/2026:16:28:00 +0000] "GET /wp-content/uploads/2025/02/robin-spielmann-591331-unsplash.jpg HTTP/2" 206 500 "https://jujusmooth.com/collections/frontpage" "Mozilla/5.0 (Linux; Android 5.0; SM-G900P Build/LRX21T) AppleWebKit/537.36 (KHTML, like Gecko) Chrome/50.0.8171.1830 Mobile Safari/537.36"
167.234.105.171 - - [15/Jan/2026:16:28:00 +0000] "GET /wp-content/plugins/woocommerce/assets/client/blocks/wc-blocks.css?ver=wc-10.4.3 HTTP/2" 200 2391 "https://jujusmooth.com/collections/frontpage" "Mozilla/5.0 (Linux; Android 5.0; SM-G900P Build/LRX21T) AppleWebKit/537.36 (KHTML, like Gecko) Chrome/50.0.8171.1830 Mobile Safari/537.36"
35.95.75.254 - - [15/Jan/2026:16:32:28 +0000] "GET / HTTP/1.1" 200 211564 "-" "Mozilla/5.0 (Macintosh; Intel Mac OS X 10_15_7) AppleWebKit/537.36 (KHTML, like Gecko) Chrome/134.0.0.0 Safari/537.36"
64.31.22.34 - - [15/Jan/2026:16:34:07 +0000] "POST /wp-cron.php?doing_wp_cron=1768494847.6796529293060302734375 HTTP/1.1" 200 0 "-" "WordPress/6.9; https://jujusmooth.com"
66.249.66.162 - - [15/Jan/2026:16:34:05 +0000] "GET /products/12005408/ HTTP/1.1" 404 22001 "-" "Mozilla/5.0 (Linux; Android 6.0.1; Nexus 5X Build/MMB29P) AppleWebKit/537.36 (KHTML, like Gecko) Chrome/143.0.7499.192 Mobile Safari/537.36 (compatible; Googlebot/2.1; +http://www.google.com/bot.html)"
64.31.22.34 - - [15/Jan/2026:16:36:06 +0000] "POST /wp-cron.php?doing_wp_cron=1768494966.7987689971923828125000 HTTP/1.1" 200 0 "-" "WordPress/6.9; https://jujusmooth.com"
64.31.22.34 - - [15/Jan/2026:16:40:26 +0000] "POST /wp-cron.php?doing_wp_cron=1768495226.6228868961334228515625 HTTP/1.1" 200 0 "-" "WordPress/6.9; https://jujusmooth.com"
217.15.167.30 - - [15/Jan/2026:16:40:25 +0000] "POST /wp-login.php HTTP/1.1" 200 6748 "-" "Mozilla/5.0"
110.249.201.5 - - [15/Jan/2026:16:46:00 +0000] "GET /robots.txt HTTP/1.1" 200 68 "-" "Mozilla/5.0 (Linux; Android 5.0) AppleWebKit/537.36 (KHTML, like Gecko) Mobile Safari/537.36 (compatible; Bytespider; https://zhanzhang.toutiao.com/)"
64.31.22.34 - - [15/Jan/2026:16:55:30 +0000] "POST /wp-cron.php?doing_wp_cron=1768496130.4683818817138671875000 HTTP/1.1" 200 0 "-" "WordPress/6.9; https://jujusmooth.com"
66.249.66.42 - - [15/Jan/2026:16:55:46 +0000] "GET /product-sitemap.xml HTTP/1.1" 200 604 "-" "Mozilla/5.0 (compatible; Googlebot/2.1; +http://www.google.com/bot.html)"
64.31.22.34 - - [15/Jan/2026:14:54:02 +0000] "POST /wp-cron.php?doing_wp_cron=1768488842.1365759372711181640625 HTTP/1.1" 200 0 "-" "WordPress/6.9; https://jujusmooth.com"
217.15.167.30 - - [15/Jan/2026:15:09:05 +0000] "POST /wp-login.php HTTP/1.1" 200 6748 "-" "Mozilla/5.0"
179.228.62.221 - - [15/Jan/2026:15:09:43 +0000] "GET / HTTP/2" 200 32129 "-" "Mozilla/5.0 (Macintosh; Intel Mac OS X 10_15_7) AppleWebKit/537.36 (KHTML, like Gecko) Chrome/120.0.0.0 Safari/537.36"
138.246.253.24 - - [15/Jan/2026:15:40:01 +0000] "GET /robots.txt HTTP/1.1" 200 68 "-" "Mozilla/5.0 (Windows NT 10.0; Win64; x64) AppleWebKit/537.36 (KHTML, like Gecko) Chrome/103.0.5060.134 Safari/537.36"
213.180.203.189 - - [15/Jan/2026:15:40:50 +0000] "GET /wp-content/uploads/2019/04/cropped-Logo-3-1-192x192.png HTTP/1.1" 404 25735 "-" "Mozilla/5.0 (compatible; YandexFavicons/1.0; +http://yandex.com/bots)"
66.249.66.11 - - [15/Jan/2026:15:51:13 +0000] "GET /product-sitemap.xml HTTP/1.1" 200 604 "-" "Mozilla/5.0 (compatible; Googlebot/2.1; +http://www.google.com/bot.html)"
64.31.22.34 - - [15/Jan/2026:16:05:00 +0000] "POST /wp-cron.php?doing_wp_cron=1768493100.9627699851989746093750 HTTP/1.1" 200 0 "-" "WordPress/6.9; https://jujusmooth.com"
66.249.66.200 - - [15/Jan/2026:16:04:59 +0000] "GET /products/8108097/ HTTP/1.1" 404 22001 "-" "Mozilla/5.0 (Linux; Android 6.0.1; Nexus 5X Build/MMB29P) AppleWebKit/537.36 (KHTML, like Gecko) Chrome/143.0.7499.192 Mobile Safari/537.36 (compatible; Googlebot/2.1; +http://www.google.com/bot.html)"
66.249.66.74 - - [15/Jan/2026:16:05:02 +0000] "GET /products/24662586/ HTTP/1.1" 404 22001 "-" "Mozilla/5.0 (Linux; Android 6.0.1; Nexus 5X Build/MMB29P) AppleWebKit/537.36 (KHTML, like Gecko) Chrome/143.0.7499.192 Mobile Safari/537.36 (compatible; Googlebot/2.1; +http://www.google.com/bot.html)"
217.15.167.30 - - [15/Jan/2026:16:09:24 +0000] "POST /wp-login.php HTTP/1.1" 200 6748 "-" "Mozilla/5.0"
40.77.167.59 - - [15/Jan/2026:16:17:30 +0000] "GET /products/4604042/ HTTP/2" 301 0 "-" "Mozilla/5.0 AppleWebKit/537.36 (KHTML, like Gecko; compatible; bingbot/2.0; +http://www.bing.com/bingbot.htm) Chrome/116.0.1938.76 Safari/537.36"
64.31.22.34 - - [15/Jan/2026:16:21:34 +0000] "POST /wp-cron.php?doing_wp_cron=1768494094.6556110382080078125000 HTTP/1.1" 200 0 "-" "WordPress/6.9; https://jujusmooth.com"
217.15.167.30 - - [15/Jan/2026:16:25:05 +0000] "POST /wp-login.php HTTP/1.1" 200 6748 "-" "Mozilla/5.0"
64.31.22.34 - - [15/Jan/2026:16:27:50 +0000] "POST /wp-cron.php?doing_wp_cron=1768494470.7026600837707519531250 HTTP/1.1" 200 0 "-" "WordPress/6.9; https://jujusmooth.com"
195.178.110.191 - - [15/Jan/2026:16:31:39 +0000] "GET /.git/config HTTP/1.1" 403 1242 "-" "Mozilla/5.0 (X11; Linux x86_64; rv:1.9.7.20) Gecko/ Firefox/3.6.15"
40.77.167.247 - - [15/Jan/2026:16:36:05 +0000] "GET /products/6892786/ HTTP/2" 301 0 "-" "Mozilla/5.0 AppleWebKit/537.36 (KHTML, like Gecko; compatible; bingbot/2.0; +http://www.bing.com/bingbot.htm) Chrome/116.0.1938.76 Safari/537.36"
217.15.167.30 - - [15/Jan/2026:16:55:28 +0000] "POST /wp-login.php HTTP/1.1" 200 6748 "-" "Mozilla/5.0"
66.249.66.43 - - [15/Jan/2026:16:55:47 +0000] "GET /product_cat-sitemap.xml HTTP/1.1" 200 345 "-" "Mozilla/5.0 (compatible; Googlebot/2.1; +http://www.google.com/bot.html)"
66.249.66.13 - - [15/Jan/2026:17:04:12 +0000] "GET /products/9704719/ HTTP/1.1" 404 22001 "-" "Mozilla/5.0 (Linux; Android 6.0.1; Nexus 5X Build/MMB29P) AppleWebKit/537.36 (KHTML, like Gecko) Chrome/143.0.7499.192 Mobile Safari/537.36 (compatible; Googlebot/2.1; +http://www.google.com/bot.html)"
64.31.22.34 - - [15/Jan/2026:17:10:30 +0000] "POST /wp-cron.php?doing_wp_cron=1768497030.5714399814605712890625 HTTP/1.1" 200 0 "-" "WordPress/6.9; https://jujusmooth.com"
217.15.167.30 - - [15/Jan/2026:17:10:27 +0000] "POST /wp-login.php HTTP/1.1" 200 6748 "-" "Mozilla/5.0"
64.31.22.34 - - [15/Jan/2026:17:17:47 +0000] "POST /wp-cron.php?doing_wp_cron=1768497467.1393740177154541015625 HTTP/1.1" 200 0 "-" "WordPress/6.9; https://jujusmooth.com"
64.31.22.34 - - [15/Jan/2026:17:18:47 +0000] "POST /wp-cron.php?doing_wp_cron=1768497527.1509609222412109375000 HTTP/1.1" 200 0 "-" "WordPress/6.9; https://jujusmooth.com"
64.31.22.34 - - [15/Jan/2026:17:04:14 +0000] "POST /wp-cron.php?doing_wp_cron=1768496654.3026928901672363281250 HTTP/1.1" 200 0 "-" "WordPress/6.9; https://jujusmooth.com"
40.77.167.151 - - [15/Jan/2026:17:04:25 +0000] "GET /products/6709664/ HTTP/2" 404 22035 "-" "Mozilla/5.0 AppleWebKit/537.36 (KHTML, like Gecko; compatible; bingbot/2.0; +http://www.bing.com/bingbot.htm) Chrome/116.0.1938.76 Safari/537.36"
3.144.254.24 - - [15/Jan/2026:17:16:26 +0000] "GET / HTTP/1.1" 200 211564 "-" "Mozilla/5.0 (Windows NT 10.0; Win64; x64) AppleWebKit/537.36 (KHTML, like Gecko) Chrome/80.0.3987.149 Safari/537.36"
3.144.254.24 - - [15/Jan/2026:17:16:29 +0000] "GET //wp-includes/wlwmanifest.xml HTTP/1.1" 301 0 "-" "Mozilla/5.0 (Windows NT 10.0; Win64; x64) AppleWebKit/537.36 (KHTML, like Gecko) Chrome/80.0.3987.149 Safari/537.36"
3.144.254.24 - - [15/Jan/2026:17:16:30 +0000] "GET //xmlrpc.php?rsd HTTP/1.1" 200 799 "-" "Mozilla/5.0 (Windows NT 10.0; Win64; x64) AppleWebKit/537.36 (KHTML, like Gecko) Chrome/80.0.3987.149 Safari/537.36"
3.144.254.24 - - [15/Jan/2026:17:16:32 +0000] "GET //?author=1 HTTP/1.1" 301 0 "-" "Mozilla/5.0 (Windows NT 10.0; Win64; x64) AppleWebKit/537.36 (KHTML, like Gecko) Chrome/80.0.3987.149 Safari/537.36"
3.144.254.24 - - [15/Jan/2026:17:16:33 +0000] "GET //?author=2 HTTP/1.1" 301 0 "-" "Mozilla/5.0 (Windows NT 10.0; Win64; x64) AppleWebKit/537.36 (KHTML, like Gecko) Chrome/80.0.3987.149 Safari/537.36"
3.144.254.24 - - [15/Jan/2026:17:16:35 +0000] "GET //wp-json/wp/v2/users/ HTTP/1.1" 200 1672 "-" "Mozilla/5.0 (Windows NT 10.0; Win64; x64) AppleWebKit/537.36 (KHTML, like Gecko) Chrome/80.0.3987.149 Safari/537.36"
3.144.254.24 - - [15/Jan/2026:17:16:37 +0000] "POST //xmlrpc.php HTTP/1.1" 200 403 "-" "Mozilla/5.0 (Windows NT 10.0; Win64; x64) AppleWebKit/537.36 (KHTML, like Gecko) Chrome/80.0.3987.149 Safari/537.36"
3.144.254.24 - - [15/Jan/2026:17:17:02 +0000] "POST //xmlrpc.php HTTP/1.1" 200 401 "-" "Mozilla/5.0 (Windows NT 10.0; Win64; x64) AppleWebKit/537.36 (KHTML, like Gecko) Chrome/80.0.3987.149 Safari/537.36"
3.144.254.24 - - [15/Jan/2026:17:17:47 +0000] "POST //xmlrpc.php HTTP/1.1" 200 403 "-" "Mozilla/5.0 (Windows NT 10.0; Win64; x64) AppleWebKit/537.36 (KHTML, like Gecko) Chrome/80.0.3987.149 Safari/537.36"
217.15.167.30 - - [15/Jan/2026:17:25:22 +0000] "POST /wp-login.php HTTP/1.1" 200 6748 "-" "Mozilla/5.0"
64.31.22.34 - - [15/Jan/2026:17:25:24 +0000] "POST /wp-cron.php?doing_wp_cron=1768497924.5917339324951171875000 HTTP/1.1" 200 0 "-" "WordPress/6.9; https://jujusmooth.com"
64.31.22.34 - - [15/Jan/2026:17:42:31 +0000] "POST /wp-cron.php?doing_wp_cron=1768498951.6422719955444335937500 HTTP/1.1" 200 0 "-" "WordPress/6.9; https://jujusmooth.com"
66.249.66.162 - - [15/Jan/2026:17:45:08 +0000] "GET /product-sitemap.xml HTTP/1.1" 200 604 "-" "Mozilla/5.0 (compatible; Googlebot/2.1; +http://www.google.com/bot.html)"
159.223.206.232 - - [15/Jan/2026:17:54:02 +0000] "GET / HTTP/1.1" 401 53 "-" "Mozilla/5.0 (X11; Linux x86_64) AppleWebKit/537.36 (KHTML, like Gecko) Chrome/142.0.0.0 Safari/537.36"
128.24.44.88 - - [15/Jan/2026:18:28:46 +0000] "GET /autodiscover/autodiscover.xml HTTP/1.1" 400 52 "-" "-"
128.24.44.88 - - [15/Jan/2026:18:28:46 +0000] "GET /autodiscover/autodiscover.xml HTTP/1.1" 400 52 "-" "-"
128.24.44.88 - - [15/Jan/2026:18:28:47 +0000] "GET /autodiscover/autodiscover.xml HTTP/1.1" 400 52 "-" "-"
128.24.44.88 - - [15/Jan/2026:18:28:47 +0000] "GET /autodiscover/autodiscover.xml HTTP/1.1" 400 52 "-" "-"
128.24.44.88 - - [15/Jan/2026:18:28:47 +0000] "GET /autodiscover/autodiscover.xml HTTP/1.1" 400 52 "-" "-"
128.24.44.88 - - [15/Jan/2026:18:28:48 +0000] "GET /autodiscover/autodiscover.xml HTTP/1.1" 400 52 "-" "-"
128.24.44.88 - - [15/Jan/2026:18:28:48 +0000] "GET /autodiscover/autodiscover.xml HTTP/1.1" 400 52 "-" "-"
128.24.44.88 - - [15/Jan/2026:18:28:48 +0000] "GET /autodiscover/autodiscover.xml HTTP/1.1" 400 52 "-" "-"
128.24.44.88 - - [15/Jan/2026:18:28:48 +0000] "GET /autodiscover/autodiscover.xml HTTP/1.1" 400 52 "-" "-"
128.24.44.88 - - [15/Jan/2026:18:28:48 +0000] "GET /autodiscover/autodiscover.xml HTTP/1.1" 400 52 "-" "-"
128.24.44.88 - - [15/Jan/2026:18:28:49 +0000] "GET /autodiscover/autodiscover.xml HTTP/1.1" 400 52 "-" "-"
128.24.44.88 - - [15/Jan/2026:18:28:49 +0000] "GET /autodiscover/autodiscover.xml HTTP/1.1" 400 52 "-" "-"
128.24.44.88 - - [15/Jan/2026:18:28:49 +0000] "GET /autodiscover/autodiscover.xml HTTP/1.1" 400 52 "-" "-"
128.24.44.88 - - [15/Jan/2026:18:28:49 +0000] "GET /autodiscover/autodiscover.xml HTTP/1.1" 400 52 "-" "-"
128.24.44.88 - - [15/Jan/2026:18:28:50 +0000] "GET /autodiscover/autodiscover.xml HTTP/1.1" 400 52 "-" "-"
128.24.44.88 - - [15/Jan/2026:18:28:50 +0000] "GET /autodiscover/autodiscover.xml HTTP/1.1" 400 52 "-" "-"
128.24.44.88 - - [15/Jan/2026:18:28:50 +0000] "GET /autodiscover/autodiscover.xml HTTP/1.1" 400 52 "-" "-"
128.24.44.88 - - [15/Jan/2026:18:28:50 +0000] "GET /autodiscover/autodiscover.xml HTTP/1.1" 400 52 "-" "-"
128.24.44.88 - - [15/Jan/2026:18:28:51 +0000] "GET /autodiscover/autodiscover.xml HTTP/1.1" 400 52 "-" "-"
128.24.44.88 - - [15/Jan/2026:18:28:51 +0000] "GET /autodiscover/autodiscover.xml HTTP/1.1" 400 52 "-" "-"
128.24.44.88 - - [15/Jan/2026:18:28:51 +0000] "GET /autodiscover/autodiscover.xml HTTP/1.1" 400 52 "-" "-"
128.24.44.88 - - [15/Jan/2026:18:28:52 +0000] "GET /autodiscover/autodiscover.xml HTTP/1.1" 400 52 "-" "-"
128.24.44.88 - - [15/Jan/2026:18:28:52 +0000] "GET /autodiscover/autodiscover.xml HTTP/1.1" 400 52 "-" "-"
128.24.44.88 - - [15/Jan/2026:18:28:52 +0000] "GET /autodiscover/autodiscover.xml HTTP/1.1" 400 52 "-" "-"
128.24.44.88 - - [15/Jan/2026:18:28:52 +0000] "GET /autodiscover/autodiscover.xml HTTP/1.1" 400 52 "-" "-"
138.246.253.24 - - [15/Jan/2026:17:31:46 +0000] "GET /robots.txt HTTP/1.1" 200 68 "-" "Mozilla/5.0 (Windows NT 10.0; Win64; x64) AppleWebKit/537.36 (KHTML, like Gecko) Chrome/103.0.5060.134 Safari/537.36"
40.77.167.154 - - [15/Jan/2026:17:42:29 +0000] "GET /products/4488742/ HTTP/2" 404 22035 "-" "Mozilla/5.0 AppleWebKit/537.36 (KHTML, like Gecko; compatible; bingbot/2.0; +http://www.bing.com/bingbot.htm) Chrome/116.0.1938.76 Safari/537.36"
66.249.66.74 - - [15/Jan/2026:17:45:10 +0000] "GET /product_cat-sitemap.xml HTTP/1.1" 200 345 "-" "Mozilla/5.0 (compatible; Googlebot/2.1; +http://www.google.com/bot.html)"
159.223.206.232 - - [15/Jan/2026:17:54:04 +0000] "GET /favicon.ico HTTP/1.1" 401 53 "https://webdisk.jujusmooth.com/" "Mozilla/5.0 (X11; Linux x86_64) AppleWebKit/537.36 (KHTML, like Gecko) Chrome/142.0.0.0 Safari/537.36"
64.31.22.34 - - [15/Jan/2026:18:31:06 +0000] "POST /wp-cron.php?doing_wp_cron=1768501866.5663900375366210937500 HTTP/1.1" 200 0 "-" "WordPress/6.9; https://jujusmooth.com"
195.178.110.223 - - [15/Jan/2026:18:35:18 +0000] "GET /.git/config HTTP/1.1" 403 1242 "-" "Mozilla/5.0 (Windows NT 10.0; Win64; x64) AppleWebKit/537.36 (KHTML, like Gecko) Chrome/78.0.3872.0 Safari/537.36 Edg/78.0.244.0"
20.39.50.42 - - [15/Jan/2026:18:39:03 +0000] "GET /wp-content/plugins/hellopress/wp_filemanager.php HTTP/1.1" 404 5749 "-" "-"
20.39.50.42 - - [15/Jan/2026:18:39:03 +0000] "GET /ver.php HTTP/1.1" 404 5749 "-" "-"
20.39.50.42 - - [15/Jan/2026:18:39:03 +0000] "GET /ultra.php HTTP/1.1" 404 5749 "-" "-"
20.39.50.42 - - [15/Jan/2026:18:39:03 +0000] "GET /pro.php HTTP/1.1" 404 5749 "-" "-"
20.39.50.42 - - [15/Jan/2026:18:39:03 +0000] "GET /wp-good.php HTTP/1.1" 404 5749 "-" "-"
20.39.50.42 - - [15/Jan/2026:18:39:03 +0000] "GET /e.php HTTP/1.1" 404 5749 "-" "-"
20.39.50.42 - - [15/Jan/2026:18:39:03 +0000] "GET /data.php HTTP/1.1" 404 5749 "-" "-"
20.39.50.42 - - [15/Jan/2026:18:39:04 +0000] "GET /abcd.php HTTP/1.1" 404 5749 "-" "-"
20.39.50.42 - - [15/Jan/2026:18:39:04 +0000] "GET /z.php HTTP/1.1" 404 5749 "-" "-"
20.39.50.42 - - [15/Jan/2026:18:39:04 +0000] "GET /css.php HTTP/1.1" 404 5749 "-" "-"
20.39.50.42 - - [15/Jan/2026:18:39:04 +0000] "GET /image.php HTTP/1.1" 404 5749 "-" "-"
20.39.50.42 - - [15/Jan/2026:18:39:04 +0000] "GET /file22.php HTTP/1.1" 404 5749 "-" "-"
20.39.50.42 - - [15/Jan/2026:18:39:04 +0000] "GET /check.php HTTP/1.1" 404 5749 "-" "-"
20.39.50.42 - - [15/Jan/2026:18:39:04 +0000] "GET /wp-header-json.php HTTP/1.1" 404 5749 "-" "-"
20.39.50.42 - - [15/Jan/2026:18:39:04 +0000] "GET /fm.php HTTP/1.1" 404 5749 "-" "-"
20.39.50.42 - - [15/Jan/2026:18:39:04 +0000] "GET /1.php HTTP/1.1" 404 5749 "-" "-"
20.39.50.42 - - [15/Jan/2026:18:39:04 +0000] "GET /ws.php HTTP/1.1" 503 807 "-" "-"
40.77.167.37 - - [15/Jan/2026:18:31:04 +0000] "GET /products/7409064/ HTTP/2" 404 22035 "-" "Mozilla/5.0 AppleWebKit/537.36 (KHTML, like Gecko; compatible; bingbot/2.0; +http://www.bing.com/bingbot.htm) Chrome/116.0.1938.76 Safari/537.36"
