198.199.88.98 - - [16/Jan/2026:03:44:06 +0000] "POST /wp-login.php HTTP/1.1" 200 6748 "-" "Mozilla/5.0"
66.249.66.74 - - [16/Jan/2026:03:45:09 +0000] "GET /products/19531220/ HTTP/1.1" 404 21994 "-" "Mozilla/5.0 (Linux; Android 6.0.1; Nexus 5X Build/MMB29P) AppleWebKit/537.36 (KHTML, like Gecko) Chrome/143.0.7499.192 Mobile Safari/537.36 (compatible; Googlebot/2.1; +http://www.google.com/bot.html)"
3.139.87.209 - - [16/Jan/2026:02:49:34 +0000] "GET //wp-json/wp/v2/users/ HTTP/1.1" 200 1672 "-" "Mozilla/5.0 (Windows NT 10.0; Win64; x64) AppleWebKit/537.36 (KHTML, like Gecko) Chrome/80.0.3987.149 Safari/537.36"
64.31.22.34 - - [16/Jan/2026:02:50:31 +0000] "POST /wp-cron.php?doing_wp_cron=1768531831.8956129550933837890625 HTTP/1.1" 200 0 "-" "WordPress/6.9; https://jujusmooth.com"
3.139.87.209 - - [16/Jan/2026:02:49:36 +0000] "POST //xmlrpc.php HTTP/1.1" 200 403 "-" "Mozilla/5.0 (Windows NT 10.0; Win64; x64) AppleWebKit/537.36 (KHTML, like Gecko) Chrome/80.0.3987.149 Safari/537.36"
3.139.87.209 - - [16/Jan/2026:02:50:31 +0000] "POST //xmlrpc.php HTTP/1.1" 200 401 "-" "Mozilla/5.0 (Windows NT 10.0; Win64; x64) AppleWebKit/537.36 (KHTML, like Gecko) Chrome/80.0.3987.149 Safari/537.36"
193.36.225.68 - - [16/Jan/2026:02:56:46 +0000] "POST /wp-login.php HTTP/1.1" 200 6748 "-" "Mozilla/5.0"
66.249.66.199 - - [16/Jan/2026:03:01:37 +0000] "GET /products/19002397/ HTTP/1.1" 404 21994 "-" "Mozilla/5.0 (Linux; Android 6.0.1; Nexus 5X Build/MMB29P) AppleWebKit/537.36 (KHTML, like Gecko) Chrome/143.0.7499.192 Mobile Safari/537.36 (compatible; Googlebot/2.1; +http://www.google.com/bot.html)"
41.193.224.146 - - [16/Jan/2026:03:02:58 +0000] "GET /pages/refund-policy HTTP/1.1" 404 22031 "https://jujusmooth.com/" "Mozilla/5.0 (Macintosh; Intel Mac OS X 10_15_7) AppleWebKit/537.36 (KHTML, like Gecko) Chrome/133.0.0.0 Safari/537.36"
64.31.22.34 - - [16/Jan/2026:03:03:06 +0000] "POST /wp-cron.php?doing_wp_cron=1768532586.3490729331970214843750 HTTP/1.1" 200 0 "-" "WordPress/6.9; https://jujusmooth.com"
64.31.22.34 - - [16/Jan/2026:03:05:25 +0000] "POST /wp-cron.php?doing_wp_cron=1768532725.8919909000396728515625 HTTP/1.1" 200 0 "-" "WordPress/6.9; https://jujusmooth.com"
136.144.33.241 - - [16/Jan/2026:03:05:24 +0000] "POST /wp-login.php HTTP/1.1" 200 6748 "-" "Mozilla/5.0"
138.246.253.24 - - [16/Jan/2026:03:07:52 +0000] "GET /robots.txt HTTP/1.1" 400 52 "-" "Mozilla/5.0 (Windows NT 10.0; Win64; x64) AppleWebKit/537.36 (KHTML, like Gecko) Chrome/103.0.5060.134 Safari/537.36"
191.53.168.106 - - [16/Jan/2026:03:12:43 +0000] "GET /track-your-orders HTTP/1.1" 301 0 "https://jujusmooth.com/" "Mozilla/5.0 (Windows NT 10.0; Win64; x64) AppleWebKit/537.36 (KHTML, like Gecko) Chrome/135.0.0.0 Safari/537.36 Edg/135.0.0.0"
165.165.119.204 - - [16/Jan/2026:03:12:47 +0000] "GET /track-your-orders/ HTTP/1.1" 200 22347 "https://jujusmooth.com/" "Mozilla/5.0 (Windows NT 10.0; Win64; x64) AppleWebKit/537.36 (KHTML, like Gecko) Chrome/135.0.0.0 Safari/537.36 Edg/135.0.0.0"
64.31.22.34 - - [16/Jan/2026:03:14:04 +0000] "POST /wp-cron.php?doing_wp_cron=1768533244.5753190517425537109375 HTTP/1.1" 200 0 "-" "WordPress/6.9; https://jujusmooth.com"
136.144.33.97 - - [16/Jan/2026:03:22:29 +0000] "POST /wp-login.php HTTP/1.1" 200 6748 "-" "Mozilla/5.0"
64.31.22.34 - - [16/Jan/2026:03:31:05 +0000] "POST /wp-cron.php?doing_wp_cron=1768534265.4212539196014404296875 HTTP/1.1" 200 0 "-" "WordPress/6.9; https://jujusmooth.com"
193.36.225.60 - - [16/Jan/2026:03:31:03 +0000] "POST /wp-login.php HTTP/1.1" 200 6748 "-" "Mozilla/5.0"
64.31.22.34 - - [16/Jan/2026:03:39:48 +0000] "POST /wp-cron.php?doing_wp_cron=1768534788.1484909057617187500000 HTTP/1.1" 200 0 "-" "WordPress/6.9; https://jujusmooth.com"
136.144.33.104 - - [16/Jan/2026:03:39:46 +0000] "POST /wp-login.php HTTP/1.1" 200 6748 "-" "Mozilla/5.0"
64.31.22.34 - - [16/Jan/2026:03:45:11 +0000] "POST /wp-cron.php?doing_wp_cron=1768535111.1702950000762939453125 HTTP/1.1" 200 0 "-" "WordPress/6.9; https://jujusmooth.com"
64.31.22.34 - - [16/Jan/2026:03:46:40 +0000] "POST /wp-cron.php?doing_wp_cron=1768535200.9293260574340820312500 HTTP/1.1" 200 0 "-" "WordPress/6.9; https://jujusmooth.com"
66.249.66.160 - - [16/Jan/2026:03:46:39 +0000] "GET /products/18332608/ HTTP/1.1" 404 21994 "-" "Mozilla/5.0 (Linux; Android 6.0.1; Nexus 5X Build/MMB29P) AppleWebKit/537.36 (KHTML, like Gecko) Chrome/143.0.7499.192 Mobile Safari/537.36 (compatible; Googlebot/2.1; +http://www.google.com/bot.html)"
193.36.225.54 - - [16/Jan/2026:03:48:08 +0000] "POST /wp-login.php HTTP/1.1" 200 6748 "-" "Mozilla/5.0"
66.249.66.74 - - [16/Jan/2026:03:48:40 +0000] "GET /products/9686397/ HTTP/1.1" 404 21994 "-" "Mozilla/5.0 (Linux; Android 6.0.1; Nexus 5X Build/MMB29P) AppleWebKit/537.36 (KHTML, like Gecko) Chrome/143.0.7499.192 Mobile Safari/537.36 (compatible; Googlebot/2.1; +http://www.google.com/bot.html)"
185.102.115.142 - - [16/Jan/2026:03:52:07 +0000] "GET /wp-login.php HTTP/1.1" 200 6360 "-" "Mozilla/5.0 (iPhone; CPU iPhone OS 16_0 like Mac OS X)"
185.102.115.142 - - [16/Jan/2026:03:52:10 +0000] "POST /wp-login.php HTTP/1.1" 200 6748 "-" "Mozilla/5.0 (iPhone; CPU iPhone OS 16_0 like Mac OS X)"
66.249.66.161 - - [16/Jan/2026:03:56:13 +0000] "GET /products/22341153/ HTTP/1.1" 404 21994 "-" "Mozilla/5.0 (Linux; Android 6.0.1; Nexus 5X Build/MMB29P) AppleWebKit/537.36 (KHTML, like Gecko) Chrome/143.0.7499.192 Mobile Safari/537.36 (compatible; Googlebot/2.1; +http://www.google.com/bot.html)"
193.36.225.57 - - [16/Jan/2026:03:56:28 +0000] "POST /wp-login.php HTTP/1.1" 200 6748 "-" "Mozilla/5.0"
173.252.70.6 - - [16/Jan/2026:04:03:08 +0000] "GET /robots.txt HTTP/2" 206 68 "-" "facebookexternalhit/1.1 (+http://www.facebook.com/externalhit_uatext.php)"
64.31.22.34 - - [16/Jan/2026:04:03:53 +0000] "POST /wp-cron.php?doing_wp_cron=1768536233.1467890739440917968750 HTTP/1.1" 200 0 "-" "WordPress/6.9; https://jujusmooth.com"
66.249.66.11 - - [16/Jan/2026:04:03:51 +0000] "GET /products/21400964/ HTTP/1.1" 404 21994 "-" "Mozilla/5.0 (Linux; Android 6.0.1; Nexus 5X Build/MMB29P) AppleWebKit/537.36 (KHTML, like Gecko) Chrome/143.0.7499.192 Mobile Safari/537.36 (compatible; Googlebot/2.1; +http://www.google.com/bot.html)"
64.31.22.34 - - [16/Jan/2026:04:05:21 +0000] "POST /wp-cron.php?doing_wp_cron=1768536321.5783789157867431640625 HTTP/1.1" 200 0 "-" "WordPress/6.9; https://jujusmooth.com"
136.144.33.109 - - [16/Jan/2026:04:05:20 +0000] "POST /wp-login.php HTTP/1.1" 200 6748 "-" "Mozilla/5.0"
66.249.66.160 - - [16/Jan/2026:04:11:32 +0000] "GET /products/13598042/ HTTP/1.1" 404 21994 "-" "Mozilla/5.0 (Linux; Android 6.0.1; Nexus 5X Build/MMB29P) AppleWebKit/537.36 (KHTML, like Gecko) Chrome/143.0.7499.192 Mobile Safari/537.36 (compatible; Googlebot/2.1; +http://www.google.com/bot.html)"
64.31.22.34 - - [16/Jan/2026:04:13:46 +0000] "POST /wp-cron.php?doing_wp_cron=1768536826.5313520431518554687500 HTTP/1.1" 200 0 "-" "WordPress/6.9; https://jujusmooth.com"
66.249.66.13 - - [16/Jan/2026:04:13:54 +0000] "GET /products/20581686/ HTTP/1.1" 404 21994 "-" "Mozilla/5.0 (Linux; Android 6.0.1; Nexus 5X Build/MMB29P) AppleWebKit/537.36 (KHTML, like Gecko) Chrome/143.0.7499.192 Mobile Safari/537.36 (compatible; Googlebot/2.1; +http://www.google.com/bot.html)"
64.31.22.34 - - [16/Jan/2026:04:19:03 +0000] "POST /wp-cron.php?doing_wp_cron=1768537143.7905590534210205078125 HTTP/1.1" 200 0 "-" "WordPress/6.9; https://jujusmooth.com"
66.249.66.11 - - [16/Jan/2026:04:19:01 +0000] "GET /products/18341597/ HTTP/1.1" 404 21994 "-" "Mozilla/5.0 (Linux; Android 6.0.1; Nexus 5X Build/MMB29P) AppleWebKit/537.36 (KHTML, like Gecko) Chrome/143.0.7499.192 Mobile Safari/537.36 (compatible; Googlebot/2.1; +http://www.google.com/bot.html)"
64.31.22.34 - - [16/Jan/2026:04:19:16 +0000] "POST /wp-cron.php?doing_wp_cron=1768537156.3238260746002197265625 HTTP/1.1" 200 0 "-" "WordPress/6.9; https://jujusmooth.com"
66.249.66.11 - - [16/Jan/2026:04:19:13 +0000] "GET /products/6616753/ HTTP/1.1" 404 21994 "-" "Mozilla/5.0 (Linux; Android 6.0.1; Nexus 5X Build/MMB29P) AppleWebKit/537.36 (KHTML, like Gecko) Chrome/143.0.7499.192 Mobile Safari/537.36 (compatible; Googlebot/2.1; +http://www.google.com/bot.html)"
103.154.49.104 - - [16/Jan/2026:04:24:59 +0000] "GET /about HTTP/1.1" 301 0 "https://jujusmooth.com/" "Mozilla/5.0 (Macintosh; Intel Mac OS X 10_15_7) AppleWebKit/537.36 (KHTML, like Gecko) Chrome/135.0.0.0 Safari/537.36"
64.31.22.34 - - [16/Jan/2026:03:48:10 +0000] "POST /wp-cron.php?doing_wp_cron=1768535290.5831780433654785156250 HTTP/1.1" 200 0 "-" "WordPress/6.9; https://jujusmooth.com"
64.31.22.34 - - [16/Jan/2026:03:52:09 +0000] "POST /wp-cron.php?doing_wp_cron=1768535529.1947159767150878906250 HTTP/1.1" 200 0 "-" "WordPress/6.9; https://jujusmooth.com"
167.172.41.249 - - [16/Jan/2026:03:54:23 +0000] "GET / HTTP/1.1" 301 0 "-" "Mozilla/5.0 (X11; Linux x86_64; rv:142.0) Gecko/20100101 Firefox/142.0"
167.172.41.249 - - [16/Jan/2026:03:54:28 +0000] "GET /favicon.ico HTTP/1.1" 404 1251 "https://www.jujusmooth.com.bms69.com/" "Mozilla/5.0 (X11; Linux x86_64; rv:142.0) Gecko/20100101 Firefox/142.0"
64.31.22.34 - - [16/Jan/2026:03:56:15 +0000] "POST /wp-cron.php?doing_wp_cron=1768535775.8419299125671386718750 HTTP/1.1" 200 0 "-" "WordPress/6.9; https://jujusmooth.com"
182.188.82.53 - - [16/Jan/2026:03:57:50 +0000] "GET /wp-content/uploads/2025/02/WhatsApp-Video-2025-02-18-at-19.46.20_81e1df44.mp4 HTTP/2" 206 917072 "https://jujusmooth.com/" "Mozilla/5.0 (Linux; Android 10; K) AppleWebKit/537.36 (KHTML, like Gecko) Chrome/143.0.0.0 Mobile Safari/537.36"
198.199.88.98 - - [16/Jan/2026:04:04:01 +0000] "POST /wp-login.php HTTP/1.1" 200 6748 "-" "Mozilla/5.0"
64.31.22.34 - - [16/Jan/2026:04:11:34 +0000] "POST /wp-cron.php?doing_wp_cron=1768536694.5071198940277099609375 HTTP/1.1" 200 0 "-" "WordPress/6.9; https://jujusmooth.com"
193.36.225.11 - - [16/Jan/2026:04:13:44 +0000] "POST /wp-login.php HTTP/1.1" 200 6748 "-" "Mozilla/5.0"
43.156.156.96 - - [16/Jan/2026:04:19:44 +0000] "GET / HTTP/1.1" 200 37981 "http://jujusmooth.com" "Mozilla/5.0 (iPhone; CPU iPhone OS 13_2_3 like Mac OS X) AppleWebKit/605.1.15 (KHTML, like Gecko) Version/13.0.3 Mobile/15E148 Safari/604.1"
64.31.22.34 - - [16/Jan/2026:04:22:14 +0000] "POST /wp-cron.php?doing_wp_cron=1768537334.6879420280456542968750 HTTP/1.1" 200 0 "-" "WordPress/6.9; https://jujusmooth.com"
193.36.225.58 - - [16/Jan/2026:04:22:12 +0000] "POST /wp-login.php HTTP/1.1" 200 6748 "-" "Mozilla/5.0"
64.31.22.34 - - [16/Jan/2026:04:24:04 +0000] "POST /wp-cron.php?doing_wp_cron=1768537444.2213020324707031250000 HTTP/1.1" 200 0 "-" "WordPress/6.9; https://jujusmooth.com"
66.249.66.13 - - [16/Jan/2026:04:24:01 +0000] "GET /products/6897320/ HTTP/1.1" 404 21994 "-" "Mozilla/5.0 (Linux; Android 6.0.1; Nexus 5X Build/MMB29P) AppleWebKit/537.36 (KHTML, like Gecko) Chrome/143.0.7499.192 Mobile Safari/537.36 (compatible; Googlebot/2.1; +http://www.google.com/bot.html)"
190.134.69.167 - - [16/Jan/2026:04:25:06 +0000] "GET /about/ HTTP/1.1" 200 25973 "https://jujusmooth.com/" "Mozilla/5.0 (Macintosh; Intel Mac OS X 10_15_7) AppleWebKit/537.36 (KHTML, like Gecko) Chrome/135.0.0.0 Safari/537.36"
66.249.66.199 - - [16/Jan/2026:04:26:48 +0000] "GET /products/22414664/ HTTP/1.1" 404 21994 "-" "Mozilla/5.0 (Linux; Android 6.0.1; Nexus 5X Build/MMB29P) AppleWebKit/537.36 (KHTML, like Gecko) Chrome/143.0.7499.192 Mobile Safari/537.36 (compatible; Googlebot/2.1; +http://www.google.com/bot.html)"
64.31.22.34 - - [16/Jan/2026:04:30:50 +0000] "POST /wp-cron.php?doing_wp_cron=1768537850.2749609947204589843750 HTTP/1.1" 200 0 "-" "WordPress/6.9; https://jujusmooth.com"
66.249.66.199 - - [16/Jan/2026:04:33:03 +0000] "GET /product_cat-sitemap.xml HTTP/1.1" 200 345 "-" "Mozilla/5.0 (compatible; Googlebot/2.1; +http://www.google.com/bot.html)"
64.31.22.34 - - [16/Jan/2026:04:39:15 +0000] "POST /wp-cron.php?doing_wp_cron=1768538355.3395760059356689453125 HTTP/1.1" 200 0 "-" "WordPress/6.9; https://jujusmooth.com"
136.144.33.107 - - [16/Jan/2026:04:39:12 +0000] "POST /wp-login.php HTTP/1.1" 200 6748 "-" "Mozilla/5.0"
64.31.22.34 - - [16/Jan/2026:04:40:48 +0000] "POST /wp-cron.php?doing_wp_cron=1768538448.7870910167694091796875 HTTP/1.1" 200 0 "-" "WordPress/6.9; https://jujusmooth.com"
66.249.66.162 - - [16/Jan/2026:04:41:58 +0000] "GET /products/10241786/ HTTP/1.1" 404 21994 "-" "Mozilla/5.0 (Linux; Android 6.0.1; Nexus 5X Build/MMB29P) AppleWebKit/537.36 (KHTML, like Gecko) Chrome/143.0.7499.192 Mobile Safari/537.36 (compatible; Googlebot/2.1; +http://www.google.com/bot.html)"
64.31.22.34 - - [16/Jan/2026:04:44:34 +0000] "POST /wp-cron.php?doing_wp_cron=1768538674.7079908847808837890625 HTTP/1.1" 200 0 "-" "WordPress/6.9; https://jujusmooth.com"
64.31.22.34 - - [16/Jan/2026:04:47:47 +0000] "POST /wp-cron.php?doing_wp_cron=1768538867.2303409576416015625000 HTTP/1.1" 200 0 "-" "WordPress/6.9; https://jujusmooth.com"
64.31.22.34 - - [16/Jan/2026:04:47:48 +0000] "POST /wp-cron.php?doing_wp_cron=1768538868.7529039382934570312500 HTTP/1.1" 200 0 "-" "WordPress/6.9; https://jujusmooth.com"
66.249.66.12 - - [16/Jan/2026:04:47:47 +0000] "GET /products/8581331/ HTTP/1.1" 404 21994 "-" "Mozilla/5.0 (Linux; Android 6.0.1; Nexus 5X Build/MMB29P) AppleWebKit/537.36 (KHTML, like Gecko) Chrome/143.0.7499.192 Mobile Safari/537.36 (compatible; Googlebot/2.1; +http://www.google.com/bot.html)"
64.31.22.34 - - [16/Jan/2026:04:49:39 +0000] "POST /wp-cron.php?doing_wp_cron=1768538979.7798359394073486328125 HTTP/1.1" 200 0 "-" "WordPress/6.9; https://jujusmooth.com"
64.31.22.34 - - [16/Jan/2026:04:51:59 +0000] "POST /wp-cron.php?doing_wp_cron=1768539119.6858448982238769531250 HTTP/1.1" 200 0 "-" "WordPress/6.9; https://jujusmooth.com"
136.144.33.29 - - [16/Jan/2026:04:57:00 +0000] "POST /wp-login.php HTTP/1.1" 200 6748 "-" "Mozilla/5.0"
64.31.22.34 - - [16/Jan/2026:04:57:47 +0000] "POST /wp-cron.php?doing_wp_cron=1768539467.7706120014190673828125 HTTP/1.1" 200 0 "-" "WordPress/6.9; https://jujusmooth.com"
64.31.22.34 - - [16/Jan/2026:04:26:50 +0000] "POST /wp-cron.php?doing_wp_cron=1768537610.7373991012573242187500 HTTP/1.1" 200 0 "-" "WordPress/6.9; https://jujusmooth.com"
64.31.22.34 - - [16/Jan/2026:04:29:23 +0000] "POST /wp-cron.php?doing_wp_cron=1768537763.6487960815429687500000 HTTP/1.1" 200 0 "-" "WordPress/6.9; https://jujusmooth.com"
66.249.66.76 - - [16/Jan/2026:04:29:21 +0000] "GET /products/14719675/ HTTP/1.1" 404 21994 "-" "Mozilla/5.0 (Linux; Android 6.0.1; Nexus 5X Build/MMB29P) AppleWebKit/537.36 (KHTML, like Gecko) Chrome/143.0.7499.192 Mobile Safari/537.36 (compatible; Googlebot/2.1; +http://www.google.com/bot.html)"
136.144.33.104 - - [16/Jan/2026:04:30:48 +0000] "POST /wp-login.php HTTP/1.1" 200 6748 "-" "Mozilla/5.0"
198.199.88.98 - - [16/Jan/2026:04:40:46 +0000] "POST /wp-login.php HTTP/1.1" 200 6748 "-" "Mozilla/5.0"
64.31.22.34 - - [16/Jan/2026:04:42:01 +0000] "POST /wp-cron.php?doing_wp_cron=1768538521.2909491062164306640625 HTTP/1.1" 200 0 "-" "WordPress/6.9; https://jujusmooth.com"
66.249.66.201 - - [16/Jan/2026:04:44:32 +0000] "GET /products/1193353/ HTTP/1.1" 404 21994 "-" "Mozilla/5.0 (Linux; Android 6.0.1; Nexus 5X Build/MMB29P) AppleWebKit/537.36 (KHTML, like Gecko) Chrome/143.0.7499.192 Mobile Safari/537.36 (compatible; Googlebot/2.1; +http://www.google.com/bot.html)"
64.31.22.34 - - [16/Jan/2026:04:45:08 +0000] "POST /wp-cron.php?doing_wp_cron=1768538708.7051050662994384765625 HTTP/1.1" 200 0 "-" "WordPress/6.9; https://jujusmooth.com"
95.85.238.3 - - [16/Jan/2026:04:45:07 +0000] "GET /wp-login.php HTTP/1.1" 200 6360 "-" "Mozilla/5.0 (Windows NT 6.1; rv:30.0) Gecko/20100101 Firefox/30.0"
95.85.238.3 - - [16/Jan/2026:04:45:09 +0000] "POST /wp-login.php HTTP/1.1" 200 6753 "-" "Mozilla/5.0 (Windows NT 6.1; rv:30.0) Gecko/20100101 Firefox/30.0"
64.31.22.34 - - [16/Jan/2026:04:46:57 +0000] "POST /wp-cron.php?doing_wp_cron=1768538817.8052110671997070312500 HTTP/1.1" 200 0 "-" "WordPress/6.9; https://jujusmooth.com"
66.249.66.199 - - [16/Jan/2026:04:46:55 +0000] "GET /products/3889319/ HTTP/1.1" 404 21994 "-" "Mozilla/5.0 (Linux; Android 6.0.1; Nexus 5X Build/MMB29P) AppleWebKit/537.36 (KHTML, like Gecko) Chrome/143.0.7499.192 Mobile Safari/537.36 (compatible; Googlebot/2.1; +http://www.google.com/bot.html)"
172.245.102.43 - - [16/Jan/2026:04:47:45 +0000] "POST /wp-login.php HTTP/1.1" 200 6748 "-" "Mozilla/5.0"
66.249.66.162 - - [16/Jan/2026:04:49:37 +0000] "GET /products/22431731/ HTTP/1.1" 404 21994 "-" "Mozilla/5.0 (Linux; Android 6.0.1; Nexus 5X Build/MMB29P) AppleWebKit/537.36 (KHTML, like Gecko) Chrome/143.0.7499.192 Mobile Safari/537.36 (compatible; Googlebot/2.1; +http://www.google.com/bot.html)"
66.249.66.200 - - [16/Jan/2026:04:51:57 +0000] "GET /products/24023475/ HTTP/1.1" 404 21994 "-" "Mozilla/5.0 (Linux; Android 6.0.1; Nexus 5X Build/MMB29P) AppleWebKit/537.36 (KHTML, like Gecko) Chrome/143.0.7499.192 Mobile Safari/537.36 (compatible; Googlebot/2.1; +http://www.google.com/bot.html)"
64.31.22.34 - - [16/Jan/2026:04:55:11 +0000] "POST /wp-cron.php?doing_wp_cron=1768539311.8975861072540283203125 HTTP/1.1" 200 0 "-" "WordPress/6.9; https://jujusmooth.com"
66.249.66.161 - - [16/Jan/2026:04:55:09 +0000] "GET /products/6475197/ HTTP/1.1" 404 21994 "-" "Mozilla/5.0 (Linux; Android 6.0.1; Nexus 5X Build/MMB29P) AppleWebKit/537.36 (KHTML, like Gecko) Chrome/143.0.7499.192 Mobile Safari/537.36 (compatible; Googlebot/2.1; +http://www.google.com/bot.html)"
64.31.22.34 - - [16/Jan/2026:04:57:02 +0000] "POST /wp-cron.php?doing_wp_cron=1768539422.5835371017456054687500 HTTP/1.1" 200 0 "-" "WordPress/6.9; https://jujusmooth.com"
66.249.66.13 - - [16/Jan/2026:04:57:45 +0000] "GET /products/18464564/ HTTP/1.1" 404 21994 "-" "Mozilla/5.0 (Linux; Android 6.0.1; Nexus 5X Build/MMB29P) AppleWebKit/537.36 (KHTML, like Gecko) Chrome/143.0.7499.192 Mobile Safari/537.36 (compatible; Googlebot/2.1; +http://www.google.com/bot.html)"
110.249.201.149 - - [16/Jan/2026:05:00:21 +0000] "GET /robots.txt HTTP/1.1" 200 68 "-" "Mozilla/5.0 (Linux; Android 5.0) AppleWebKit/537.36 (KHTML, like Gecko) Mobile Safari/537.36 (compatible; Bytespider; https://zhanzhang.toutiao.com/)"
66.249.66.11 - - [16/Jan/2026:05:00:31 +0000] "GET /products/10118475/ HTTP/1.1" 404 21994 "-" "Mozilla/5.0 (Linux; Android 6.0.1; Nexus 5X Build/MMB29P) AppleWebKit/537.36 (KHTML, like Gecko) Chrome/143.0.7499.192 Mobile Safari/537.36 (compatible; Googlebot/2.1; +http://www.google.com/bot.html)"
206.189.233.36 - - [16/Jan/2026:05:04:55 +0000] "GET / HTTP/1.1" 200 0 "-" "-"
206.189.233.36 - - [16/Jan/2026:05:04:57 +0000] "GET / HTTP/1.1" 200 211564 "-" "Mozilla/5.0 (l9scan/2.0.4333e22323e21333e24363; +https://leakix.net)"
64.31.22.34 - - [16/Jan/2026:05:05:00 +0000] "POST /wp-cron.php?doing_wp_cron=1768539900.6791749000549316406250 HTTP/1.1" 200 0 "-" "WordPress/6.9; https://jujusmooth.com"
206.189.233.36 - - [16/Jan/2026:05:04:58 +0000] "POST /graphql HTTP/1.1" 404 25704 "-" "Mozilla/5.0 (l9scan/2.0.4333e22323e21333e24363; +https://leakix.net)"
206.189.233.36 - - [16/Jan/2026:05:05:03 +0000] "POST /api/graphql HTTP/1.1" 404 25714 "-" "Mozilla/5.0 (l9scan/2.0.4333e22323e21333e24363; +https://leakix.net)"
64.31.22.34 - - [16/Jan/2026:05:05:07 +0000] "POST /wp-cron.php?doing_wp_cron=1768539907.4788150787353515625000 HTTP/1.1" 200 0 "-" "WordPress/6.9; https://jujusmooth.com"
206.189.233.36 - - [16/Jan/2026:05:05:05 +0000] "POST /graphql/api HTTP/1.1" 404 25714 "-" "Mozilla/5.0 (l9scan/2.0.4333e22323e21333e24363; +https://leakix.net)"
206.189.233.36 - - [16/Jan/2026:05:05:13 +0000] "GET /swagger/index.html HTTP/1.1" 404 25733 "-" "Mozilla/5.0 (l9scan/2.0.4333e22323e21333e24363; +https://leakix.net)"
206.189.233.36 - - [16/Jan/2026:05:05:23 +0000] "GET /v2/api-docs HTTP/1.1" 404 25733 "-" "Mozilla/5.0 (l9scan/2.0.4333e22323e21333e24363; +https://leakix.net)"
206.189.233.36 - - [16/Jan/2026:05:05:27 +0000] "GET /api-docs/swagger.json HTTP/1.1" 404 25733 "-" "Mozilla/5.0 (l9scan/2.0.4333e22323e21333e24363; +https://leakix.net)"
206.189.233.36 - - [16/Jan/2026:05:05:29 +0000] "GET /api/swagger.json HTTP/1.1" 404 25733 "-" "Mozilla/5.0 (l9scan/2.0.4333e22323e21333e24363; +https://leakix.net)"
206.189.233.36 - - [16/Jan/2026:05:05:33 +0000] "GET /actuator/env HTTP/1.1" 404 25733 "-" "Mozilla/5.0 (l9scan/2.0.4333e22323e21333e24363; +https://leakix.net)"
206.189.233.36 - - [16/Jan/2026:05:05:35 +0000] "POST /php-cgi/php-cgi.exe?%ADd+cgi.force_redirect%3D0+%ADd+disable_functions%3D\"\"+%ADd+allow_url_include%3D1+%ADd+auto_prepend_file%3Dphp://input HTTP/1.1" 404 25714 "-" "Mozilla/5.0 (l9scan/2.0.4333e22323e21333e24363; +https://leakix.net)"
206.189.233.36 - - [16/Jan/2026:05:05:39 +0000] "GET /.vscode/sftp.json HTTP/1.1" 404 25733 "-" "Mozilla/5.0 (l9scan/2.0.4333e22323e21333e24363; +https://leakix.net)"
206.189.233.36 - - [16/Jan/2026:05:05:42 +0000] "GET /about HTTP/1.1" 301 0 "-" "Mozilla/5.0 (l9scan/2.0.4333e22323e21333e24363; +https://leakix.net)"
206.189.233.36 - - [16/Jan/2026:05:05:44 +0000] "GET /debug/default/view?panel=config HTTP/1.1" 404 25714 "-" "Mozilla/5.0 (l9scan/2.0.4333e22323e21333e24363; +https://leakix.net)"
206.189.233.36 - - [16/Jan/2026:05:05:48 +0000] "GET /ecp/Current/exporttool/microsoft.exchange.ediscovery.exporttool.application HTTP/1.1" 404 25733 "-" "Mozilla/5.0 (l9scan/2.0.4333e22323e21333e24363; +https://leakix.net)"
206.189.233.36 - - [16/Jan/2026:05:05:52 +0000] "GET /login.action HTTP/1.1" 404 25733 "-" "Mozilla/5.0 (l9scan/2.0.4333e22323e21333e24363; +https://leakix.net)"
206.189.233.36 - - [16/Jan/2026:05:05:53 +0000] "GET /_all_dbs HTTP/1.1" 404 25733 "-" "Mozilla/5.0 (l9scan/2.0.4333e22323e21333e24363; +https://leakix.net)"
64.31.22.34 - - [16/Jan/2026:05:06:07 +0000] "POST /wp-cron.php?doing_wp_cron=1768539967.4341020584106445312500 HTTP/1.1" 200 0 "-" "WordPress/6.9; https://jujusmooth.com"
64.31.22.34 - - [16/Jan/2026:05:00:34 +0000] "POST /wp-cron.php?doing_wp_cron=1768539634.0919520854949951171875 HTTP/1.1" 200 0 "-" "WordPress/6.9; https://jujusmooth.com"
206.189.233.36 - - [16/Jan/2026:05:05:00 +0000] "POST /api HTTP/1.1" 404 25714 "-" "Mozilla/5.0 (l9scan/2.0.4333e22323e21333e24363; +https://leakix.net)"
206.189.233.36 - - [16/Jan/2026:05:05:07 +0000] "POST /api/gql HTTP/1.1" 404 25714 "-" "Mozilla/5.0 (l9scan/2.0.4333e22323e21333e24363; +https://leakix.net)"
206.189.233.36 - - [16/Jan/2026:05:05:10 +0000] "GET /swagger-ui.html HTTP/1.1" 404 25733 "-" "Mozilla/5.0 (l9scan/2.0.4333e22323e21333e24363; +https://leakix.net)"
206.189.233.36 - - [16/Jan/2026:05:05:14 +0000] "GET /swagger/swagger-ui.html HTTP/1.1" 404 25733 "-" "Mozilla/5.0 (l9scan/2.0.4333e22323e21333e24363; +https://leakix.net)"
206.189.233.36 - - [16/Jan/2026:05:05:17 +0000] "GET /webjars/swagger-ui/index.html HTTP/1.1" 404 25733 "-" "Mozilla/5.0 (l9scan/2.0.4333e22323e21333e24363; +https://leakix.net)"
206.189.233.36 - - [16/Jan/2026:05:05:19 +0000] "GET /swagger.json HTTP/1.1" 404 25733 "-" "Mozilla/5.0 (l9scan/2.0.4333e22323e21333e24363; +https://leakix.net)"
206.189.233.36 - - [16/Jan/2026:05:05:21 +0000] "GET /swagger/v1/swagger.json HTTP/1.1" 404 25733 "-" "Mozilla/5.0 (l9scan/2.0.4333e22323e21333e24363; +https://leakix.net)"
206.189.233.36 - - [16/Jan/2026:05:05:25 +0000] "GET /v3/api-docs HTTP/1.1" 404 25733 "-" "Mozilla/5.0 (l9scan/2.0.4333e22323e21333e24363; +https://leakix.net)"
206.189.233.36 - - [16/Jan/2026:05:05:31 +0000] "GET /@vite/env HTTP/1.1" 404 25733 "-" "Mozilla/5.0 (l9scan/2.0.4333e22323e21333e24363; +https://leakix.net)"
193.36.225.69 - - [16/Jan/2026:05:05:36 +0000] "POST /wp-login.php HTTP/1.1" 200 6748 "-" "Mozilla/5.0"
206.189.233.36 - - [16/Jan/2026:05:05:37 +0000] "GET /server HTTP/1.1" 404 25733 "-" "Mozilla/5.0 (l9scan/2.0.4333e22323e21333e24363; +https://leakix.net)"
206.189.233.36 - - [16/Jan/2026:05:05:46 +0000] "GET /v2/_catalog HTTP/1.1" 404 25733 "-" "Mozilla/5.0 (l9scan/2.0.4333e22323e21333e24363; +https://leakix.net)"
206.189.233.36 - - [16/Jan/2026:05:05:50 +0000] "GET /server-status HTTP/1.1" 404 25733 "-" "Mozilla/5.0 (l9scan/2.0.4333e22323e21333e24363; +https://leakix.net)"
206.189.233.36 - - [16/Jan/2026:05:05:55 +0000] "GET /.DS_Store HTTP/1.1" 404 25733 "-" "Mozilla/5.0 (l9scan/2.0.4333e22323e21333e24363; +https://leakix.net)"
206.189.233.36 - - [16/Jan/2026:05:05:57 +0000] "GET /.env HTTP/1.1" 404 25733 "-" "Mozilla/5.0 (l9scan/2.0.4333e22323e21333e24363; +https://leakix.net)"
206.189.233.36 - - [16/Jan/2026:05:06:00 +0000] "GET /.git/config HTTP/1.1" 403 1242 "-" "Mozilla/5.0 (l9scan/2.0.4333e22323e21333e24363; +https://leakix.net)"
206.189.233.36 - - [16/Jan/2026:05:06:01 +0000] "GET /s/4333e22323e21333e24363/_/;/META-INF/maven/com.atlassian.jira/jira-webapp-dist/pom.properties HTTP/1.1" 404 25733 "-" "Mozilla/5.0 (l9scan/2.0.4333e22323e21333e24363; +https://leakix.net)"
206.189.233.36 - - [16/Jan/2026:05:06:03 +0000] "GET /config.json HTTP/1.1" 404 25733 "-" "Mozilla/5.0 (l9scan/2.0.4333e22323e21333e24363; +https://leakix.net)"
206.189.233.36 - - [16/Jan/2026:05:06:07 +0000] "GET /info.php HTTP/1.1" 404 25733 "-" "Mozilla/5.0 (l9scan/2.0.4333e22323e21333e24363; +https://leakix.net)"
140.245.117.185 - - [16/Jan/2026:05:13:27 +0000] "GET / HTTP/2" 200 0 "http://jujusmooth.com" "Mozilla/5.0 (iPhone; CPU iPhone OS 17_4_1 like Mac OS X) AppleWebKit/605.1.15 Mobile/15E148"
140.245.117.185 - - [16/Jan/2026:05:13:30 +0000] "GET / HTTP/2" 200 37981 "http://jujusmooth.com" "Mozilla/5.0 (Android 13; Mobile; rv:117.0) Gecko/117.0 Firefox/117.0"
122.51.236.174 - - [16/Jan/2026:05:13:32 +0000] "GET / HTTP/1.1" 200 37981 "http://www.jujusmooth.com" "Mozilla/5.0 (iPhone; CPU iPhone OS 13_2_3 like Mac OS X) AppleWebKit/605.1.15 (KHTML, like Gecko) Version/13.0.3 Mobile/15E148 Safari/604.1"
140.245.117.185 - - [16/Jan/2026:05:13:35 +0000] "GET / HTTP/2" 200 37778 "http://jujusmooth.com" "Go-http-client/2.0"