138.246.253.24 - - [15/Jan/2026:18:48:27 +0000] "GET /robots.txt HTTP/1.1" 200 26 "-" "Mozilla/5.0 (Windows NT 10.0; Win64; x64) AppleWebKit/537.36 (KHTML, like Gecko) Chrome/103.0.5060.134 Safari/537.36"
64.31.22.34 - - [15/Jan/2026:19:32:25 +0000] "POST /wp-cron.php?doing_wp_cron=1768505545.6252169609069824218750 HTTP/1.1" 200 0 "-" "WordPress/6.9; https://jujusmooth.com"
43.131.243.61 - - [15/Jan/2026:19:42:36 +0000] "GET / HTTP/1.1" 200 37982 "http://jujusmooth.com" "Mozilla/5.0 (iPhone; CPU iPhone OS 13_2_3 like Mac OS X) AppleWebKit/605.1.15 (KHTML, like Gecko) Version/13.0.3 Mobile/15E148 Safari/604.1"
195.24.236.77 - - [15/Jan/2026:19:53:51 +0000] "GET /wp-content/themes/seotheme/db.php?u HTTP/1.1" 404 122897 "www.google.com" "Mozlila/5.0 (Linux; Android 7.0; SM-G892A Bulid/NRD90M; wv) AppleWebKit/537.36 (KHTML, like Gecko) Version/4.0 Chrome/60.0.3112.107 Moblie Safari/537.36"
195.24.236.77 - - [15/Jan/2026:19:53:55 +0000] "GET /plugins/content/apismtp/apismtp.php?test=hello HTTP/1.1" 404 122897 "-" "Mozlila/5.0 (Linux; Android 7.0; SM-G892A Bulid/NRD90M; wv) AppleWebKit/537.36 (KHTML, like Gecko) Version/4.0 Chrome/60.0.3112.107 Moblie Safari/537.36"
195.24.236.77 - - [15/Jan/2026:19:53:59 +0000] "GET /plugins/content/apismtp/apismtp.php.suspected?test=hello HTTP/1.1" 404 122897 "-" "Mozlila/5.0 (Linux; Android 7.0; SM-G892A Bulid/NRD90M; wv) AppleWebKit/537.36 (KHTML, like Gecko) Version/4.0 Chrome/60.0.3112.107 Moblie Safari/537.36"
66.249.66.161 - - [15/Jan/2026:18:49:46 +0000] "GET /product-category/skin-care/ HTTP/1.1" 200 26305 "-" "Mozilla/5.0 (compatible; Googlebot/2.1; +http://www.google.com/bot.html)"
66.249.66.161 - - [15/Jan/2026:19:32:21 +0000] "GET /products/16407497/ HTTP/1.1" 404 22001 "-" "Mozilla/5.0 (Linux; Android 6.0.1; Nexus 5X Build/MMB29P) AppleWebKit/537.36 (KHTML, like Gecko) Chrome/143.0.7499.192 Mobile Safari/537.36 (compatible; Googlebot/2.1; +http://www.google.com/bot.html)"
64.31.22.34 - - [15/Jan/2026:19:36:10 +0000] "POST /wp-cron.php?doing_wp_cron=1768505770.1798601150512695312500 HTTP/1.1" 200 0 "-" "WordPress/6.9; https://jujusmooth.com"
172.245.102.45 - - [15/Jan/2026:19:36:08 +0000] "GET /wp-login.php HTTP/1.1" 200 2229 "-" "Mozilla/5.0"
172.245.102.45 - - [15/Jan/2026:19:36:10 +0000] "GET /?author=1 HTTP/1.1" 301 0 "-" "Mozilla/5.0"
172.245.102.45 - - [15/Jan/2026:19:36:12 +0000] "GET /?rest_route=/wp/v2/users HTTP/1.1" 200 466 "-" "Mozilla/5.0"
195.24.236.77 - - [15/Jan/2026:19:53:50 +0000] "GET / HTTP/1.1" 200 212754 "-" "Mozlila/5.0 (Linux; Android 7.0; SM-G892A Bulid/NRD90M; wv) AppleWebKit/537.36 (KHTML, like Gecko) Version/4.0 Chrome/60.0.3112.107 Moblie Safari/537.36"
195.24.236.77 - - [15/Jan/2026:19:53:52 +0000] "GET /wp-content/plugins/apikey/apikey.php?test=hello HTTP/1.1" 404 122897 "-" "Mozlila/5.0 (Linux; Android 7.0; SM-G892A Bulid/NRD90M; wv) AppleWebKit/537.36 (KHTML, like Gecko) Version/4.0 Chrome/60.0.3112.107 Moblie Safari/537.36"
195.24.236.77 - - [15/Jan/2026:19:53:53 +0000] "POST /wp-plain.php HTTP/1.1" 404 122897 "www.google.com" "Mozilla/5.0 (Linux; Android 7.0; SM-G892A Bulid/NRD90M; wv) AppleWebKit/537.36 (KHTML, like Gecko) Version/4.0 Chrome/60.0.3112.107 Moblie Safari/537.36"
195.24.236.77 - - [15/Jan/2026:19:53:55 +0000] "GET /hdzfbdnm.php?Fox=d3wL7 HTTP/1.1" 404 122897 "www.google.com" "Mozilla/5.0 (Linux; Android 7.0; SM-G892A Bulid/NRD90M; wv) AppleWebKit/537.36 (KHTML, like Gecko) Version/4.0 Chrome/60.0.3112.107 Moblie Safari/537.36"
195.24.236.77 - - [15/Jan/2026:19:53:57 +0000] "GET /wp-content/plugins/apikey/apikey.php.suspected?test=hello HTTP/1.1" 404 122897 "-" "Mozlila/5.0 (Linux; Android 7.0; SM-G892A Bulid/NRD90M; wv) AppleWebKit/537.36 (KHTML, like Gecko) Version/4.0 Chrome/60.0.3112.107 Moblie Safari/537.36"
64.31.22.34 - - [15/Jan/2026:19:59:29 +0000] "GET / HTTP/1.1" 200 211564 "-" "Mozilla/5.0 (Windows NT 10.0; Win64; x64; rv:122.0) Gecko/20100101 Firefox/122.0"
64.31.22.34 - - [15/Jan/2026:20:00:03 +0000] "POST /wp-cron.php?doing_wp_cron=1768507203.8232629299163818359375 HTTP/1.1" 200 0 "-" "WordPress/6.9; https://jujusmooth.com"
4.217.220.52 - - [15/Jan/2026:20:02:25 +0000] "GET /wp-content/plugins/hellopress/wp_filemanager.php HTTP/1.1" 401 36 "-" "-"
4.217.220.52 - - [15/Jan/2026:20:02:26 +0000] "GET /dox.php HTTP/1.1" 401 36 "-" "-"
4.217.220.52 - - [15/Jan/2026:20:02:26 +0000] "GET /rrr.php HTTP/1.1" 401 36 "-" "-"
4.217.220.52 - - [15/Jan/2026:20:02:26 +0000] "GET /eee.php HTTP/1.1" 401 36 "-" "-"
4.217.220.52 - - [15/Jan/2026:20:02:27 +0000] "GET /ton.php HTTP/1.1" 401 36 "-" "-"
4.217.220.52 - - [15/Jan/2026:20:02:27 +0000] "GET /bala.php HTTP/1.1" 401 36 "-" "-"
4.217.220.52 - - [15/Jan/2026:20:02:28 +0000] "GET /gecko.php HTTP/1.1" 401 36 "-" "-"
4.217.220.52 - - [15/Jan/2026:20:02:28 +0000] "GET /log.php HTTP/1.1" 401 36 "-" "-"
4.217.220.52 - - [15/Jan/2026:20:02:29 +0000] "GET /xl2023.php HTTP/1.1" 401 36 "-" "-"
4.217.220.52 - - [15/Jan/2026:20:02:29 +0000] "GET /wsoyanzorng.php HTTP/1.1" 401 36 "-" "-"
4.217.220.52 - - [15/Jan/2026:20:02:30 +0000] "GET /alf.php HTTP/1.1" 401 36 "-" "-"
4.217.220.52 - - [15/Jan/2026:20:02:31 +0000] "GET /xmlrpc2.php HTTP/1.1" 401 36 "-" "-"
4.217.220.52 - - [15/Jan/2026:20:02:31 +0000] "GET /evil.php HTTP/1.1" 401 36 "-" "-"
4.217.220.52 - - [15/Jan/2026:20:02:32 +0000] "GET /demo.php HTTP/1.1" 401 36 "-" "-"
4.217.220.52 - - [15/Jan/2026:20:02:32 +0000] "GET /tmpshell.php HTTP/1.1" 401 36 "-" "-"
4.217.220.52 - - [15/Jan/2026:20:02:33 +0000] "GET /moto.php HTTP/1.1" 401 36 "-" "-"
4.217.220.52 - - [15/Jan/2026:20:02:33 +0000] "GET /columns.php HTTP/1.1" 401 36 "-" "-"
4.217.220.52 - - [15/Jan/2026:20:02:33 +0000] "GET /utchiha.php HTTP/1.1" 401 36 "-" "-"
4.217.220.52 - - [15/Jan/2026:20:02:34 +0000] "GET /utchiha_uploader.php HTTP/1.1" 401 36 "-" "-"
4.217.220.52 - - [15/Jan/2026:20:02:34 +0000] "GET /Deadcode1975.php HTTP/1.1" 401 36 "-" "-"
4.217.220.52 - - [15/Jan/2026:20:02:35 +0000] "GET /wp.php HTTP/1.1" 401 36 "-" "-"
4.217.220.52 - - [15/Jan/2026:20:02:35 +0000] "GET /wp-22.php HTTP/1.1" 401 36 "-" "-"
4.217.220.52 - - [15/Jan/2026:20:02:35 +0000] "GET /1975.php HTTP/1.1" 401 36 "-" "-"
4.217.220.52 - - [15/Jan/2026:20:02:36 +0000] "GET /emergency.php HTTP/1.1" 401 36 "-" "-"
4.217.220.52 - - [15/Jan/2026:20:02:37 +0000] "GET /cp.php HTTP/1.1" 401 36 "-" "-"
4.217.220.52 - - [15/Jan/2026:20:02:37 +0000] "GET /Marvins.php HTTP/1.1" 401 36 "-" "-"
4.217.220.52 - - [15/Jan/2026:20:02:38 +0000] "GET /rxr.php HTTP/1.1" 401 36 "-" "-"
4.217.220.52 - - [15/Jan/2026:20:02:40 +0000] "GET /F0x.php HTTP/1.1" 401 36 "-" "-"
4.217.220.52 - - [15/Jan/2026:20:02:46 +0000] "GET /images/F0x.php HTTP/1.1" 401 36 "-" "-"
4.217.220.52 - - [15/Jan/2026:20:02:47 +0000] "GET /payload.php HTTP/1.1" 401 36 "-" "-"
4.217.220.52 - - [15/Jan/2026:20:02:49 +0000] "GET /alfaindex.php HTTP/1.1" 401 36 "-" "-"
165.227.108.154 - - [15/Jan/2026:20:05:01 +0000] "GET /.git/config HTTP/1.1" 403 1242 "-" "Mozilla/5.0 (Windows NT 10.0; Win64; x64) AppleWebKit/537.36 (KHTML, like Gecko) Chrome/75.0.3770.102 Safari/537.36 Vivaldi/2.6.1566.44"
66.249.66.162 - - [15/Jan/2026:20:09:59 +0000] "GET /products/3309308/ HTTP/1.1" 404 22001 "-" "Mozilla/5.0 (Linux; Android 6.0.1; Nexus 5X Build/MMB29P) AppleWebKit/537.36 (KHTML, like Gecko) Chrome/143.0.7499.192 Mobile Safari/537.36 (compatible; Googlebot/2.1; +http://www.google.com/bot.html)"
4.217.220.52 - - [15/Jan/2026:20:26:18 +0000] "GET /0x.php HTTP/1.1" 401 36 "-" "-"
4.217.220.52 - - [15/Jan/2026:20:27:27 +0000] "GET /nox.php HTTP/1.1" 401 36 "-" "-"
4.217.220.52 - - [15/Jan/2026:20:27:27 +0000] "GET /die.php HTTP/1.1" 401 36 "-" "-"
4.217.220.52 - - [15/Jan/2026:20:27:28 +0000] "GET /xa.php HTTP/1.1" 401 36 "-" "-"
4.217.220.52 - - [15/Jan/2026:20:27:28 +0000] "GET /f8.php HTTP/1.1" 401 36 "-" "-"
4.217.220.52 - - [15/Jan/2026:20:27:29 +0000] "GET /963e.php HTTP/1.1" 401 36 "-" "-"
4.217.220.52 - - [15/Jan/2026:20:27:29 +0000] "GET /gi.php HTTP/1.1" 401 36 "-" "-"
4.217.220.52 - - [15/Jan/2026:20:27:30 +0000] "GET /classwithtostring.php HTTP/1.1" 401 36 "-" "-"
4.217.220.52 - - [15/Jan/2026:20:27:30 +0000] "GET /bless5.php HTTP/1.1" 401 36 "-" "-"
4.217.220.52 - - [15/Jan/2026:20:27:31 +0000] "GET /ths.php HTTP/1.1" 401 36 "-" "-"
4.217.220.52 - - [15/Jan/2026:20:27:31 +0000] "GET /ar.php HTTP/1.1" 401 36 "-" "-"
4.217.220.52 - - [15/Jan/2026:20:27:32 +0000] "GET /lala.php HTTP/1.1" 401 36 "-" "-"
4.217.220.52 - - [15/Jan/2026:20:27:32 +0000] "GET /.well-known/admin.php HTTP/1.1" 401 36 "-" "-"
4.217.220.52 - - [15/Jan/2026:20:27:33 +0000] "GET /0o0.php HTTP/1.1" 401 36 "-" "-"
4.217.220.52 - - [15/Jan/2026:20:27:33 +0000] "GET /fe5.php HTTP/1.1" 401 36 "-" "-"
4.217.220.52 - - [15/Jan/2026:20:27:34 +0000] "GET /mini.php HTTP/1.1" 401 36 "-" "-"
4.217.220.52 - - [15/Jan/2026:20:27:34 +0000] "GET /bbbb.php HTTP/1.1" 401 36 "-" "-"
4.217.220.52 - - [15/Jan/2026:20:27:35 +0000] "GET /gm.php HTTP/1.1" 401 36 "-" "-"
4.217.220.52 - - [15/Jan/2026:20:27:36 +0000] "GET /an8.php HTTP/1.1" 401 36 "-" "-"
4.217.220.52 - - [15/Jan/2026:20:27:36 +0000] "GET /222.php HTTP/1.1" 401 36 "-" "-"
4.217.220.52 - - [15/Jan/2026:20:27:37 +0000] "GET /f2f.php HTTP/1.1" 401 36 "-" "-"
4.217.220.52 - - [15/Jan/2026:20:27:37 +0000] "GET /anskrit.php HTTP/1.1" 401 36 "-" "-"
4.217.220.52 - - [15/Jan/2026:20:27:38 +0000] "GET /ioxi-o.php HTTP/1.1" 401 36 "-" "-"
4.217.220.52 - - [15/Jan/2026:20:27:39 +0000] "GET /up.php HTTP/1.1" 401 36 "-" "-"
4.217.220.52 - - [15/Jan/2026:20:27:39 +0000] "GET /wp-includes/SimplePie/wp-login.php HTTP/1.1" 401 36 "-" "-"
4.217.220.52 - - [15/Jan/2026:20:27:40 +0000] "GET /alpa.php HTTP/1.1" 401 36 "-" "-"
4.217.220.52 - - [15/Jan/2026:20:27:40 +0000] "GET /lisa.php HTTP/1.1" 401 36 "-" "-"
4.217.220.52 - - [15/Jan/2026:20:27:41 +0000] "GET /simple.php HTTP/1.1" 401 36 "-" "-"
4.217.220.52 - - [15/Jan/2026:20:27:41 +0000] "GET /x.php HTTP/1.1" 401 36 "-" "-"
4.217.220.52 - - [15/Jan/2026:20:27:42 +0000] "GET /goods.php HTTP/1.1" 401 36 "-" "-"
4.217.220.52 - - [15/Jan/2026:20:27:42 +0000] "GET /lx.php HTTP/1.1" 401 36 "-" "-"
4.217.220.52 - - [15/Jan/2026:20:27:43 +0000] "GET /security.php HTTP/1.1" 401 36 "-" "-"
4.217.220.52 - - [15/Jan/2026:20:27:43 +0000] "GET /ws36.php HTTP/1.1" 401 36 "-" "-"
4.217.220.52 - - [15/Jan/2026:20:27:44 +0000] "GET /ma.php HTTP/1.1" 401 36 "-" "-"
4.217.220.52 - - [15/Jan/2026:20:27:44 +0000] "GET /as.php HTTP/1.1" 401 36 "-" "-"
4.217.220.52 - - [15/Jan/2026:20:27:45 +0000] "GET /new4.php HTTP/1.1" 401 36 "-" "-"
4.217.220.52 - - [15/Jan/2026:20:27:45 +0000] "GET /class-t.api.php HTTP/1.1" 401 36 "-" "-"
4.217.220.52 - - [15/Jan/2026:20:27:46 +0000] "GET /xxxx.php HTTP/1.1" 401 36 "-" "-"
4.217.220.52 - - [15/Jan/2026:20:27:46 +0000] "GET /pop.php HTTP/1.1" 401 36 "-" "-"
4.217.220.52 - - [15/Jan/2026:20:27:47 +0000] "GET /we.php HTTP/1.1" 401 36 "-" "-"
4.217.220.52 - - [15/Jan/2026:20:27:47 +0000] "GET /zwso.php HTTP/1.1" 401 36 "-" "-"
4.217.220.52 - - [15/Jan/2026:20:27:48 +0000] "GET /file3.php HTTP/1.1" 401 36 "-" "-"
4.217.220.52 - - [15/Jan/2026:20:27:48 +0000] "GET /bless11.php HTTP/1.1" 401 36 "-" "-"
4.217.220.52 - - [15/Jan/2026:20:27:49 +0000] "GET /rh.php HTTP/1.1" 401 36 "-" "-"
4.217.220.52 - - [15/Jan/2026:20:27:49 +0000] "GET /byp.php HTTP/1.1" 401 36 "-" "-"
4.217.220.52 - - [15/Jan/2026:20:27:50 +0000] "GET /file13.php HTTP/1.1" 401 36 "-" "-"
4.217.220.52 - - [15/Jan/2026:20:27:50 +0000] "GET /404.php HTTP/1.1" 401 36 "-" "-"
4.217.220.52 - - [15/Jan/2026:20:27:51 +0000] "GET /akk.php HTTP/1.1" 401 36 "-" "-"
4.217.220.52 - - [15/Jan/2026:20:27:51 +0000] "GET /g.php HTTP/1.1" 401 36 "-" "-"
4.217.220.52 - - [15/Jan/2026:20:27:52 +0000] "GET /ton.php HTTP/1.1" 401 36 "-" "-"
4.217.220.52 - - [15/Jan/2026:20:27:53 +0000] "GET /wp-includes/style-engine/about.php HTTP/1.1" 401 36 "-" "-"
4.217.220.52 - - [15/Jan/2026:20:27:53 +0000] "GET /520.php HTTP/1.1" 401 36 "-" "-"
4.217.220.52 - - [15/Jan/2026:20:27:54 +0000] "GET /atomlib.php HTTP/1.1" 401 36 "-" "-"
4.217.220.52 - - [15/Jan/2026:20:27:54 +0000] "GET /file.php HTTP/1.1" 401 36 "-" "-"
4.217.220.52 - - [15/Jan/2026:20:27:55 +0000] "GET /rrr.php HTTP/1.1" 401 36 "-" "-"
4.217.220.52 - - [15/Jan/2026:20:27:55 +0000] "GET /asf.php HTTP/1.1" 401 36 "-" "-"
4.217.220.52 - - [15/Jan/2026:20:27:56 +0000] "GET /lock360.php HTTP/1.1" 401 36 "-" "-"
4.217.220.52 - - [15/Jan/2026:20:27:57 +0000] "GET /filesss.php HTTP/1.1" 401 36 "-" "-"
4.217.220.52 - - [15/Jan/2026:20:27:58 +0000] "GET /wsheet1.php HTTP/1.1" 401 36 "-" "-"
4.217.220.52 - - [15/Jan/2026:20:27:58 +0000] "GET /oo.php HTTP/1.1" 401 36 "-" "-"
4.217.220.52 - - [15/Jan/2026:20:27:59 +0000] "GET /classgoto24.php HTTP/1.1" 401 36 "-" "-"
4.217.220.52 - - [15/Jan/2026:20:27:59 +0000] "GET /win.php HTTP/1.1" 401 36 "-" "-"
4.217.220.52 - - [15/Jan/2026:20:28:00 +0000] "GET /1100.php HTTP/1.1" 401 36 "-" "-"
4.217.220.52 - - [15/Jan/2026:20:28:00 +0000] "GET /shell1.php HTTP/1.1" 401 36 "-" "-"
4.217.220.52 - - [15/Jan/2026:20:28:01 +0000] "GET /elp.php HTTP/1.1" 401 36 "-" "-"
4.217.220.52 - - [15/Jan/2026:20:28:01 +0000] "GET /class.php HTTP/1.1" 401 36 "-" "-"
4.217.220.52 - - [15/Jan/2026:20:28:02 +0000] "GET /flower2.php HTTP/1.1" 401 36 "-" "-"
4.217.220.52 - - [15/Jan/2026:20:28:03 +0000] "GET /ooaiyc.php HTTP/1.1" 401 36 "-" "-"
4.217.220.52 - - [15/Jan/2026:20:28:03 +0000] "GET /bless14.php HTTP/1.1" 401 36 "-" "-"
4.217.220.52 - - [15/Jan/2026:20:28:04 +0000] "GET /87.php HTTP/1.1" 401 36 "-" "-"
4.217.220.52 - - [15/Jan/2026:20:28:05 +0000] "GET /xo.php HTTP/1.1" 401 36 "-" "-"
4.217.220.52 - - [15/Jan/2026:20:28:06 +0000] "GET /themes/twentytwentytwo/index.php HTTP/1.1" 401 36 "-" "-"
4.217.220.52 - - [15/Jan/2026:20:28:06 +0000] "GET /atx.php HTTP/1.1" 401 36 "-" "-"
4.217.220.52 - - [15/Jan/2026:20:28:07 +0000] "GET /wp-content/themes/twentytwentytwo/index.php HTTP/1.1" 401 36 "-" "-"
64.31.22.34 - - [15/Jan/2026:20:30:46 +0000] "POST /wp-cron.php?doing_wp_cron=1768509046.6134839057922363281250 HTTP/1.1" 200 0 "-" "WordPress/6.9; https://jujusmooth.com"
64.31.22.34 - - [15/Jan/2026:20:32:12 +0000] "POST /wp-cron.php?doing_wp_cron=1768509132.2664060592651367187500 HTTP/1.1" 200 0 "-" "WordPress/6.9; https://jujusmooth.com"
114.119.151.237 - - [15/Jan/2026:20:32:10 +0000] "GET /about/ HTTP/1.1" 200 30718 "-" "Mozilla/5.0 (Linux; Android 7.0;) AppleWebKit/537.36 (KHTML, like Gecko) Mobile Safari/537.36 (compatible; PetalBot;+https://webmaster.petalsearch.com/site/petalbot)"
83.217.208.173 - - [15/Jan/2026:20:32:25 +0000] "GET /wp-login.php HTTP/1.1" 200 6360 "-" "Mozilla/5.0 (Macintosh; Intel Mac OS X 10_8_5) AppleWebKit/537.36 (KHTML, like Gecko) Chrome/36.0.1985.125 Safari/537.36"
83.217.208.173 - - [15/Jan/2026:20:32:27 +0000] "POST /wp-login.php HTTP/1.1" 200 6753 "-" "Mozilla/5.0 (Macintosh; Intel Mac OS X 10_8_5) AppleWebKit/537.36 (KHTML, like Gecko) Chrome/36.0.1985.125 Safari/537.36"
64.31.22.34 - - [15/Jan/2026:20:33:33 +0000] "POST /wp-cron.php?doing_wp_cron=1768509213.6191248893737792968750 HTTP/1.1" 200 0 "-" "WordPress/6.9; https://jujusmooth.com"
114.119.147.13 - - [15/Jan/2026:20:33:34 +0000] "GET /about/ HTTP/1.1" 200 30718 "-" "Mozilla/5.0 (Linux; Android 7.0;) AppleWebKit/537.36 (KHTML, like Gecko) Mobile Safari/537.36 (compatible; PetalBot;+https://webmaster.petalsearch.com/site/petalbot)"
114.119.151.237 - - [15/Jan/2026:20:39:06 +0000] "GET /checkout/ HTTP/1.1" 302 0 "https://jujusmooth.com/checkout?buy-now=5564" "Mozilla/5.0 (Linux; Android 7.0;) AppleWebKit/537.36 (KHTML, like Gecko) Mobile Safari/537.36 (compatible; PetalBot;+https://webmaster.petalsearch.com/site/petalbot)"
64.31.22.34 - - [15/Jan/2026:20:40:32 +0000] "POST /wp-cron.php?doing_wp_cron=1768509632.7452080249786376953125 HTTP/1.1" 200 0 "-" "WordPress/6.9; https://jujusmooth.com"
66.249.66.12 - - [15/Jan/2026:20:00:00 +0000] "GET /products/3306453/ HTTP/1.1" 404 22001 "-" "Mozilla/5.0 (Linux; Android 6.0.1; Nexus 5X Build/MMB29P) AppleWebKit/537.36 (KHTML, like Gecko) Chrome/143.0.7499.192 Mobile Safari/537.36 (compatible; Googlebot/2.1; +http://www.google.com/bot.html)"
4.217.220.52 - - [15/Jan/2026:20:18:55 +0000] "GET /nx1.php HTTP/1.1" 401 36 "-" "-"
4.217.220.52 - - [15/Jan/2026:20:18:55 +0000] "GET /f35.php HTTP/1.1" 401 36 "-" "-"
4.217.220.52 - - [15/Jan/2026:20:18:58 +0000] "GET /wp-includes/assets/index.php HTTP/1.1" 401 36 "-" "-"
64.31.22.34 - - [15/Jan/2026:20:29:23 +0000] "POST /wp-cron.php?doing_wp_cron=1768508963.2901799678802490234375 HTTP/1.1" 200 0 "-" "WordPress/6.9; https://jujusmooth.com"
114.119.141.51 - - [15/Jan/2026:20:29:21 +0000] "GET /shop/ HTTP/1.1" 200 30655 "-" "Mozilla/5.0 (Linux; Android 7.0;) AppleWebKit/537.36 (KHTML, like Gecko) Mobile Safari/537.36 (compatible; PetalBot;+https://webmaster.petalsearch.com/site/petalbot)"
110.249.201.162 - - [15/Jan/2026:20:29:29 +0000] "GET /robots.txt HTTP/1.1" 200 68 "-" "Mozilla/5.0 (Linux; Android 5.0) AppleWebKit/537.36 (KHTML, like Gecko) Mobile Safari/537.36 (compatible; Bytespider; https://zhanzhang.toutiao.com/)"
114.119.144.24 - - [15/Jan/2026:20:30:45 +0000] "GET /shop HTTP/1.1" 301 0 "-" "Mozilla/5.0 (Linux; Android 7.0;) AppleWebKit/537.36 (KHTML, like Gecko) Mobile Safari/537.36 (compatible; PetalBot;+https://webmaster.petalsearch.com/site/petalbot)"
114.119.144.24 - - [15/Jan/2026:20:30:47 +0000] "GET /shop/ HTTP/1.1" 200 30678 "-" "Mozilla/5.0 (Linux; Android 7.0;) AppleWebKit/537.36 (KHTML, like Gecko) Mobile Safari/537.36 (compatible; PetalBot;+https://webmaster.petalsearch.com/site/petalbot)"
66.249.66.161 - - [15/Jan/2026:20:32:35 +0000] "GET /products/14389208/ HTTP/1.1" 404 22001 "-" "Mozilla/5.0 (Linux; Android 6.0.1; Nexus 5X Build/MMB29P) AppleWebKit/537.36 (KHTML, like Gecko) Chrome/143.0.7499.192 Mobile Safari/537.36 (compatible; Googlebot/2.1; +http://www.google.com/bot.html)"
114.119.147.13 - - [15/Jan/2026:20:33:32 +0000] "GET /about HTTP/1.1" 301 0 "-" "Mozilla/5.0 (Linux; Android 7.0;) AppleWebKit/537.36 (KHTML, like Gecko) Mobile Safari/537.36 (compatible; PetalBot;+https://webmaster.petalsearch.com/site/petalbot)"
64.31.22.34 - - [15/Jan/2026:20:34:56 +0000] "POST /wp-cron.php?doing_wp_cron=1768509296.7878820896148681640625 HTTP/1.1" 200 0 "-" "WordPress/6.9; https://jujusmooth.com"
114.119.151.237 - - [15/Jan/2026:20:34:54 +0000] "GET / HTTP/1.1" 200 37982 "-" "Mozilla/5.0 (Linux; Android 7.0;) AppleWebKit/537.36 (KHTML, like Gecko) Mobile Safari/537.36 (compatible; PetalBot;+https://webmaster.petalsearch.com/site/petalbot)"
114.119.138.65 - - [15/Jan/2026:20:36:21 +0000] "GET / HTTP/1.1" 200 37982 "-" "Mozilla/5.0 (Linux; Android 7.0;) AppleWebKit/537.36 (KHTML, like Gecko) Mobile Safari/537.36 (compatible; PetalBot;+https://webmaster.petalsearch.com/site/petalbot)"
64.31.22.34 - - [15/Jan/2026:20:37:44 +0000] "POST /wp-cron.php?doing_wp_cron=1768509464.3996169567108154296875 HTTP/1.1" 200 0 "-" "WordPress/6.9; https://jujusmooth.com"
114.119.147.13 - - [15/Jan/2026:20:37:42 +0000] "GET /product/jj-body-butter-2oz-container/ HTTP/1.1" 200 36620 "https://jujusmooth.com/shop" "Mozilla/5.0 (Linux; Android 7.0;) AppleWebKit/537.36 (KHTML, like Gecko) Mobile Safari/537.36 (compatible; PetalBot;+https://webmaster.petalsearch.com/site/petalbot)"
64.31.22.34 - - [15/Jan/2026:20:39:08 +0000] "POST /wp-cron.php?doing_wp_cron=1768509548.1810219287872314453125 HTTP/1.1" 200 0 "-" "WordPress/6.9; https://jujusmooth.com"
114.119.151.237 - - [15/Jan/2026:20:39:09 +0000] "GET /cart/ HTTP/1.1" 200 30056 "https://jujusmooth.com/checkout?buy-now=5564" "Mozilla/5.0 (Linux; Android 7.0;) AppleWebKit/537.36 (KHTML, like Gecko) Mobile Safari/537.36 (compatible; PetalBot;+https://webmaster.petalsearch.com/site/petalbot)"
64.31.22.34 - - [15/Jan/2026:21:13:07 +0000] "POST /wp-cron.php?doing_wp_cron=1768511587.7738640308380126953125 HTTP/1.1" 200 0 "-" "WordPress/6.9; https://jujusmooth.com"
64.31.22.34 - - [15/Jan/2026:21:15:11 +0000] "POST /wp-cron.php?doing_wp_cron=1768511711.9360699653625488281250 HTTP/1.1" 200 0 "-" "WordPress/6.9; https://jujusmooth.com"
64.31.22.34 - - [15/Jan/2026:21:17:19 +0000] "POST /wp-cron.php?doing_wp_cron=1768511839.9242498874664306640625 HTTP/1.1" 200 0 "-" "WordPress/6.9; https://jujusmooth.com"
66.249.66.13 - - [15/Jan/2026:21:18:13 +0000] "GET /products/4334042/ HTTP/1.1" 404 22001 "-" "Mozilla/5.0 (Linux; Android 6.0.1; Nexus 5X Build/MMB29P) AppleWebKit/537.36 (KHTML, like Gecko) Chrome/143.0.7499.192 Mobile Safari/537.36 (compatible; Googlebot/2.1; +http://www.google.com/bot.html)"
64.31.22.34 - - [15/Jan/2026:21:27:58 +0000] "POST /wp-cron.php?doing_wp_cron=1768512478.9379119873046875000000 HTTP/1.1" 200 0 "-" "WordPress/6.9; https://jujusmooth.com"
114.119.141.51 - - [15/Jan/2026:21:27:59 +0000] "GET /checkout/ HTTP/1.1" 200 35163 "https://jujusmooth.com/shop" "Mozilla/5.0 (Linux; Android 7.0;) AppleWebKit/537.36 (KHTML, like Gecko) Mobile Safari/537.36 (compatible; PetalBot;+https://webmaster.petalsearch.com/site/petalbot)"
66.249.66.200 - - [15/Jan/2026:21:49:51 +0000] "GET /products/15696119/ HTTP/1.1" 404 22001 "-" "Mozilla/5.0 (Linux; Android 6.0.1; Nexus 5X Build/MMB29P) AppleWebKit/537.36 (KHTML, like Gecko) Chrome/143.0.7499.192 Mobile Safari/537.36 (compatible; Googlebot/2.1; +http://www.google.com/bot.html)"
47.128.59.191 - - [15/Jan/2026:22:15:25 +0000] "GET /robots.txt HTTP/1.1" 200 68 "-" "Mozilla/5.0 (Linux; Android 5.0) AppleWebKit/537.36 (KHTML, like Gecko) Mobile Safari/537.36 (compatible; Bytespider; spider-feedback@bytedance.com)"
64.31.22.34 - - [15/Jan/2026:22:16:02 +0000] "POST /wp-cron.php?doing_wp_cron=1768515362.7225530147552490234375 HTTP/1.1" 200 0 "-" "WordPress/6.9; https://jujusmooth.com"
136.144.33.103 - - [15/Jan/2026:22:16:00 +0000] "POST /wp-login.php HTTP/1.1" 200 6748 "-" "Mozilla/5.0"
83.217.208.113 - - [15/Jan/2026:22:23:50 +0000] "GET /wp-login.php HTTP/1.1" 200 6360 "-" "Mozilla/5.0 (Windows NT 6.1) AppleWebKit/537.36 (KHTML, like Gecko) Chrome/36.0.1985.125 Safari/537.36"
83.217.208.113 - - [15/Jan/2026:22:23:53 +0000] "POST /wp-login.php HTTP/1.1" 200 6748 "-" "Mozilla/5.0 (Windows NT 6.1) AppleWebKit/537.36 (KHTML, like Gecko) Chrome/36.0.1985.125 Safari/537.36"
64.31.22.34 - - [15/Jan/2026:22:24:21 +0000] "POST /wp-cron.php?doing_wp_cron=1768515861.4847500324249267578125 HTTP/1.1" 200 0 "-" "WordPress/6.9; https://jujusmooth.com"
66.249.92.201 - - [15/Jan/2026:22:26:15 +0000] "GET /contact/ HTTP/1.1" 200 24197 "-" "Mozilla/5.0 (Linux; Android 6.0.1; Nexus 5X Build/MMB29P) AppleWebKit/537.36 (KHTML, like Gecko) Chrome/143.0.7499.192 Mobile Safari/537.36 (compatible; AdsBot-Google-Mobile; +http://www.google.com/mobile/adsbot.html)"
66.249.92.161 - - [15/Jan/2026:22:26:26 +0000] "GET /wp-content/plugins/header-footer-elementor-new/inc/widgets-css/woo-products.css?ver=2.7.0 HTTP/1.1" 200 987 "https://jujusmooth.com/contact/" "AdsBot-Google (+http://www.google.com/adsbot.html)"
66.249.92.200 - - [15/Jan/2026:22:26:26 +0000] "GET /wp-content/plugins/woocommerce/assets/css/woocommerce.css?ver=10.4.3 HTTP/1.1" 200 10314 "https://jujusmooth.com/contact/" "AdsBot-Google (+http://www.google.com/adsbot.html)"
66.249.92.199 - - [15/Jan/2026:22:26:27 +0000] "GET /wp-content/plugins/header-footer-elementor-new/assets/css/header-footer-elementor.css?ver=2.7.0 HTTP/1.1" 200 259 "https://jujusmooth.com/contact/" "AdsBot-Google (+http://www.google.com/adsbot.html)"
66.249.92.160 - - [15/Jan/2026:22:26:28 +0000] "GET /wp-content/plugins/elementor/assets/css/frontend.min.css?ver=3.34.1 HTTP/1.1" 200 6584 "https://jujusmooth.com/contact/" "AdsBot-Google (+http://www.google.com/adsbot.html)"
66.249.92.161 - - [15/Jan/2026:22:26:28 +0000] "GET /wp-content/plugins/elementor/assets/lib/font-awesome/css/all.min.css?ver=3.34.1 HTTP/1.1" 200 12380 "https://jujusmooth.com/contact/" "AdsBot-Google (+http://www.google.com/adsbot.html)"
114.119.147.13 - - [15/Jan/2026:20:40:31 +0000] "GET /product/jj-smooth-beard-oil-mist-2oz HTTP/1.1" 301 0 "-" "Mozilla/5.0 (Linux; Android 7.0;) AppleWebKit/537.36 (KHTML, like Gecko) Mobile Safari/537.36 (compatible; PetalBot;+https://webmaster.petalsearch.com/site/petalbot)"
114.119.147.13 - - [15/Jan/2026:20:40:33 +0000] "GET /product/jj-smooth-beard-oil-mist-2oz/ HTTP/1.1" 200 35374 "-" "Mozilla/5.0 (Linux; Android 7.0;) AppleWebKit/537.36 (KHTML, like Gecko) Mobile Safari/537.36 (compatible; PetalBot;+https://webmaster.petalsearch.com/site/petalbot)"
66.249.66.201 - - [15/Jan/2026:21:13:06 +0000] "GET /products/25284719/ HTTP/1.1" 404 22001 "-" "Mozilla/5.0 (Linux; Android 6.0.1; Nexus 5X Build/MMB29P) AppleWebKit/537.36 (KHTML, like Gecko) Chrome/143.0.7499.192 Mobile Safari/537.36 (compatible; Googlebot/2.1; +http://www.google.com/bot.html)"
40.77.167.156 - - [15/Jan/2026:21:15:10 +0000] "GET /products/5025464/ HTTP/2" 404 22035 "-" "Mozilla/5.0 AppleWebKit/537.36 (KHTML, like Gecko; compatible; bingbot/2.0; +http://www.bing.com/bingbot.htm) Chrome/116.0.1938.76 Safari/537.36"
66.249.66.201 - - [15/Jan/2026:21:17:18 +0000] "GET /products/12396075/ HTTP/1.1" 404 22001 "-" "Mozilla/5.0 (Linux; Android 6.0.1; Nexus 5X Build/MMB29P) AppleWebKit/537.36 (KHTML, like Gecko) Chrome/143.0.7499.192 Mobile Safari/537.36 (compatible; Googlebot/2.1; +http://www.google.com/bot.html)"
64.31.22.34 - - [15/Jan/2026:21:18:15 +0000] "POST /wp-cron.php?doing_wp_cron=1768511895.3802289962768554687500 HTTP/1.1" 200 0 "-" "WordPress/6.9; https://jujusmooth.com"
114.119.141.51 - - [15/Jan/2026:21:27:57 +0000] "GET /checkout/?buy-now=5570 HTTP/1.1" 302 0 "https://jujusmooth.com/shop" "Mozilla/5.0 (Linux; Android 7.0;) AppleWebKit/537.36 (KHTML, like Gecko) Mobile Safari/537.36 (compatible; PetalBot;+https://webmaster.petalsearch.com/site/petalbot)"
119.28.89.249 - - [15/Jan/2026:21:29:00 +0000] "GET / HTTP/1.1" 200 37982 "http://www.jujusmooth.com" "Mozilla/5.0 (iPhone; CPU iPhone OS 13_2_3 like Mac OS X) AppleWebKit/605.1.15 (KHTML, like Gecko) Version/13.0.3 Mobile/15E148 Safari/604.1"
34.91.19.29 - - [15/Jan/2026:21:33:12 +0000] "GET / HTTP/1.1" 200 12516 "-" "Scrapy/2.13.4 (+https://scrapy.org)"
64.31.22.34 - - [15/Jan/2026:21:49:53 +0000] "POST /wp-cron.php?doing_wp_cron=1768513793.5744199752807617187500 HTTP/1.1" 200 0 "-" "WordPress/6.9; https://jujusmooth.com"
64.31.22.34 - - [15/Jan/2026:22:23:51 +0000] "POST /wp-cron.php?doing_wp_cron=1768515831.5996689796447753906250 HTTP/1.1" 200 0 "-" "WordPress/6.9; https://jujusmooth.com"
193.36.225.54 - - [15/Jan/2026:22:24:19 +0000] "POST /wp-login.php HTTP/1.1" 200 6748 "-" "Mozilla/5.0"
64.31.22.34 - - [15/Jan/2026:22:26:17 +0000] "POST /wp-cron.php?doing_wp_cron=1768515977.3067369461059570312500 HTTP/1.1" 200 0 "-" "WordPress/6.9; https://jujusmooth.com"
66.249.92.43 - - [15/Jan/2026:22:26:27 +0000] "GET /wp-content/plugins/header-footer-elementor-new/inc/widgets-css/frontend.css?ver=2.7.0 HTTP/1.1" 200 8756 "https://jujusmooth.com/contact/" "AdsBot-Google (+http://www.google.com/adsbot.html)"
66.249.92.12 - - [15/Jan/2026:22:26:27 +0000] "GET /wp-content/plugins/woocommerce/assets/css/woocommerce-layout.css?ver=10.4.3 HTTP/1.1" 200 3160 "https://jujusmooth.com/contact/" "AdsBot-Google (+http://www.google.com/adsbot.html)"
66.249.92.12 - - [15/Jan/2026:22:26:27 +0000] "GET /wp-content/plugins/woocommerce/assets/css/woocommerce-smallscreen.css?ver=10.4.3 HTTP/1.1" 200 1165 "https://jujusmooth.com/contact/" "AdsBot-Google (+http://www.google.com/adsbot.html)"
66.249.92.12 - - [15/Jan/2026:22:26:27 +0000] "GET /wp-content/plugins/click-to-chat-for-whatsapp/new/inc/assets/css/main.css?ver=4.35 HTTP/1.1" 200 940 "https://jujusmooth.com/contact/" "AdsBot-Google (+http://www.google.com/adsbot.html)"
66.249.92.42 - - [15/Jan/2026:22:26:28 +0000] "GET /wp-content/plugins/elementor/assets/lib/eicons/css/elementor-icons.min.css?ver=5.45.0 HTTP/1.1" 200 4025 "https://jujusmooth.com/contact/" "AdsBot-Google (+http://www.google.com/adsbot.html)"
66.249.92.200 - - [15/Jan/2026:22:26:28 +0000] "GET /wp-content/plugins/added-to-cart-popup-woocommerce/assets/css/xoo-cp-style.css?ver=1.8.2 HTTP/1.1" 200 1923 "https://jujusmooth.com/contact/" "AdsBot-Google (+http://www.google.com/adsbot.html)"
66.249.92.11 - - [15/Jan/2026:22:26:28 +0000] "GET /wp-content/plugins/sticky-header-effects-for-elementor/assets/css/she-header-style.css?ver=2.1.6 HTTP/1.1" 200 737 "https://jujusmooth.com/contact/" "AdsBot-Google (+http://www.google.com/adsbot.html)"
66.249.92.11 - - [15/Jan/2026:22:26:29 +0000] "GET /wp-content/plugins/elementor/assets/css/widget-heading.min.css?ver=3.34.1 HTTP/1.1" 200 126 "https://jujusmooth.com/contact/" "AdsBot-Google (+http://www.google.com/adsbot.html)"
66.249.92.160 - - [15/Jan/2026:22:26:29 +0000] "GET /wp-content/plugins/elementor/assets/css/widget-icon-list.min.css?ver=3.34.1 HTTP/1.1" 200 928 "https://jujusmooth.com/contact/" "AdsBot-Google (+http://www.google.com/adsbot.html)"
66.249.92.161 - - [15/Jan/2026:22:26:29 +0000] "GET /wp-content/plugins/wpc-buy-now-button/assets/css/frontend.css?ver=2.1.9 HTTP/1.1" 200 1077 "https://jujusmooth.com/contact/" "AdsBot-Google (+http://www.google.com/adsbot.html)"
66.249.92.199 - - [15/Jan/2026:22:26:30 +0000] "GET /wp-content/themes/hello-elementor/assets/css/header-footer.css?ver=3.4.5 HTTP/1.1" 200 1261 "https://jujusmooth.com/contact/" "AdsBot-Google (+http://www.google.com/adsbot.html)"
66.249.92.160 - - [15/Jan/2026:22:26:30 +0000] "GET /wp-content/plugins/elementor/assets/css/widget-social-icons.min.css?ver=3.24.0 HTTP/1.1" 200 1039 "https://jujusmooth.com/contact/" "AdsBot-Google (+http://www.google.com/adsbot.html)"
66.249.92.160 - - [15/Jan/2026:22:26:31 +0000] "GET /wp-content/plugins/elementor-pro/assets/css/widget-nav-menu.min.css?ver=3.33.1 HTTP/1.1" 200 3244 "https://jujusmooth.com/contact/" "AdsBot-Google (+http://www.google.com/adsbot.html)"
66.249.92.11 - - [15/Jan/2026:22:26:31 +0000] "GET /wp-content/plugins/elementor-pro/assets/css/widget-search-form.min.css?ver=3.33.1 HTTP/1.1" 200 910 "https://jujusmooth.com/contact/" "AdsBot-Google (+http://www.google.com/adsbot.html)"
66.249.92.160 - - [15/Jan/2026:22:26:32 +0000] "GET /wp-content/plugins/elementor/assets/css/widget-icon-list.min.css?ver=3.24.3 HTTP/1.1" 200 928 "https://jujusmooth.com/contact/" "AdsBot-Google (+http://www.google.com/adsbot.html)"
66.249.92.160 - - [15/Jan/2026:22:26:33 +0000] "GET /wp-content/plugins/woocommerce/assets/js/jquery-blockui/jquery.blockUI.min.js?ver=2.7.0-wc.10.4.3 HTTP/1.1" 200 3277 "https://jujusmooth.com/contact/" "AdsBot-Google (+http://www.google.com/adsbot.html)"
66.249.92.11 - - [15/Jan/2026:22:26:33 +0000] "GET /wp-content/plugins/elementor/assets/lib/eicons/css/elementor-icons.min.css?ver=5.34.0 HTTP/1.1" 200 4025 "https://jujusmooth.com/contact/" "AdsBot-Google (+http://www.google.com/adsbot.html)"
66.249.92.11 - - [15/Jan/2026:22:26:34 +0000] "GET /wp-content/plugins/elementor-pro/assets/css/widget-blockquote.min.css?ver=3.25.0 HTTP/1.1" 200 970 "https://jujusmooth.com/contact/" "AdsBot-Google (+http://www.google.com/adsbot.html)"
66.249.92.199 - - [15/Jan/2026:22:26:34 +0000] "GET /wp-content/plugins/yith-woocommerce-product-add-ons/assets/css/front.css?ver=4.26.0 HTTP/1.1" 200 5051 "https://jujusmooth.com/contact/" "AdsBot-Google (+http://www.google.com/adsbot.html)"
66.249.92.160 - - [15/Jan/2026:22:26:34 +0000] "GET /wp-content/plugins/elementor/assets/lib/animations/styles/fadeIn.min.css?ver=3.34.1 HTTP/1.1" 200 77 "https://jujusmooth.com/contact/" "AdsBot-Google (+http://www.google.com/adsbot.html)"
66.249.92.199 - - [15/Jan/2026:22:26:34 +0000] "GET /wp-content/plugins/elementor/assets/lib/font-awesome/css/solid.min.css?ver=5.15.3 HTTP/1.1" 200 286 "https://jujusmooth.com/contact/" "AdsBot-Google (+http://www.google.com/adsbot.html)"
66.249.92.160 - - [15/Jan/2026:22:26:35 +0000] "GET /wp-includes/js/underscore.min.js?ver=1.13.7 HTTP/1.1" 200 7185 "https://jujusmooth.com/contact/" "AdsBot-Google (+http://www.google.com/adsbot.html)"
66.249.92.43 - - [15/Jan/2026:22:26:29 +0000] "GET /wp-content/themes/hello-elementor/assets/css/reset.css?ver=3.4.5 HTTP/1.1" 200 1581 "https://jujusmooth.com/contact/" "AdsBot-Google (+http://www.google.com/adsbot.html)"
66.249.92.42 - - [15/Jan/2026:22:26:29 +0000] "GET /wp-content/themes/hello-elementor/assets/css/theme.css?ver=3.4.5 HTTP/1.1" 200 1126 "https://jujusmooth.com/contact/" "AdsBot-Google (+http://www.google.com/adsbot.html)"
66.249.92.12 - - [15/Jan/2026:22:26:30 +0000] "GET /wp-content/plugins/jetwoo-widgets-for-elementor/assets/css/jet-woo-widgets.css?ver=1.1.9 HTTP/1.1" 200 2678 "https://jujusmooth.com/contact/" "AdsBot-Google (+http://www.google.com/adsbot.html)"
66.249.92.42 - - [15/Jan/2026:22:26:30 +0000] "GET /wp-content/plugins/elementor/assets/css/widget-image.min.css?ver=3.34.1 HTTP/1.1" 200 96 "https://jujusmooth.com/contact/" "AdsBot-Google (+http://www.google.com/adsbot.html)"
66.249.92.42 - - [15/Jan/2026:22:26:31 +0000] "GET /wp-content/plugins/elementor/assets/css/conditionals/apple-webkit.min.css?ver=3.34.1 HTTP/1.1" 200 464 "https://jujusmooth.com/contact/" "AdsBot-Google (+http://www.google.com/adsbot.html)"
66.249.92.138 - - [15/Jan/2026:22:26:31 +0000] "GET /wp-content/plugins/elementor/assets/lib/font-awesome/css/fontawesome.min.css?ver=5.15.3 HTTP/1.1" 200 12164 "https://jujusmooth.com/contact/" "AdsBot-Google (+http://www.google.com/adsbot.html)"
66.249.92.42 - - [15/Jan/2026:22:26:31 +0000] "GET /wp-content/plugins/yith-woocommerce-product-add-ons/plugin-fw/assets/css/yith-icon.css?ver=4.7.7 HTTP/1.1" 200 11651 "https://jujusmooth.com/contact/" "AdsBot-Google (+http://www.google.com/adsbot.html)"
66.249.92.138 - - [15/Jan/2026:22:26:32 +0000] "GET /wp-includes/css/dashicons.min.css?ver=6.9 HTTP/1.1" 200 35101 "https://jujusmooth.com/contact/" "AdsBot-Google (+http://www.google.com/adsbot.html)"
66.249.92.138 - - [15/Jan/2026:22:26:32 +0000] "GET /wp-content/plugins/elementor/assets/lib/font-awesome/css/regular.min.css?ver=5.15.3 HTTP/1.1" 200 283 "https://jujusmooth.com/contact/" "AdsBot-Google (+http://www.google.com/adsbot.html)"
66.249.92.42 - - [15/Jan/2026:22:26:33 +0000] "GET /wp-content/plugins/elementor/assets/lib/font-awesome/js/v4-shims.min.js?ver=3.34.1 HTTP/1.1" 200 4042 "https://jujusmooth.com/contact/" "AdsBot-Google (+http://www.google.com/adsbot.html)"
66.249.92.42 - - [15/Jan/2026:22:26:33 +0000] "GET /wp-content/plugins/elementor/assets/lib/font-awesome/css/fontawesome.css?ver=5.15.3 HTTP/1.1" 200 12526 "https://jujusmooth.com/contact/" "AdsBot-Google (+http://www.google.com/adsbot.html)"
66.249.92.138 - - [15/Jan/2026:22:26:33 +0000] "GET /wp-content/plugins/elementor/assets/lib/font-awesome/css/brands.min.css?ver=5.15.3 HTTP/1.1" 200 284 "https://jujusmooth.com/contact/" "AdsBot-Google (+http://www.google.com/adsbot.html)"
66.249.92.42 - - [15/Jan/2026:22:26:34 +0000] "GET /wp-content/plugins/elementor/assets/lib/font-awesome/css/solid.css?ver=5.15.3 HTTP/1.1" 200 296 "https://jujusmooth.com/contact/" "AdsBot-Google (+http://www.google.com/adsbot.html)"
66.249.92.138 - - [15/Jan/2026:22:26:35 +0000] "GET /wp-content/plugins/sticky-header-effects-for-elementor/assets/js/she-header.js?ver=2.1.6 HTTP/1.1" 200 2298 "https://jujusmooth.com/contact/" "AdsBot-Google (+http://www.google.com/adsbot.html)"
66.249.92.138 - - [15/Jan/2026:22:26:36 +0000] "GET /wp-content/plugins/elementor-pro/assets/css/widget-nav-menu.min.css?ver=3.26.0 HTTP/1.1" 200 3244 "https://jujusmooth.com/contact/" "AdsBot-Google (+http://www.google.com/adsbot.html)"
66.249.92.138 - - [15/Jan/2026:22:26:36 +0000] "GET /wp-content/plugins/woocommerce/assets/client/blocks/wc-blocks.css?ver=wc-10.4.3 HTTP/1.1" 200 2391 "https://jujusmooth.com/contact/" "AdsBot-Google (+http://www.google.com/adsbot.html)"
66.249.92.138 - - [15/Jan/2026:22:26:37 +0000] "GET /wp-content/plugins/elementor/assets/css/widget-social-icons.min.css?ver=3.34.1 HTTP/1.1" 200 1039 "https://jujusmooth.com/contact/" "AdsBot-Google (+http://www.google.com/adsbot.html)"
66.249.92.160 - - [15/Jan/2026:22:26:35 +0000] "GET /wp-content/plugins/elementor/assets/lib/font-awesome/css/v4-shims.min.css?ver=3.34.1 HTTP/1.1" 200 3987 "https://jujusmooth.com/contact/" "AdsBot-Google (+http://www.google.com/adsbot.html)"
66.249.92.160 - - [15/Jan/2026:22:26:35 +0000] "GET /wp-content/plugins/elementor-pro/assets/css/widget-mega-menu.min.css?ver=3.26.2 HTTP/1.1" 200 2690 "https://jujusmooth.com/contact/" "AdsBot-Google (+http://www.google.com/adsbot.html)"
66.249.92.11 - - [15/Jan/2026:22:26:35 +0000] "GET /wp-includes/js/jquery/jquery-migrate.min.js?ver=3.4.1 HTTP/1.1" 200 4678 "https://jujusmooth.com/contact/" "AdsBot-Google (+http://www.google.com/adsbot.html)"
66.249.92.11 - - [15/Jan/2026:22:26:35 +0000] "GET /wp-content/plugins/elementor/assets/lib/font-awesome/css/brands.css?ver=5.15.3 HTTP/1.1" 200 296 "https://jujusmooth.com/contact/" "AdsBot-Google (+http://www.google.com/adsbot.html)"
66.249.92.11 - - [15/Jan/2026:22:26:36 +0000] "GET /wp-includes/js/wp-util.min.js?ver=6.9 HTTP/1.1" 200 690 "https://jujusmooth.com/contact/" "AdsBot-Google (+http://www.google.com/adsbot.html)"
66.249.92.11 - - [15/Jan/2026:22:26:36 +0000] "GET /wp-includes/js/jquery/jquery.min.js?ver=3.7.1 HTTP/1.1" 200 29744 "https://jujusmooth.com/contact/" "AdsBot-Google (+http://www.google.com/adsbot.html)"
66.249.92.160 - - [15/Jan/2026:22:26:37 +0000] "GET /wp-content/plugins/elementor/assets/js/frontend-modules.min.js?ver=3.34.1 HTTP/1.1" 200 24281 "https://jujusmooth.com/contact/" "AdsBot-Google (+http://www.google.com/adsbot.html)"
66.249.92.11 - - [15/Jan/2026:22:26:37 +0000] "GET /wp-content/plugins/wpc-buy-now-button/assets/js/frontend.js?ver=2.1.9 HTTP/1.1" 200 324 "https://jujusmooth.com/contact/" "AdsBot-Google (+http://www.google.com/adsbot.html)"
66.249.92.11 - - [15/Jan/2026:22:26:38 +0000] "GET /wp-content/plugins/added-to-cart-popup-woocommerce/assets/js/xoo-cp-js.js?ver=1.8.2 HTTP/1.1" 200 2128 "https://jujusmooth.com/contact/" "AdsBot-Google (+http://www.google.com/adsbot.html)"
66.249.92.160 - - [15/Jan/2026:22:26:38 +0000] "GET /wp-content/themes/hello-elementor/assets/js/hello-frontend.js?ver=3.4.5 HTTP/1.1" 200 493 "https://jujusmooth.com/contact/" "AdsBot-Google (+http://www.google.com/adsbot.html)"
66.249.92.160 - - [15/Jan/2026:22:26:38 +0000] "GET /wp-content/plugins/mousewheel-smooth-scroll/js/lenis.min.js?ver=1.1.19 HTTP/1.1" 200 3784 "https://jujusmooth.com/contact/" "AdsBot-Google (+http://www.google.com/adsbot.html)"
66.249.92.11 - - [15/Jan/2026:22:26:38 +0000] "GET /wp-content/plugins/woocommerce/assets/js/sourcebuster/sourcebuster.min.js?ver=10.4.3 HTTP/1.1" 200 4609 "https://jujusmooth.com/contact/" "AdsBot-Google (+http://www.google.com/adsbot.html)"
66.249.92.11 - - [15/Jan/2026:22:26:38 +0000] "GET /wp-content/plugins/woocommerce/assets/js/frontend/add-to-cart-variation.min.js?ver=10.4.3 HTTP/1.1" 200 3712 "https://jujusmooth.com/contact/" "AdsBot-Google (+http://www.google.com/adsbot.html)"
66.249.92.11 - - [15/Jan/2026:22:26:39 +0000] "GET /wp-content/plugins/elementor-pro/assets/lib/smartmenus/jquery.smartmenus.min.js?ver=1.2.1 HTTP/1.1" 200 6867 "https://jujusmooth.com/contact/" "AdsBot-Google (+http://www.google.com/adsbot.html)"
66.249.92.199 - - [15/Jan/2026:22:26:39 +0000] "GET /wp-content/plugins/jetwoo-widgets-for-elementor/assets/js/jet-woo-widgets.js?ver=1.1.9 HTTP/1.1" 200 611 "https://jujusmooth.com/contact/" "AdsBot-Google (+http://www.google.com/adsbot.html)"
66.249.92.11 - - [15/Jan/2026:22:26:39 +0000] "GET /wp-content/plugins/jetwoo-widgets-for-elementor/assets/lib/slick/slick.min.js?ver=1.8.1 HTTP/1.1" 200 10097 "https://jujusmooth.com/contact/" "AdsBot-Google (+http://www.google.com/adsbot.html)"
66.249.92.11 - - [15/Jan/2026:22:26:39 +0000] "GET /wp-content/plugins/yith-woocommerce-product-add-ons/assets/js/front.min.js?ver=4.26.0 HTTP/1.1" 200 12587 "https://jujusmooth.com/contact/" "AdsBot-Google (+http://www.google.com/adsbot.html)"
66.249.92.160 - - [15/Jan/2026:22:26:40 +0000] "GET /wp-includes/js/dist/i18n.min.js?ver=c26c3dc7bed366793375 HTTP/1.1" 200 2119 "https://jujusmooth.com/contact/" "AdsBot-Google (+http://www.google.com/adsbot.html)"
66.249.92.160 - - [15/Jan/2026:22:26:40 +0000] "GET /wp-content/plugins/woocommerce/assets/js/frontend/cart-fragments.min.js?ver=10.4.3 HTTP/1.1" 200 943 "https://jujusmooth.com/contact/" "AdsBot-Google (+http://www.google.com/adsbot.html)"
66.249.92.160 - - [15/Jan/2026:22:26:40 +0000] "GET /wp-content/uploads/wpmss/lenis-init.min.js?ver=1738743562 HTTP/1.1" 200 132 "https://jujusmooth.com/contact/" "AdsBot-Google (+http://www.google.com/adsbot.html)"
66.249.92.160 - - [15/Jan/2026:22:26:41 +0000] "GET /wp-content/plugins/header-footer-elementor-new/inc/js/frontend.js?ver=2.7.0 HTTP/1.1" 200 4642 "https://jujusmooth.com/contact/" "AdsBot-Google (+http://www.google.com/adsbot.html)"
66.249.92.160 - - [15/Jan/2026:22:26:41 +0000] "GET /wp-includes/js/jquery/ui/datepicker.min.js?ver=1.13.3 HTTP/1.1" 200 10506 "https://jujusmooth.com/contact/" "AdsBot-Google (+http://www.google.com/adsbot.html)"
66.249.92.11 - - [15/Jan/2026:22:26:41 +0000] "GET /wp-content/plugins/woocommerce/assets/js/frontend/woocommerce.min.js?ver=10.4.3 HTTP/1.1" 200 1332 "https://jujusmooth.com/contact/" "AdsBot-Google (+http://www.google.com/adsbot.html)"
66.249.92.11 - - [15/Jan/2026:22:26:42 +0000] "GET /wp-content/plugins/click-to-chat-for-whatsapp/new/inc/assets/js/app.js?ver=4.35 HTTP/1.1" 200 5124 "https://jujusmooth.com/contact/" "AdsBot-Google (+http://www.google.com/adsbot.html)"
66.249.92.199 - - [15/Jan/2026:22:26:42 +0000] "GET /wp-includes/js/jquery/ui/core.min.js?ver=1.13.3 HTTP/1.1" 200 6812 "https://jujusmooth.com/contact/" "AdsBot-Google (+http://www.google.com/adsbot.html)"
66.249.92.11 - - [15/Jan/2026:22:26:42 +0000] "GET /wp-content/plugins/woocommerce/assets/js/js-cookie/js.cookie.min.js?ver=2.1.4-wc.10.4.3 HTTP/1.1" 200 760 "https://jujusmooth.com/contact/" "AdsBot-Google (+http://www.google.com/adsbot.html)"
66.249.92.12 - - [15/Jan/2026:22:26:42 +0000] "GET /wp-content/plugins/elementor-pro/assets/js/webpack-pro.runtime.min.js?ver=3.33.1 HTTP/1.1" 200 2623 "https://jujusmooth.com/contact/" "AdsBot-Google (+http://www.google.com/adsbot.html)"
66.249.92.11 - - [15/Jan/2026:22:26:43 +0000] "GET /wp-content/plugins/elementor/assets/lib/font-awesome/webfonts/fa-solid-900.woff2 HTTP/1.1" 200 78196 "https://jujusmooth.com/wp-content/plugins/elementor/assets/lib/font-awesome/css/all.min.css?ver=3.34.1" "AdsBot-Google (+http://www.google.com/adsbot.html)"
66.249.92.11 - - [15/Jan/2026:22:26:43 +0000] "GET /wp-content/plugins/elementor/assets/lib/font-awesome/webfonts/fa-regular-400.woff2 HTTP/1.1" 200 13276 "https://jujusmooth.com/wp-content/plugins/elementor/assets/lib/font-awesome/css/all.min.css?ver=3.34.1" "AdsBot-Google (+http://www.google.com/adsbot.html)"
66.249.92.12 - - [15/Jan/2026:22:26:43 +0000] "GET /wp-content/plugins/added-to-cart-popup-woocommerce/assets/css/fonts/added-to-cart-popup-woocommerce.ttf?7r0p13 HTTP/1.1" 200 999 "https://jujusmooth.com/wp-content/plugins/added-to-cart-popup-woocommerce/assets/css/xoo-cp-style.css?ver=1.8.2" "AdsBot-Google (+http://www.google.com/adsbot.html)"
66.249.92.43 - - [15/Jan/2026:22:26:43 +0000] "GET /wp-content/plugins/elementor/assets/lib/font-awesome/webfonts/fa-brands-400.woff2 HTTP/1.1" 200 81612 "https://jujusmooth.com/wp-content/plugins/elementor/assets/lib/font-awesome/css/all.min.css?ver=3.34.1" "AdsBot-Google (+http://www.google.com/adsbot.html)"
66.249.92.160 - - [15/Jan/2026:22:26:43 +0000] "POST /?wc-ajax=get_refreshed_fragments HTTP/1.1" 200 426 "https://jujusmooth.com/contact/" "AdsBot-Google (+http://www.google.com/adsbot.html)"
66.249.92.11 - - [15/Jan/2026:22:26:45 +0000] "GET /wp-content/plugins/elementor/assets/js/shared-frontend-handlers.03caa53373b56d3bab67.bundle.min.js HTTP/1.1" 200 2511 "https://jujusmooth.com/contact/" "AdsBot-Google (+http://www.google.com/adsbot.html)"
66.249.92.138 - - [15/Jan/2026:22:26:37 +0000] "GET /wp-content/plugins/elementor/assets/js/webpack.runtime.min.js?ver=3.34.1 HTTP/1.1" 200 2255 "https://jujusmooth.com/contact/" "AdsBot-Google (+http://www.google.com/adsbot.html)"
66.249.92.138 - - [15/Jan/2026:22:26:37 +0000] "GET /wp-content/plugins/elementor/assets/js/frontend.min.js?ver=3.34.1 HTTP/1.1" 200 10035 "https://jujusmooth.com/contact/" "AdsBot-Google (+http://www.google.com/adsbot.html)"
66.249.92.42 - - [15/Jan/2026:22:26:38 +0000] "GET /wp-includes/js/jquery/ui/progressbar.min.js?ver=1.13.3 HTTP/1.1" 200 844 "https://jujusmooth.com/contact/" "AdsBot-Google (+http://www.google.com/adsbot.html)"
66.249.92.138 - - [15/Jan/2026:22:26:39 +0000] "GET /wp-content/plugins/woocommerce/assets/js/frontend/single-product.min.js?ver=10.4.3 HTTP/1.1" 200 2700 "https://jujusmooth.com/contact/" "AdsBot-Google (+http://www.google.com/adsbot.html)"
66.249.92.138 - - [15/Jan/2026:22:26:39 +0000] "GET /wp-content/plugins/woocommerce/assets/js/frontend/order-attribution.min.js?ver=10.4.3 HTTP/1.1" 200 998 "https://jujusmooth.com/contact/" "AdsBot-Google (+http://www.google.com/adsbot.html)"
66.249.92.138 - - [15/Jan/2026:22:26:40 +0000] "GET /wp-content/plugins/elementor-pro/assets/js/elements-handlers.min.js?ver=3.33.1 HTTP/1.1" 200 10101 "https://jujusmooth.com/contact/" "AdsBot-Google (+http://www.google.com/adsbot.html)"
66.249.92.138 - - [15/Jan/2026:22:26:40 +0000] "GET /wp-content/plugins/elementor-pro/assets/js/frontend.min.js?ver=3.33.1 HTTP/1.1" 200 6203 "https://jujusmooth.com/contact/" "AdsBot-Google (+http://www.google.com/adsbot.html)"
66.249.92.138 - - [15/Jan/2026:22:26:41 +0000] "GET /wp-content/plugins/woocommerce/assets/js/selectWoo/selectWoo.full.min.js?ver=1.0.9-wc.10.4.3 HTTP/1.1" 200 20246 "https://jujusmooth.com/contact/" "AdsBot-Google (+http://www.google.com/adsbot.html)"
66.249.92.42 - - [15/Jan/2026:22:26:41 +0000] "GET /wp-content/plugins/woocommerce/assets/js/frontend/add-to-cart.min.js?ver=10.4.3 HTTP/1.1" 200 1296 "https://jujusmooth.com/contact/" "AdsBot-Google (+http://www.google.com/adsbot.html)"
66.249.92.138 - - [15/Jan/2026:22:26:41 +0000] "GET /wp-includes/js/dist/hooks.min.js?ver=dd5603f07f9220ed27f1 HTTP/1.1" 200 1852 "https://jujusmooth.com/contact/" "AdsBot-Google (+http://www.google.com/adsbot.html)"
66.249.92.42 - - [15/Jan/2026:22:26:45 +0000] "GET /wp-content/plugins/elementor/assets/js/section-frontend-handlers.d85ab872da118940910d.bundle.min.js HTTP/1.1" 200 229 "https://jujusmooth.com/contact/" "AdsBot-Google (+http://www.google.com/adsbot.html)"
204.76.203.25 - - [15/Jan/2026:22:30:17 +0000] "GET /wp-content/plugins/elementor-pro/assets/js/webpack-pro.runtime.min.js HTTP/1.1" 200 6248 "-" "Mozilla/5.0 (Windows NT 10.0; Win64; x64) AppleWebKit/537.36 (KHTML, like Gecko) Chrome/134.0.0.0 Safari/537.3"
204.76.203.25 - - [15/Jan/2026:22:30:17 +0000] "GET /wp-content/plugins/elementor/assets/js/webpack.runtime.min.js HTTP/1.1" 200 5677 "-" "Mozilla/5.0 (Windows NT 10.0; Win64; x64) AppleWebKit/537.36 (KHTML, like Gecko) Chrome/134.0.0.0 Safari/537.3"
204.76.203.25 - - [15/Jan/2026:22:30:17 +0000] "GET /wp-content/plugins/elementor-pro/assets/js/webpack-pro.runtime.min.js HTTP/1.1" 200 6248 "-" "Mozilla/5.0 (Windows NT 10.0; Win64; x64) AppleWebKit/537.36 (KHTML, like Gecko) Chrome/134.0.0.0 Safari/537.3"
136.144.33.106 - - [15/Jan/2026:22:32:54 +0000] "POST /wp-login.php HTTP/1.1" 200 6748 "-" "Mozilla/5.0"
52.167.144.212 - - [15/Jan/2026:22:39:17 +0000] "GET /products/6759297/ HTTP/2" 404 22035 "-" "Mozilla/5.0 AppleWebKit/537.36 (KHTML, like Gecko; compatible; bingbot/2.0; +http://www.bing.com/bingbot.htm) Chrome/116.0.1938.76 Safari/537.36"
64.31.22.34 - - [15/Jan/2026:22:41:08 +0000] "POST /wp-cron.php?doing_wp_cron=1768516868.0796589851379394531250 HTTP/1.1" 200 0 "-" "WordPress/6.9; https://jujusmooth.com"
66.249.66.201 - - [15/Jan/2026:22:50:00 +0000] "GET /robots.txt HTTP/1.1" 200 68 "-" "Mozilla/5.0 (compatible; Googlebot/2.1; +http://www.google.com/bot.html)"
66.249.92.11 - - [15/Jan/2026:22:26:45 +0000] "GET /wp-content/plugins/elementor-pro/assets/js/nav-menu.8521a0597c50611efdc6.bundle.min.js HTTP/1.1" 200 1732 "https://jujusmooth.com/contact/" "AdsBot-Google (+http://www.google.com/adsbot.html)"
66.249.92.43 - - [15/Jan/2026:22:26:45 +0000] "GET /wp-content/plugins/elementor-pro/assets/js/search-form.b7065999d77832a1b764.bundle.min.js HTTP/1.1" 200 752 "https://jujusmooth.com/contact/" "AdsBot-Google (+http://www.google.com/adsbot.html)"
66.249.92.160 - - [15/Jan/2026:22:26:45 +0000] "GET /wp-content/plugins/elementor/assets/js/text-editor.45609661e409413f1cef.bundle.min.js HTTP/1.1" 200 592 "https://jujusmooth.com/contact/" "AdsBot-Google (+http://www.google.com/adsbot.html)"
204.76.203.25 - - [15/Jan/2026:22:30:17 +0000] "GET /wp-content/plugins/elementor/assets/js/webpack.runtime.min.js HTTP/1.1" 200 5677 "-" "Mozilla/5.0 (Windows NT 10.0; Win64; x64) AppleWebKit/537.36 (KHTML, like Gecko) Chrome/134.0.0.0 Safari/537.3"
204.76.203.25 - - [15/Jan/2026:22:30:17 +0000] "GET /wp-content/plugins/click-to-chat-for-whatsapp/new/inc/assets/js/app.js HTTP/1.1" 200 17087 "-" "Mozilla/5.0 (Windows NT 10.0; Win64; x64) AppleWebKit/537.36 (KHTML, like Gecko) Chrome/134.0.0.0 Safari/537.3"
204.76.203.25 - - [15/Jan/2026:22:30:17 +0000] "GET /wp-content/plugins/click-to-chat-for-whatsapp/new/inc/assets/js/app.js HTTP/1.1" 200 17087 "-" "Mozilla/5.0 (Windows NT 10.0; Win64; x64) AppleWebKit/537.36 (KHTML, like Gecko) Chrome/134.0.0.0 Safari/537.3"
64.31.22.34 - - [15/Jan/2026:22:32:56 +0000] "POST /wp-cron.php?doing_wp_cron=1768516376.3543601036071777343750 HTTP/1.1" 200 0 "-" "WordPress/6.9; https://jujusmooth.com"
64.31.22.34 - - [15/Jan/2026:22:39:19 +0000] "POST /wp-cron.php?doing_wp_cron=1768516759.5520300865173339843750 HTTP/1.1" 200 0 "-" "WordPress/6.9; https://jujusmooth.com"
193.36.225.10 - - [15/Jan/2026:22:41:06 +0000] "POST /wp-login.php HTTP/1.1" 200 6748 "-" "Mozilla/5.0"
