/home3/bmscom/access-logs/hautstark-konzept.de.bms69.com-ssl_log
64.31.22.34 - - [15/Jan/2026:16:34:11 +0000] "POST /wp-cron.php?doing_wp_cron=1768494850.9669020175933837890625 HTTP/1.1" 200 0 "-" "WordPress/6.9; https://hautstark-konzept.de"
107.189.5.145 - - [15/Jan/2026:16:34:39 +0000] "GET / HTTP/1.1" 200 30373 "http://www.google.com.hk" "Mozilla/5.0 (Windows NT 6.1; WOW64) AppleWebKit/537.36 (KHTML, like Gecko) Chrome/42.0.2311.90 Safari/537.36"
66.249.66.64 - - [15/Jan/2026:15:52:26 +0000] "GET /robots.txt HTTP/1.1" 200 74 "-" "Mozilla/5.0 (compatible; Googlebot/2.1; +http://www.google.com/bot.html)"
107.189.5.145 - - [15/Jan/2026:16:34:09 +0000] "POST /wp-json/sure-triggers/v1/automation/action HTTP/1.1" 404 119 "-" "Mozilla/5.0 (Macintosh; Intel Mac OS X 10_15_7) AppleWebKit/537.36 (KHTML, like Gecko) Chrome/113.0.0.0 Safari/537.36"
107.189.5.145 - - [15/Jan/2026:16:35:12 +0000] "GET /wp-login.php?wp_lang=e HTTP/1.1" 200 6356 "-" "Mozilla/5.0 (Macintosh; Intel Mac OS X 10_9_4 AppleWebKit/537.36 (KHTML, like Gecko) Chrome/36.0.1985.125 Safari/537.36"
107.189.5.145 - - [15/Jan/2026:16:35:17 +0000] "POST /wp-login.php?wp_lang=e HTTP/1.1" 200 6789 "-" "Mozilla/5.0 (Macintosh; Intel Mac OS X 10_9_4 AppleWebKit/537.36 (KHTML, like Gecko) Chrome/36.0.1985.125 Safari/537.36"
107.189.5.145 - - [15/Jan/2026:16:36:33 +0000] "GET /?author=1 HTTP/1.1" 301 0 "http://www.google.com.hk" "Mozilla/5.0 (Windows NT 6.1; WOW64) AppleWebKit/537.36 (KHTML, like Gecko) Chrome/42.0.2311.90 Safari/537.36"
107.189.5.145 - - [15/Jan/2026:16:36:36 +0000] "GET /author/admin/ HTTP/1.1" 200 18365 "http://www.google.com.hk" "Mozilla/5.0 (Windows NT 6.1; WOW64) AppleWebKit/537.36 (KHTML, like Gecko) Chrome/42.0.2311.90 Safari/537.36"
107.189.5.145 - - [15/Jan/2026:16:37:14 +0000] "GET /wp-login.php?wp_lang=e HTTP/1.1" 200 6356 "-" "Mozilla/5.0 (Windows NT 6.1; WOW64) AppleWebKit/537.36 (KHTML, like Gecko) Chrome/36.0.1985.125 Safari/537.36"
107.189.5.145 - - [15/Jan/2026:16:37:19 +0000] "POST /wp-login.php?wp_lang=e HTTP/1.1" 200 6789 "-" "Mozilla/5.0 (Windows NT 6.1; WOW64) AppleWebKit/537.36 (KHTML, like Gecko) Chrome/36.0.1985.125 Safari/537.36"
107.189.5.145 - - [15/Jan/2026:16:38:56 +0000] "GET /?author=2 HTTP/1.1" 404 18339 "http://www.google.com.hk" "Mozilla/5.0 (Windows NT 6.1; WOW64) AppleWebKit/537.36 (KHTML, like Gecko) Chrome/42.0.2311.90 Safari/537.36"
107.189.5.145 - - [15/Jan/2026:16:39:24 +0000] "GET /wp-login.php?wp_lang=e HTTP/1.1" 200 6356 "-" "Mozilla/5.0 (Macintosh; Intel Mac OS X 10_9_4 AppleWebKit/537.36 (KHTML, like Gecko) Chrome/36.0.1985.125 Safari/537.36"
107.189.5.145 - - [15/Jan/2026:16:39:29 +0000] "POST /wp-login.php?wp_lang=e HTTP/1.1" 200 6625 "-" "Mozilla/5.0 (Macintosh; Intel Mac OS X 10_9_4 AppleWebKit/537.36 (KHTML, like Gecko) Chrome/36.0.1985.125 Safari/537.36"
182.188.82.53 - - [15/Jan/2026:18:35:08 +0000] "POST /wp-admin/admin-ajax.php HTTP/3" 200 51 "https://hautstark-konzept.de/wp-admin/" "Mozilla/5.0 (Windows NT 10.0; Win64; x64; rv:146.0) Gecko/20100101 Firefox/146.0"
182.188.82.53 - - [15/Jan/2026:18:37:09 +0000] "POST /wp-admin/admin-ajax.php HTTP/3" 200 51 "https://hautstark-konzept.de/wp-admin/" "Mozilla/5.0 (Windows NT 10.0; Win64; x64; rv:146.0) Gecko/20100101 Firefox/146.0"
64.31.22.34 - - [15/Jan/2026:18:31:40 +0000] "POST /wp-cron.php?doing_wp_cron=1768501900.7640509605407714843750 HTTP/1.1" 200 0 "-" "WordPress/6.9; https://hautstark-konzept.de"
182.188.82.53 - - [15/Jan/2026:18:31:39 +0000] "GET /wp-admin/ HTTP/2" 302 0 "https://hautstark-konzept.de/wp-login.php" "Mozilla/5.0 (Windows NT 10.0; Win64; x64; rv:146.0) Gecko/20100101 Firefox/146.0"
182.188.82.53 - - [15/Jan/2026:18:31:41 +0000] "GET /wp-login.php?redirect_to=https%3A%2F%2Fhautstark-konzept.de%2Fwp-admin%2F&reauth=1 HTTP/2" 200 1923 "https://hautstark-konzept.de/wp-login.php" "Mozilla/5.0 (Windows NT 10.0; Win64; x64; rv:146.0) Gecko/20100101 Firefox/146.0"
182.188.82.53 - - [15/Jan/2026:18:31:49 +0000] "POST /wp-login.php HTTP/3" 200 2072 "https://hautstark-konzept.de/wp-login.php?redirect_to=https%3A%2F%2Fhautstark-konzept.de%2Fwp-admin%2F&reauth=1" "Mozilla/5.0 (Windows NT 10.0; Win64; x64; rv:146.0) Gecko/20100101 Firefox/146.0"
182.188.82.53 - - [15/Jan/2026:18:31:56 +0000] "POST /wp-login.php HTTP/3" 302 0 "https://hautstark-konzept.de/wp-login.php" "Mozilla/5.0 (Windows NT 10.0; Win64; x64; rv:146.0) Gecko/20100101 Firefox/146.0"
182.188.82.53 - - [15/Jan/2026:18:31:58 +0000] "GET /wp-admin/ HTTP/3" 200 30226 "https://hautstark-konzept.de/wp-login.php" "Mozilla/5.0 (Windows NT 10.0; Win64; x64; rv:146.0) Gecko/20100101 Firefox/146.0"
182.188.82.53 - - [15/Jan/2026:18:31:59 +0000] "GET /wp-content/plugins/elementor-pro/assets/css/admin.min.css?ver=3.33.1 HTTP/3" 200 0 "https://hautstark-konzept.de/wp-admin/" "Mozilla/5.0 (Windows NT 10.0; Win64; x64; rv:146.0) Gecko/20100101 Firefox/146.0"
182.188.82.53 - - [15/Jan/2026:18:31:59 +0000] "GET /wp-content/plugins/elementor/assets/lib/eicons/css/elementor-icons.min.css?ver=5.44.0 HTTP/3" 200 0 "https://hautstark-konzept.de/wp-admin/" "Mozilla/5.0 (Windows NT 10.0; Win64; x64; rv:146.0) Gecko/20100101 Firefox/146.0"
182.188.82.53 - - [15/Jan/2026:18:32:01 +0000] "GET /wp-json/wp/v2/users/me?context=edit&_locale=user HTTP/3" 200 927 "https://hautstark-konzept.de/wp-admin/" "Mozilla/5.0 (Windows NT 10.0; Win64; x64; rv:146.0) Gecko/20100101 Firefox/146.0"
182.188.82.53 - - [15/Jan/2026:18:33:07 +0000] "POST /wp-admin/admin-ajax.php HTTP/3" 200 51 "https://hautstark-konzept.de/wp-admin/" "Mozilla/5.0 (Windows NT 10.0; Win64; x64; rv:146.0) Gecko/20100101 Firefox/146.0"
182.188.82.53 - - [15/Jan/2026:18:39:11 +0000] "POST /wp-admin/admin-ajax.php HTTP/3" 508 875 "https://hautstark-konzept.de/wp-admin/" "Mozilla/5.0 (Windows NT 10.0; Win64; x64; rv:146.0) Gecko/20100101 Firefox/146.0"
47.84.1.127 - - [15/Jan/2026:18:47:29 +0000] "GET / HTTP/1.1" 301 0 "-" "Mozilla/5.0 (Macintosh; Intel Mac OS X 10_14_6) AppleWebKit/537.36 (KHTML, like Gecko) Chrome/76.0.3809.132 Safari/537.36"
47.84.1.127 - - [15/Jan/2026:18:47:33 +0000] "GET /wp-sitemap.xml HTTP/1.1" 200 381 "-" "fasthttp"
47.237.179.196 - - [15/Jan/2026:18:47:34 +0000] "GET / HTTP/1.1" 200 30373 "-" "Mozilla/5.0 (Macintosh; Intel Mac OS X 10_14_6) AppleWebKit/537.36 (KHTML, like Gecko) Chrome/76.0.3809.132 Safari/537.36"
47.84.1.127 - - [15/Jan/2026:18:47:34 +0000] "GET / HTTP/1.1" 200 30373 "-" "Mozilla/5.0 (Macintosh; Intel Mac OS X 10_14_6) AppleWebKit/537.36 (KHTML, like Gecko) Chrome/76.0.3809.132 Safari/537.36"
47.237.179.196 - - [15/Jan/2026:18:47:36 +0000] "GET /robots.txt HTTP/1.1" 200 74 "-" "fasthttp"
47.84.1.127 - - [15/Jan/2026:18:47:36 +0000] "GET /wp-content/uploads/2025/11/cropped-cropped-WhatsApp-Image-2025-11-18-at-3.12.50-PM-192x192.jpeg HTTP/1.1" 200 6200 "-" "fasthttp"
47.237.179.196 - - [15/Jan/2026:18:47:36 +0000] "GET /sitemap.xml HTTP/1.1" 301 0 "-" "fasthttp"
47.84.1.127 - - [15/Jan/2026:18:47:36 +0000] "GET /sitemap.xml HTTP/1.1" 301 0 "-" "fasthttp"
47.84.1.127 - - [15/Jan/2026:18:47:37 +0000] "GET /wp-sitemap.xml HTTP/1.1" 200 381 "-" "fasthttp"
47.84.1.127 - - [15/Jan/2026:18:47:31 +0000] "GET /robots.txt HTTP/1.1" 200 74 "-" "fasthttp"
47.84.1.127 - - [15/Jan/2026:18:47:32 +0000] "GET /favicon.ico HTTP/1.1" 404 1251 "-" "fasthttp"
47.84.1.127 - - [15/Jan/2026:18:47:31 +0000] "GET /sitemap.xml HTTP/1.1" 301 0 "-" "fasthttp"
47.237.179.196 - - [15/Jan/2026:18:47:33 +0000] "GET /wp-sitemap.xml HTTP/1.1" 200 381 "-" "fasthttp"
47.237.179.196 - - [15/Jan/2026:18:47:36 +0000] "GET /wp-content/uploads/2025/11/cropped-cropped-WhatsApp-Image-2025-11-18-at-3.12.50-PM-32x32.jpeg HTTP/1.1" 200 687 "-" "fasthttp"
47.237.179.196 - - [15/Jan/2026:18:47:36 +0000] "GET /wp-content/uploads/2025/11/cropped-cropped-WhatsApp-Image-2025-11-18-at-3.12.50-PM-192x192.jpeg HTTP/1.1" 200 6200 "-" "fasthttp"
47.84.1.127 - - [15/Jan/2026:18:47:36 +0000] "GET /robots.txt HTTP/1.1" 200 74 "-" "fasthttp"
47.84.1.127 - - [15/Jan/2026:18:47:36 +0000] "GET /wp-content/uploads/2025/11/cropped-cropped-WhatsApp-Image-2025-11-18-at-3.12.50-PM-32x32.jpeg HTTP/1.1" 200 687 "-" "fasthttp"
47.237.179.196 - - [15/Jan/2026:18:47:37 +0000] "GET /wp-sitemap.xml HTTP/1.1" 200 381 "-" "fasthttp"
64.31.22.34 - - [15/Jan/2026:20:50:49 +0000] "POST /wp-cron.php?doing_wp_cron=1768510249.1886699199676513671875 HTTP/1.1" 200 0 "-" "WordPress/6.9; https://hautstark-konzept.de"
98.81.226.72 - - [15/Jan/2026:21:36:22 +0000] "GET / HTTP/1.1" 200 30373 "-" "Mozilla/5.0 (BeOS; U; BeOS BePC; en-US; rv:1.9a1) Gecko/20060702 SeaMonkey/1.5a"
104.210.140.139 - - [15/Jan/2026:22:27:41 +0000] "GET /robots.txt HTTP/2" 200 74 "-" "Mozilla/5.0 (Macintosh; Intel Mac OS X 10_15_7) AppleWebKit/537.36 (KHTML, like Gecko) Chrome/131.0.0.0 Safari/537.36; compatible; OAI-SearchBot/1.0; +https://openai.com/searchbot"
204.76.203.25 - - [15/Jan/2026:22:53:53 +0000] "GET /wp-content/plugins/elementor/assets/js/webpack.runtime.min.js HTTP/1.1" 200 5667 "-" "Mozilla/5.0 (Windows NT 10.0; Win64; x64) AppleWebKit/537.36 (KHTML, like Gecko) Chrome/134.0.0.0 Safari/537.3"
204.76.203.25 - - [15/Jan/2026:22:53:53 +0000] "GET /wp-content/plugins/elementor-pro/assets/js/webpack-pro.runtime.min.js HTTP/1.1" 200 6248 "-" "Mozilla/5.0 (Windows NT 10.0; Win64; x64) AppleWebKit/537.36 (KHTML, like Gecko) Chrome/134.0.0.0 Safari/537.3"
204.76.203.25 - - [15/Jan/2026:22:53:53 +0000] "GET /wp-content/plugins/click-to-chat-for-whatsapp/new/inc/assets/js/app.js HTTP/1.1" 200 15549 "-" "Mozilla/5.0 (Windows NT 10.0; Win64; x64) AppleWebKit/537.36 (KHTML, like Gecko) Chrome/134.0.0.0 Safari/537.3"
83.217.208.173 - - [15/Jan/2026:20:50:48 +0000] "GET /wp-login.php HTTP/1.1" 200 6360 "-" "Mozilla/5.0 (Macintosh; Intel Mac OS X 10_9_4 AppleWebKit/537.36 (KHTML, like Gecko) Chrome/36.0.1985.125 Safari/537.36"
83.217.208.173 - - [15/Jan/2026:20:50:50 +0000] "POST /wp-login.php HTTP/1.1" 200 6775 "-" "Mozilla/5.0 (Macintosh; Intel Mac OS X 10_9_4 AppleWebKit/537.36 (KHTML, like Gecko) Chrome/36.0.1985.125 Safari/537.36"
138.246.253.24 - - [15/Jan/2026:21:11:40 +0000] "GET /robots.txt HTTP/1.1" 200 74 "-" "Mozilla/5.0 (Windows NT 10.0; Win64; x64) AppleWebKit/537.36 (KHTML, like Gecko) Chrome/103.0.5060.134 Safari/537.36"
204.76.203.25 - - [15/Jan/2026:23:24:13 +0000] "GET /wp-content/plugins/click-to-chat-for-whatsapp/new/inc/assets/js/app.js HTTP/1.1" 200 15549 "-" "Mozilla/5.0 (Windows NT 10.0; Win64; x64) AppleWebKit/537.36 (KHTML, like Gecko) Chrome/134.0.0.0 Safari/537.3"
204.76.203.25 - - [15/Jan/2026:23:24:13 +0000] "GET /wp-content/plugins/elementor-pro/assets/js/webpack-pro.runtime.min.js HTTP/1.1" 200 6248 "-" "Mozilla/5.0 (Windows NT 10.0; Win64; x64) AppleWebKit/537.36 (KHTML, like Gecko) Chrome/134.0.0.0 Safari/537.3"
204.76.203.25 - - [15/Jan/2026:23:24:13 +0000] "GET /wp-content/plugins/elementor/assets/js/webpack.runtime.min.js HTTP/1.1" 200 5667 "-" "Mozilla/5.0 (Windows NT 10.0; Win64; x64) AppleWebKit/537.36 (KHTML, like Gecko) Chrome/134.0.0.0 Safari/537.3"
157.55.39.225 - - [16/Jan/2026:00:14:00 +0000] "GET /robots.txt HTTP/2" 200 74 "-" "Mozilla/5.0 AppleWebKit/537.36 (KHTML, like Gecko; compatible; bingbot/2.0; +http://www.bing.com/bingbot.htm) Chrome/116.0.1938.76 Safari/537.36"
64.31.22.34 - - [16/Jan/2026:00:14:08 +0000] "POST /wp-cron.php?doing_wp_cron=1768522448.5431110858917236328125 HTTP/1.1" 200 0 "-" "WordPress/6.9; https://hautstark-konzept.de"
207.46.13.168 - - [16/Jan/2026:00:14:06 +0000] "GET / HTTP/2" 200 26507 "-" "Mozilla/5.0 AppleWebKit/537.36 (KHTML, like Gecko; compatible; bingbot/2.0; +http://www.bing.com/bingbot.htm) Chrome/116.0.1938.76 Safari/537.36"
66.249.66.195 - - [16/Jan/2026:01:11:26 +0000] "GET /robots.txt HTTP/1.1" 200 74 "-" "Mozilla/5.0 (compatible; Googlebot/2.1; +http://www.google.com/bot.html)"
66.249.66.38 - - [16/Jan/2026:01:11:26 +0000] "GET / HTTP/1.1" 200 26507 "-" "Mozilla/5.0 (compatible; Googlebot/2.1; +http://www.google.com/bot.html)"
66.249.66.37 - - [16/Jan/2026:01:11:29 +0000] "GET /wp-content/plugins/click-to-chat-for-whatsapp/new/inc/assets/css/main.css?ver=4.33 HTTP/1.1" 200 645 "https://hautstark-konzept.de/" "Mozilla/5.0 (Linux; Android 6.0.1; Nexus 5X Build/MMB29P) AppleWebKit/537.36 (KHTML, like Gecko) Chrome/143.0.7499.192 Mobile Safari/537.36 (compatible; Googlebot/2.1; +http://www.google.com/bot.html)"
66.249.66.1 - - [16/Jan/2026:01:11:30 +0000] "GET /wp-content/plugins/elementor/assets/css/frontend.min.css?ver=3.33.2 HTTP/1.1" 200 6536 "https://hautstark-konzept.de/" "Mozilla/5.0 (Linux; Android 6.0.1; Nexus 5X Build/MMB29P) AppleWebKit/537.36 (KHTML, like Gecko) Chrome/143.0.7499.192 Mobile Safari/537.36 (compatible; Googlebot/2.1; +http://www.google.com/bot.html)"
66.249.66.166 - - [16/Jan/2026:01:11:30 +0000] "GET /wp-content/uploads/elementor/css/post-6.css?ver=1766360403 HTTP/1.1" 200 405 "https://hautstark-konzept.de/" "Mozilla/5.0 (Linux; Android 6.0.1; Nexus 5X Build/MMB29P) AppleWebKit/537.36 (KHTML, like Gecko) Chrome/143.0.7499.192 Mobile Safari/537.36 (compatible; Googlebot/2.1; +http://www.google.com/bot.html)"
66.249.66.165 - - [16/Jan/2026:01:11:30 +0000] "GET /wp-content/themes/hello-elementor/assets/css/header-footer.css?ver=3.4.5 HTTP/1.1" 200 1261 "https://hautstark-konzept.de/" "Mozilla/5.0 (Linux; Android 6.0.1; Nexus 5X Build/MMB29P) AppleWebKit/537.36 (KHTML, like Gecko) Chrome/143.0.7499.192 Mobile Safari/537.36 (compatible; Googlebot/2.1; +http://www.google.com/bot.html)"
66.249.66.65 - - [16/Jan/2026:01:11:30 +0000] "GET /wp-includes/js/jquery/jquery-migrate.min.js?ver=3.4.1 HTTP/1.1" 200 4678 "https://hautstark-konzept.de/" "Mozilla/5.0 (Linux; Android 6.0.1; Nexus 5X Build/MMB29P) AppleWebKit/537.36 (KHTML, like Gecko) Chrome/143.0.7499.192 Mobile Safari/537.36 (compatible; Googlebot/2.1; +http://www.google.com/bot.html)"
66.249.66.165 - - [16/Jan/2026:01:11:31 +0000] "GET /wp-content/uploads/elementor/css/post-10.css?ver=1766360404 HTTP/1.1" 200 186 "https://hautstark-konzept.de/" "Mozilla/5.0 (Linux; Android 6.0.1; Nexus 5X Build/MMB29P) AppleWebKit/537.36 (KHTML, like Gecko) Chrome/143.0.7499.192 Mobile Safari/537.36 (compatible; Googlebot/2.1; +http://www.google.com/bot.html)"
66.249.66.165 - - [16/Jan/2026:01:11:31 +0000] "GET /wp-content/plugins/mousewheel-smooth-scroll/js/lenis.min.js?ver=1.1.19 HTTP/1.1" 200 3784 "https://hautstark-konzept.de/" "Mozilla/5.0 (Linux; Android 6.0.1; Nexus 5X Build/MMB29P) AppleWebKit/537.36 (KHTML, like Gecko) Chrome/143.0.7499.192 Mobile Safari/537.36 (compatible; Googlebot/2.1; +http://www.google.com/bot.html)"
66.249.66.166 - - [16/Jan/2026:01:11:32 +0000] "GET /wp-content/themes/hello-elementor/assets/js/hello-frontend.js?ver=3.4.5 HTTP/1.1" 200 493 "https://hautstark-konzept.de/" "Mozilla/5.0 (Linux; Android 6.0.1; Nexus 5X Build/MMB29P) AppleWebKit/537.36 (KHTML, like Gecko) Chrome/143.0.7499.192 Mobile Safari/537.36 (compatible; Googlebot/2.1; +http://www.google.com/bot.html)"
66.249.66.64 - - [16/Jan/2026:01:11:33 +0000] "GET /wp-content/plugins/elementor/assets/css/frontend.min.css?ver=3.33.2 HTTP/1.1" 200 6536 "https://hautstark-konzept.de/" "Mozilla/5.0 AppleWebKit/537.36 (KHTML, like Gecko; compatible; Googlebot/2.1; +http://www.google.com/bot.html) Chrome/143.0.7499.192 Safari/537.36"
66.249.66.165 - - [16/Jan/2026:01:11:34 +0000] "GET /wp-content/themes/hello-elementor/assets/css/theme.css?ver=3.4.5 HTTP/1.1" 200 1126 "https://hautstark-konzept.de/" "Mozilla/5.0 AppleWebKit/537.36 (KHTML, like Gecko; compatible; Googlebot/2.1; +http://www.google.com/bot.html) Chrome/143.0.7499.192 Safari/537.36"
66.249.66.37 - - [16/Jan/2026:01:11:35 +0000] "GET /wp-content/themes/hello-elementor/assets/css/header-footer.css?ver=3.4.5 HTTP/1.1" 200 1261 "https://hautstark-konzept.de/" "Mozilla/5.0 AppleWebKit/537.36 (KHTML, like Gecko; compatible; Googlebot/2.1; +http://www.google.com/bot.html) Chrome/143.0.7499.192 Safari/537.36"
66.249.66.64 - - [16/Jan/2026:01:11:35 +0000] "GET /wp-content/uploads/elementor/css/post-6.css?ver=1766360403 HTTP/1.1" 200 405 "https://hautstark-konzept.de/" "Mozilla/5.0 AppleWebKit/537.36 (KHTML, like Gecko; compatible; Googlebot/2.1; +http://www.google.com/bot.html) Chrome/143.0.7499.192 Safari/537.36"
66.249.66.165 - - [16/Jan/2026:01:11:36 +0000] "GET /wp-content/plugins/cookie-law-info/lite/frontend/js/script.min.js?ver=3.3.7 HTTP/1.1" 200 6917 "https://hautstark-konzept.de/" "Mozilla/5.0 AppleWebKit/537.36 (KHTML, like Gecko; compatible; Googlebot/2.1; +http://www.google.com/bot.html) Chrome/143.0.7499.192 Safari/537.36"
66.249.66.64 - - [16/Jan/2026:01:11:36 +0000] "GET /wp-includes/js/jquery/jquery-migrate.min.js?ver=3.4.1 HTTP/1.1" 200 4678 "https://hautstark-konzept.de/" "Mozilla/5.0 AppleWebKit/537.36 (KHTML, like Gecko; compatible; Googlebot/2.1; +http://www.google.com/bot.html) Chrome/143.0.7499.192 Safari/537.36"
66.249.66.165 - - [16/Jan/2026:01:11:37 +0000] "GET /wp-content/themes/hello-elementor/assets/css/reset.css?ver=3.4.5 HTTP/1.1" 200 1581 "https://hautstark-konzept.de/" "Mozilla/5.0 AppleWebKit/537.36 (KHTML, like Gecko; compatible; Googlebot/2.1; +http://www.google.com/bot.html) Chrome/143.0.7499.192 Safari/537.36"
66.249.66.37 - - [16/Jan/2026:01:11:37 +0000] "GET /wp-includes/js/jquery/jquery.min.js?ver=3.7.1 HTTP/1.1" 200 29744 "https://hautstark-konzept.de/" "Mozilla/5.0 AppleWebKit/537.36 (KHTML, like Gecko; compatible; Googlebot/2.1; +http://www.google.com/bot.html) Chrome/143.0.7499.192 Safari/537.36"
66.249.66.165 - - [16/Jan/2026:01:11:37 +0000] "GET /wp-content/themes/hello-elementor/assets/js/hello-frontend.js?ver=3.4.5 HTTP/1.1" 200 493 "https://hautstark-konzept.de/" "Mozilla/5.0 AppleWebKit/537.36 (KHTML, like Gecko; compatible; Googlebot/2.1; +http://www.google.com/bot.html) Chrome/143.0.7499.192 Safari/537.36"
66.249.66.37 - - [16/Jan/2026:01:11:38 +0000] "GET /wp-content/plugins/click-to-chat-for-whatsapp/new/inc/assets/css/main.css?ver=4.33 HTTP/1.1" 200 645 "https://hautstark-konzept.de/" "Mozilla/5.0 AppleWebKit/537.36 (KHTML, like Gecko; compatible; Googlebot/2.1; +http://www.google.com/bot.html) Chrome/143.0.7499.192 Safari/537.36"
66.249.66.165 - - [16/Jan/2026:01:11:38 +0000] "GET /wp-content/uploads/elementor/css/post-10.css?ver=1766360404 HTTP/1.1" 200 186 "https://hautstark-konzept.de/" "Mozilla/5.0 AppleWebKit/537.36 (KHTML, like Gecko; compatible; Googlebot/2.1; +http://www.google.com/bot.html) Chrome/143.0.7499.192 Safari/537.36"
66.249.66.194 - - [16/Jan/2026:01:11:38 +0000] "GET /wp-content/plugins/mousewheel-smooth-scroll/js/lenis.min.js?ver=1.1.19 HTTP/1.1" 200 3784 "https://hautstark-konzept.de/" "Mozilla/5.0 AppleWebKit/537.36 (KHTML, like Gecko; compatible; Googlebot/2.1; +http://www.google.com/bot.html) Chrome/143.0.7499.192 Safari/537.36"
66.249.66.194 - - [16/Jan/2026:01:11:39 +0000] "GET /wp-content/uploads/wpmss/lenis-init.min.js?ver=1764931423 HTTP/1.1" 200 132 "https://hautstark-konzept.de/" "Mozilla/5.0 (Linux; Android 6.0.1; Nexus 5X Build/MMB29P) AppleWebKit/537.36 (KHTML, like Gecko) Chrome/143.0.7499.192 Mobile Safari/537.36 (compatible; Googlebot/2.1; +http://www.google.com/bot.html)"
66.249.66.1 - - [16/Jan/2026:01:11:39 +0000] "GET /wp-content/plugins/elementor/assets/js/webpack.runtime.min.js?ver=3.33.2 HTTP/1.1" 200 2251 "https://hautstark-konzept.de/" "Mozilla/5.0 (Linux; Android 6.0.1; Nexus 5X Build/MMB29P) AppleWebKit/537.36 (KHTML, like Gecko) Chrome/143.0.7499.192 Mobile Safari/537.36 (compatible; Googlebot/2.1; +http://www.google.com/bot.html)"
66.249.66.165 - - [16/Jan/2026:01:11:40 +0000] "GET /wp-content/uploads/wpmss/lenis-init.min.js?ver=1764931423 HTTP/1.1" 200 132 "https://hautstark-konzept.de/" "Mozilla/5.0 AppleWebKit/537.36 (KHTML, like Gecko; compatible; Googlebot/2.1; +http://www.google.com/bot.html) Chrome/143.0.7499.192 Safari/537.36"
66.249.66.165 - - [16/Jan/2026:01:11:40 +0000] "GET /wp-includes/js/dist/hooks.min.js?ver=dd5603f07f9220ed27f1 HTTP/1.1" 200 1852 "https://hautstark-konzept.de/" "Mozilla/5.0 AppleWebKit/537.36 (KHTML, like Gecko; compatible; Googlebot/2.1; +http://www.google.com/bot.html) Chrome/143.0.7499.192 Safari/537.36"
66.249.66.165 - - [16/Jan/2026:01:11:40 +0000] "GET /wp-content/plugins/elementor/assets/js/webpack.runtime.min.js?ver=3.33.2 HTTP/1.1" 200 2251 "https://hautstark-konzept.de/" "Mozilla/5.0 AppleWebKit/537.36 (KHTML, like Gecko; compatible; Googlebot/2.1; +http://www.google.com/bot.html) Chrome/143.0.7499.192 Safari/537.36"
66.249.66.165 - - [16/Jan/2026:01:11:40 +0000] "GET /wp-content/plugins/elementor-pro/assets/js/webpack-pro.runtime.min.js?ver=3.33.1 HTTP/1.1" 200 2623 "https://hautstark-konzept.de/" "Mozilla/5.0 AppleWebKit/537.36 (KHTML, like Gecko; compatible; Googlebot/2.1; +http://www.google.com/bot.html) Chrome/143.0.7499.192 Safari/537.36"
66.249.66.1 - - [16/Jan/2026:01:11:41 +0000] "GET /wp-content/plugins/elementor-pro/assets/js/frontend.min.js?ver=3.33.1 HTTP/1.1" 200 6203 "https://hautstark-konzept.de/" "Mozilla/5.0 AppleWebKit/537.36 (KHTML, like Gecko; compatible; Googlebot/2.1; +http://www.google.com/bot.html) Chrome/143.0.7499.192 Safari/537.36"
66.249.66.194 - - [16/Jan/2026:01:11:41 +0000] "GET /wp-includes/js/dist/i18n.min.js?ver=c26c3dc7bed366793375 HTTP/1.1" 200 2119 "https://hautstark-konzept.de/" "Mozilla/5.0 AppleWebKit/537.36 (KHTML, like Gecko; compatible; Googlebot/2.1; +http://www.google.com/bot.html) Chrome/143.0.7499.192 Safari/537.36"
66.249.66.1 - - [16/Jan/2026:01:11:42 +0000] "GET /wp-content/plugins/click-to-chat-for-whatsapp/new/inc/assets/js/app.js?ver=4.33 HTTP/1.1" 200 4493 "https://hautstark-konzept.de/" "Mozilla/5.0 AppleWebKit/537.36 (KHTML, like Gecko; compatible; Googlebot/2.1; +http://www.google.com/bot.html) Chrome/143.0.7499.192 Safari/537.36"
66.249.66.194 - - [16/Jan/2026:01:11:42 +0000] "GET /wp-content/plugins/elementor/assets/js/frontend.min.js?ver=3.33.2 HTTP/1.1" 200 10035 "https://hautstark-konzept.de/" "Mozilla/5.0 AppleWebKit/537.36 (KHTML, like Gecko; compatible; Googlebot/2.1; +http://www.google.com/bot.html) Chrome/143.0.7499.192 Safari/537.36"
66.249.66.64 - - [16/Jan/2026:01:11:42 +0000] "GET /wp-includes/js/jquery/ui/core.min.js?ver=1.13.3 HTTP/1.1" 200 6812 "https://hautstark-konzept.de/" "Mozilla/5.0 AppleWebKit/537.36 (KHTML, like Gecko; compatible; Googlebot/2.1; +http://www.google.com/bot.html) Chrome/143.0.7499.192 Safari/537.36"
66.249.66.194 - - [16/Jan/2026:01:11:43 +0000] "GET /wp-content/plugins/elementor-pro/assets/js/elements-handlers.min.js?ver=3.33.1 HTTP/1.1" 200 10101 "https://hautstark-konzept.de/" "Mozilla/5.0 AppleWebKit/537.36 (KHTML, like Gecko; compatible; Googlebot/2.1; +http://www.google.com/bot.html) Chrome/143.0.7499.192 Safari/537.36"
66.249.66.165 - - [16/Jan/2026:01:11:43 +0000] "GET /wp-content/plugins/elementor/assets/js/frontend-modules.min.js?ver=3.33.2 HTTP/1.1" 200 22744 "https://hautstark-konzept.de/" "Mozilla/5.0 AppleWebKit/537.36 (KHTML, like Gecko; compatible; Googlebot/2.1; +http://www.google.com/bot.html) Chrome/143.0.7499.192 Safari/537.36"
66.249.66.64 - - [16/Jan/2026:01:11:43 +0000] "GET /wp-content/plugins/elementor/assets/js/frontend-modules.min.js?ver=3.33.2 HTTP/1.1" 200 22744 "https://hautstark-konzept.de/" "Mozilla/5.0 (Linux; Android 6.0.1; Nexus 5X Build/MMB29P) AppleWebKit/537.36 (KHTML, like Gecko) Chrome/143.0.7499.192 Mobile Safari/537.36 (compatible; Googlebot/2.1; +http://www.google.com/bot.html)"
64.31.22.34 - - [16/Jan/2026:01:11:28 +0000] "POST /wp-cron.php?doing_wp_cron=1768525888.2922470569610595703125 HTTP/1.1" 200 0 "-" "WordPress/6.9; https://hautstark-konzept.de"
66.249.66.167 - - [16/Jan/2026:01:11:26 +0000] "GET / HTTP/1.1" 200 26507 "-" "Mozilla/5.0 (Linux; Android 6.0.1; Nexus 5X Build/MMB29P) AppleWebKit/537.36 (KHTML, like Gecko) Chrome/99.0.4844.84 Mobile Safari/537.36 (compatible; Googlebot/2.1; +http://www.google.com/bot.html)"
66.249.66.66 - - [16/Jan/2026:01:11:29 +0000] "GET /wp-content/themes/hello-elementor/assets/css/theme.css?ver=3.4.5 HTTP/1.1" 200 1126 "https://hautstark-konzept.de/" "Mozilla/5.0 (Linux; Android 6.0.1; Nexus 5X Build/MMB29P) AppleWebKit/537.36 (KHTML, like Gecko) Chrome/143.0.7499.192 Mobile Safari/537.36 (compatible; Googlebot/2.1; +http://www.google.com/bot.html)"
66.249.66.38 - - [16/Jan/2026:01:11:30 +0000] "GET /wp-content/plugins/cookie-law-info/lite/frontend/js/script.min.js?ver=3.3.7 HTTP/1.1" 200 6917 "https://hautstark-konzept.de/" "Mozilla/5.0 (Linux; Android 6.0.1; Nexus 5X Build/MMB29P) AppleWebKit/537.36 (KHTML, like Gecko) Chrome/143.0.7499.192 Mobile Safari/537.36 (compatible; Googlebot/2.1; +http://www.google.com/bot.html)"
66.249.66.38 - - [16/Jan/2026:01:11:32 +0000] "GET /wp-content/themes/hello-elementor/assets/css/reset.css?ver=3.4.5 HTTP/1.1" 200 1581 "https://hautstark-konzept.de/" "Mozilla/5.0 (Linux; Android 6.0.1; Nexus 5X Build/MMB29P) AppleWebKit/537.36 (KHTML, like Gecko) Chrome/143.0.7499.192 Mobile Safari/537.36 (compatible; Googlebot/2.1; +http://www.google.com/bot.html)"
66.249.66.2 - - [16/Jan/2026:01:11:32 +0000] "GET /wp-includes/js/jquery/jquery.min.js?ver=3.7.1 HTTP/1.1" 200 29744 "https://hautstark-konzept.de/" "Mozilla/5.0 (Linux; Android 6.0.1; Nexus 5X Build/MMB29P) AppleWebKit/537.36 (KHTML, like Gecko) Chrome/143.0.7499.192 Mobile Safari/537.36 (compatible; Googlebot/2.1; +http://www.google.com/bot.html)"
66.249.66.194 - - [16/Jan/2026:01:11:43 +0000] "GET /wp-includes/js/jquery/ui/core.min.js?ver=1.13.3 HTTP/1.1" 200 6812 "https://hautstark-konzept.de/" "Mozilla/5.0 (Linux; Android 6.0.1; Nexus 5X Build/MMB29P) AppleWebKit/537.36 (KHTML, like Gecko) Chrome/143.0.7499.192 Mobile Safari/537.36 (compatible; Googlebot/2.1; +http://www.google.com/bot.html)"
66.249.66.165 - - [16/Jan/2026:01:11:46 +0000] "GET /wp-content/plugins/cookie-law-info/lite/frontend/images/close.svg HTTP/1.1" 200 632 "https://hautstark-konzept.de/" "Mozilla/5.0 (Linux; Android 6.0.1; Nexus 5X Build/MMB29P) AppleWebKit/537.36 (KHTML, like Gecko) Chrome/143.0.7499.192 Mobile Safari/537.36 (compatible; Googlebot/2.1; +http://www.google.com/bot.html)"
66.249.66.64 - - [16/Jan/2026:01:11:46 +0000] "GET /wp-content/plugins/cookie-law-info/lite/frontend/images/revisit.svg HTTP/1.1" 200 962 "https://hautstark-konzept.de/" "Mozilla/5.0 (Linux; Android 6.0.1; Nexus 5X Build/MMB29P) AppleWebKit/537.36 (KHTML, like Gecko) Chrome/143.0.7499.192 Mobile Safari/537.36 (compatible; Googlebot/2.1; +http://www.google.com/bot.html)"
66.249.66.1 - - [16/Jan/2026:01:11:50 +0000] "GET /wp-content/plugins/elementor/assets/js/shared-frontend-handlers.03caa53373b56d3bab67.bundle.min.js HTTP/1.1" 200 2511 "https://hautstark-konzept.de/" "Mozilla/5.0 AppleWebKit/537.36 (KHTML, like Gecko; compatible; Googlebot/2.1; +http://www.google.com/bot.html) Chrome/143.0.7499.192 Safari/537.36"
66.249.66.166 - - [16/Jan/2026:01:12:31 +0000] "GET /favicon.ico HTTP/1.1" 404 1251 "-" "Googlebot-Image/1.0"
66.249.66.39 - - [16/Jan/2026:01:12:32 +0000] "GET /wp-content/uploads/2025/11/cropped-cropped-WhatsApp-Image-2025-11-18-at-3.12.50-PM-192x192.jpeg HTTP/1.1" 200 6200 "-" "Googlebot-Image/1.0"
66.249.66.195 - - [16/Jan/2026:01:12:32 +0000] "GET /wp-content/uploads/2025/11/cropped-cropped-WhatsApp-Image-2025-11-18-at-3.12.50-PM-32x32.jpeg HTTP/1.1" 200 687 "-" "Googlebot-Image/1.0"
66.249.66.1 - - [16/Jan/2026:01:12:33 +0000] "GET /wp-content/uploads/2025/11/cropped-cropped-WhatsApp-Image-2025-11-18-at-3.12.50-PM-180x180.jpeg HTTP/1.1" 200 5513 "-" "Googlebot-Image/1.0"
64.31.22.34 - - [16/Jan/2026:03:11:10 +0000] "POST /wp-cron.php?doing_wp_cron=1768533070.2386980056762695312500 HTTP/1.1" 200 0 "-" "WordPress/6.9; https://hautstark-konzept.de"
182.188.82.53 - - [16/Jan/2026:03:13:09 +0000] "POST /wp-admin/admin-ajax.php HTTP/2" 200 51 "https://hautstark-konzept.de/wp-admin/" "Mozilla/5.0 (Windows NT 10.0; Win64; x64; rv:146.0) Gecko/20100101 Firefox/146.0"
182.188.82.53 - - [16/Jan/2026:03:14:10 +0000] "POST /wp-admin/admin-ajax.php HTTP/2" 200 51 "https://hautstark-konzept.de/wp-admin/" "Mozilla/5.0 (Windows NT 10.0; Win64; x64; rv:146.0) Gecko/20100101 Firefox/146.0"
182.188.82.53 - - [16/Jan/2026:03:18:10 +0000] "POST /wp-admin/admin-ajax.php HTTP/2" 200 51 "https://hautstark-konzept.de/wp-admin/" "Mozilla/5.0 (Windows NT 10.0; Win64; x64; rv:146.0) Gecko/20100101 Firefox/146.0"
182.188.82.53 - - [16/Jan/2026:03:20:12 +0000] "POST /wp-admin/admin-ajax.php HTTP/2" 200 51 "https://hautstark-konzept.de/wp-admin/" "Mozilla/5.0 (Windows NT 10.0; Win64; x64; rv:146.0) Gecko/20100101 Firefox/146.0"
182.188.82.53 - - [16/Jan/2026:03:11:08 +0000] "POST /wp-admin/admin-ajax.php HTTP/3" 200 85 "https://hautstark-konzept.de/wp-admin/" "Mozilla/5.0 (Windows NT 10.0; Win64; x64; rv:146.0) Gecko/20100101 Firefox/146.0"
182.188.82.53 - - [16/Jan/2026:03:16:10 +0000] "POST /wp-admin/admin-ajax.php HTTP/2" 200 51 "https://hautstark-konzept.de/wp-admin/" "Mozilla/5.0 (Windows NT 10.0; Win64; x64; rv:146.0) Gecko/20100101 Firefox/146.0"
182.188.82.53 - - [16/Jan/2026:03:22:12 +0000] "POST /wp-admin/admin-ajax.php HTTP/2" 200 51 "https://hautstark-konzept.de/wp-admin/" "Mozilla/5.0 (Windows NT 10.0; Win64; x64; rv:146.0) Gecko/20100101 Firefox/146.0"
185.102.115.142 - - [16/Jan/2026:03:28:08 +0000] "GET /wp-login.php HTTP/1.1" 200 6360 "-" "Mozilla/5.0 (Windows NT 6.3; WOW64) AppleWebKit/537.36 (KHTML, like Gecko) Chrome/35.0.1916.153 Safari/537.36"
185.102.115.142 - - [16/Jan/2026:03:28:09 +0000] "POST /wp-login.php HTTP/1.1" 200 6775 "-" "Mozilla/5.0 (Windows NT 6.3; WOW64) AppleWebKit/537.36 (KHTML, like Gecko) Chrome/35.0.1916.153 Safari/537.36"