/home3/bmscom/access-logs/cross-culture.coach.bms69.com-ssl_log
66.249.66.4 - - [15/Jan/2026:12:16:02 +0000] "GET /Rayon-Avec-Indicateur-U00e0-Cadran-Vecteur-Premium-1265358 HTTP/1.1" 404 14802 "-" "Mozilla/5.0 (Linux; Android 6.0.1; Nexus 5X Build/MMB29P) AppleWebKit/537.36 (KHTML, like Gecko) Chrome/143.0.7499.192 Mobile Safari/537.36 (compatible; Googlebot/2.1; +http://www.google.com/bot.html)"
66.249.66.5 - - [15/Jan/2026:12:17:02 +0000] "GET /Chru00e9tienne-La-Bonne-Nouvelle-1105302 HTTP/1.1" 404 14802 "-" "Mozilla/5.0 (Linux; Android 6.0.1; Nexus 5X Build/MMB29P) AppleWebKit/537.36 (KHTML, like Gecko) Chrome/143.0.7499.192 Mobile Safari/537.36 (compatible; Googlebot/2.1; +http://www.google.com/bot.html)"
93.158.90.73 - - [15/Jan/2026:12:34:38 +0000] "GET / HTTP/1.1" 200 36655 "http://cross-culture.coach/" "Mozilla/5.0 (Windows NT 10.0; Win64; x64) AppleWebKit/537.36 (KHTML, like Gecko) Chrome/122.0.0.0 Safari/537.36 Agency/93.8.2357.5"
162.214.103.94 - - [15/Jan/2026:12:57:00 +0000] "POST /xmlrpc.php HTTP/1.1" 406 779 "-" "Mozilla/5.0 (Windows NT 6.1; Win64; x64) AppleWebKit/537.36 (KHTML, like Gecko) Chrome/66.0.3359.181 Safari/537.36"
36.50.135.209 - - [15/Jan/2026:12:57:02 +0000] "POST /xmlrpc.php HTTP/1.1" 406 779 "-" "Mozilla/5.0 (Windows NT 6.1; WOW64; Trident/7.0; rv:11.0; MSN 9.0;MSN 9.1;MSN 9.6;MSN 10.0;MSN 10.2;MSN 10.5; MSNbMSNI; MSNmen-us; MSNcIA)"
45.76.170.209 - - [15/Jan/2026:12:57:11 +0000] "POST /xmlrpc.php HTTP/1.1" 406 779 "-" "Mozilla/5.0 (compatible; MSIE 10.0; Windows NT 6.2; WOW64; Trident/7.0)"
77.68.64.31 - - [15/Jan/2026:12:58:10 +0000] "POST /xmlrpc.php HTTP/1.1" 406 779 "-" "Mozilla/4.0 (compatible; MSIE 7.0; Windows NT 6.1; WOW64; Trident/7.0; SLCC2; .NET CLR 2.0.50727; .NET CLR 3.5.30729; .NET CLR 3.0.30729; .NET4.0C; .NET4.0E)"
42.112.21.205 - - [15/Jan/2026:12:58:15 +0000] "POST /xmlrpc.php HTTP/1.1" 406 779 "-" "Mozilla/5.0 (Windows NT 10.0; Win64; x64) AppleWebKit/537.36 (KHTML, like Gecko) Chrome/64.0.3282.140 Safari/537.36 Edge/17.17134"
64.31.22.34 - - [15/Jan/2026:12:59:32 +0000] "POST /wp-cron.php?doing_wp_cron=1768481972.0963559150695800781250 HTTP/1.1" 200 0 "-" "WordPress/6.9; https://cross-culture.coach"
64.31.22.34 - - [15/Jan/2026:13:13:21 +0000] "POST /wp-cron.php?doing_wp_cron=1768482801.5576019287109375000000 HTTP/1.1" 200 0 "-" "WordPress/6.9; https://cross-culture.coach"
208.110.64.178 - - [15/Jan/2026:13:13:20 +0000] "GET /wp-includes/xc23336/edit.php HTTP/1.1" 404 14800 "https://cross-culture.coach/wp-includes/xc23336/edit.php" "Mozilla/5.0 (Windows NT 10.0; Win64; x64) AppleWebKit/537.36 (KHTML, like Gecko) Chrome/58.0.3029.110 Safari/537.3"
208.110.64.178 - - [15/Jan/2026:13:21:57 +0000] "GET /wp-includes/xc23336/edit.php HTTP/1.1" 404 14801 "https://cross-culture.coach/wp-includes/xc23336/edit.php" "Mozilla/5.0 (Windows NT 10.0; Win64; x64) AppleWebKit/537.36 (KHTML, like Gecko) Chrome/58.0.3029.110 Safari/537.3"
64.31.22.34 - - [15/Jan/2026:13:29:47 +0000] "POST /wp-cron.php?doing_wp_cron=1768483787.6832120418548583984375 HTTP/1.1" 200 0 "-" "WordPress/6.9; https://cross-culture.coach"
208.110.64.178 - - [15/Jan/2026:13:29:46 +0000] "GET /wp-includes/xc23336/edit.php HTTP/1.1" 404 14802 "https://cross-culture.coach/wp-includes/xc23336/edit.php" "Mozilla/5.0 (Windows NT 10.0; Win64; x64) AppleWebKit/537.36 (KHTML, like Gecko) Chrome/58.0.3029.110 Safari/537.3"
64.31.22.34 - - [15/Jan/2026:13:51:09 +0000] "POST /wp-cron.php?doing_wp_cron=1768485069.5598549842834472656250 HTTP/1.1" 200 0 "-" "WordPress/6.9; https://cross-culture.coach"
208.110.64.178 - - [15/Jan/2026:13:51:08 +0000] "GET /wp-includes/xc23336/edit.php HTTP/1.1" 404 14799 "https://cross-culture.coach/wp-includes/xc23336/edit.php" "Mozilla/5.0 (Windows NT 10.0; Win64; x64) AppleWebKit/537.36 (KHTML, like Gecko) Chrome/58.0.3029.110 Safari/537.3"
64.31.22.34 - - [15/Jan/2026:12:16:06 +0000] "POST /wp-cron.php?doing_wp_cron=1768479366.2851469516754150390625 HTTP/1.1" 200 0 "-" "WordPress/6.9; https://cross-culture.coach"
64.31.22.34 - - [15/Jan/2026:12:16:20 +0000] "POST /wp-cron.php?doing_wp_cron=1768479380.8970270156860351562500 HTTP/1.1" 200 0 "-" "WordPress/6.9; https://cross-culture.coach"
66.249.66.167 - - [15/Jan/2026:12:16:19 +0000] "GET /BMW-R1200R-R1200RS-2015-953812 HTTP/1.1" 404 14802 "-" "Mozilla/5.0 (Linux; Android 6.0.1; Nexus 5X Build/MMB29P) AppleWebKit/537.36 (KHTML, like Gecko) Chrome/143.0.7499.192 Mobile Safari/537.36 (compatible; Googlebot/2.1; +http://www.google.com/bot.html)"
66.249.66.167 - - [15/Jan/2026:12:16:29 +0000] "GET /JJ-REBEL-JREBMICHAEL-SLIM-SHARP-Noos-Taille-L-27-X-L-1071281 HTTP/1.1" 404 14802 "-" "Mozilla/5.0 (Linux; Android 6.0.1; Nexus 5X Build/MMB29P) AppleWebKit/537.36 (KHTML, like Gecko) Chrome/143.0.7499.192 Mobile Safari/537.36 (compatible; Googlebot/2.1; +http://www.google.com/bot.html)"
66.249.66.167 - - [15/Jan/2026:12:16:56 +0000] "GET /Sound-Way-Kit-De-Montage-Autoadio-Fau00e7ade-Cade-De-Adio-842527 HTTP/1.1" 404 14802 "-" "Mozilla/5.0 (Linux; Android 6.0.1; Nexus 5X Build/MMB29P) AppleWebKit/537.36 (KHTML, like Gecko) Chrome/143.0.7499.192 Mobile Safari/537.36 (compatible; Googlebot/2.1; +http://www.google.com/bot.html)"
64.31.22.34 - - [15/Jan/2026:12:19:44 +0000] "POST /wp-cron.php?doing_wp_cron=1768479584.9854969978332519531250 HTTP/1.1" 200 0 "-" "WordPress/6.9; https://cross-culture.coach"
208.110.64.178 - - [15/Jan/2026:12:19:43 +0000] "GET /wp-includes/xc23336/edit.php HTTP/1.1" 404 14800 "https://cross-culture.coach/wp-includes/xc23336/edit.php" "Mozilla/5.0 (Windows NT 10.0; Win64; x64) AppleWebKit/537.36 (KHTML, like Gecko) Chrome/58.0.3029.110 Safari/537.3"
49.51.187.251 - - [15/Jan/2026:12:57:38 +0000] "POST /xmlrpc.php HTTP/1.1" 406 779 "-" "Mozilla/4.0 (compatible; MSIE 7.0; Windows NT 6.1; Trident/7.0; SLCC2; .NET CLR 2.0.50727; .NET CLR 3.5.30729; .NET CLR 3.0.30729; Media Center PC 6.0; .NET4.0C; .NET4.0E; GWX:QUALIFIED)"
208.110.64.178 - - [15/Jan/2026:12:59:30 +0000] "GET /wp-includes/xc23336/edit.php HTTP/1.1" 404 14800 "https://cross-culture.coach/wp-includes/xc23336/edit.php" "Mozilla/5.0 (Windows NT 10.0; Win64; x64) AppleWebKit/537.36 (KHTML, like Gecko) Chrome/58.0.3029.110 Safari/537.3"
64.31.22.34 - - [15/Jan/2026:13:06:58 +0000] "POST /wp-cron.php?doing_wp_cron=1768482418.4637510776519775390625 HTTP/1.1" 200 0 "-" "WordPress/6.9; https://cross-culture.coach"
208.110.64.178 - - [15/Jan/2026:13:06:57 +0000] "GET /wp-includes/xc23336/edit.php HTTP/1.1" 404 14802 "https://cross-culture.coach/wp-includes/xc23336/edit.php" "Mozilla/5.0 (Windows NT 10.0; Win64; x64) AppleWebKit/537.36 (KHTML, like Gecko) Chrome/58.0.3029.110 Safari/537.3"
64.31.22.34 - - [15/Jan/2026:13:21:58 +0000] "POST /wp-cron.php?doing_wp_cron=1768483318.7071468830108642578125 HTTP/1.1" 200 0 "-" "WordPress/6.9; https://cross-culture.coach"
64.31.22.34 - - [15/Jan/2026:13:41:36 +0000] "POST /wp-cron.php?doing_wp_cron=1768484496.4037599563598632812500 HTTP/1.1" 200 0 "-" "WordPress/6.9; https://cross-culture.coach"
204.12.252.98 - - [15/Jan/2026:13:41:35 +0000] "GET /wp-includes/xc23336/edit.php HTTP/1.1" 404 14802 "https://cross-culture.coach/wp-includes/xc23336/edit.php" "Mozilla/5.0 (Windows NT 10.0; Win64; x64) AppleWebKit/537.36 (KHTML, like Gecko) Chrome/58.0.3029.110 Safari/537.3"
104.168.98.195 - - [15/Jan/2026:13:43:33 +0000] "GET / HTTP/2" 200 36650 "http://cross-culture.coach/" "Mozilla/5.0 (Macintosh; Intel Mac OS X 15_7_3) AppleWebKit/605.1.15 (KHTML, like Gecko) Version/26.0 Safari/605.1.15"
104.168.98.195 - - [15/Jan/2026:13:43:33 +0000] "GET / HTTP/2" 200 36650 "http://cross-culture.coach.bms69.com/" "Mozilla/5.0 (Macintosh; Intel Mac OS X 15_7_3) AppleWebKit/605.1.15 (KHTML, like Gecko) Version/26.0 Safari/605.1.15"
64.31.22.34 - - [15/Jan/2026:14:05:45 +0000] "POST /wp-cron.php?doing_wp_cron=1768485945.7170360088348388671875 HTTP/1.1" 200 0 "-" "WordPress/6.9; https://cross-culture.coach"
204.12.252.98 - - [15/Jan/2026:14:05:44 +0000] "GET /wp-includes/xc23336/edit.php HTTP/1.1" 404 14802 "https://cross-culture.coach/wp-includes/xc23336/edit.php" "Mozilla/5.0 (Windows NT 10.0; Win64; x64) AppleWebKit/537.36 (KHTML, like Gecko) Chrome/58.0.3029.110 Safari/537.3"
109.70.100.9 - - [15/Jan/2026:14:51:36 +0000] "GET /wp-json/wp/v2/users HTTP/1.1" 401 112 "-" "Mozilla/5.0 (iPhone; CPU iPhone OS 17_1 like Mac OS X) AppleWebKit/605.1.15 (KHTML, like Gecko) Version/17.1 Mobile/15E148 Safari/604.1"
109.70.100.9 - - [15/Jan/2026:14:51:39 +0000] "GET /?author=1 HTTP/1.1" 404 0 "-" "Mozilla/5.0 (iPhone; CPU iPhone OS 17_1 like Mac OS X) AppleWebKit/605.1.15 (KHTML, like Gecko) Version/17.1 Mobile/15E148 Safari/604.1"
109.70.100.9 - - [15/Jan/2026:14:51:40 +0000] "GET /?author=2 HTTP/1.1" 404 0 "-" "Mozilla/5.0 (iPhone; CPU iPhone OS 17_1 like Mac OS X) AppleWebKit/605.1.15 (KHTML, like Gecko) Version/17.1 Mobile/15E148 Safari/604.1"
109.70.100.9 - - [15/Jan/2026:14:51:41 +0000] "GET /?author=3 HTTP/1.1" 404 0 "-" "Mozilla/5.0 (iPhone; CPU iPhone OS 17_1 like Mac OS X) AppleWebKit/605.1.15 (KHTML, like Gecko) Version/17.1 Mobile/15E148 Safari/604.1"
109.70.100.9 - - [15/Jan/2026:14:51:42 +0000] "GET /?author=4 HTTP/1.1" 404 0 "-" "Mozilla/5.0 (iPhone; CPU iPhone OS 17_1 like Mac OS X) AppleWebKit/605.1.15 (KHTML, like Gecko) Version/17.1 Mobile/15E148 Safari/604.1"
109.70.100.9 - - [15/Jan/2026:14:51:43 +0000] "GET /?author=5 HTTP/1.1" 404 0 "-" "Mozilla/5.0 (iPhone; CPU iPhone OS 17_1 like Mac OS X) AppleWebKit/605.1.15 (KHTML, like Gecko) Version/17.1 Mobile/15E148 Safari/604.1"
109.70.100.9 - - [15/Jan/2026:14:51:44 +0000] "GET /?author=6 HTTP/1.1" 404 0 "-" "Mozilla/5.0 (iPhone; CPU iPhone OS 17_1 like Mac OS X) AppleWebKit/605.1.15 (KHTML, like Gecko) Version/17.1 Mobile/15E148 Safari/604.1"
109.70.100.9 - - [15/Jan/2026:14:51:45 +0000] "GET /?author=7 HTTP/1.1" 404 0 "-" "Mozilla/5.0 (iPhone; CPU iPhone OS 17_1 like Mac OS X) AppleWebKit/605.1.15 (KHTML, like Gecko) Version/17.1 Mobile/15E148 Safari/604.1"
109.70.100.9 - - [15/Jan/2026:14:51:46 +0000] "GET /?author=8 HTTP/1.1" 404 0 "-" "Mozilla/5.0 (iPhone; CPU iPhone OS 17_1 like Mac OS X) AppleWebKit/605.1.15 (KHTML, like Gecko) Version/17.1 Mobile/15E148 Safari/604.1"
109.70.100.9 - - [15/Jan/2026:14:51:47 +0000] "GET /?author=9 HTTP/1.1" 404 0 "-" "Mozilla/5.0 (iPhone; CPU iPhone OS 17_1 like Mac OS X) AppleWebKit/605.1.15 (KHTML, like Gecko) Version/17.1 Mobile/15E148 Safari/604.1"
109.70.100.9 - - [15/Jan/2026:14:51:48 +0000] "GET /?author=10 HTTP/1.1" 404 0 "-" "Mozilla/5.0 (iPhone; CPU iPhone OS 17_1 like Mac OS X) AppleWebKit/605.1.15 (KHTML, like Gecko) Version/17.1 Mobile/15E148 Safari/604.1"
64.31.22.34 - - [15/Jan/2026:14:51:39 +0000] "POST /wp-cron.php?doing_wp_cron=1768488699.5300331115722656250000 HTTP/1.1" 200 0 "-" "WordPress/6.9; https://cross-culture.coach"
64.31.22.34 - - [15/Jan/2026:16:23:59 +0000] "POST /wp-cron.php?doing_wp_cron=1768494239.8127069473266601562500 HTTP/1.1" 200 0 "-" "WordPress/6.9; https://cross-culture.coach"
64.31.22.34 - - [15/Jan/2026:16:39:54 +0000] "POST /wp-cron.php?doing_wp_cron=1768495194.8796820640563964843750 HTTP/1.1" 200 0 "-" "WordPress/6.9; https://cross-culture.coach"
204.12.252.98 - - [15/Jan/2026:16:39:53 +0000] "GET /wp-includes/xc23336/edit.php HTTP/1.1" 404 14801 "https://cross-culture.coach/wp-includes/xc23336/edit.php" "Mozilla/5.0 (Windows NT 10.0; Win64; x64) AppleWebKit/537.36 (KHTML, like Gecko) Chrome/58.0.3029.110 Safari/537.3"
64.31.22.34 - - [15/Jan/2026:16:54:39 +0000] "POST /wp-cron.php?doing_wp_cron=1768496078.9996089935302734375000 HTTP/1.1" 200 0 "-" "WordPress/6.9; https://cross-culture.coach"
95.85.238.21 - - [15/Jan/2026:16:54:38 +0000] "GET /wp-login.php HTTP/1.1" 200 6229 "-" "Mozilla/5.0 (X11; Linux x86_64) AppleWebKit/537.36 (KHTML, like Gecko) Chrome/36.0.1985.125 Safari/537.36"
95.85.238.21 - - [15/Jan/2026:16:54:39 +0000] "POST /wp-login.php HTTP/1.1" 503 18952 "-" "Mozilla/5.0 (X11; Linux x86_64) AppleWebKit/537.36 (KHTML, like Gecko) Chrome/36.0.1985.125 Safari/537.36"
49.51.166.228 - - [15/Jan/2026:15:32:28 +0000] "GET / HTTP/1.1" 200 36654 "http://www.cross-culture.coach" "Mozilla/5.0 (iPhone; CPU iPhone OS 13_2_3 like Mac OS X) AppleWebKit/605.1.15 (KHTML, like Gecko) Version/13.0.3 Mobile/15E148 Safari/604.1"
64.31.22.34 - - [15/Jan/2026:15:57:59 +0000] "POST /wp-cron.php?doing_wp_cron=1768492679.4472980499267578125000 HTTP/1.1" 200 0 "-" "WordPress/6.9; https://cross-culture.coach"
95.85.238.20 - - [15/Jan/2026:15:57:58 +0000] "GET /wp-login.php HTTP/1.1" 200 6229 "-" "Mozilla/5.0 (Windows NT 6.1; WOW64; Trident/7.0; rv:11.0) like Gecko"
95.85.238.20 - - [15/Jan/2026:15:58:00 +0000] "POST /wp-login.php HTTP/1.1" 503 18952 "-" "Mozilla/5.0 (Windows NT 6.1; WOW64; Trident/7.0; rv:11.0) like Gecko"
64.31.22.34 - - [15/Jan/2026:16:08:05 +0000] "POST /wp-cron.php?doing_wp_cron=1768493285.8074619770050048828125 HTTP/1.1" 200 0 "-" "WordPress/6.9; https://cross-culture.coach"
204.12.252.98 - - [15/Jan/2026:16:08:04 +0000] "GET /wp-includes/xc23336/edit.php HTTP/1.1" 404 14802 "https://cross-culture.coach/wp-includes/xc23336/edit.php" "Mozilla/5.0 (Windows NT 10.0; Win64; x64) AppleWebKit/537.36 (KHTML, like Gecko) Chrome/58.0.3029.110 Safari/537.3"
204.12.208.18 - - [15/Jan/2026:16:23:58 +0000] "GET /wp-includes/xc23336/edit.php HTTP/1.1" 404 16890 "https://cross-culture.coach/wp-includes/xc23336/edit.php" "Mozilla/5.0 (Windows NT 6.1; WOW64) AppleWebKit/535.1 (KHTML, like Gecko) Chrome/14.0.835.202 Safari/535.1"
64.31.22.34 - - [15/Jan/2026:16:47:32 +0000] "POST /wp-cron.php?doing_wp_cron=1768495652.0818049907684326171875 HTTP/1.1" 200 0 "-" "WordPress/6.9; https://cross-culture.coach"
185.102.115.142 - - [15/Jan/2026:16:47:31 +0000] "GET /wp-login.php HTTP/1.1" 200 6229 "-" "Mozilla/5.0 (Windows NT 6.1; rv:30.0) Gecko/20100101 Firefox/30.0"
185.102.115.142 - - [15/Jan/2026:16:47:32 +0000] "POST /wp-login.php HTTP/1.1" 503 18952 "-" "Mozilla/5.0 (Windows NT 6.1; rv:30.0) Gecko/20100101 Firefox/30.0"
148.251.222.203 - - [15/Jan/2026:17:20:32 +0000] "GET /impressum/ HTTP/1.1" 200 85095 "-" "Mozilla/5.0 (X11; Linux i686; rv:109.0) Gecko/20100101 Firefox/122.0"
148.251.18.100 - - [15/Jan/2026:17:20:33 +0000] "GET /contact/ HTTP/1.1" 200 104254 "-" "Mozilla/5.0 (Linux; Android 10; K) AppleWebKit/537.36 (KHTML, like Gecko) Chrome/120.0.0.0 Mobile Safari/537.3"
148.251.18.111 - - [15/Jan/2026:17:20:37 +0000] "GET / HTTP/1.1" 200 221293 "-" "Mozilla/5.0 (iPhone; CPU iPhone OS 17_2_1 like Mac OS X) AppleWebKit/605.1.15 (KHTML, like Gecko) Version/17.2 Mobile/15E148 Safari/604."
64.31.22.34 - - [15/Jan/2026:17:20:34 +0000] "POST /wp-cron.php?doing_wp_cron=1768497634.0636069774627685546875 HTTP/1.1" 200 0 "-" "WordPress/6.9; https://cross-culture.coach"
148.251.222.209 - - [15/Jan/2026:17:20:41 +0000] "GET /datenschutz/ HTTP/1.1" 200 88052 "-" "Mozilla/5.0 (Windows NT 10.0; Win64; x64) AppleWebKit/537.36 (KHTML, like Gecko) Chrome/96.0.4664.175 Safari/537.36"
31.6.58.63 - - [15/Jan/2026:17:55:07 +0000] "GET /wp-content/uploads/2025/04/cropped-petra-w-brain-quote-32x32.webp HTTP/2" 200 546 "-" "Mozilla/5.0 (Linux; Android 10; K) AppleWebKit/537.36 (KHTML, like Gecko) Chrome/142.0.0.0 Mobile Safari/537.36"
31.6.58.63 - - [15/Jan/2026:17:55:07 +0000] "GET /wp-content/uploads/2025/04/cropped-petra-w-brain-quote-32x32.webp HTTP/2" 200 546 "-" "Mozilla/5.0 (iPhone; CPU iPhone OS 17_0_3 like Mac OS X) AppleWebKit/605.1.15 (KHTML, like Gecko) Version/17.0 Mobile/15E148 Safari/604.1 OPX/3.1.1"
31.6.58.63 - - [15/Jan/2026:17:55:07 +0000] "GET /wp-content/uploads/2025/04/cropped-petra-w-brain-quote-192x192.webp HTTP/2" 200 6090 "-" "Mozilla/5.0 (Linux; Android 10; K) AppleWebKit/537.36 (KHTML, like Gecko) Chrome/142.0.0.0 Mobile Safari/537.36"
31.6.58.63 - - [15/Jan/2026:17:55:07 +0000] "GET /wp-content/uploads/2025/04/WhatsApp-Image-2025-05-21-at-23.24.24_b3115cb8.jpg HTTP/2" 200 28454 "-" "Mozilla/5.0 (iPhone; CPU iPhone OS 17_0_3 like Mac OS X) AppleWebKit/605.1.15 (KHTML, like Gecko) Version/17.0 Mobile/15E148 Safari/604.1 OPX/3.1.1"
64.31.22.34 - - [15/Jan/2026:18:18:11 +0000] "POST /wp-cron.php?doing_wp_cron=1768501091.3707380294799804687500 HTTP/1.1" 200 0 "-" "WordPress/6.9; https://cross-culture.coach"
66.249.66.40 - - [15/Jan/2026:18:18:10 +0000] "GET /117X228-Cm-Rideau-Bleu-Ciel-Anti-Chaleur-701812 HTTP/1.1" 404 14799 "-" "Mozilla/5.0 (Linux; Android 6.0.1; Nexus 5X Build/MMB29P) AppleWebKit/537.36 (KHTML, like Gecko) Chrome/143.0.7499.192 Mobile Safari/537.36 (compatible; GoogleOther)"
103.163.138.107 - - [15/Jan/2026:18:25:03 +0000] "POST /xmlrpc.php HTTP/1.1" 503 18952 "-" "Mozilla/5.0 (compatible; MSIE 9.0; Windows NT 6.3; WOW64; Trident/7.0)"
34.67.201.23 - - [15/Jan/2026:18:25:18 +0000] "POST /xmlrpc.php HTTP/1.1" 503 18952 "-" "Mozilla/5.0 (Windows NT 6.1; WOW64; Trident/7.0; MATM; rv:11.0) like Gecko"
31.6.58.63 - - [15/Jan/2026:17:55:06 +0000] "GET /wp-content/uploads/2025/04/cropped-petra-w-brain-quote-192x192.webp HTTP/2" 200 6090 "-" "Mozilla/5.0 (iPhone; CPU iPhone OS 17_0_3 like Mac OS X) AppleWebKit/605.1.15 (KHTML, like Gecko) Version/17.0 Mobile/15E148 Safari/604.1 OPX/3.1.1"
31.6.58.63 - - [15/Jan/2026:17:55:07 +0000] "GET /wp-content/uploads/2025/04/WhatsApp-Image-2025-05-21-at-23.24.24_b3115cb8.jpg HTTP/2" 200 28454 "-" "Mozilla/5.0 (Linux; Android 10; K) AppleWebKit/537.36 (KHTML, like Gecko) Chrome/142.0.0.0 Mobile Safari/537.36"
31.6.58.63 - - [15/Jan/2026:17:55:07 +0000] "GET /wp-content/uploads/2025/04/cropped-petra-w-brain-quote-180x180.webp HTTP/2" 200 5730 "-" "Mozilla/5.0 (iPhone; CPU iPhone OS 17_0_3 like Mac OS X) AppleWebKit/605.1.15 (KHTML, like Gecko) Version/17.0 Mobile/15E148 Safari/604.1 OPX/3.1.1"
31.6.58.63 - - [15/Jan/2026:17:55:07 +0000] "GET /wp-content/uploads/2025/04/cropped-petra-w-brain-quote-180x180.webp HTTP/2" 200 5730 "-" "Mozilla/5.0 (Linux; Android 10; K) AppleWebKit/537.36 (KHTML, like Gecko) Chrome/142.0.0.0 Mobile Safari/537.36"
64.31.22.34 - - [15/Jan/2026:18:25:03 +0000] "POST /wp-cron.php?doing_wp_cron=1768501503.0585079193115234375000 HTTP/1.1" 200 0 "-" "WordPress/6.9; https://cross-culture.coach"
172.205.24.224 - - [15/Jan/2026:18:25:01 +0000] "POST /xmlrpc.php HTTP/1.1" 200 403 "-" "Mozilla/5.0 (Windows NT 6.3; Win64; x64) AppleWebKit/537.36 (KHTML, like Gecko) Chrome/66.0.3359.181 Safari/537.36"
192.64.112.17 - - [15/Jan/2026:18:25:25 +0000] "POST /xmlrpc.php HTTP/1.1" 503 18952 "-" "Mozilla/5.0 (Windows NT 10.0; Win64; x64) AppleWebKit/537.36 (KHTML, like Gecko) Chrome/65.0.3325.181 Safari/537.36 OPR/52.0.2871.99"
182.188.82.53 - - [15/Jan/2026:18:32:57 +0000] "GET /wp-admin/ HTTP/2" 302 0 "https://s21.hosterpk.com:2083/" "Mozilla/5.0 (Windows NT 10.0; Win64; x64; rv:146.0) Gecko/20100101 Firefox/146.0"
182.188.82.53 - - [15/Jan/2026:18:33:00 +0000] "GET /wp-login.php?redirect_to=https%3A%2F%2Fcross-culture.coach%2Fwp-admin%2F&reauth=1 HTTP/2" 200 1908 "https://s21.hosterpk.com:2083/" "Mozilla/5.0 (Windows NT 10.0; Win64; x64; rv:146.0) Gecko/20100101 Firefox/146.0"
64.31.22.34 - - [15/Jan/2026:18:32:57 +0000] "POST /wp-cron.php?doing_wp_cron=1768501977.8419549465179443359375 HTTP/1.1" 200 0 "-" "WordPress/6.9; https://cross-culture.coach"
182.188.82.53 - - [15/Jan/2026:18:33:04 +0000] "GET /wp-includes/js/zxcvbn.min.js HTTP/3" 200 389493 "https://cross-culture.coach/wp-login.php?redirect_to=https%3A%2F%2Fcross-culture.coach%2Fwp-admin%2F&reauth=1" "Mozilla/5.0 (Windows NT 10.0; Win64; x64; rv:146.0) Gecko/20100101 Firefox/146.0"
66.249.66.167 - - [15/Jan/2026:18:33:15 +0000] "GET /117X228-Cm-Rideau-Bleu-Ciel-Anti-Chaleur-701812 HTTP/1.1" 404 14802 "-" "Mozilla/5.0 (Linux; Android 6.0.1; Nexus 5X Build/MMB29P) AppleWebKit/537.36 (KHTML, like Gecko) Chrome/143.0.7499.192 Mobile Safari/537.36 (compatible; Googlebot/2.1; +http://www.google.com/bot.html)"
185.231.154.128 - - [15/Jan/2026:18:45:00 +0000] "POST /wp-admin/admin-ajax.php HTTP/1.0" 200 79 "https://cross-culture.coach/" "Mozilla/5.0 (Windows NT 10.0; Win64; x64) AppleWebKit/537.36 (KHTML, like Gecko) Chrome/131.0.0.0 Safari/537.36 Avast/131.0.0.0"
64.31.22.34 - - [15/Jan/2026:18:44:59 +0000] "POST /wp-cron.php?doing_wp_cron=1768502699.1087551116943359375000 HTTP/1.1" 200 0 "-" "WordPress/6.9; https://cross-culture.coach"
185.231.154.128 - - [15/Jan/2026:18:44:55 +0000] "GET / HTTP/1.0" 200 221293 "https://cross-culture.coach/" "Mozilla/5.0 (Windows NT 10.0; Win64; x64) AppleWebKit/537.36 (KHTML, like Gecko) Chrome/131.0.0.0 Safari/537.36 Avast/131.0.0.0"
159.65.144.72 - - [15/Jan/2026:19:37:41 +0000] "GET / HTTP/1.1" 200 0 "-" "-"
159.65.144.72 - - [15/Jan/2026:19:37:47 +0000] "POST /api HTTP/1.1" 404 16915 "-" "Mozilla/5.0 (l9scan/2.0.4333e22323e21333e24363; +https://leakix.net)"
159.65.144.72 - - [15/Jan/2026:19:37:49 +0000] "POST /api/graphql HTTP/1.1" 404 16913 "-" "Mozilla/5.0 (l9scan/2.0.4333e22323e21333e24363; +https://leakix.net)"
159.65.144.72 - - [15/Jan/2026:19:37:51 +0000] "POST /graphql/api HTTP/1.1" 404 16908 "-" "Mozilla/5.0 (l9scan/2.0.4333e22323e21333e24363; +https://leakix.net)"
159.65.144.72 - - [15/Jan/2026:19:37:56 +0000] "GET /swagger-ui.html HTTP/1.1" 404 16915 "-" "Mozilla/5.0 (l9scan/2.0.4333e22323e21333e24363; +https://leakix.net)"
159.65.144.72 - - [15/Jan/2026:19:37:58 +0000] "GET /swagger/index.html HTTP/1.1" 404 16913 "-" "Mozilla/5.0 (l9scan/2.0.4333e22323e21333e24363; +https://leakix.net)"
159.65.144.72 - - [15/Jan/2026:19:38:00 +0000] "GET /swagger/swagger-ui.html HTTP/1.1" 404 16903 "-" "Mozilla/5.0 (l9scan/2.0.4333e22323e21333e24363; +https://leakix.net)"
159.65.144.72 - - [15/Jan/2026:19:38:02 +0000] "GET /webjars/swagger-ui/index.html HTTP/1.1" 404 16912 "-" "Mozilla/5.0 (l9scan/2.0.4333e22323e21333e24363; +https://leakix.net)"
159.65.144.72 - - [15/Jan/2026:19:38:09 +0000] "GET /v2/api-docs HTTP/1.1" 404 16913 "-" "Mozilla/5.0 (l9scan/2.0.4333e22323e21333e24363; +https://leakix.net)"
159.65.144.72 - - [15/Jan/2026:19:38:11 +0000] "GET /v3/api-docs HTTP/1.1" 404 16909 "-" "Mozilla/5.0 (l9scan/2.0.4333e22323e21333e24363; +https://leakix.net)"
159.65.144.72 - - [15/Jan/2026:19:38:14 +0000] "GET /api-docs/swagger.json HTTP/1.1" 404 16908 "-" "Mozilla/5.0 (l9scan/2.0.4333e22323e21333e24363; +https://leakix.net)"
159.65.144.72 - - [15/Jan/2026:19:38:16 +0000] "GET /api/swagger.json HTTP/1.1" 404 16913 "-" "Mozilla/5.0 (l9scan/2.0.4333e22323e21333e24363; +https://leakix.net)"
159.65.144.72 - - [15/Jan/2026:19:38:24 +0000] "GET /server HTTP/1.1" 404 16909 "-" "Mozilla/5.0 (l9scan/2.0.4333e22323e21333e24363; +https://leakix.net)"
159.65.144.72 - - [15/Jan/2026:19:38:26 +0000] "GET /.vscode/sftp.json HTTP/1.1" 404 16913 "-" "Mozilla/5.0 (l9scan/2.0.4333e22323e21333e24363; +https://leakix.net)"
159.65.144.72 - - [15/Jan/2026:19:38:34 +0000] "GET /v2/_catalog HTTP/1.1" 404 16909 "-" "Mozilla/5.0 (l9scan/2.0.4333e22323e21333e24363; +https://leakix.net)"
159.65.144.72 - - [15/Jan/2026:19:38:38 +0000] "GET /server-status HTTP/1.1" 404 16914 "-" "Mozilla/5.0 (l9scan/2.0.4333e22323e21333e24363; +https://leakix.net)"
64.31.22.34 - - [15/Jan/2026:19:38:43 +0000] "POST /wp-cron.php?doing_wp_cron=1768505923.5589160919189453125000 HTTP/1.1" 200 0 "-" "WordPress/6.9; https://cross-culture.coach"
159.65.144.72 - - [15/Jan/2026:19:38:42 +0000] "GET /_all_dbs HTTP/1.1" 404 16913 "-" "Mozilla/5.0 (l9scan/2.0.4333e22323e21333e24363; +https://leakix.net)"
159.65.144.72 - - [15/Jan/2026:19:38:44 +0000] "GET /.DS_Store HTTP/1.1" 404 16909 "-" "Mozilla/5.0 (l9scan/2.0.4333e22323e21333e24363; +https://leakix.net)"
159.65.144.72 - - [15/Jan/2026:19:38:52 +0000] "GET /config.json HTTP/1.1" 404 16909 "-" "Mozilla/5.0 (l9scan/2.0.4333e22323e21333e24363; +https://leakix.net)"
159.65.144.72 - - [15/Jan/2026:19:38:54 +0000] "GET /telescope/requests HTTP/1.1" 404 16910 "-" "Mozilla/5.0 (l9scan/2.0.4333e22323e21333e24363; +https://leakix.net)"
159.65.144.72 - - [15/Jan/2026:19:38:55 +0000] "GET /info.php HTTP/1.1" 404 16915 "-" "Mozilla/5.0 (l9scan/2.0.4333e22323e21333e24363; +https://leakix.net)"
64.31.22.34 - - [15/Jan/2026:18:59:19 +0000] "POST /wp-cron.php?doing_wp_cron=1768503559.7526659965515136718750 HTTP/1.1" 200 0 "-" "WordPress/6.9; https://cross-culture.coach"
204.12.252.98 - - [15/Jan/2026:18:59:18 +0000] "GET /wp-includes/xc23336/edit.php HTTP/1.1" 404 14799 "https://cross-culture.coach/wp-includes/xc23336/edit.php" "Mozilla/5.0 (Windows NT 10.0; Win64; x64) AppleWebKit/537.36 (KHTML, like Gecko) Chrome/58.0.3029.110 Safari/537.3"
64.31.22.34 - - [15/Jan/2026:19:21:34 +0000] "POST /wp-cron.php?doing_wp_cron=1768504894.6379139423370361328125 HTTP/1.1" 200 0 "-" "WordPress/6.9; https://cross-culture.coach"
95.85.238.21 - - [15/Jan/2026:19:21:33 +0000] "GET /wp-login.php HTTP/1.1" 200 6229 "-" "Mozilla/5.0 (Macintosh; Intel Mac OS X 10_9_2) AppleWebKit/537.74.9 (KHTML, like Gecko) Version/7.0.2 Safari/537.74.9"
95.85.238.21 - - [15/Jan/2026:19:21:35 +0000] "POST /wp-login.php HTTP/1.1" 503 18952 "-" "Mozilla/5.0 (Macintosh; Intel Mac OS X 10_9_2) AppleWebKit/537.74.9 (KHTML, like Gecko) Version/7.0.2 Safari/537.74.9"
159.65.144.72 - - [15/Jan/2026:19:37:43 +0000] "GET / HTTP/1.1" 301 0 "-" "Mozilla/5.0 (l9scan/2.0.4333e22323e21333e24363; +https://leakix.net)"
159.65.144.72 - - [15/Jan/2026:19:37:45 +0000] "POST /graphql HTTP/1.1" 404 16917 "-" "Mozilla/5.0 (l9scan/2.0.4333e22323e21333e24363; +https://leakix.net)"
159.65.144.72 - - [15/Jan/2026:19:37:53 +0000] "POST /api/gql HTTP/1.1" 404 16908 "-" "Mozilla/5.0 (l9scan/2.0.4333e22323e21333e24363; +https://leakix.net)"
159.65.144.72 - - [15/Jan/2026:19:38:05 +0000] "GET /swagger.json HTTP/1.1" 404 16915 "-" "Mozilla/5.0 (l9scan/2.0.4333e22323e21333e24363; +https://leakix.net)"
159.65.144.72 - - [15/Jan/2026:19:38:07 +0000] "GET /swagger/v1/swagger.json HTTP/1.1" 404 16915 "-" "Mozilla/5.0 (l9scan/2.0.4333e22323e21333e24363; +https://leakix.net)"
159.65.144.72 - - [15/Jan/2026:19:38:18 +0000] "GET /@vite/env HTTP/1.1" 404 16914 "-" "Mozilla/5.0 (l9scan/2.0.4333e22323e21333e24363; +https://leakix.net)"
159.65.144.72 - - [15/Jan/2026:19:38:20 +0000] "GET /actuator/env HTTP/1.1" 404 16904 "-" "Mozilla/5.0 (l9scan/2.0.4333e22323e21333e24363; +https://leakix.net)"
159.65.144.72 - - [15/Jan/2026:19:38:22 +0000] "POST /php-cgi/php-cgi.exe?%ADd+cgi.force_redirect%3D0+%ADd+disable_functions%3D\"\"+%ADd+allow_url_include%3D1+%ADd+auto_prepend_file%3Dphp://input HTTP/1.1" 404 16913 "-" "Mozilla/5.0 (l9scan/2.0.4333e22323e21333e24363; +https://leakix.net)"
159.65.144.72 - - [15/Jan/2026:19:38:29 +0000] "GET /about HTTP/1.1" 404 16913 "-" "Mozilla/5.0 (l9scan/2.0.4333e22323e21333e24363; +https://leakix.net)"
159.65.144.72 - - [15/Jan/2026:19:38:31 +0000] "GET /debug/default/view?panel=config HTTP/1.1" 404 16911 "-" "Mozilla/5.0 (l9scan/2.0.4333e22323e21333e24363; +https://leakix.net)"
159.65.144.72 - - [15/Jan/2026:19:38:36 +0000] "GET /ecp/Current/exporttool/microsoft.exchange.ediscovery.exporttool.application HTTP/1.1" 404 16913 "-" "Mozilla/5.0 (l9scan/2.0.4333e22323e21333e24363; +https://leakix.net)"
159.65.144.72 - - [15/Jan/2026:19:38:40 +0000] "GET /login.action HTTP/1.1" 404 16905 "-" "Mozilla/5.0 (l9scan/2.0.4333e22323e21333e24363; +https://leakix.net)"
159.65.144.72 - - [15/Jan/2026:19:38:46 +0000] "GET /.env HTTP/1.1" 404 16913 "-" "Mozilla/5.0 (l9scan/2.0.4333e22323e21333e24363; +https://leakix.net)"
159.65.144.72 - - [15/Jan/2026:19:38:49 +0000] "GET /.git/config HTTP/1.1" 403 1242 "-" "Mozilla/5.0 (l9scan/2.0.4333e22323e21333e24363; +https://leakix.net)"
159.65.144.72 - - [15/Jan/2026:19:38:50 +0000] "GET /s/4333e22323e21333e24363/_/;/META-INF/maven/com.atlassian.jira/jira-webapp-dist/pom.properties HTTP/1.1" 404 16904 "-" "Mozilla/5.0 (l9scan/2.0.4333e22323e21333e24363; +https://leakix.net)"
159.65.144.72 - - [15/Jan/2026:19:38:57 +0000] "GET /?rest_route=/wp/v2/users/ HTTP/1.1" 401 112 "-" "Mozilla/5.0 (l9scan/2.0.4333e22323e21333e24363; +https://leakix.net)"
195.86.24.111 - - [15/Jan/2026:20:54:46 +0000] "GET / HTTP/1.1" 200 221293 "-" "Mozilla/5.0"
202.43.110.64 - - [15/Jan/2026:20:55:55 +0000] "POST /xmlrpc.php HTTP/1.1" 503 18952 "-" "Mozilla/5.0 (Windows NT 6.1) AppleWebKit/537.36 (KHTML, like Gecko) Chrome/65.0.3325.181 Safari/537.36"
81.88.52.201 - - [15/Jan/2026:20:56:11 +0000] "POST /xmlrpc.php HTTP/1.1" 503 18952 "-" "Mozilla/5.0 (Windows NT 6.3; Win64; x64) AppleWebKit/537.36 (KHTML, like Gecko) Chrome/65.0.3325.181 Safari/537.36"
185.213.27.160 - - [15/Jan/2026:20:56:18 +0000] "POST /xmlrpc.php HTTP/1.1" 503 18952 "-" "Mozilla/4.0 (compatible; MSIE 7.0; Windows NT 6.1; Win64; x64; Trident/7.0; .NET CLR 2.0.50727; SLCC2; .NET CLR 3.5.30729; .NET CLR 3.0.30729; Media Center PC 6.0; .NET4.0C; .NET4.0E; InfoPath.3; Tablet PC 2.0)"
193.202.110.20 - - [15/Jan/2026:20:56:23 +0000] "POST /xmlrpc.php HTTP/1.1" 503 18952 "-" "Mozilla/5.0 (Windows NT 10.0; Win64; x64) AppleWebKit/537.36 (KHTML, like Gecko) Chrome/63.0.3239.108 Safari/537.36 OPR/50.0.2762.45"
202.43.110.64 - - [15/Jan/2026:20:56:36 +0000] "POST /xmlrpc.php HTTP/1.1" 503 18039 "-" "Mozilla/5.0 (Windows NT 6.0; Win64; x64) AppleWebKit/537.36 (KHTML, like Gecko) Chrome/58.0.3029.110 Safari/537.36 Edge/16.16299"
64.31.22.34 - - [15/Jan/2026:20:56:43 +0000] "POST /wp-cron.php?doing_wp_cron=1768510603.1138710975646972656250 HTTP/1.1" 200 0 "-" "WordPress/6.9; https://cross-culture.coach"
192.64.112.17 - - [15/Jan/2026:20:56:55 +0000] "POST /xmlrpc.php HTTP/1.1" 503 18952 "-" "Mozilla/5.0 (Windows NT 10.0; WOW64; rv:61.0) Gecko/20100101 Firefox/61.0"
64.31.22.34 - - [15/Jan/2026:21:02:34 +0000] "POST /wp-cron.php?doing_wp_cron=1768510954.7940208911895751953125 HTTP/1.1" 200 0 "-" "WordPress/6.9; https://cross-culture.coach"
204.12.252.98 - - [15/Jan/2026:21:02:33 +0000] "GET /wp-includes/xc23336/edit.php HTTP/1.1" 404 14800 "https://cross-culture.coach/wp-includes/xc23336/edit.php" "Mozilla/5.0 (Windows NT 10.0; Win64; x64) AppleWebKit/537.36 (KHTML, like Gecko) Chrome/58.0.3029.110 Safari/537.3"
64.31.22.34 - - [15/Jan/2026:21:25:37 +0000] "POST /wp-cron.php?doing_wp_cron=1768512337.3789300918579101562500 HTTP/1.1" 200 0 "-" "WordPress/6.9; https://cross-culture.coach"
64.31.22.34 - - [15/Jan/2026:21:32:52 +0000] "POST /wp-cron.php?doing_wp_cron=1768512772.7833559513092041015625 HTTP/1.1" 200 0 "-" "WordPress/6.9; https://cross-culture.coach"
95.85.238.3 - - [15/Jan/2026:21:44:10 +0000] "GET /wp-login.php HTTP/1.1" 200 6229 "-" "Mozilla/5.0 (Macintosh; Intel Mac OS X 10.8; rv:30.0) Gecko/20100101 Firefox/30.0"
95.85.238.3 - - [15/Jan/2026:21:44:12 +0000] "POST /wp-login.php HTTP/1.1" 503 18952 "-" "Mozilla/5.0 (Macintosh; Intel Mac OS X 10.8; rv:30.0) Gecko/20100101 Firefox/30.0"
64.31.22.34 - - [15/Jan/2026:21:49:48 +0000] "POST /wp-cron.php?doing_wp_cron=1768513788.3872671127319335937500 HTTP/1.1" 200 0 "-" "WordPress/6.9; https://cross-culture.coach"
204.12.252.98 - - [15/Jan/2026:21:49:47 +0000] "GET /wp-includes/xc23336/edit.php HTTP/1.1" 404 14802 "https://cross-culture.coach/wp-includes/xc23336/edit.php" "Mozilla/5.0 (Windows NT 10.0; Win64; x64) AppleWebKit/537.36 (KHTML, like Gecko) Chrome/58.0.3029.110 Safari/537.3"
64.31.22.34 - - [15/Jan/2026:22:01:56 +0000] "POST /wp-cron.php?doing_wp_cron=1768514516.7560000419616699218750 HTTP/1.1" 200 0 "-" "WordPress/6.9; https://cross-culture.coach"
185.102.115.27 - - [15/Jan/2026:22:01:55 +0000] "GET /wp-login.php HTTP/1.1" 200 6229 "-" "Mozilla/5.0 (Windows NT 6.1) AppleWebKit/537.36 (KHTML, like Gecko) Chrome/36.0.1985.125 Safari/537.36"
185.102.115.27 - - [15/Jan/2026:22:01:57 +0000] "POST /wp-login.php HTTP/1.1" 503 18952 "-" "Mozilla/5.0 (Windows NT 6.1) AppleWebKit/537.36 (KHTML, like Gecko) Chrome/36.0.1985.125 Safari/537.36"
64.31.22.34 - - [15/Jan/2026:20:41:19 +0000] "POST /wp-cron.php?doing_wp_cron=1768509679.9311459064483642578125 HTTP/1.1" 200 0 "-" "WordPress/6.9; https://cross-culture.coach"
204.12.252.98 - - [15/Jan/2026:20:41:18 +0000] "GET /wp-includes/xc23336/edit.php HTTP/1.1" 404 14799 "https://cross-culture.coach/wp-includes/xc23336/edit.php" "Mozilla/5.0 (Windows NT 10.0; Win64; x64) AppleWebKit/537.36 (KHTML, like Gecko) Chrome/58.0.3029.110 Safari/537.3"
64.31.22.34 - - [15/Jan/2026:20:54:48 +0000] "POST /wp-cron.php?doing_wp_cron=1768510488.2816550731658935546875 HTTP/1.1" 200 0 "-" "WordPress/6.9; https://cross-culture.coach"
68.183.24.180 - - [15/Jan/2026:20:56:07 +0000] "POST /xmlrpc.php HTTP/1.1" 503 18952 "-" "Mozilla/4.0 (compatible; MSIE 7.0; Windows NT 6.2; WOW64; Trident/7.0; .NET4.0C; .NET4.0E; .NET CLR 2.0.50727; .NET CLR 3.0.30729; .NET CLR 3.5.30729; Zoom 3.6.0)"
163.61.182.29 - - [15/Jan/2026:20:56:22 +0000] "POST /xmlrpc.php HTTP/1.1" 503 18952 "-" "Mozilla/5.0 (Windows NT 10.0; WOW64; Trident/7.0; Touch; ASU2JS; rv:11.0) like Gecko"
64.31.22.34 - - [15/Jan/2026:20:56:42 +0000] "POST /?wordfence_syncAttackData=1768510602.4345 HTTP/1.1" 200 0 "-" "WordPress/6.9; https://cross-culture.coach"
115.144.198.95 - - [15/Jan/2026:20:56:41 +0000] "POST /xmlrpc.php HTTP/1.1" 503 18952 "-" "Mozilla/5.0 (Windows NT 6.3; WOW64; Trident/7.0; Touch; MASAJS; rv:11.0) like Gecko"
123.187.240.242 - - [15/Jan/2026:21:00:04 +0000] "GET / HTTP/1.1" 200 36653 "http://www.cross-culture.coach" "Mozilla/5.0 (iPhone; CPU iPhone OS 13_2_3 like Mac OS X) AppleWebKit/605.1.15 (KHTML, like Gecko) Version/13.0.3 Mobile/15E148 Safari/604.1"
156.245.246.168 - - [15/Jan/2026:21:25:36 +0000] "GET /index.php?rest_route=/wp/v2/posts&per_page=100&_fields=id%2Ccomment_status&page=1 HTTP/1.1" 200 246 "https://cross-culture.coach.bms69.com" "Mozilla/5.0 (iPhone; CPU iPhone OS 18_3_2 like Mac OS X) AppleWebKit/605.1.15 (KHTML, like Gecko) Version/18.3.1 Mobile/15E148 Safari/604.1"
156.245.246.168 - - [15/Jan/2026:21:25:37 +0000] "POST /wp-comments-post.php HTTP/1.1" 302 0 "https://cross-culture.coach.bms69.com" "Mozilla/5.0 (iPhone; CPU iPhone OS 18_3_2 like Mac OS X) AppleWebKit/605.1.15 (KHTML, like Gecko) Version/18.3.1 Mobile/15E148 Safari/604.1"
185.102.115.5 - - [15/Jan/2026:21:32:51 +0000] "GET /wp-login.php HTTP/1.1" 200 6229 "-" "Mozilla/5.0 (Windows NT 6.3; WOW64) AppleWebKit/537.36 (KHTML, like Gecko) Chrome/36.0.1985.143 Safari/537.36"
185.102.115.5 - - [15/Jan/2026:21:32:53 +0000] "POST /wp-login.php HTTP/1.1" 503 18952 "-" "Mozilla/5.0 (Windows NT 6.3; WOW64) AppleWebKit/537.36 (KHTML, like Gecko) Chrome/36.0.1985.143 Safari/537.36"
64.31.22.34 - - [15/Jan/2026:21:44:11 +0000] "POST /wp-cron.php?doing_wp_cron=1768513451.6034579277038574218750 HTTP/1.1" 200 0 "-" "WordPress/6.9; https://cross-culture.coach"
64.31.22.34 - - [15/Jan/2026:22:03:14 +0000] "POST /wp-cron.php?doing_wp_cron=1768514594.1261730194091796875000 HTTP/1.1" 200 0 "-" "WordPress/6.9; https://cross-culture.coach"
66.249.66.3 - - [15/Jan/2026:22:03:13 +0000] "GET /U00e0-Charniu00e8re-Moule-U00e0-Cake-Moule-U00e0-Kouglof-1194607 HTTP/1.1" 404 14801 "-" "Mozilla/5.0 (Linux; Android 6.0.1; Nexus 5X Build/MMB29P) AppleWebKit/537.36 (KHTML, like Gecko) Chrome/143.0.7499.192 Mobile Safari/537.36 (compatible; GoogleOther)"
192.30.89.67 - - [15/Jan/2026:22:08:58 +0000] "GET /ququos HTTP/2" 404 82859 "-" "Mozilla/5.0 (Windows NT 10.0; Win64; x64) AppleWebKit/537.36 (KHTML, like Gecko) Chrome/127.0.0.0 Safari/537.36"
95.85.238.20 - - [15/Jan/2026:22:10:59 +0000] "GET /wp-login.php HTTP/1.1" 200 6229 "-" "Mozilla/5.0 (Macintosh; Intel Mac OS X 10_9_2) AppleWebKit/537.36 (KHTML, like Gecko) Chrome/35.0.1916.153 Safari/537.36"
95.85.238.20 - - [15/Jan/2026:22:11:00 +0000] "POST /wp-login.php HTTP/1.1" 503 18952 "-" "Mozilla/5.0 (Macintosh; Intel Mac OS X 10_9_2) AppleWebKit/537.36 (KHTML, like Gecko) Chrome/35.0.1916.153 Safari/537.36"
66.249.66.169 - - [15/Jan/2026:22:04:35 +0000] "GET /U00e0-Charniu00e8re-Moule-U00e0-Cake-Moule-U00e0-Kouglof-1194607 HTTP/1.1" 404 14801 "-" "Mozilla/5.0 (Linux; Android 6.0.1; Nexus 5X Build/MMB29P) AppleWebKit/537.36 (KHTML, like Gecko) Chrome/143.0.7499.192 Mobile Safari/537.36 (compatible; Googlebot/2.1; +http://www.google.com/bot.html)"
64.31.22.34 - - [15/Jan/2026:22:08:59 +0000] "POST /wp-cron.php?doing_wp_cron=1768514939.5008308887481689453125 HTTP/1.1" 200 0 "-" "WordPress/6.9; https://cross-culture.coach"
192.30.89.67 - - [15/Jan/2026:22:09:01 +0000] "GET /wp-login.php HTTP/2" 200 6229 "https://cross-culture.coach" "Mozilla/5.0 (Windows NT 10.0; Win64; x64) AppleWebKit/537.36 (KHTML, like Gecko) Chrome/127.0.0.0 Safari/537.36"
192.30.89.67 - - [15/Jan/2026:22:09:03 +0000] "GET /wp-login.php HTTP/2" 200 6229 "https://cross-culture.coach" "Mozilla/5.0 (Windows NT 10.0; Win64; x64) AppleWebKit/537.36 (KHTML, like Gecko) Chrome/127.0.0.0 Safari/537.36"
192.30.89.67 - - [15/Jan/2026:22:09:05 +0000] "POST /wp-login.php HTTP/2" 200 6914 "https://cross-culture.coach" "Mozilla/5.0 (Windows NT 10.0; Win64; x64) AppleWebKit/537.36 (KHTML, like Gecko) Chrome/127.0.0.0 Safari/537.36"
64.31.22.34 - - [15/Jan/2026:22:16:56 +0000] "POST /wp-cron.php?doing_wp_cron=1768515416.6473340988159179687500 HTTP/1.1" 200 0 "-" "WordPress/6.9; https://cross-culture.coach"
204.12.252.98 - - [15/Jan/2026:22:45:04 +0000] "GET /wp-includes/xc23336/edit.php HTTP/1.1" 404 14802 "https://cross-culture.coach/wp-includes/xc23336/edit.php" "Mozilla/5.0 (Windows NT 10.0; Win64; x64) AppleWebKit/537.36 (KHTML, like Gecko) Chrome/58.0.3029.110 Safari/537.3"
204.12.252.98 - - [15/Jan/2026:22:16:55 +0000] "GET /wp-includes/xc23336/edit.php HTTP/1.1" 404 14802 "https://cross-culture.coach/wp-includes/xc23336/edit.php" "Mozilla/5.0 (Windows NT 10.0; Win64; x64) AppleWebKit/537.36 (KHTML, like Gecko) Chrome/58.0.3029.110 Safari/537.3"
64.31.22.34 - - [15/Jan/2026:22:45:05 +0000] "POST /wp-cron.php?doing_wp_cron=1768517105.6693849563598632812500 HTTP/1.1" 200 0 "-" "WordPress/6.9; https://cross-culture.coach"
66.249.66.169 - - [15/Jan/2026:23:36:45 +0000] "GET /U00e0-Charniu00e8re-Moule-U00e0-Cake-Moule-U00e0-Kouglof-1194607 HTTP/1.1" 404 14801 "-" "Mozilla/5.0 (Linux; Android 6.0.1; Nexus 5X Build/MMB29P) AppleWebKit/537.36 (KHTML, like Gecko) Chrome/143.0.7499.192 Mobile Safari/537.36 (compatible; GoogleOther)"
66.249.66.67 - - [15/Jan/2026:23:39:49 +0000] "GET /U00e0-Charniu00e8re-Moule-U00e0-Cake-Moule-U00e0-Kouglof-1194607 HTTP/1.1" 404 14802 "-" "Mozilla/5.0 (Linux; Android 6.0.1; Nexus 5X Build/MMB29P) AppleWebKit/537.36 (KHTML, like Gecko) Chrome/143.0.7499.192 Mobile Safari/537.36 (compatible; Googlebot/2.1; +http://www.google.com/bot.html)"
64.31.22.34 - - [15/Jan/2026:23:43:59 +0000] "POST /wp-cron.php?doing_wp_cron=1768520639.2594048976898193359375 HTTP/1.1" 200 0 "-" "WordPress/6.9; https://cross-culture.coach"
185.102.115.5 - - [15/Jan/2026:23:43:58 +0000] "GET /wp-login.php HTTP/1.1" 200 6229 "-" "Mozilla/5.0 (Windows NT 6.1; WOW64) AppleWebKit/537.36 (KHTML, like Gecko) Chrome/35.0.1916.153 Safari/537.36"
185.102.115.5 - - [15/Jan/2026:23:43:59 +0000] "POST /wp-login.php HTTP/1.1" 503 18952 "-" "Mozilla/5.0 (Windows NT 6.1; WOW64) AppleWebKit/537.36 (KHTML, like Gecko) Chrome/35.0.1916.153 Safari/537.36"
43.135.134.127 - - [15/Jan/2026:23:56:08 +0000] "GET / HTTP/1.1" 200 36655 "http://www.cross-culture.coach" "Mozilla/5.0 (iPhone; CPU iPhone OS 13_2_3 like Mac OS X) AppleWebKit/605.1.15 (KHTML, like Gecko) Version/13.0.3 Mobile/15E148 Safari/604.1"
64.31.22.34 - - [15/Jan/2026:23:18:55 +0000] "POST /wp-cron.php?doing_wp_cron=1768519135.7059218883514404296875 HTTP/1.1" 200 0 "-" "WordPress/6.9; https://cross-culture.coach"
185.102.115.5 - - [15/Jan/2026:23:18:54 +0000] "GET /wp-login.php HTTP/1.1" 200 6229 "-" "Mozilla/5.0 (Macintosh; Intel Mac OS X 10_8_5) AppleWebKit/537.36 (KHTML, like Gecko) Chrome/36.0.1985.125 Safari/537.36"
185.102.115.5 - - [15/Jan/2026:23:18:56 +0000] "POST /wp-login.php HTTP/1.1" 503 18952 "-" "Mozilla/5.0 (Macintosh; Intel Mac OS X 10_8_5) AppleWebKit/537.36 (KHTML, like Gecko) Chrome/36.0.1985.125 Safari/537.36"
64.31.22.34 - - [15/Jan/2026:23:36:46 +0000] "POST /wp-cron.php?doing_wp_cron=1768520206.8058559894561767578125 HTTP/1.1" 200 0 "-" "WordPress/6.9; https://cross-culture.coach"
64.31.22.34 - - [15/Jan/2026:23:39:50 +0000] "POST /wp-cron.php?doing_wp_cron=1768520390.4256210327148437500000 HTTP/1.1" 200 0 "-" "WordPress/6.9; https://cross-culture.coach"
64.31.22.34 - - [16/Jan/2026:00:38:50 +0000] "POST /wp-cron.php?doing_wp_cron=1768523930.7691099643707275390625 HTTP/1.1" 200 0 "-" "WordPress/6.9; https://cross-culture.coach"
64.31.22.34 - - [16/Jan/2026:00:44:26 +0000] "POST /wp-cron.php?doing_wp_cron=1768524266.1237239837646484375000 HTTP/1.1" 200 0 "-" "WordPress/6.9; https://cross-culture.coach"
2a06:98c0:3600::103 - - [16/Jan/2026:00:44:24 +0000] "GET / HTTP/2" 200 31019 "-" "Mozilla/5.0 (Windows NT 10.0; Win64; x64) AppleWebKit/537.36 (KHTML, like Gecko) Chrome/120.0.0.0 Safari/537.36"
64.31.22.34 - - [16/Jan/2026:00:28:31 +0000] "POST /wp-cron.php?doing_wp_cron=1768523311.4157450199127197265625 HTTP/1.1" 200 0 "-" "WordPress/6.9; https://cross-culture.coach"
189.37.75.178 - - [16/Jan/2026:00:28:28 +0000] "POST /xmlrpc.php HTTP/1.1" 200 403 "-" "Mozilla/5.0 (Windows NT 10.0; x86) AppleWebKit/537.36 (KHTML, like Gecko) Chrome/101.0.0.0 Safari/537.36"
204.12.252.98 - - [16/Jan/2026:00:38:49 +0000] "GET /wp-includes/xc23336/edit.php HTTP/1.1" 404 14804 "https://cross-culture.coach/wp-includes/xc23336/edit.php" "Mozilla/5.0 (Windows NT 10.0; Win64; x64) AppleWebKit/537.36 (KHTML, like Gecko) Chrome/58.0.3029.110 Safari/537.3"
64.31.22.34 - - [16/Jan/2026:01:26:59 +0000] "POST /wp-cron.php?doing_wp_cron=1768526819.2771239280700683593750 HTTP/1.1" 200 0 "-" "WordPress/6.9; https://cross-culture.coach"
104.233.16.199 - - [16/Jan/2026:01:36:18 +0000] "GET /wp-login.php HTTP/2" 200 1908 "https://cross-culture.coach/wp-login.php" "Mozilla/5.0 (Windows NT 10.0; Win64; x64) AppleWebKit/537.36 (KHTML, like Gecko) Chrome/131.0.6778.205 Safari/537.36"
104.233.16.199 - - [16/Jan/2026:01:36:20 +0000] "POST /wp-login.php HTTP/2" 200 2035 "https://cross-culture.coach/wp-login.php" "Mozilla/5.0 (Windows NT 10.0; Win64; x64) AppleWebKit/537.36 (KHTML, like Gecko) Chrome/131.0.6778.205 Safari/537.36"
185.102.115.142 - - [16/Jan/2026:01:50:23 +0000] "GET /wp-login.php HTTP/1.1" 200 6229 "-" "Mozilla/5.0 (Macintosh; Intel Mac OS X 10_10) AppleWebKit/600.1.3 (KHTML, like Gecko) Version/8.0 Safari/600.1.3"
185.102.115.142 - - [16/Jan/2026:01:50:27 +0000] "POST /wp-login.php HTTP/1.1" 503 18950 "-" "Mozilla/5.0 (Macintosh; Intel Mac OS X 10_10) AppleWebKit/600.1.3 (KHTML, like Gecko) Version/8.0 Safari/600.1.3"
83.217.208.113 - - [16/Jan/2026:01:26:56 +0000] "GET /wp-login.php HTTP/1.1" 200 6229 "-" "Mozilla/5.0 (Macintosh; Intel Mac OS X 10_10) AppleWebKit/600.1.3 (KHTML, like Gecko) Version/8.0 Safari/600.1.3"
83.217.208.113 - - [16/Jan/2026:01:27:00 +0000] "POST /wp-login.php HTTP/1.1" 503 18950 "-" "Mozilla/5.0 (Macintosh; Intel Mac OS X 10_10) AppleWebKit/600.1.3 (KHTML, like Gecko) Version/8.0 Safari/600.1.3"
64.31.22.34 - - [16/Jan/2026:01:36:19 +0000] "POST /wp-cron.php?doing_wp_cron=1768527379.2595689296722412109375 HTTP/1.1" 200 0 "-" "WordPress/6.9; https://cross-culture.coach"
64.31.22.34 - - [16/Jan/2026:01:50:26 +0000] "POST /wp-cron.php?doing_wp_cron=1768528226.5727670192718505859375 HTTP/1.1" 200 0 "-" "WordPress/6.9; https://cross-culture.coach"
64.31.22.34 - - [16/Jan/2026:01:53:47 +0000] "POST /wp-cron.php?doing_wp_cron=1768528427.0850191116333007812500 HTTP/1.1" 200 0 "-" "WordPress/6.9; https://cross-culture.coach"
45.114.12.228 - - [16/Jan/2026:01:53:46 +0000] "GET /wp-login.php HTTP/2" 200 1908 "https://cross-culture.coach/wp-login.php" "Mozilla/5.0 (Windows NT 10.0; Win64; x64) AppleWebKit/537.36 (KHTML, like Gecko) Chrome/103.0.5060.134 Safari/537.36"
45.114.12.228 - - [16/Jan/2026:01:53:47 +0000] "POST /wp-login.php HTTP/2" 200 2207 "https://cross-culture.coach/wp-login.php" "Mozilla/5.0 (Windows NT 10.0; Win64; x64) AppleWebKit/537.36 (KHTML, like Gecko) Chrome/103.0.5060.134 Safari/537.36"
204.12.252.98 - - [16/Jan/2026:02:29:16 +0000] "GET /wp-includes/xc23336/edit.php HTTP/1.1" 404 14800 "https://cross-culture.coach/wp-includes/xc23336/edit.php" "Mozilla/5.0 (Windows NT 10.0; Win64; x64) AppleWebKit/537.36 (KHTML, like Gecko) Chrome/58.0.3029.110 Safari/537.3"
64.31.22.34 - - [16/Jan/2026:02:33:55 +0000] "POST /wp-cron.php?doing_wp_cron=1768530835.0771460533142089843750 HTTP/1.1" 200 0 "-" "WordPress/6.9; https://cross-culture.coach"
108.165.181.226 - - [16/Jan/2026:02:33:53 +0000] "GET /wp-login.php HTTP/2" 200 1908 "https://cross-culture.coach/wp-login.php" "Mozilla/5.0 (Windows NT 10.0; Win64; x64) AppleWebKit/537.36 (KHTML, like Gecko) Chrome/117.0.5938.132 Safari/537.36"
108.165.181.226 - - [16/Jan/2026:02:33:56 +0000] "POST /wp-login.php HTTP/2" 200 2207 "https://cross-culture.coach/wp-login.php" "Mozilla/5.0 (Windows NT 10.0; Win64; x64) AppleWebKit/537.36 (KHTML, like Gecko) Chrome/117.0.5938.132 Safari/537.36"
34.72.176.129 - - [16/Jan/2026:02:38:53 +0000] "GET / HTTP/2" 200 31021 "-" "Mozilla/5.0 (X11; Linux x86_64) AppleWebKit/537.36 (KHTML, like Gecko) Chrome/125.0.0.0 Safari/537.36"
34.72.176.129 - - [16/Jan/2026:02:38:55 +0000] "GET /wp-content/themes/hello-elementor/assets/css/reset.css?ver=3.4.5 HTTP/2" 200 1581 "https://cross-culture.coach/" "Mozilla/5.0 (X11; Linux x86_64) AppleWebKit/537.36 (KHTML, like Gecko) Chrome/125.0.0.0 Safari/537.36"
34.72.176.129 - - [16/Jan/2026:02:38:55 +0000] "GET /wp-content/themes/hello-elementor/assets/css/theme.css?ver=3.4.5 HTTP/2" 200 1126 "https://cross-culture.coach/" "Mozilla/5.0 (X11; Linux x86_64) AppleWebKit/537.36 (KHTML, like Gecko) Chrome/125.0.0.0 Safari/537.36"
34.72.176.129 - - [16/Jan/2026:02:38:55 +0000] "GET /wp-content/themes/hello-elementor/assets/css/header-footer.css?ver=3.4.5 HTTP/2" 200 1261 "https://cross-culture.coach/" "Mozilla/5.0 (X11; Linux x86_64) AppleWebKit/537.36 (KHTML, like Gecko) Chrome/125.0.0.0 Safari/537.36"
34.72.176.129 - - [16/Jan/2026:02:38:55 +0000] "GET /wp-content/plugins/elementor/assets/css/frontend.min.css?ver=3.33.2 HTTP/2" 200 6536 "https://cross-culture.coach/" "Mozilla/5.0 (X11; Linux x86_64) AppleWebKit/537.36 (KHTML, like Gecko) Chrome/125.0.0.0 Safari/537.36"
34.72.176.129 - - [16/Jan/2026:02:38:55 +0000] "GET /wp-content/plugins/elementor/assets/css/widget-icon-list.min.css?ver=3.33.2 HTTP/2" 200 938 "https://cross-culture.coach/" "Mozilla/5.0 (X11; Linux x86_64) AppleWebKit/537.36 (KHTML, like Gecko) Chrome/125.0.0.0 Safari/537.36"
34.72.176.129 - - [16/Jan/2026:02:38:55 +0000] "GET /wp-content/plugins/elementor/assets/css/widget-social-icons.min.css?ver=3.33.2 HTTP/2" 200 1039 "https://cross-culture.coach/" "Mozilla/5.0 (X11; Linux x86_64) AppleWebKit/537.36 (KHTML, like Gecko) Chrome/125.0.0.0 Safari/537.36"
34.72.176.129 - - [16/Jan/2026:02:38:55 +0000] "GET /wp-content/plugins/elementor/assets/css/conditionals/apple-webkit.min.css?ver=3.33.2 HTTP/2" 200 472 "https://cross-culture.coach/" "Mozilla/5.0 (X11; Linux x86_64) AppleWebKit/537.36 (KHTML, like Gecko) Chrome/125.0.0.0 Safari/537.36"
34.72.176.129 - - [16/Jan/2026:02:38:55 +0000] "GET /wp-content/plugins/elementor/assets/css/widget-image.min.css?ver=3.33.2 HTTP/2" 200 96 "https://cross-culture.coach/" "Mozilla/5.0 (X11; Linux x86_64) AppleWebKit/537.36 (KHTML, like Gecko) Chrome/125.0.0.0 Safari/537.36"
34.72.176.129 - - [16/Jan/2026:02:38:55 +0000] "GET /wp-content/plugins/elementor-pro/assets/css/widget-nav-menu.min.css?ver=3.33.1 HTTP/2" 200 3244 "https://cross-culture.coach/" "Mozilla/5.0 (X11; Linux x86_64) AppleWebKit/537.36 (KHTML, like Gecko) Chrome/125.0.0.0 Safari/537.36"
34.72.176.129 - - [16/Jan/2026:02:38:55 +0000] "GET /wp-content/plugins/elementor/assets/css/widget-heading.min.css?ver=3.33.2 HTTP/2" 200 126 "https://cross-culture.coach/" "Mozilla/5.0 (X11; Linux x86_64) AppleWebKit/537.36 (KHTML, like Gecko) Chrome/125.0.0.0 Safari/537.36"
34.72.176.129 - - [16/Jan/2026:02:38:55 +0000] "GET /wp-content/plugins/elementor/assets/lib/animations/styles/zoomIn.min.css?ver=3.33.2 HTTP/2" 200 106 "https://cross-culture.coach/" "Mozilla/5.0 (X11; Linux x86_64) AppleWebKit/537.36 (KHTML, like Gecko) Chrome/125.0.0.0 Safari/537.36"
34.72.176.129 - - [16/Jan/2026:02:38:55 +0000] "GET /wp-content/plugins/elementor/assets/lib/animations/styles/fadeIn.min.css?ver=3.33.2 HTTP/2" 200 77 "https://cross-culture.coach/" "Mozilla/5.0 (X11; Linux x86_64) AppleWebKit/537.36 (KHTML, like Gecko) Chrome/125.0.0.0 Safari/537.36"
34.72.176.129 - - [16/Jan/2026:02:38:55 +0000] "GET /wp-content/plugins/elementor/assets/css/widget-divider.min.css?ver=3.33.2 HTTP/2" 200 678 "https://cross-culture.coach/" "Mozilla/5.0 (X11; Linux x86_64) AppleWebKit/537.36 (KHTML, like Gecko) Chrome/125.0.0.0 Safari/537.36"
34.72.176.129 - - [16/Jan/2026:02:38:55 +0000] "GET /wp-content/plugins/sticky-header-effects-for-elementor/assets/css/she-header-style.css?ver=2.1.4 HTTP/2" 200 737 "https://cross-culture.coach/" "Mozilla/5.0 (X11; Linux x86_64) AppleWebKit/537.36 (KHTML, like Gecko) Chrome/125.0.0.0 Safari/537.36"
34.72.176.129 - - [16/Jan/2026:02:38:55 +0000] "GET /wp-content/plugins/elementor/assets/lib/animations/styles/fadeInUp.min.css?ver=3.33.2 HTTP/2" 200 130 "https://cross-culture.coach/" "Mozilla/5.0 (X11; Linux x86_64) AppleWebKit/537.36 (KHTML, like Gecko) Chrome/125.0.0.0 Safari/537.36"
34.72.176.129 - - [16/Jan/2026:02:38:55 +0000] "GET /wp-content/plugins/elementor/assets/css/widget-video.min.css?ver=3.33.2 HTTP/2" 200 328 "https://cross-culture.coach/" "Mozilla/5.0 (X11; Linux x86_64) AppleWebKit/537.36 (KHTML, like Gecko) Chrome/125.0.0.0 Safari/537.36"
34.72.176.129 - - [16/Jan/2026:02:38:55 +0000] "GET /wp-content/plugins/elementor/assets/css/widget-spacer.min.css?ver=3.33.2 HTTP/2" 200 287 "https://cross-culture.coach/" "Mozilla/5.0 (X11; Linux x86_64) AppleWebKit/537.36 (KHTML, like Gecko) Chrome/125.0.0.0 Safari/537.36"
