74.7.227.5 - - [16/Jan/2026:02:07:35 +0000] "GET /vendor/symfony/dom-crawler/error_log HTTP/2" 403 1242 "https://www.jupiter.bms69.com/vendor/symfony/dom-crawler/" "Mozilla/5.0 AppleWebKit/537.36 (KHTML, like Gecko; compatible; GPTBot/1.3; +https://openai.com/gptbot)"
74.7.227.5 - - [16/Jan/2026:02:08:30 +0000] "GET /vendor/google/apiclient-services/src/BeyondCorp/GoogleIamV1SetIamPolicyRequest.php HTTP/2" 500 0 "https://www.jupiter.bms69.com/vendor/google/apiclient-services/src/BeyondCorp/" "Mozilla/5.0 AppleWebKit/537.36 (KHTML, like Gecko; compatible; GPTBot/1.3; +https://openai.com/gptbot)"
74.7.227.5 - - [16/Jan/2026:02:09:26 +0000] "GET /vendor/google/apiclient-services/src/BeyondCorp/CloudSecurityZerotrustApplinkAppConnectorProtoConnectorDetails.php HTTP/2" 500 0 "https://www.jupiter.bms69.com/vendor/google/apiclient-services/src/BeyondCorp/" "Mozilla/5.0 AppleWebKit/537.36 (KHTML, like Gecko; compatible; GPTBot/1.3; +https://openai.com/gptbot)"
74.7.227.5 - - [16/Jan/2026:02:10:31 +0000] "GET /vendor/google/apiclient-services/src/BeyondCorp/GoogleCloudBeyondcorpAppconnectorsV1alphaAppConnectorPrincipalInfoServiceAccount.php HTTP/2" 500 0 "https://www.jupiter.bms69.com/vendor/google/apiclient-services/src/BeyondCorp/" "Mozilla/5.0 AppleWebKit/537.36 (KHTML, like Gecko; compatible; GPTBot/1.3; +https://openai.com/gptbot)"
74.7.227.5 - - [16/Jan/2026:02:12:39 +0000] "GET /vendor/google/apiclient-services/src/BeyondCorp/GoogleCloudBeyondcorpAppconnectorsV1AppConnectorPrincipalInfo.php HTTP/2" 500 0 "https://www.jupiter.bms69.com/vendor/google/apiclient-services/src/BeyondCorp/" "Mozilla/5.0 AppleWebKit/537.36 (KHTML, like Gecko; compatible; GPTBot/1.3; +https://openai.com/gptbot)"
74.7.227.5 - - [16/Jan/2026:02:13:45 +0000] "GET /vendor/google/apiclient-services/src/BeyondCorp/GoogleCloudBeyondcorpNetconnectionsV1alphaNetConnectionOperationMetadata.php HTTP/2" 500 0 "https://www.jupiter.bms69.com/vendor/google/apiclient-services/src/BeyondCorp/" "Mozilla/5.0 AppleWebKit/537.36 (KHTML, like Gecko; compatible; GPTBot/1.3; +https://openai.com/gptbot)"
74.7.227.5 - - [16/Jan/2026:02:15:51 +0000] "GET /vendor/google/apiclient-services/src/BeyondCorp/GoogleCloudBeyondcorpAppconnectionsV1alphaAppConnectionApplicationEndpoint.php HTTP/2" 500 0 "https://www.jupiter.bms69.com/vendor/google/apiclient-services/src/BeyondCorp/" "Mozilla/5.0 AppleWebKit/537.36 (KHTML, like Gecko; compatible; GPTBot/1.3; +https://openai.com/gptbot)"
74.7.227.5 - - [16/Jan/2026:02:16:52 +0000] "GET /vendor/google/apiclient-services/src/BeyondCorp/GoogleCloudBeyondcorpConnectorsV1alphaConnectorOperationMetadata.php HTTP/2" 500 0 "https://www.jupiter.bms69.com/vendor/google/apiclient-services/src/BeyondCorp/" "Mozilla/5.0 AppleWebKit/537.36 (KHTML, like Gecko; compatible; GPTBot/1.3; +https://openai.com/gptbot)"
74.7.227.5 - - [16/Jan/2026:02:17:53 +0000] "GET /vendor/symfony/http-kernel/DependencyInjection/AddAnnotatedClassesToCachePass.php HTTP/2" 500 0 "https://www.jupiter.bms69.com/vendor/symfony/http-kernel/DependencyInjection/" "Mozilla/5.0 AppleWebKit/537.36 (KHTML, like Gecko; compatible; GPTBot/1.3; +https://openai.com/gptbot)"
74.7.227.5 - - [16/Jan/2026:02:18:57 +0000] "GET /vendor/google/apiclient-services/src/BeyondCorp/GoogleCloudBeyondcorpAppconnectorsV1ListAppConnectorsResponse.php HTTP/2" 500 0 "https://www.jupiter.bms69.com/vendor/google/apiclient-services/src/BeyondCorp/" "Mozilla/5.0 AppleWebKit/537.36 (KHTML, like Gecko; compatible; GPTBot/1.3; +https://openai.com/gptbot)"
74.7.227.5 - - [16/Jan/2026:02:20:00 +0000] "GET /vendor/google/apiclient-services/src/BeyondCorp/GoogleCloudBeyondcorpAppconnectorsV1alphaListAppConnectorsResponse.php HTTP/2" 500 0 "https://www.jupiter.bms69.com/vendor/google/apiclient-services/src/BeyondCorp/" "Mozilla/5.0 AppleWebKit/537.36 (KHTML, like Gecko; compatible; GPTBot/1.3; +https://openai.com/gptbot)"
74.7.227.5 - - [16/Jan/2026:02:05:32 +0000] "GET /vendor/illuminate/http/RedirectResponse.php HTTP/2" 500 0 "https://www.jupiter.bms69.com/vendor/illuminate/http/" "Mozilla/5.0 AppleWebKit/537.36 (KHTML, like Gecko; compatible; GPTBot/1.3; +https://openai.com/gptbot)"
74.7.227.5 - - [16/Jan/2026:02:06:30 +0000] "GET /vendor/symfony/http-kernel/DependencyInjection/ HTTP/2" 200 1344 "https://www.jupiter.bms69.com/vendor/symfony/http-kernel/" "Mozilla/5.0 AppleWebKit/537.36 (KHTML, like Gecko; compatible; GPTBot/1.3; +https://openai.com/gptbot)"
74.7.227.5 - - [16/Jan/2026:02:11:36 +0000] "GET /vendor/google/apiclient-services/src/BeyondCorp/GoogleCloudBeyondcorpAppconnectionsV1alphaAppConnectionGateway.php HTTP/2" 500 0 "https://www.jupiter.bms69.com/vendor/google/apiclient-services/src/BeyondCorp/" "Mozilla/5.0 AppleWebKit/537.36 (KHTML, like Gecko; compatible; GPTBot/1.3; +https://openai.com/gptbot)"
74.7.227.5 - - [16/Jan/2026:02:14:49 +0000] "GET /vendor/google/apiclient-services/src/BeyondCorp/GoogleCloudBeyondcorpAppconnectorsV1alphaAppConnectorInstanceConfig.php HTTP/2" 500 0 "https://www.jupiter.bms69.com/vendor/google/apiclient-services/src/BeyondCorp/" "Mozilla/5.0 AppleWebKit/537.36 (KHTML, like Gecko; compatible; GPTBot/1.3; +https://openai.com/gptbot)"
74.7.227.5 - - [16/Jan/2026:02:21:03 +0000] "GET /vendor/google/apiclient-services/src/BeyondCorp/GoogleCloudBeyondcorpAppconnectorsV1AppConnectorInstanceConfig.php HTTP/2" 500 0 "https://www.jupiter.bms69.com/vendor/google/apiclient-services/src/BeyondCorp/" "Mozilla/5.0 AppleWebKit/537.36 (KHTML, like Gecko; compatible; GPTBot/1.3; +https://openai.com/gptbot)"
74.7.227.5 - - [16/Jan/2026:02:22:05 +0000] "GET /vendor/google/apiclient-services/src/BeyondCorp/GoogleCloudBeyondcorpAppconnectionsV1alphaAppConnectionOperationMetadata.php HTTP/2" 500 0 "https://www.jupiter.bms69.com/vendor/google/apiclient-services/src/BeyondCorp/" "Mozilla/5.0 AppleWebKit/537.36 (KHTML, like Gecko; compatible; GPTBot/1.3; +https://openai.com/gptbot)"
74.7.227.5 - - [16/Jan/2026:02:23:11 +0000] "GET /vendor/google/apiclient-services/src/BeyondCorp/GoogleCloudBeyondcorpAppconnectorsV1alphaAppConnectorOperationMetadata.php HTTP/2" 500 0 "https://www.jupiter.bms69.com/vendor/google/apiclient-services/src/BeyondCorp/" "Mozilla/5.0 AppleWebKit/537.36 (KHTML, like Gecko; compatible; GPTBot/1.3; +https://openai.com/gptbot)"
74.7.227.5 - - [16/Jan/2026:02:24:11 +0000] "GET /vendor/google/apiclient-services/src/BeyondCorp/GoogleCloudBeyondcorpAppconnectorsV1AppConnectorOperationMetadata.php HTTP/2" 500 0 "https://www.jupiter.bms69.com/vendor/google/apiclient-services/src/BeyondCorp/" "Mozilla/5.0 AppleWebKit/537.36 (KHTML, like Gecko; compatible; GPTBot/1.3; +https://openai.com/gptbot)"
74.7.227.5 - - [16/Jan/2026:02:28:28 +0000] "GET /vendor/google/apiclient-services/src/BeyondCorp/CloudSecurityZerotrustApplinkAppConnectorProtoConnectionConfig.php HTTP/2" 500 0 "https://www.jupiter.bms69.com/vendor/google/apiclient-services/src/BeyondCorp/" "Mozilla/5.0 AppleWebKit/537.36 (KHTML, like Gecko; compatible; GPTBot/1.3; +https://openai.com/gptbot)"
74.7.227.5 - - [16/Jan/2026:02:31:36 +0000] "GET /vendor/google/apiclient-services/src/BeyondCorp/GoogleCloudBeyondcorpAppconnectorsV1alphaReportStatusRequest.php HTTP/2" 500 0 "https://www.jupiter.bms69.com/vendor/google/apiclient-services/src/BeyondCorp/" "Mozilla/5.0 AppleWebKit/537.36 (KHTML, like Gecko; compatible; GPTBot/1.3; +https://openai.com/gptbot)"
74.7.227.5 - - [16/Jan/2026:02:32:41 +0000] "GET /vendor/google/apiclient-services/src/BeyondCorp/GoogleCloudBeyondcorpAppgatewaysV1alphaAppGatewayOperationMetadata.php HTTP/2" 500 0 "https://www.jupiter.bms69.com/vendor/google/apiclient-services/src/BeyondCorp/" "Mozilla/5.0 AppleWebKit/537.36 (KHTML, like Gecko; compatible; GPTBot/1.3; +https://openai.com/gptbot)"
74.7.227.5 - - [16/Jan/2026:02:25:13 +0000] "GET /vendor/google/apiclient-services/src/BeyondCorp/GoogleCloudBeyondcorpAppconnectionsV1AppConnectionOperationMetadata.php HTTP/2" 500 0 "https://www.jupiter.bms69.com/vendor/google/apiclient-services/src/BeyondCorp/" "Mozilla/5.0 AppleWebKit/537.36 (KHTML, like Gecko; compatible; GPTBot/1.3; +https://openai.com/gptbot)"
74.7.227.5 - - [16/Jan/2026:02:26:18 +0000] "GET /vendor/google/apiclient-services/src/BeyondCorp/GoogleCloudBeyondcorpAppconnectorsV1alphaAppConnectorPrincipalInfo.php HTTP/2" 500 0 "https://www.jupiter.bms69.com/vendor/google/apiclient-services/src/BeyondCorp/" "Mozilla/5.0 AppleWebKit/537.36 (KHTML, like Gecko; compatible; GPTBot/1.3; +https://openai.com/gptbot)"
74.7.227.5 - - [16/Jan/2026:02:27:23 +0000] "GET /vendor/google/apiclient-services/src/BeyondCorp/GoogleCloudBeyondcorpAppconnectorsV1AppConnectorPrincipalInfoServiceAccount.php HTTP/2" 500 0 "https://www.jupiter.bms69.com/vendor/google/apiclient-services/src/BeyondCorp/" "Mozilla/5.0 AppleWebKit/537.36 (KHTML, like Gecko; compatible; GPTBot/1.3; +https://openai.com/gptbot)"
74.7.227.5 - - [16/Jan/2026:02:29:31 +0000] "GET /vendor/google/apiclient-services/src/BeyondCorp/GoogleCloudBeyondcorpAppconnectionsV1AppConnectionApplicationEndpoint.php HTTP/2" 500 0 "https://www.jupiter.bms69.com/vendor/google/apiclient-services/src/BeyondCorp/" "Mozilla/5.0 AppleWebKit/537.36 (KHTML, like Gecko; compatible; GPTBot/1.3; +https://openai.com/gptbot)"
74.7.227.5 - - [16/Jan/2026:02:30:32 +0000] "GET /vendor/google/apiclient-services/src/BeyondCorp/GoogleCloudBeyondcorpClientgatewaysV1alphaClientGatewayOperationMetadata.php HTTP/2" 500 0 "https://www.jupiter.bms69.com/vendor/google/apiclient-services/src/BeyondCorp/" "Mozilla/5.0 AppleWebKit/537.36 (KHTML, like Gecko; compatible; GPTBot/1.3; +https://openai.com/gptbot)"
216.73.216.2 - - [16/Jan/2026:02:36:40 +0000] "GET /robots.txt HTTP/2" 404 1251 "-" "Mozilla/5.0 AppleWebKit/537.36 (KHTML, like Gecko; compatible; ClaudeBot/1.0; +claudebot@anthropic.com)"
216.73.216.2 - - [16/Jan/2026:02:36:40 +0000] "GET /ui/theme/default/css/app.min.css HTTP/2" 200 112780 "-" "Mozilla/5.0 AppleWebKit/537.36 (KHTML, like Gecko; compatible; ClaudeBot/1.0; +claudebot@anthropic.com)"
216.73.216.2 - - [16/Jan/2026:02:36:41 +0000] "GET /install/step2.php HTTP/2" 200 1497 "-" "Mozilla/5.0 AppleWebKit/537.36 (KHTML, like Gecko; compatible; ClaudeBot/1.0; +claudebot@anthropic.com)"
74.7.227.5 - - [16/Jan/2026:02:36:49 +0000] "GET /vendor/google/apiclient-services/src/BeyondCorp/GoogleCloudBeyondcorpAppconnectorsV1alphaResolveInstanceConfigResponse.php HTTP/2" 500 0 "https://www.jupiter.bms69.com/vendor/google/apiclient-services/src/BeyondCorp/" "Mozilla/5.0 AppleWebKit/537.36 (KHTML, like Gecko; compatible; GPTBot/1.3; +https://openai.com/gptbot)"
216.73.216.2 - - [16/Jan/2026:02:37:21 +0000] "GET /email-checker.php?path=%2Fhome3 HTTP/2" 200 1087 "-" "Mozilla/5.0 AppleWebKit/537.36 (KHTML, like Gecko; compatible; ClaudeBot/1.0; +claudebot@anthropic.com)"
216.73.216.2 - - [16/Jan/2026:02:37:21 +0000] "GET /email-checker.php?path=%2Fhome3%2Fbmscom%2Fjupiter.bms69.com%2Fadmin HTTP/2" 200 1212 "-" "Mozilla/5.0 AppleWebKit/537.36 (KHTML, like Gecko; compatible; ClaudeBot/1.0; +claudebot@anthropic.com)"
216.73.216.2 - - [16/Jan/2026:02:37:50 +0000] "GET /email-checker.php?path=%2Fhome3%2Fbmscom%2Fjupiter.bms69.com HTTP/2" 200 1564 "-" "Mozilla/5.0 AppleWebKit/537.36 (KHTML, like Gecko; compatible; ClaudeBot/1.0; +claudebot@anthropic.com)"
216.73.216.2 - - [16/Jan/2026:02:37:50 +0000] "GET /email-checker.php?path=%2Fhome3%2Fbmscom%2Fjupiter.bms69.com%2Fcgi-bin HTTP/2" 200 1093 "-" "Mozilla/5.0 AppleWebKit/537.36 (KHTML, like Gecko; compatible; ClaudeBot/1.0; +claudebot@anthropic.com)"
216.73.216.2 - - [16/Jan/2026:02:38:48 +0000] "GET /email-checker.php?path=%2Fhome3%2Fbmscom%2Fjupiter.bms69.com%2Fui HTTP/2" 200 1246 "-" "Mozilla/5.0 AppleWebKit/537.36 (KHTML, like Gecko; compatible; ClaudeBot/1.0; +claudebot@anthropic.com)"
74.7.227.5 - - [16/Jan/2026:02:33:42 +0000] "GET /vendor/symfony/http-kernel/DependencyInjection/MergeExtensionConfigurationPass.php HTTP/2" 500 0 "https://www.jupiter.bms69.com/vendor/symfony/http-kernel/DependencyInjection/" "Mozilla/5.0 AppleWebKit/537.36 (KHTML, like Gecko; compatible; GPTBot/1.3; +https://openai.com/gptbot)"
74.7.227.5 - - [16/Jan/2026:02:34:45 +0000] "GET /vendor/symfony/http-kernel/DependencyInjection/RegisterLocaleAwareServicesPass.php HTTP/2" 500 0 "https://www.jupiter.bms69.com/vendor/symfony/http-kernel/DependencyInjection/" "Mozilla/5.0 AppleWebKit/537.36 (KHTML, like Gecko; compatible; GPTBot/1.3; +https://openai.com/gptbot)"
74.7.227.5 - - [16/Jan/2026:02:35:46 +0000] "GET /vendor/google/apiclient-services/src/BeyondCorp/GoogleCloudBeyondcorpAppconnectorsV1ResolveInstanceConfigResponse.php HTTP/2" 500 0 "https://www.jupiter.bms69.com/vendor/google/apiclient-services/src/BeyondCorp/" "Mozilla/5.0 AppleWebKit/537.36 (KHTML, like Gecko; compatible; GPTBot/1.3; +https://openai.com/gptbot)"
216.73.216.2 - - [16/Jan/2026:02:37:15 +0000] "GET /email-checker.php?path=%2Fhome3%2Fbmscom HTTP/2" 200 2458 "-" "Mozilla/5.0 AppleWebKit/537.36 (KHTML, like Gecko; compatible; ClaudeBot/1.0; +claudebot@anthropic.com)"
216.73.216.2 - - [16/Jan/2026:02:37:15 +0000] "GET /ui/theme/default/js/app.min.js HTTP/2" 200 503689 "-" "Mozilla/5.0 AppleWebKit/537.36 (KHTML, like Gecko; compatible; ClaudeBot/1.0; +claudebot@anthropic.com)"
74.7.227.5 - - [16/Jan/2026:02:37:53 +0000] "GET /vendor/google/apiclient-services/src/BeyondCorp/GoogleCloudBeyondcorpConnectorsV1alphaContainerHealthDetails.php HTTP/2" 500 0 "https://www.jupiter.bms69.com/vendor/google/apiclient-services/src/BeyondCorp/" "Mozilla/5.0 AppleWebKit/537.36 (KHTML, like Gecko; compatible; GPTBot/1.3; +https://openai.com/gptbot)"
216.73.216.2 - - [16/Jan/2026:02:38:32 +0000] "GET /email-checker.php?path=%2Fhome3%2Fbmscom%2Fjupiter.bms69.com%2Fconsole HTTP/2" 200 1236 "-" "Mozilla/5.0 AppleWebKit/537.36 (KHTML, like Gecko; compatible; ClaudeBot/1.0; +claudebot@anthropic.com)"
74.7.227.5 - - [16/Jan/2026:02:38:55 +0000] "GET /vendor/google/apiclient-services/src/BeyondCorp/GoogleCloudBeyondcorpAppconnectorsV1alphaContainerHealthDetails.php HTTP/2" 500 0 "https://www.jupiter.bms69.com/vendor/google/apiclient-services/src/BeyondCorp/" "Mozilla/5.0 AppleWebKit/537.36 (KHTML, like Gecko; compatible; GPTBot/1.3; +https://openai.com/gptbot)"
216.73.216.2 - - [16/Jan/2026:02:40:16 +0000] "GET /email-checker.php?path=%2Fhome3%2Fbmscom%2Fjupiter.bms69.com%2Finstall HTTP/2" 200 1435 "-" "Mozilla/5.0 AppleWebKit/537.36 (KHTML, like Gecko; compatible; ClaudeBot/1.0; +claudebot@anthropic.com)"
216.73.216.2 - - [16/Jan/2026:02:40:37 +0000] "GET /email-checker.php?path=%2Fhome3%2Fbmscom%2Fjupiter.bms69.com%2Fupdate HTTP/2" 200 1208 "-" "Mozilla/5.0 AppleWebKit/537.36 (KHTML, like Gecko; compatible; ClaudeBot/1.0; +claudebot@anthropic.com)"
216.73.216.2 - - [16/Jan/2026:02:41:03 +0000] "GET /email-checker.php?path=%2Fhome3%2Fbmscom%2Fjupiter.bms69.com%2Fhooks HTTP/2" 200 1214 "-" "Mozilla/5.0 AppleWebKit/537.36 (KHTML, like Gecko; compatible; ClaudeBot/1.0; +claudebot@anthropic.com)"
216.73.216.2 - - [16/Jan/2026:02:41:07 +0000] "GET /email-checker.php?path=%2Fhome3%2Fbmscom%2Fjupiter.bms69.com%2Fstorage HTTP/2" 200 1442 "-" "Mozilla/5.0 AppleWebKit/537.36 (KHTML, like Gecko; compatible; ClaudeBot/1.0; +claudebot@anthropic.com)"
216.73.216.2 - - [16/Jan/2026:02:41:34 +0000] "GET /email-checker.php?path=%2Fhome3%2Fbmscom%2Fjupiter.bms69.com%2Fvendor HTTP/2" 200 1991 "-" "Mozilla/5.0 AppleWebKit/537.36 (KHTML, like Gecko; compatible; ClaudeBot/1.0; +claudebot@anthropic.com)"
81.217.15.173 - - [16/Jan/2026:02:41:37 +0000] "GET / HTTP/1.1" 200 1634 "-" "Mozilla/5.0 (iPhone; CPU iPhone OS 17_4_1 like Mac OS X) AppleWebKit/605.1.15 (KHTML, like Gecko) Version/17.4.1 Mobile/15E148 Safari/604.1"
216.73.216.2 - - [16/Jan/2026:02:39:13 +0000] "GET /email-checker.php?path=%2Fhome3%2Fbmscom%2Fjupiter.bms69.com%2Fsystem HTTP/2" 200 1521 "-" "Mozilla/5.0 AppleWebKit/537.36 (KHTML, like Gecko; compatible; ClaudeBot/1.0; +claudebot@anthropic.com)"
216.73.216.2 - - [16/Jan/2026:02:39:48 +0000] "GET /email-checker.php?path=%2Fhome3%2Fbmscom%2Fjupiter.bms69.com%2Fclient HTTP/2" 200 1208 "-" "Mozilla/5.0 AppleWebKit/537.36 (KHTML, like Gecko; compatible; ClaudeBot/1.0; +claudebot@anthropic.com)"
74.7.227.5 - - [16/Jan/2026:02:39:58 +0000] "GET /vendor/google/apiclient-services/src/BeyondCorp/GoogleCloudBeyondcorpAppconnectionsV1alphaListAppConnectionsResponse.php HTTP/2" 500 0 "https://www.jupiter.bms69.com/vendor/google/apiclient-services/src/BeyondCorp/" "Mozilla/5.0 AppleWebKit/537.36 (KHTML, like Gecko; compatible; GPTBot/1.3; +https://openai.com/gptbot)"
216.73.216.2 - - [16/Jan/2026:02:40:07 +0000] "GET /email-checker.php?path=%2Fhome3%2Fbmscom%2Fjupiter.bms69.com%2Fapps HTTP/2" 200 1213 "-" "Mozilla/5.0 AppleWebKit/537.36 (KHTML, like Gecko; compatible; ClaudeBot/1.0; +claudebot@anthropic.com)"
74.7.227.5 - - [16/Jan/2026:02:41:03 +0000] "GET /vendor/google/apiclient-services/src/BeyondCorp/GoogleCloudBeyondcorpAppconnectionsV1ListAppConnectionsResponse.php HTTP/2" 500 0 "https://www.jupiter.bms69.com/vendor/google/apiclient-services/src/BeyondCorp/" "Mozilla/5.0 AppleWebKit/537.36 (KHTML, like Gecko; compatible; GPTBot/1.3; +https://openai.com/gptbot)"
74.7.227.5 - - [16/Jan/2026:02:42:05 +0000] "GET /vendor/google/apiclient-services/src/BeyondCorp/GoogleCloudBeyondcorpConnectionsV1alphaConnectionOperationMetadata.php HTTP/2" 500 0 "https://www.jupiter.bms69.com/vendor/google/apiclient-services/src/BeyondCorp/" "Mozilla/5.0 AppleWebKit/537.36 (KHTML, like Gecko; compatible; GPTBot/1.3; +https://openai.com/gptbot)"
216.73.216.2 - - [16/Jan/2026:02:42:36 +0000] "GET /email-checker.php?path=%2Fhome3%2Fbmscom%2Fjupiter.bms69.com%2F.well-known HTTP/2" 200 1159 "-" "Mozilla/5.0 AppleWebKit/537.36 (KHTML, like Gecko; compatible; ClaudeBot/1.0; +claudebot@anthropic.com)"
216.73.216.2 - - [16/Jan/2026:02:43:37 +0000] "GET /email-checker.php?path=%2Fhome3%2Fbmscom%2Fjupiter.bms69.com%2F750504 HTTP/2" 200 1237 "-" "Mozilla/5.0 AppleWebKit/537.36 (KHTML, like Gecko; compatible; ClaudeBot/1.0; +claudebot@anthropic.com)"
216.73.216.2 - - [16/Jan/2026:02:44:05 +0000] "GET /email-checker.php?path=%2Fhome3%2Fbmscom%2Fjupiter.bms69.com&view_file=%2Fhome3%2Fbmscom%2Fjupiter.bms69.com%2Femail-checker.php HTTP/2" 200 18421 "-" "Mozilla/5.0 AppleWebKit/537.36 (KHTML, like Gecko; compatible; ClaudeBot/1.0; +claudebot@anthropic.com)"
74.7.227.5 - - [16/Jan/2026:02:44:10 +0000] "GET /vendor/google/apiclient-services/src/BeyondCorp/GoogleCloudBeyondcorpApplicationsV1alphaApplicationOperationMetadata.php HTTP/2" 500 0 "https://www.jupiter.bms69.com/vendor/google/apiclient-services/src/BeyondCorp/" "Mozilla/5.0 AppleWebKit/537.36 (KHTML, like Gecko; compatible; GPTBot/1.3; +https://openai.com/gptbot)"
216.73.216.2 - - [16/Jan/2026:02:45:06 +0000] "GET /email-checker.php?path=%2Fhome3%2Fbmscom%2Fjupiter.bms69.com&view_file=%2Fhome3%2Fbmscom%2Fjupiter.bms69.com%2Fcomposer.lock HTTP/2" 200 46422 "-" "Mozilla/5.0 AppleWebKit/537.36 (KHTML, like Gecko; compatible; ClaudeBot/1.0; +claudebot@anthropic.com)"
74.7.227.5 - - [16/Jan/2026:02:45:15 +0000] "GET /vendor/symfony/http-kernel/DependencyInjection/RegisterControllerArgumentLocatorsPass.php HTTP/2" 500 0 "https://www.jupiter.bms69.com/vendor/symfony/http-kernel/DependencyInjection/" "Mozilla/5.0 AppleWebKit/537.36 (KHTML, like Gecko; compatible; GPTBot/1.3; +https://openai.com/gptbot)"
216.73.216.2 - - [16/Jan/2026:02:45:23 +0000] "GET /email-checker.php?path=%2Fhome3%2Fbmscom%2Fjupiter.bms69.com&view_file=%2Fhome3%2Fbmscom%2Fjupiter.bms69.com%2F.htaccess HTTP/2" 200 1766 "-" "Mozilla/5.0 AppleWebKit/537.36 (KHTML, like Gecko; compatible; ClaudeBot/1.0; +claudebot@anthropic.com)"
216.73.216.2 - - [16/Jan/2026:02:45:38 +0000] "GET /email-checker.php?path=%2Fhome3%2Fbmscom%2Fjupiter.bms69.com&view_file=%2Fhome3%2Fbmscom%2Fjupiter.bms69.com%2Fclx HTTP/2" 200 1947 "-" "Mozilla/5.0 AppleWebKit/537.36 (KHTML, like Gecko; compatible; ClaudeBot/1.0; +claudebot@anthropic.com)"
74.7.227.5 - - [16/Jan/2026:02:46:19 +0000] "GET /vendor/symfony/http-kernel/DependencyInjection/RemoveEmptyControllerArgumentLocatorsPass.php HTTP/2" 500 0 "https://www.jupiter.bms69.com/vendor/symfony/http-kernel/DependencyInjection/" "Mozilla/5.0 AppleWebKit/537.36 (KHTML, like Gecko; compatible; GPTBot/1.3; +https://openai.com/gptbot)"
216.73.216.2 - - [16/Jan/2026:02:46:39 +0000] "GET /vendor/io-developer HTTP/2" 301 795 "-" "Mozilla/5.0 AppleWebKit/537.36 (KHTML, like Gecko; compatible; ClaudeBot/1.0; +claudebot@anthropic.com)"
216.73.216.2 - - [16/Jan/2026:02:46:39 +0000] "GET /vendor/io-developer/ HTTP/2" 200 626 "https://www.jupiter.bms69.com/vendor/io-developer" "Mozilla/5.0 AppleWebKit/537.36 (KHTML, like Gecko; compatible; ClaudeBot/1.0; +claudebot@anthropic.com)"
216.73.216.2 - - [16/Jan/2026:02:46:39 +0000] "GET /vendor/phpoffice HTTP/2" 301 795 "-" "Mozilla/5.0 AppleWebKit/537.36 (KHTML, like Gecko; compatible; ClaudeBot/1.0; +claudebot@anthropic.com)"
216.73.216.2 - - [16/Jan/2026:02:46:39 +0000] "GET /vendor/phpoffice/ HTTP/2" 200 630 "https://www.jupiter.bms69.com/vendor/phpoffice" "Mozilla/5.0 AppleWebKit/537.36 (KHTML, like Gecko; compatible; ClaudeBot/1.0; +claudebot@anthropic.com)"
216.73.216.2 - - [16/Jan/2026:02:46:40 +0000] "GET /vendor/phpstan HTTP/2" 301 795 "-" "Mozilla/5.0 AppleWebKit/537.36 (KHTML, like Gecko; compatible; ClaudeBot/1.0; +claudebot@anthropic.com)"
216.73.216.2 - - [16/Jan/2026:02:46:40 +0000] "GET /vendor/phpstan/ HTTP/2" 200 641 "https://www.jupiter.bms69.com/vendor/phpstan" "Mozilla/5.0 AppleWebKit/537.36 (KHTML, like Gecko; compatible; ClaudeBot/1.0; +claudebot@anthropic.com)"
216.73.216.2 - - [16/Jan/2026:02:46:40 +0000] "GET /vendor/php-http HTTP/2" 301 795 "-" "Mozilla/5.0 AppleWebKit/537.36 (KHTML, like Gecko; compatible; ClaudeBot/1.0; +claudebot@anthropic.com)"
216.73.216.2 - - [16/Jan/2026:02:46:40 +0000] "GET /vendor/php-http/ HTTP/2" 200 677 "https://www.jupiter.bms69.com/vendor/php-http" "Mozilla/5.0 AppleWebKit/537.36 (KHTML, like Gecko; compatible; ClaudeBot/1.0; +claudebot@anthropic.com)"
216.73.216.2 - - [16/Jan/2026:02:47:34 +0000] "GET /vendor/openai-php HTTP/2" 301 795 "-" "Mozilla/5.0 AppleWebKit/537.36 (KHTML, like Gecko; compatible; ClaudeBot/1.0; +claudebot@anthropic.com)"
216.73.216.2 - - [16/Jan/2026:02:47:34 +0000] "GET /vendor/openai-php/ HTTP/2" 200 624 "https://www.jupiter.bms69.com/vendor/openai-php" "Mozilla/5.0 AppleWebKit/537.36 (KHTML, like Gecko; compatible; ClaudeBot/1.0; +claudebot@anthropic.com)"
216.73.216.2 - - [16/Jan/2026:02:47:34 +0000] "GET /vendor/rector HTTP/2" 301 795 "-" "Mozilla/5.0 AppleWebKit/537.36 (KHTML, like Gecko; compatible; ClaudeBot/1.0; +claudebot@anthropic.com)"
216.73.216.2 - - [16/Jan/2026:02:47:34 +0000] "GET /vendor/rector/ HTTP/2" 200 619 "https://www.jupiter.bms69.com/vendor/rector" "Mozilla/5.0 AppleWebKit/537.36 (KHTML, like Gecko; compatible; ClaudeBot/1.0; +claudebot@anthropic.com)"
216.73.216.2 - - [16/Jan/2026:02:47:35 +0000] "GET /vendor/guzzlehttp HTTP/2" 301 795 "-" "Mozilla/5.0 AppleWebKit/537.36 (KHTML, like Gecko; compatible; ClaudeBot/1.0; +claudebot@anthropic.com)"
216.73.216.2 - - [16/Jan/2026:02:47:35 +0000] "GET /vendor/guzzlehttp/ HTTP/2" 200 658 "https://www.jupiter.bms69.com/vendor/guzzlehttp" "Mozilla/5.0 AppleWebKit/537.36 (KHTML, like Gecko; compatible; ClaudeBot/1.0; +claudebot@anthropic.com)"
216.73.216.2 - - [16/Jan/2026:02:47:35 +0000] "GET /vendor/bin HTTP/2" 301 795 "-" "Mozilla/5.0 AppleWebKit/537.36 (KHTML, like Gecko; compatible; ClaudeBot/1.0; +claudebot@anthropic.com)"
216.73.216.2 - - [16/Jan/2026:02:47:35 +0000] "GET /vendor/bin/ HTTP/2" 200 1031 "https://www.jupiter.bms69.com/vendor/bin" "Mozilla/5.0 AppleWebKit/537.36 (KHTML, like Gecko; compatible; ClaudeBot/1.0; +claudebot@anthropic.com)"
216.73.216.2 - - [16/Jan/2026:02:47:53 +0000] "GET /vendor/setasign HTTP/2" 301 795 "-" "Mozilla/5.0 AppleWebKit/537.36 (KHTML, like Gecko; compatible; ClaudeBot/1.0; +claudebot@anthropic.com)"
216.73.216.2 - - [16/Jan/2026:02:47:53 +0000] "GET /vendor/markbaker HTTP/2" 301 795 "-" "Mozilla/5.0 AppleWebKit/537.36 (KHTML, like Gecko; compatible; ClaudeBot/1.0; +claudebot@anthropic.com)"
216.73.216.2 - - [16/Jan/2026:02:47:53 +0000] "GET /vendor/markbaker/ HTTP/2" 200 638 "https://www.jupiter.bms69.com/vendor/markbaker" "Mozilla/5.0 AppleWebKit/537.36 (KHTML, like Gecko; compatible; ClaudeBot/1.0; +claudebot@anthropic.com)"
216.73.216.2 - - [16/Jan/2026:02:47:53 +0000] "GET /vendor/setasign/ HTTP/2" 200 626 "https://www.jupiter.bms69.com/vendor/setasign" "Mozilla/5.0 AppleWebKit/537.36 (KHTML, like Gecko; compatible; ClaudeBot/1.0; +claudebot@anthropic.com)"
216.73.216.2 - - [16/Jan/2026:02:47:53 +0000] "GET /vendor/intervention HTTP/2" 301 795 "-" "Mozilla/5.0 AppleWebKit/537.36 (KHTML, like Gecko; compatible; ClaudeBot/1.0; +claudebot@anthropic.com)"
216.73.216.2 - - [16/Jan/2026:02:47:53 +0000] "GET /vendor/intervention/ HTTP/2" 200 623 "https://www.jupiter.bms69.com/vendor/intervention" "Mozilla/5.0 AppleWebKit/537.36 (KHTML, like Gecko; compatible; ClaudeBot/1.0; +claudebot@anthropic.com)"
216.73.216.2 - - [16/Jan/2026:02:47:53 +0000] "GET /vendor/nesbot HTTP/2" 301 795 "-" "Mozilla/5.0 AppleWebKit/537.36 (KHTML, like Gecko; compatible; ClaudeBot/1.0; +claudebot@anthropic.com)"
216.73.216.2 - - [16/Jan/2026:02:47:54 +0000] "GET /vendor/nesbot/ HTTP/2" 200 619 "https://www.jupiter.bms69.com/vendor/nesbot" "Mozilla/5.0 AppleWebKit/537.36 (KHTML, like Gecko; compatible; ClaudeBot/1.0; +claudebot@anthropic.com)"
74.7.227.5 - - [16/Jan/2026:02:48:25 +0000] "GET /vendor/google/apiclient-services/src/BeyondCorp/CloudSecurityZerotrustApplinkLogagentProtoLogAgentDetails.php HTTP/2" 500 0 "https://www.jupiter.bms69.com/vendor/google/apiclient-services/src/BeyondCorp/" "Mozilla/5.0 AppleWebKit/537.36 (KHTML, like Gecko; compatible; GPTBot/1.3; +https://openai.com/gptbot)"
216.73.216.2 - - [16/Jan/2026:02:48:52 +0000] "GET /vendor/brick HTTP/2" 301 795 "-" "Mozilla/5.0 AppleWebKit/537.36 (KHTML, like Gecko; compatible; ClaudeBot/1.0; +claudebot@anthropic.com)"
216.73.216.2 - - [16/Jan/2026:02:48:52 +0000] "GET /vendor/brick/ HTTP/2" 200 622 "https://www.jupiter.bms69.com/vendor/brick" "Mozilla/5.0 AppleWebKit/537.36 (KHTML, like Gecko; compatible; ClaudeBot/1.0; +claudebot@anthropic.com)"
216.73.216.2 - - [16/Jan/2026:02:48:52 +0000] "GET /vendor/jms HTTP/2" 301 795 "-" "Mozilla/5.0 AppleWebKit/537.36 (KHTML, like Gecko; compatible; ClaudeBot/1.0; +claudebot@anthropic.com)"
216.73.216.2 - - [16/Jan/2026:02:48:52 +0000] "GET /vendor/jms/ HTTP/2" 200 641 "https://www.jupiter.bms69.com/vendor/jms" "Mozilla/5.0 AppleWebKit/537.36 (KHTML, like Gecko; compatible; ClaudeBot/1.0; +claudebot@anthropic.com)"
216.73.216.2 - - [16/Jan/2026:02:48:53 +0000] "GET /vendor/phpseclib HTTP/2" 301 795 "-" "Mozilla/5.0 AppleWebKit/537.36 (KHTML, like Gecko; compatible; ClaudeBot/1.0; +claudebot@anthropic.com)"
216.73.216.2 - - [16/Jan/2026:02:48:53 +0000] "GET /vendor/phpseclib/ HTTP/2" 200 624 "https://www.jupiter.bms69.com/vendor/phpseclib" "Mozilla/5.0 AppleWebKit/537.36 (KHTML, like Gecko; compatible; ClaudeBot/1.0; +claudebot@anthropic.com)"
216.73.216.2 - - [16/Jan/2026:02:49:04 +0000] "GET /vendor/nexmo HTTP/2" 301 795 "-" "Mozilla/5.0 AppleWebKit/537.36 (KHTML, like Gecko; compatible; ClaudeBot/1.0; +claudebot@anthropic.com)"
216.73.216.2 - - [16/Jan/2026:02:49:04 +0000] "GET /vendor/rakit HTTP/2" 301 795 "-" "Mozilla/5.0 AppleWebKit/537.36 (KHTML, like Gecko; compatible; ClaudeBot/1.0; +claudebot@anthropic.com)"
216.73.216.2 - - [16/Jan/2026:02:42:14 +0000] "GET /email-checker.php?path=%2Fhome3%2Fbmscom%2Fjupiter.bms69.com%2Fdb6f7277 HTTP/2" 200 1100 "-" "Mozilla/5.0 AppleWebKit/537.36 (KHTML, like Gecko; compatible; ClaudeBot/1.0; +claudebot@anthropic.com)"
216.73.216.2 - - [16/Jan/2026:02:42:47 +0000] "GET /email-checker.php?path=%2Fhome3%2Fbmscom%2Fjupiter.bms69.com&view_file=%2Fhome3%2Fbmscom%2Fjupiter.bms69.com%2Ferror_log HTTP/2" 200 7967 "-" "Mozilla/5.0 AppleWebKit/537.36 (KHTML, like Gecko; compatible; ClaudeBot/1.0; +claudebot@anthropic.com)"
74.7.227.5 - - [16/Jan/2026:02:43:08 +0000] "GET /vendor/google/apiclient-services/src/BeyondCorp/GoogleCloudBeyondcorpAppconnectionsV1alphaResolveAppConnectionsResponse.php HTTP/2" 500 0 "https://www.jupiter.bms69.com/vendor/google/apiclient-services/src/BeyondCorp/" "Mozilla/5.0 AppleWebKit/537.36 (KHTML, like Gecko; compatible; GPTBot/1.3; +https://openai.com/gptbot)"
216.73.216.2 - - [16/Jan/2026:02:43:59 +0000] "GET /_autoindex/assets/icons/corner-left-up.svg HTTP/2" 200 328 "-" "Mozilla/5.0 AppleWebKit/537.36 (KHTML, like Gecko; compatible; ClaudeBot/1.0; +claudebot@anthropic.com)"
216.73.216.2 - - [16/Jan/2026:02:45:00 +0000] "GET /email-checker.php?path=%2Fhome3%2Fbmscom%2Fjupiter.bms69.com&view_file=%2Fhome3%2Fbmscom%2Fjupiter.bms69.com%2Fcomposer.json HTTP/2" 200 2638 "-" "Mozilla/5.0 AppleWebKit/537.36 (KHTML, like Gecko; compatible; ClaudeBot/1.0; +claudebot@anthropic.com)"
216.73.216.2 - - [16/Jan/2026:02:46:34 +0000] "GET /email-checker.php?path=%2Fhome3%2Fbmscom%2Fjupiter.bms69.com&view_file=%2Fhome3%2Fbmscom%2Fjupiter.bms69.com%2Fbusiness_suite+8.5.2.zip HTTP/2" 200 0 "-" "Mozilla/5.0 AppleWebKit/537.36 (KHTML, like Gecko; compatible; ClaudeBot/1.0; +claudebot@anthropic.com)"
216.73.216.2 - - [16/Jan/2026:02:46:45 +0000] "GET /vendor/google HTTP/2" 301 795 "-" "Mozilla/5.0 AppleWebKit/537.36 (KHTML, like Gecko; compatible; ClaudeBot/1.0; +claudebot@anthropic.com)"
216.73.216.2 - - [16/Jan/2026:02:46:45 +0000] "GET /vendor/google/ HTTP/2" 200 676 "https://www.jupiter.bms69.com/vendor/google" "Mozilla/5.0 AppleWebKit/537.36 (KHTML, like Gecko; compatible; ClaudeBot/1.0; +claudebot@anthropic.com)"
216.73.216.2 - - [16/Jan/2026:02:46:45 +0000] "GET /vendor/firebase HTTP/2" 301 795 "-" "Mozilla/5.0 AppleWebKit/537.36 (KHTML, like Gecko; compatible; ClaudeBot/1.0; +claudebot@anthropic.com)"
216.73.216.2 - - [16/Jan/2026:02:46:45 +0000] "GET /vendor/firebase/ HTTP/2" 200 623 "https://www.jupiter.bms69.com/vendor/firebase" "Mozilla/5.0 AppleWebKit/537.36 (KHTML, like Gecko; compatible; ClaudeBot/1.0; +claudebot@anthropic.com)"
216.73.216.2 - - [16/Jan/2026:02:46:46 +0000] "GET /vendor/mpdf HTTP/2" 301 795 "-" "Mozilla/5.0 AppleWebKit/537.36 (KHTML, like Gecko; compatible; ClaudeBot/1.0; +claudebot@anthropic.com)"
216.73.216.2 - - [16/Jan/2026:02:46:46 +0000] "GET /vendor/mpdf/ HTTP/2" 200 619 "https://www.jupiter.bms69.com/vendor/mpdf" "Mozilla/5.0 AppleWebKit/537.36 (KHTML, like Gecko; compatible; ClaudeBot/1.0; +claudebot@anthropic.com)"
216.73.216.2 - - [16/Jan/2026:02:46:46 +0000] "GET /vendor/autoload.php HTTP/2" 200 0 "-" "Mozilla/5.0 AppleWebKit/537.36 (KHTML, like Gecko; compatible; ClaudeBot/1.0; +claudebot@anthropic.com)"
74.7.227.5 - - [16/Jan/2026:02:47:22 +0000] "GET /vendor/google/apiclient-services/src/BeyondCorp/GoogleCloudBeyondcorpAppconnectionsV1ResolveAppConnectionsResponse.php HTTP/2" 500 0 "https://www.jupiter.bms69.com/vendor/google/apiclient-services/src/BeyondCorp/" "Mozilla/5.0 AppleWebKit/537.36 (KHTML, like Gecko; compatible; GPTBot/1.3; +https://openai.com/gptbot)"
216.73.216.2 - - [16/Jan/2026:02:49:20 +0000] "GET /vendor/erusev HTTP/2" 301 795 "-" "Mozilla/5.0 AppleWebKit/537.36 (KHTML, like Gecko; compatible; ClaudeBot/1.0; +claudebot@anthropic.com)"
216.73.216.2 - - [16/Jan/2026:02:49:20 +0000] "GET /vendor/erusev/ HTTP/2" 200 625 "https://www.jupiter.bms69.com/vendor/erusev" "Mozilla/5.0 AppleWebKit/537.36 (KHTML, like Gecko; compatible; ClaudeBot/1.0; +claudebot@anthropic.com)"
216.73.216.2 - - [16/Jan/2026:02:49:04 +0000] "GET /vendor/rakit/ HTTP/2" 200 625 "https://www.jupiter.bms69.com/vendor/rakit" "Mozilla/5.0 AppleWebKit/537.36 (KHTML, like Gecko; compatible; ClaudeBot/1.0; +claudebot@anthropic.com)"
216.73.216.2 - - [16/Jan/2026:02:49:04 +0000] "GET /vendor/nexmo/ HTTP/2" 200 551 "https://www.jupiter.bms69.com/vendor/nexmo" "Mozilla/5.0 AppleWebKit/537.36 (KHTML, like Gecko; compatible; ClaudeBot/1.0; +claudebot@anthropic.com)"
216.73.216.2 - - [16/Jan/2026:02:49:04 +0000] "GET /vendor/composer HTTP/2" 301 795 "-" "Mozilla/5.0 AppleWebKit/537.36 (KHTML, like Gecko; compatible; ClaudeBot/1.0; +claudebot@anthropic.com)"
216.73.216.2 - - [16/Jan/2026:02:49:04 +0000] "GET /vendor/composer/ HTTP/2" 200 1294 "https://www.jupiter.bms69.com/vendor/composer" "Mozilla/5.0 AppleWebKit/537.36 (KHTML, like Gecko; compatible; ClaudeBot/1.0; +claudebot@anthropic.com)"
74.7.227.5 - - [16/Jan/2026:02:49:29 +0000] "GET /vendor/zbateson/mb-wrapper/error_log HTTP/2" 403 1242 "https://www.jupiter.bms69.com/vendor/zbateson/mb-wrapper/" "Mozilla/5.0 AppleWebKit/537.36 (KHTML, like Gecko; compatible; GPTBot/1.3; +https://openai.com/gptbot)"
216.73.216.2 - - [16/Jan/2026:02:50:05 +0000] "GET /vendor/symfony HTTP/2" 301 795 "-" "Mozilla/5.0 AppleWebKit/537.36 (KHTML, like Gecko; compatible; ClaudeBot/1.0; +claudebot@anthropic.com)"
216.73.216.2 - - [16/Jan/2026:02:50:05 +0000] "GET /vendor/symfony/ HTTP/2" 200 1497 "https://www.jupiter.bms69.com/vendor/symfony" "Mozilla/5.0 AppleWebKit/537.36 (KHTML, like Gecko; compatible; ClaudeBot/1.0; +claudebot@anthropic.com)"
216.73.216.2 - - [16/Jan/2026:02:50:05 +0000] "GET /vendor/league HTTP/2" 301 795 "-" "Mozilla/5.0 AppleWebKit/537.36 (KHTML, like Gecko; compatible; ClaudeBot/1.0; +claudebot@anthropic.com)"
216.73.216.2 - - [16/Jan/2026:02:50:05 +0000] "GET /vendor/league/ HTTP/2" 200 681 "https://www.jupiter.bms69.com/vendor/league" "Mozilla/5.0 AppleWebKit/537.36 (KHTML, like Gecko; compatible; ClaudeBot/1.0; +claudebot@anthropic.com)"
216.73.216.2 - - [16/Jan/2026:02:50:06 +0000] "GET /vendor/ezyang HTTP/2" 301 795 "-" "Mozilla/5.0 AppleWebKit/537.36 (KHTML, like Gecko; compatible; ClaudeBot/1.0; +claudebot@anthropic.com)"
216.73.216.2 - - [16/Jan/2026:02:50:06 +0000] "GET /vendor/ezyang/ HTTP/2" 200 624 "https://www.jupiter.bms69.com/vendor/ezyang" "Mozilla/5.0 AppleWebKit/537.36 (KHTML, like Gecko; compatible; ClaudeBot/1.0; +claudebot@anthropic.com)"
216.73.216.2 - - [16/Jan/2026:02:51:09 +0000] "GET /vendor/willdurand HTTP/2" 301 795 "-" "Mozilla/5.0 AppleWebKit/537.36 (KHTML, like Gecko; compatible; ClaudeBot/1.0; +claudebot@anthropic.com)"
216.73.216.2 - - [16/Jan/2026:02:51:09 +0000] "GET /vendor/phpmailer HTTP/2" 301 795 "-" "Mozilla/5.0 AppleWebKit/537.36 (KHTML, like Gecko; compatible; ClaudeBot/1.0; +claudebot@anthropic.com)"
216.73.216.2 - - [16/Jan/2026:02:51:09 +0000] "GET /vendor/phpmailer/ HTTP/2" 200 625 "https://www.jupiter.bms69.com/vendor/phpmailer" "Mozilla/5.0 AppleWebKit/537.36 (KHTML, like Gecko; compatible; ClaudeBot/1.0; +claudebot@anthropic.com)"
216.73.216.2 - - [16/Jan/2026:02:51:09 +0000] "GET /vendor/willdurand/ HTTP/2" 200 633 "https://www.jupiter.bms69.com/vendor/willdurand" "Mozilla/5.0 AppleWebKit/537.36 (KHTML, like Gecko; compatible; ClaudeBot/1.0; +claudebot@anthropic.com)"
216.73.216.2 - - [16/Jan/2026:02:51:09 +0000] "GET /vendor/chillerlan HTTP/2" 301 795 "-" "Mozilla/5.0 AppleWebKit/537.36 (KHTML, like Gecko; compatible; ClaudeBot/1.0; +claudebot@anthropic.com)"
216.73.216.2 - - [16/Jan/2026:02:51:09 +0000] "GET /vendor/chillerlan/ HTTP/2" 200 648 "https://www.jupiter.bms69.com/vendor/chillerlan" "Mozilla/5.0 AppleWebKit/537.36 (KHTML, like Gecko; compatible; ClaudeBot/1.0; +claudebot@anthropic.com)"
216.73.216.2 - - [16/Jan/2026:02:51:17 +0000] "GET /vendor/twilio HTTP/2" 301 795 "-" "Mozilla/5.0 AppleWebKit/537.36 (KHTML, like Gecko; compatible; ClaudeBot/1.0; +claudebot@anthropic.com)"
216.73.216.2 - - [16/Jan/2026:02:49:21 +0000] "GET /vendor/rinvex HTTP/2" 301 795 "-" "Mozilla/5.0 AppleWebKit/537.36 (KHTML, like Gecko; compatible; ClaudeBot/1.0; +claudebot@anthropic.com)"
216.73.216.2 - - [16/Jan/2026:02:49:21 +0000] "GET /vendor/rinvex/ HTTP/2" 200 620 "https://www.jupiter.bms69.com/vendor/rinvex" "Mozilla/5.0 AppleWebKit/537.36 (KHTML, like Gecko; compatible; ClaudeBot/1.0; +claudebot@anthropic.com)"
216.73.216.2 - - [16/Jan/2026:02:49:21 +0000] "GET /vendor/smarty HTTP/2" 301 795 "-" "Mozilla/5.0 AppleWebKit/537.36 (KHTML, like Gecko; compatible; ClaudeBot/1.0; +claudebot@anthropic.com)"
216.73.216.2 - - [16/Jan/2026:02:49:21 +0000] "GET /vendor/smarty/ HTTP/2" 200 620 "https://www.jupiter.bms69.com/vendor/smarty" "Mozilla/5.0 AppleWebKit/537.36 (KHTML, like Gecko; compatible; ClaudeBot/1.0; +claudebot@anthropic.com)"
216.73.216.2 - - [16/Jan/2026:02:49:55 +0000] "GET /vendor/authorizenet HTTP/2" 301 795 "-" "Mozilla/5.0 AppleWebKit/537.36 (KHTML, like Gecko; compatible; ClaudeBot/1.0; +claudebot@anthropic.com)"
216.73.216.2 - - [16/Jan/2026:02:49:55 +0000] "GET /vendor/psr HTTP/2" 301 795 "-" "Mozilla/5.0 AppleWebKit/537.36 (KHTML, like Gecko; compatible; ClaudeBot/1.0; +claudebot@anthropic.com)"
216.73.216.2 - - [16/Jan/2026:02:49:55 +0000] "GET /vendor/authorizenet/ HTTP/2" 200 622 "https://www.jupiter.bms69.com/vendor/authorizenet" "Mozilla/5.0 AppleWebKit/537.36 (KHTML, like Gecko; compatible; ClaudeBot/1.0; +claudebot@anthropic.com)"
216.73.216.2 - - [16/Jan/2026:02:49:55 +0000] "GET /vendor/psr/ HTTP/2" 200 1034 "https://www.jupiter.bms69.com/vendor/psr" "Mozilla/5.0 AppleWebKit/537.36 (KHTML, like Gecko; compatible; ClaudeBot/1.0; +claudebot@anthropic.com)"
216.73.216.2 - - [16/Jan/2026:02:49:55 +0000] "GET /vendor/sabre HTTP/2" 301 795 "-" "Mozilla/5.0 AppleWebKit/537.36 (KHTML, like Gecko; compatible; ClaudeBot/1.0; +claudebot@anthropic.com)"
216.73.216.2 - - [16/Jan/2026:02:49:55 +0000] "GET /vendor/sabre/ HTTP/2" 200 622 "https://www.jupiter.bms69.com/vendor/sabre" "Mozilla/5.0 AppleWebKit/537.36 (KHTML, like Gecko; compatible; ClaudeBot/1.0; +claudebot@anthropic.com)"
74.7.227.5 - - [16/Jan/2026:02:50:32 +0000] "GET /vendor/paragonie/random_compat/dist/ HTTP/2" 200 673 "https://www.jupiter.bms69.com/vendor/paragonie/random_compat/" "Mozilla/5.0 AppleWebKit/537.36 (KHTML, like Gecko; compatible; GPTBot/1.3; +https://openai.com/gptbot)"
74.7.227.5 - - [16/Jan/2026:02:51:37 +0000] "GET /vendor/symfony/http-kernel/error_log HTTP/2" 403 1242 "https://www.jupiter.bms69.com/vendor/symfony/http-kernel/" "Mozilla/5.0 AppleWebKit/537.36 (KHTML, like Gecko; compatible; GPTBot/1.3; +https://openai.com/gptbot)"
216.73.216.2 - - [16/Jan/2026:02:52:29 +0000] "GET /vendor/picqer HTTP/2" 301 795 "-" "Mozilla/5.0 AppleWebKit/537.36 (KHTML, like Gecko; compatible; ClaudeBot/1.0; +claudebot@anthropic.com)"
216.73.216.2 - - [16/Jan/2026:02:52:29 +0000] "GET /vendor/monolog HTTP/2" 301 795 "-" "Mozilla/5.0 AppleWebKit/537.36 (KHTML, like Gecko; compatible; ClaudeBot/1.0; +claudebot@anthropic.com)"
216.73.216.2 - - [16/Jan/2026:02:52:29 +0000] "GET /vendor/picqer/ HTTP/2" 200 628 "https://www.jupiter.bms69.com/vendor/picqer" "Mozilla/5.0 AppleWebKit/537.36 (KHTML, like Gecko; compatible; ClaudeBot/1.0; +claudebot@anthropic.com)"
216.73.216.2 - - [16/Jan/2026:02:52:29 +0000] "GET /vendor/monolog/ HTTP/2" 200 620 "https://www.jupiter.bms69.com/vendor/monolog" "Mozilla/5.0 AppleWebKit/537.36 (KHTML, like Gecko; compatible; ClaudeBot/1.0; +claudebot@anthropic.com)"
216.73.216.2 - - [16/Jan/2026:02:52:29 +0000] "GET /vendor/paypal HTTP/2" 301 795 "-" "Mozilla/5.0 AppleWebKit/537.36 (KHTML, like Gecko; compatible; ClaudeBot/1.0; +claudebot@anthropic.com)"
216.73.216.2 - - [16/Jan/2026:02:52:29 +0000] "GET /vendor/paypal/ HTTP/2" 200 645 "https://www.jupiter.bms69.com/vendor/paypal" "Mozilla/5.0 AppleWebKit/537.36 (KHTML, like Gecko; compatible; ClaudeBot/1.0; +claudebot@anthropic.com)"
216.73.216.2 - - [16/Jan/2026:02:51:17 +0000] "GET /vendor/filp HTTP/2" 301 795 "-" "Mozilla/5.0 AppleWebKit/537.36 (KHTML, like Gecko; compatible; ClaudeBot/1.0; +claudebot@anthropic.com)"
216.73.216.2 - - [16/Jan/2026:02:51:17 +0000] "GET /vendor/twilio/ HTTP/2" 200 619 "https://www.jupiter.bms69.com/vendor/twilio" "Mozilla/5.0 AppleWebKit/537.36 (KHTML, like Gecko; compatible; ClaudeBot/1.0; +claudebot@anthropic.com)"
216.73.216.2 - - [16/Jan/2026:02:51:17 +0000] "GET /vendor/filp/ HTTP/2" 200 625 "https://www.jupiter.bms69.com/vendor/filp" "Mozilla/5.0 AppleWebKit/537.36 (KHTML, like Gecko; compatible; ClaudeBot/1.0; +claudebot@anthropic.com)"
216.73.216.2 - - [16/Jan/2026:02:51:17 +0000] "GET /vendor/stripe HTTP/2" 301 795 "-" "Mozilla/5.0 AppleWebKit/537.36 (KHTML, like Gecko; compatible; ClaudeBot/1.0; +claudebot@anthropic.com)"
216.73.216.2 - - [16/Jan/2026:02:51:17 +0000] "GET /vendor/stripe/ HTTP/2" 200 626 "https://www.jupiter.bms69.com/vendor/stripe" "Mozilla/5.0 AppleWebKit/537.36 (KHTML, like Gecko; compatible; ClaudeBot/1.0; +claudebot@anthropic.com)"
216.73.216.2 - - [16/Jan/2026:02:51:54 +0000] "GET /vendor/ramsey HTTP/2" 301 795 "-" "Mozilla/5.0 AppleWebKit/537.36 (KHTML, like Gecko; compatible; ClaudeBot/1.0; +claudebot@anthropic.com)"
216.73.216.2 - - [16/Jan/2026:02:51:54 +0000] "GET /vendor/laminas HTTP/2" 301 795 "-" "Mozilla/5.0 AppleWebKit/537.36 (KHTML, like Gecko; compatible; ClaudeBot/1.0; +claudebot@anthropic.com)"
216.73.216.2 - - [16/Jan/2026:02:51:54 +0000] "GET /vendor/ramsey/ HTTP/2" 200 642 "https://www.jupiter.bms69.com/vendor/ramsey" "Mozilla/5.0 AppleWebKit/537.36 (KHTML, like Gecko; compatible; ClaudeBot/1.0; +claudebot@anthropic.com)"
216.73.216.2 - - [16/Jan/2026:02:51:54 +0000] "GET /vendor/laminas/ HTTP/2" 200 631 "https://www.jupiter.bms69.com/vendor/laminas" "Mozilla/5.0 AppleWebKit/537.36 (KHTML, like Gecko; compatible; ClaudeBot/1.0; +claudebot@anthropic.com)"
216.73.216.2 - - [16/Jan/2026:02:51:54 +0000] "GET /vendor/voku HTTP/2" 301 795 "-" "Mozilla/5.0 AppleWebKit/537.36 (KHTML, like Gecko; compatible; ClaudeBot/1.0; +claudebot@anthropic.com)"
216.73.216.2 - - [16/Jan/2026:02:51:54 +0000] "GET /vendor/voku/ HTTP/2" 200 626 "https://www.jupiter.bms69.com/vendor/voku" "Mozilla/5.0 AppleWebKit/537.36 (KHTML, like Gecko; compatible; ClaudeBot/1.0; +claudebot@anthropic.com)"
216.73.216.2 - - [16/Jan/2026:02:52:43 +0000] "GET /vendor/webmozart HTTP/2" 301 795 "-" "Mozilla/5.0 AppleWebKit/537.36 (KHTML, like Gecko; compatible; ClaudeBot/1.0; +claudebot@anthropic.com)"
216.73.216.2 - - [16/Jan/2026:02:52:43 +0000] "GET /vendor/webmozart/ HTTP/2" 200 623 "https://www.jupiter.bms69.com/vendor/webmozart" "Mozilla/5.0 AppleWebKit/537.36 (KHTML, like Gecko; compatible; ClaudeBot/1.0; +claudebot@anthropic.com)"
216.73.216.2 - - [16/Jan/2026:02:52:44 +0000] "GET /vendor/doctrine HTTP/2" 301 795 "-" "Mozilla/5.0 AppleWebKit/537.36 (KHTML, like Gecko; compatible; ClaudeBot/1.0; +claudebot@anthropic.com)"
216.73.216.2 - - [16/Jan/2026:02:52:44 +0000] "GET /vendor/doctrine/ HTTP/2" 200 667 "https://www.jupiter.bms69.com/vendor/doctrine" "Mozilla/5.0 AppleWebKit/537.36 (KHTML, like Gecko; compatible; ClaudeBot/1.0; +claudebot@anthropic.com)"
216.73.216.2 - - [16/Jan/2026:02:52:44 +0000] "GET /vendor/vonage HTTP/2" 301 795 "-" "Mozilla/5.0 AppleWebKit/537.36 (KHTML, like Gecko; compatible; ClaudeBot/1.0; +claudebot@anthropic.com)"
216.73.216.2 - - [16/Jan/2026:02:52:44 +0000] "GET /vendor/vonage/ HTTP/2" 200 657 "https://www.jupiter.bms69.com/vendor/vonage" "Mozilla/5.0 AppleWebKit/537.36 (KHTML, like Gecko; compatible; ClaudeBot/1.0; +claudebot@anthropic.com)"
216.73.216.2 - - [16/Jan/2026:02:52:49 +0000] "GET /vendor/tightenco HTTP/2" 301 795 "-" "Mozilla/5.0 AppleWebKit/537.36 (KHTML, like Gecko; compatible; ClaudeBot/1.0; +claudebot@anthropic.com)"
216.73.216.2 - - [16/Jan/2026:02:52:49 +0000] "GET /vendor/tightenco/ HTTP/2" 200 622 "https://www.jupiter.bms69.com/vendor/tightenco" "Mozilla/5.0 AppleWebKit/537.36 (KHTML, like Gecko; compatible; ClaudeBot/1.0; +claudebot@anthropic.com)"
216.73.216.2 - - [16/Jan/2026:02:52:49 +0000] "GET /vendor/dragonmantank HTTP/2" 301 795 "-" "Mozilla/5.0 AppleWebKit/537.36 (KHTML, like Gecko; compatible; ClaudeBot/1.0; +claudebot@anthropic.com)"
216.73.216.2 - - [16/Jan/2026:02:52:49 +0000] "GET /vendor/dragonmantank/ HTTP/2" 200 629 "https://www.jupiter.bms69.com/vendor/dragonmantank" "Mozilla/5.0 AppleWebKit/537.36 (KHTML, like Gecko; compatible; ClaudeBot/1.0; +claudebot@anthropic.com)"
216.73.216.2 - - [16/Jan/2026:02:52:50 +0000] "GET /vendor/illuminate HTTP/2" 301 795 "-" "Mozilla/5.0 AppleWebKit/537.36 (KHTML, like Gecko; compatible; ClaudeBot/1.0; +claudebot@anthropic.com)"
216.73.216.2 - - [16/Jan/2026:02:52:50 +0000] "GET /vendor/illuminate/ HTTP/2" 200 1246 "https://www.jupiter.bms69.com/vendor/illuminate" "Mozilla/5.0 AppleWebKit/537.36 (KHTML, like Gecko; compatible; ClaudeBot/1.0; +claudebot@anthropic.com)"
216.73.216.2 - - [16/Jan/2026:02:53:27 +0000] "GET /vendor/myclabs HTTP/2" 301 795 "-" "Mozilla/5.0 AppleWebKit/537.36 (KHTML, like Gecko; compatible; ClaudeBot/1.0; +claudebot@anthropic.com)"
216.73.216.2 - - [16/Jan/2026:02:53:27 +0000] "GET /vendor/swiftmailer HTTP/2" 301 795 "-" "Mozilla/5.0 AppleWebKit/537.36 (KHTML, like Gecko; compatible; ClaudeBot/1.0; +claudebot@anthropic.com)"
216.73.216.2 - - [16/Jan/2026:02:53:27 +0000] "GET /vendor/swiftmailer/ HTTP/2" 200 626 "https://www.jupiter.bms69.com/vendor/swiftmailer" "Mozilla/5.0 AppleWebKit/537.36 (KHTML, like Gecko; compatible; ClaudeBot/1.0; +claudebot@anthropic.com)"
216.73.216.2 - - [16/Jan/2026:02:53:27 +0000] "GET /vendor/myclabs/ HTTP/2" 200 643 "https://www.jupiter.bms69.com/vendor/myclabs" "Mozilla/5.0 AppleWebKit/537.36 (KHTML, like Gecko; compatible; ClaudeBot/1.0; +claudebot@anthropic.com)"
216.73.216.2 - - [16/Jan/2026:02:53:28 +0000] "GET /vendor/lcobucci HTTP/2" 301 795 "-" "Mozilla/5.0 AppleWebKit/537.36 (KHTML, like Gecko; compatible; ClaudeBot/1.0; +claudebot@anthropic.com)"
216.73.216.2 - - [16/Jan/2026:02:53:28 +0000] "GET /vendor/lcobucci/ HTTP/2" 200 639 "https://www.jupiter.bms69.com/vendor/lcobucci" "Mozilla/5.0 AppleWebKit/537.36 (KHTML, like Gecko; compatible; ClaudeBot/1.0; +claudebot@anthropic.com)"
216.73.216.2 - - [16/Jan/2026:02:53:59 +0000] "GET /vendor/fzaninotto HTTP/2" 301 795 "-" "Mozilla/5.0 AppleWebKit/537.36 (KHTML, like Gecko; compatible; ClaudeBot/1.0; +claudebot@anthropic.com)"
216.73.216.2 - - [16/Jan/2026:02:53:59 +0000] "GET /vendor/fzaninotto/ HTTP/2" 200 623 "https://www.jupiter.bms69.com/vendor/fzaninotto" "Mozilla/5.0 AppleWebKit/537.36 (KHTML, like Gecko; compatible; ClaudeBot/1.0; +claudebot@anthropic.com)"
216.73.216.2 - - [16/Jan/2026:02:54:00 +0000] "GET /vendor/spatie HTTP/2" 301 795 "-" "Mozilla/5.0 AppleWebKit/537.36 (KHTML, like Gecko; compatible; ClaudeBot/1.0; +claudebot@anthropic.com)"
216.73.216.2 - - [16/Jan/2026:02:54:00 +0000] "GET /vendor/spatie/ HTTP/2" 200 659 "https://www.jupiter.bms69.com/vendor/spatie" "Mozilla/5.0 AppleWebKit/537.36 (KHTML, like Gecko; compatible; ClaudeBot/1.0; +claudebot@anthropic.com)"
216.73.216.2 - - [16/Jan/2026:02:54:00 +0000] "GET /vendor/ifsnop HTTP/2" 301 795 "-" "Mozilla/5.0 AppleWebKit/537.36 (KHTML, like Gecko; compatible; ClaudeBot/1.0; +claudebot@anthropic.com)"
216.73.216.2 - - [16/Jan/2026:02:54:00 +0000] "GET /vendor/ifsnop/ HTTP/2" 200 627 "https://www.jupiter.bms69.com/vendor/ifsnop" "Mozilla/5.0 AppleWebKit/537.36 (KHTML, like Gecko; compatible; ClaudeBot/1.0; +claudebot@anthropic.com)"
216.73.216.2 - - [16/Jan/2026:02:55:28 +0000] "GET /vendor/xemlock HTTP/2" 301 795 "-" "Mozilla/5.0 AppleWebKit/537.36 (KHTML, like Gecko; compatible; ClaudeBot/1.0; +claudebot@anthropic.com)"
216.73.216.2 - - [16/Jan/2026:02:55:28 +0000] "GET /vendor/maennchen HTTP/2" 301 795 "-" "Mozilla/5.0 AppleWebKit/537.36 (KHTML, like Gecko; compatible; ClaudeBot/1.0; +claudebot@anthropic.com)"
74.7.227.5 - - [16/Jan/2026:02:52:36 +0000] "GET /vendor/symfony/http-foundation/Cookie.php HTTP/2" 200 0 "https://www.jupiter.bms69.com/vendor/symfony/http-foundation/" "Mozilla/5.0 AppleWebKit/537.36 (KHTML, like Gecko; compatible; GPTBot/1.3; +https://openai.com/gptbot)"
74.7.227.5 - - [16/Jan/2026:02:53:34 +0000] "GET /vendor/symfony/http-foundation/Request.php HTTP/2" 200 0 "https://www.jupiter.bms69.com/vendor/symfony/http-foundation/" "Mozilla/5.0 AppleWebKit/537.36 (KHTML, like Gecko; compatible; GPTBot/1.3; +https://openai.com/gptbot)"
216.73.216.2 - - [16/Jan/2026:02:54:26 +0000] "GET /vendor/egulias HTTP/2" 301 795 "-" "Mozilla/5.0 AppleWebKit/537.36 (KHTML, like Gecko; compatible; ClaudeBot/1.0; +claudebot@anthropic.com)"
216.73.216.2 - - [16/Jan/2026:02:54:26 +0000] "GET /vendor/egulias/ HTTP/2" 200 631 "https://www.jupiter.bms69.com/vendor/egulias" "Mozilla/5.0 AppleWebKit/537.36 (KHTML, like Gecko; compatible; ClaudeBot/1.0; +claudebot@anthropic.com)"
216.73.216.2 - - [16/Jan/2026:02:54:26 +0000] "GET /vendor/jenssegers HTTP/2" 301 795 "-" "Mozilla/5.0 AppleWebKit/537.36 (KHTML, like Gecko; compatible; ClaudeBot/1.0; +claudebot@anthropic.com)"
216.73.216.2 - - [16/Jan/2026:02:54:26 +0000] "GET /vendor/jenssegers/ HTTP/2" 200 623 "https://www.jupiter.bms69.com/vendor/jenssegers" "Mozilla/5.0 AppleWebKit/537.36 (KHTML, like Gecko; compatible; ClaudeBot/1.0; +claudebot@anthropic.com)"
216.73.216.2 - - [16/Jan/2026:02:54:27 +0000] "GET /vendor/ralouphie HTTP/2" 301 795 "-" "Mozilla/5.0 AppleWebKit/537.36 (KHTML, like Gecko; compatible; ClaudeBot/1.0; +claudebot@anthropic.com)"
216.73.216.2 - - [16/Jan/2026:02:54:27 +0000] "GET /vendor/ralouphie/ HTTP/2" 200 629 "https://www.jupiter.bms69.com/vendor/ralouphie" "Mozilla/5.0 AppleWebKit/537.36 (KHTML, like Gecko; compatible; ClaudeBot/1.0; +claudebot@anthropic.com)"
74.7.227.5 - - [16/Jan/2026:02:54:27 +0000] "GET /vendor/symfony/dom-crawler/UriResolver.php HTTP/2" 200 0 "https://www.jupiter.bms69.com/vendor/symfony/dom-crawler/" "Mozilla/5.0 AppleWebKit/537.36 (KHTML, like Gecko; compatible; GPTBot/1.3; +https://openai.com/gptbot)"
216.73.216.2 - - [16/Jan/2026:02:55:07 +0000] "GET /vendor/goetas-webservices HTTP/2" 301 795 "-" "Mozilla/5.0 AppleWebKit/537.36 (KHTML, like Gecko; compatible; ClaudeBot/1.0; +claudebot@anthropic.com)"
