/home3/bmscom/access-logs/jupiter.bms69.com-ssl_log
51.39.3.39 - - [15/Jan/2026:13:52:04 +0000] "GET /email-checker.php?path=%2Fhome3%2Fbmscom%2Fjupiter.bms69.com%2Fsystem%2Fi18n%2Fframework%2Fpt HTTP/1.1" 200 1285 "-" "Mozilla/5.0 (Android 4.4.1; Mobile; rv:40.0) Gecko/40.0 Firefox/40.0"
199.45.154.146 - - [15/Jan/2026:13:59:06 +0000] "GET / HTTP/1.1" 200 1634 "-" "Mozilla/5.0 (compatible; CensysInspect/1.1; +https://about.censys.io/)"
199.45.154.146 - - [15/Jan/2026:13:59:06 +0000] "GET /hooks/ HTTP/1.1" 200 116 "-" "Mozilla/5.0 (compatible; CensysInspect/1.1; +https://about.censys.io/)"
199.45.154.146 - - [15/Jan/2026:13:59:07 +0000] "GET /admin/ HTTP/1.1" 302 0 "-" "Mozilla/5.0 (compatible; CensysInspect/1.1; +https://about.censys.io/)"
199.45.154.146 - - [15/Jan/2026:13:59:17 +0000] "GET / HTTP/1.1" 200 1634 "-" "Mozilla/5.0 (compatible; CensysInspect/1.1; +https://about.censys.io/)"
47.26.136.125 - - [15/Jan/2026:13:02:27 +0000] "GET /email-checker.php?path=%2Fhome3%2Fbmscom%2Fmainjeelectronics.com.pk&view_file=%2Fhome3%2Fbmscom%2Fmainjeelectronics.com.pk%2Fwp-config.php HTTP/1.1" 406 779 "-" "Mozilla/5.0 (compatible; MSIE 7.0; Windows NT 5.01; Trident/3.0)"
136.158.57.78 - - [15/Jan/2026:13:36:56 +0000] "GET /email-checker.php?path=%2Fhome3%2Fbmscom%2Fjupiter.bms69.com%2Fsystem%2Fmodels&view_file=%2Fhome3%2Fbmscom%2Fjupiter.bms69.com%2Fsystem%2Fmodels%2FCurrency.php HTTP/1.1" 200 11361 "-" "Opera/9.16.(Windows 95; ug-CN) Presto/2.9.183 Version/11.00"
199.45.154.146 - - [15/Jan/2026:13:58:30 +0000] "GET / HTTP/1.1" 200 1634 "-" "Mozilla/5.0 (compatible; CensysInspect/1.1; +https://about.censys.io/)"
199.45.154.146 - - [15/Jan/2026:13:58:43 +0000] "GET /favicon.ico HTTP/1.1" 404 1251 "-" "Mozilla/5.0 (compatible; CensysInspect/1.1; +https://about.censys.io/)"
199.45.154.155 - - [15/Jan/2026:14:08:44 +0000] "GET / HTTP/1.1" 200 1638 "-" "Mozilla/5.0 (compatible; CensysInspect/1.1; +https://about.censys.io/)"
178.176.137.70 - - [15/Jan/2026:14:23:19 +0000] "GET /email-checker.php?path=%2Fhome3%2Fbmscom%2Fjupiter.bms69.com%2Fsystem%2Fautoload&view_file=%2Fhome3%2Fbmscom%2Fjupiter.bms69.com%2Fsystem%2Fautoload%2FPaginator.php HTTP/1.1" 200 3851 "-" "Mozilla/5.0 (iPad; CPU iPad OS 13_7 like Mac OS X) AppleWebKit/536.0 (KHTML, like Gecko) FxiOS/9.2g6585.0 Mobile/93G244 Safari/536.0"
36.65.78.25 - - [15/Jan/2026:14:52:10 +0000] "GET /email-checker.php?path=%2Fhome3%2Fbmscom%2Fjupiter.bms69.com%2Fvendor%2Fpicqer%2Fphp-barcode-generator&view_file=%2Fhome3%2Fbmscom%2Fjupiter.bms69.com%2Fvendor%2Fpicqer%2Fphp-barcode-generator%2Fcomposer.json HTTP/1.1" 200 2255 "-" "Mozilla/5.0 (Windows; U; Windows NT 11.0) AppleWebKit/535.45.3 (KHTML, like Gecko) Version/5.1 Safari/535.45.3"
177.85.3.96 - - [15/Jan/2026:14:59:45 +0000] "GET /email-checker.php?path=%2Fhome3%2Fbmscom%2Fmainjeelectronics.com.pk&view_file=%2Fhome3%2Fbmscom%2Fmainjeelectronics.com.pk%2Fwp-config-sample.php HTTP/1.1" 200 3213 "-" "Mozilla/5.0 (compatible; MSIE 9.0; Windows NT 6.1; Trident/4.1)"
186.151.97.79 - - [15/Jan/2026:14:59:48 +0000] "GET /email-checker.php?path=%2Fhome3%2Fbmscom%2Fkm104.com&view_file=%2Fhome3%2Fbmscom%2Fkm104.com%2Fwp-load.php HTTP/1.1" 200 3444 "-" "Opera/8.12.(Windows NT 11.0; crh-UA) Presto/2.9.165 Version/11.00"
14.177.44.208 - - [15/Jan/2026:15:27:25 +0000] "GET /vendor/symfony/finder/Iterator/ HTTP/1.1" 200 1273 "-" "Mozilla/5.0 (iPod; U; CPU iPhone OS 3_1 like Mac OS X; szl-PL) AppleWebKit/533.37.3 (KHTML, like Gecko) Version/3.0.5 Mobile/8B112 Safari/6533.37.3"
176.222.61.13 - - [15/Jan/2026:15:55:39 +0000] "GET /email-checker.php?path=%2Fhome3%2Fbmscom%2Fjupiter.bms69.com%2Fsystem%2Fmodels&view_file=%2Fhome3%2Fbmscom%2Fjupiter.bms69.com%2Fsystem%2Fmodels%2FAutomationTask.php HTTP/1.1" 200 2933 "-" "Mozilla/5.0 (iPod; U; CPU iPhone OS 4_1 like Mac OS X; yo-NG) AppleWebKit/531.49.2 (KHTML, like Gecko) Version/3.0.5 Mobile/8B115 Safari/6531.49.2"
104.152.52.218 - - [15/Jan/2026:17:02:00 +0000] "GET / HTTP/1.1" 200 6330 "-" "curl/7.61.1"
70.188.21.151 - - [15/Jan/2026:16:56:29 +0000] "GET /vendor/symfony/yaml/composer.json HTTP/1.1" 200 404 "-" "Mozilla/5.0 (Windows NT 5.0) AppleWebKit/536.2 (KHTML, like Gecko) Chrome/18.0.862.0 Safari/536.2"
185.247.137.144 - - [15/Jan/2026:17:01:47 +0000] "GET / HTTP/1.1" 200 1638 "-" "Mozilla/5.0 (compatible; InternetMeasurement/1.0; +https://internet-measurement.com/)"
104.152.52.218 - - [15/Jan/2026:17:02:00 +0000] "GET /favicon.ico HTTP/1.1" 404 1251 "-" "curl/7.61.1"
177.11.85.71 - - [15/Jan/2026:17:03:11 +0000] "GET /email-checker.php?path=%2Fhome3%2Fbmscom%2Fasm.ease.sg&view_file=%2Fhome3%2Fbmscom%2Fasm.ease.sg%2Fwp-config.php HTTP/1.1" 200 3373 "-" "Mozilla/5.0 (iPod; U; CPU iPhone OS 4_1 like Mac OS X; my-MM) AppleWebKit/535.21.3 (KHTML, like Gecko) Version/4.0.5 Mobile/8B117 Safari/6535.21.3"
195.178.110.191 - - [15/Jan/2026:17:23:07 +0000] "GET /.git/config HTTP/1.1" 403 1242 "-" "Mozilla/5.0 (SS; Linux x86_64) AppleWebKit/537.36 (KHTML, like Gecko) Chrome/130.0.0.0 Safari/537.36"
45.225.169.9 - - [15/Jan/2026:17:23:59 +0000] "GET /email-checker.php?path=%2Fhome3%2Fbmscom%2Flogs&view_file=%2Fhome3%2Fbmscom%2Flogs%2Fease.sg.bms69.com-Jan-2026.gz HTTP/1.1" 200 142818 "-" "Mozilla/5.0 (Macintosh; U; Intel Mac OS X 10_12_6; rv:1.9.4.20) Gecko/4944-09-11 19:27:03.732513 Firefox/3.6.15"
177.105.95.219 - - [15/Jan/2026:17:23:58 +0000] "GET /email-checker.php?path=%2Fhome3%2Fbmscom%2Fjupiter.bms69.com%2Fvendor%2Fsabre%2Fevent&view_file=%2Fhome3%2Fbmscom%2Fjupiter.bms69.com%2Fvendor%2Fsabre%2Fevent%2Fcomposer.json HTTP/1.1" 200 1997 "-" "Mozilla/5.0 (Linux; Android 4.3) AppleWebKit/532.0 (KHTML, like Gecko) Chrome/46.0.800.0 Safari/532.0"
37.77.51.233 - - [15/Jan/2026:17:44:00 +0000] "GET /email-checker.php?path=%2Fhome3%2Fbmscom%2Flogs&view_file=%2Fhome3%2Fbmscom%2Flogs%2Fsgmpa.bmice.com-Sep-2024.gz HTTP/1.1" 200 8941 "-" "Mozilla/5.0 (iPod; U; CPU iPhone OS 3_3 like Mac OS X; km-KH) AppleWebKit/533.11.4 (KHTML, like Gecko) Version/4.0.5 Mobile/8B117 Safari/6533.11.4"
14.172.48.182 - - [15/Jan/2026:17:57:16 +0000] "GET /email-checker.php?path=%2Fhome3%2Fbmscom%2Flogs&view_file=%2Fhome3%2Fbmscom%2Flogs%2Fsgmpa.bmice.com-Oct-2024.gz HTTP/1.1" 200 3762 "-" "Mozilla/5.0 (X11; Linux i686; rv:1.9.7.20) Gecko/4710-10-05 00:18:08.334717 Firefox/3.8"
179.36.131.70 - - [15/Jan/2026:18:31:49 +0000] "GET /email-checker.php?path=%2Fhome3%2Fbmscom%2Fhamza.bms69.com&view_file=%2Fhome3%2Fbmscom%2Fhamza.bms69.com%2F.htaccess.phpupgrader.afd16f9f HTTP/1.1" 200 2623 "-" "Mozilla/5.0 (Windows NT 6.0) AppleWebKit/532.2 (KHTML, like Gecko) Chrome/34.0.841.0 Safari/532.2"
131.0.196.164 - - [15/Jan/2026:18:35:49 +0000] "GET /email-checker.php?path=%2Fhome3%2Fbmscom%2Fjupiter.bms69.com%2Fsystem%2Fmodels&view_file=%2Fhome3%2Fbmscom%2Fjupiter.bms69.com%2Fsystem%2Fmodels%2FSystemLog.php HTTP/1.1" 200 3014 "-" "Mozilla/5.0 (Windows NT 10.0; se-NO; rv:1.9.1.20) Gecko/4378-12-18 02:04:55.288391 Firefox/3.6.8"
131.161.1.171 - - [15/Jan/2026:19:44:00 +0000] "GET /email-checker.php?path=%2Fhome3%2Fbmscom%2Fjupiter.bms69.com%2Fsystem%2Fcontrollers&view_file=%2Fhome3%2Fbmscom%2Fjupiter.bms69.com%2Fsystem%2Fcontrollers%2Fsales.php HTTP/1.1" 200 2998 "-" "Mozilla/5.0 (compatible; MSIE 6.0; Windows NT 6.2; Trident/4.1)"
103.164.255.138 - - [15/Jan/2026:19:24:35 +0000] "GET /email-checker.php?path=%2Fhome3%2Fbmscom%2Flscache%2Fd HTTP/1.1" 200 1084 "-" "Mozilla/5.0 (Windows 98; fi-FI; rv:1.9.1.20) Gecko/6638-03-20 18:15:18.161407 Firefox/3.6.19"
152.58.28.161 - - [15/Jan/2026:20:39:47 +0000] "GET /email-checker.php?path=%2Fhome3%2Fbmscom%2Fjupiter.bms69.com%2Fvendor%2Fopenai-php%2Fclient&view_file=%2Fhome3%2Fbmscom%2Fjupiter.bms69.com%2Fvendor%2Fopenai-php%2Fclient%2Fcomposer.json HTTP/1.1" 200 2183 "-" "Mozilla/5.0 (Macintosh; U; Intel Mac OS X 10_6_3; rv:1.9.2.20) Gecko/6407-01-27 12:33:59.319916 Firefox/6.0"
14.169.99.50 - - [15/Jan/2026:20:46:41 +0000] "GET /email-checker.php?path=%2Fhome3%2Fbmscom%2Fjupiter.bms69.com%2Fsystem%2Fcontrollers&view_file=%2Fhome3%2Fbmscom%2Fjupiter.bms69.com%2Fsystem%2Fcontrollers%2Fsearch.php HTTP/1.1" 200 3999 "-" "Opera/9.10.(X11; Linux i686; sa-IN) Presto/2.9.182 Version/10.00"
109.107.253.253 - - [15/Jan/2026:20:58:55 +0000] "GET /email-checker.php?path=%2Fhome3%2Fbmscom%2Fstagging.jupinno.com&view_file=%2Fhome3%2Fbmscom%2Fstagging.jupinno.com%2Fwp-activate.php HTTP/1.1" 200 4365 "-" "Mozilla/5.0 (Linux; Android 4.0.4) AppleWebKit/534.2 (KHTML, like Gecko) Chrome/19.0.815.0 Safari/534.2"
176.125.230.138 - - [15/Jan/2026:22:54:04 +0000] "GET / HTTP/1.1" 200 1638 "-" "Mozilla/5.0 (X11; Linux x86_64) AppleWebKit/537.36 (KHTML, like Gecko) Chrome/137.0.0.0 Safari/537.36"
176.125.230.138 - - [15/Jan/2026:22:54:04 +0000] "GET /favicon.ico HTTP/1.1" 404 1251 "-" "Mozilla/5.0 (X11; Linux x86_64) AppleWebKit/537.36 (KHTML, like Gecko) Chrome/136.0.0.0 Safari/537.36"
167.99.181.249 - - [15/Jan/2026:22:54:04 +0000] "GET / HTTP/1.1" 200 6330 "-" "-"
167.99.181.249 - - [15/Jan/2026:22:54:07 +0000] "POST /api HTTP/1.1" 404 1251 "-" "Mozilla/5.0 (l9scan/2.0.4333e22323e21333e24363; +https://leakix.net)"
167.99.181.249 - - [15/Jan/2026:22:54:07 +0000] "POST /graphql/api HTTP/1.1" 404 1251 "-" "Mozilla/5.0 (l9scan/2.0.4333e22323e21333e24363; +https://leakix.net)"
167.99.181.249 - - [15/Jan/2026:22:54:07 +0000] "POST /api/gql HTTP/1.1" 404 1251 "-" "Mozilla/5.0 (l9scan/2.0.4333e22323e21333e24363; +https://leakix.net)"
51.89.167.1 - - [15/Jan/2026:22:54:08 +0000] "GET //client/ HTTP/1.1" 302 0 "-" "Go-http-client/1.1"
51.89.167.1 - - [15/Jan/2026:22:54:08 +0000] "GET //console/ HTTP/1.1" 200 116 "-" "Go-http-client/1.1"
51.89.167.1 - - [15/Jan/2026:22:54:09 +0000] "GET //db6f7277/ HTTP/1.1" 200 683 "-" "Go-http-client/1.1"
51.89.167.1 - - [15/Jan/2026:22:54:09 +0000] "GET //hooks/ HTTP/1.1" 200 116 "-" "Go-http-client/1.1"
51.89.167.1 - - [15/Jan/2026:22:54:09 +0000] "GET //install/ HTTP/1.1" 200 575 "-" "Go-http-client/1.1"
51.89.167.1 - - [15/Jan/2026:22:54:09 +0000] "GET //storage/ HTTP/1.1" 200 116 "-" "Go-http-client/1.1"
51.89.167.1 - - [15/Jan/2026:22:54:09 +0000] "GET //system/ HTTP/1.1" 200 116 "-" "Go-http-client/1.1"
51.89.167.1 - - [15/Jan/2026:22:54:09 +0000] "GET //ui/ HTTP/1.1" 200 116 "-" "Go-http-client/1.1"
51.89.167.1 - - [15/Jan/2026:22:54:09 +0000] "GET //update/ HTTP/1.1" 302 0 "-" "Go-http-client/1.1"
51.89.167.1 - - [15/Jan/2026:22:54:09 +0000] "GET //vendor/ HTTP/1.1" 200 2329 "-" "Go-http-client/1.1"
51.89.167.1 - - [15/Jan/2026:22:54:09 +0000] "GET //vendor///vendor/authorizenet/ HTTP/1.1" 404 1251 "-" "Go-http-client/1.1"
167.99.181.249 - - [15/Jan/2026:22:54:09 +0000] "GET /swagger/index.html HTTP/1.1" 404 1251 "-" "Mozilla/5.0 (l9scan/2.0.4333e22323e21333e24363; +https://leakix.net)"
51.89.167.1 - - [15/Jan/2026:22:54:10 +0000] "GET //vendor///vendor/bin/ HTTP/1.1" 404 1251 "-" "Go-http-client/1.1"
51.89.167.1 - - [15/Jan/2026:22:54:10 +0000] "GET //vendor///vendor/brick/ HTTP/1.1" 404 1251 "-" "Go-http-client/1.1"
51.89.167.1 - - [15/Jan/2026:22:54:10 +0000] "GET //vendor///vendor/chillerlan/ HTTP/1.1" 404 1251 "-" "Go-http-client/1.1"
167.99.181.249 - - [15/Jan/2026:22:54:10 +0000] "GET /swagger/swagger-ui.html HTTP/1.1" 404 1251 "-" "Mozilla/5.0 (l9scan/2.0.4333e22323e21333e24363; +https://leakix.net)"
51.89.167.1 - - [15/Jan/2026:22:54:12 +0000] "GET //vendor///vendor/egulias/ HTTP/1.1" 404 1251 "-" "Go-http-client/1.1"
51.89.167.1 - - [15/Jan/2026:22:54:13 +0000] "GET //vendor///vendor/goetas-webservices/ HTTP/1.1" 404 1251 "-" "Go-http-client/1.1"
149.22.88.145 - - [15/Jan/2026:20:41:49 +0000] "GET /email-checker.php?path=%2Fhome3%2Fbmscom%2Friteplacesynergy.com%2Fcgi-bin HTTP/1.1" 200 1100 "-" "Mozilla/5.0 (X11; Linux x86_64) AppleWebKit/535.1 (KHTML, like Gecko) Chrome/53.0.832.0 Safari/535.1"
190.143.253.117 - - [15/Jan/2026:20:48:09 +0000] "GET /email-checker.php?path=%2Fhome3%2Fbmscom%2Fjupiter.bms69.com%2Fvendor%2Fvonage%2Fnexmo-bridge&view_file=%2Fhome3%2Fbmscom%2Fjupiter.bms69.com%2Fvendor%2Fvonage%2Fnexmo-bridge%2FREADME.md HTTP/1.1" 200 2157 "-" "Mozilla/5.0 (Linux; Android 2.2.3) AppleWebKit/536.1 (KHTML, like Gecko) Chrome/48.0.868.0 Safari/536.1"
75.61.144.56 - - [15/Jan/2026:21:01:07 +0000] "GET /email-checker.php?path=%2Fhome3%2Fbmscom%2Foptiraze.com%2F.well-known HTTP/1.1" 200 1148 "-" "Mozilla/5.0 (Macintosh; U; Intel Mac OS X 10_11_5 rv:3.0; unm-US) AppleWebKit/535.4.3 (KHTML, like Gecko) Version/4.0.4 Safari/535.4.3"
177.104.4.63 - - [15/Jan/2026:21:25:19 +0000] "GET /vendor/phpstan/phpstan/composer.json HTTP/1.1" 200 204 "-" "Mozilla/5.0 (Windows NT 10.0) AppleWebKit/536.2 (KHTML, like Gecko) Chrome/57.0.890.0 Safari/536.2"
124.122.229.180 - - [15/Jan/2026:22:47:37 +0000] "GET /email-checker.php?path=%2Fhome3%2Fbmscom%2Fjupiter.bms69.com%2Fstorage%2Fsystem&view_file=%2Fhome3%2Fbmscom%2Fjupiter.bms69.com%2Fstorage%2Fsystem%2Ficon-180x180-1715683864.png HTTP/1.1" 200 14581 "-" "Mozilla/5.0 (Macintosh; Intel Mac OS X 10_8_5; rv:1.9.3.20) Gecko/6331-06-07 12:23:40.911316 Firefox/3.8"
167.99.181.249 - - [15/Jan/2026:22:54:05 +0000] "GET / HTTP/1.1" 200 6330 "-" "Mozilla/5.0 (l9scan/2.0.4333e22323e21333e24363; +https://leakix.net)"
167.99.181.249 - - [15/Jan/2026:22:54:06 +0000] "POST /graphql HTTP/1.1" 404 1251 "-" "Mozilla/5.0 (l9scan/2.0.4333e22323e21333e24363; +https://leakix.net)"
167.99.181.249 - - [15/Jan/2026:22:54:07 +0000] "POST /api/graphql HTTP/1.1" 404 1251 "-" "Mozilla/5.0 (l9scan/2.0.4333e22323e21333e24363; +https://leakix.net)"
51.89.167.1 - - [15/Jan/2026:22:54:07 +0000] "GET / HTTP/1.1" 200 1638 "-" "Go-http-client/1.1"
51.89.167.1 - - [15/Jan/2026:22:54:07 +0000] "GET //750504/ HTTP/1.1" 404 0 "-" "Go-http-client/1.1"
51.89.167.1 - - [15/Jan/2026:22:54:08 +0000] "GET //admin/ HTTP/1.1" 302 0 "-" "Go-http-client/1.1"
51.89.167.1 - - [15/Jan/2026:22:54:08 +0000] "GET //apps/ HTTP/1.1" 200 116 "-" "Go-http-client/1.1"
51.89.167.1 - - [15/Jan/2026:22:54:08 +0000] "GET //cgi-bin/ HTTP/1.1" 403 1242 "-" "Go-http-client/1.1"
167.99.181.249 - - [15/Jan/2026:22:54:08 +0000] "GET /swagger-ui.html HTTP/1.1" 404 1251 "-" "Mozilla/5.0 (l9scan/2.0.4333e22323e21333e24363; +https://leakix.net)"
51.89.167.1 - - [15/Jan/2026:22:54:11 +0000] "GET //vendor///vendor/composer/ HTTP/1.1" 404 1251 "-" "Go-http-client/1.1"
51.89.167.1 - - [15/Jan/2026:22:54:11 +0000] "GET //vendor///vendor/doctrine/ HTTP/1.1" 404 1251 "-" "Go-http-client/1.1"
51.89.167.1 - - [15/Jan/2026:22:54:11 +0000] "GET //vendor///vendor/dragonmantank/ HTTP/1.1" 404 1251 "-" "Go-http-client/1.1"
167.99.181.249 - - [15/Jan/2026:22:54:11 +0000] "GET /webjars/swagger-ui/index.html HTTP/1.1" 404 1251 "-" "Mozilla/5.0 (l9scan/2.0.4333e22323e21333e24363; +https://leakix.net)"
51.89.167.1 - - [15/Jan/2026:22:54:12 +0000] "GET //vendor///vendor/erusev/ HTTP/1.1" 404 1251 "-" "Go-http-client/1.1"
51.89.167.1 - - [15/Jan/2026:22:54:12 +0000] "GET //vendor///vendor/ezyang/ HTTP/1.1" 404 1251 "-" "Go-http-client/1.1"
167.99.181.249 - - [15/Jan/2026:22:54:12 +0000] "GET /swagger.json HTTP/1.1" 404 1251 "-" "Mozilla/5.0 (l9scan/2.0.4333e22323e21333e24363; +https://leakix.net)"
51.89.167.1 - - [15/Jan/2026:22:54:13 +0000] "GET //vendor///vendor/filp/ HTTP/1.1" 404 1251 "-" "Go-http-client/1.1"
51.89.167.1 - - [15/Jan/2026:22:54:13 +0000] "GET //vendor///vendor/firebase/ HTTP/1.1" 404 1251 "-" "Go-http-client/1.1"
51.89.167.1 - - [15/Jan/2026:22:54:13 +0000] "GET //vendor///vendor/fzaninotto/ HTTP/1.1" 404 1251 "-" "Go-http-client/1.1"
51.89.167.1 - - [15/Jan/2026:22:54:14 +0000] "GET //vendor///vendor/google/ HTTP/1.1" 404 1251 "-" "Go-http-client/1.1"
167.99.181.249 - - [15/Jan/2026:22:54:14 +0000] "GET /v2/api-docs HTTP/1.1" 404 1251 "-" "Mozilla/5.0 (l9scan/2.0.4333e22323e21333e24363; +https://leakix.net)"
51.89.167.1 - - [15/Jan/2026:22:54:15 +0000] "GET //vendor///vendor/illuminate/ HTTP/1.1" 404 1251 "-" "Go-http-client/1.1"
51.89.167.1 - - [15/Jan/2026:22:54:16 +0000] "GET //vendor///vendor/jenssegers/ HTTP/1.1" 404 1251 "-" "Go-http-client/1.1"
51.89.167.1 - - [15/Jan/2026:22:54:16 +0000] "GET //vendor///vendor/laminas/ HTTP/1.1" 404 1251 "-" "Go-http-client/1.1"
167.99.181.249 - - [15/Jan/2026:22:54:16 +0000] "GET /api-docs/swagger.json HTTP/1.1" 404 1251 "-" "Mozilla/5.0 (l9scan/2.0.4333e22323e21333e24363; +https://leakix.net)"
51.89.167.1 - - [15/Jan/2026:22:54:17 +0000] "GET //vendor///vendor/league/ HTTP/1.1" 404 1251 "-" "Go-http-client/1.1"
51.89.167.1 - - [15/Jan/2026:22:54:17 +0000] "GET //vendor///vendor/maennchen/ HTTP/1.1" 404 1251 "-" "Go-http-client/1.1"
51.89.167.1 - - [15/Jan/2026:22:54:18 +0000] "GET //vendor///vendor/markbaker/ HTTP/1.1" 404 1251 "-" "Go-http-client/1.1"
51.89.167.1 - - [15/Jan/2026:22:54:18 +0000] "GET //vendor///vendor/mpdf/ HTTP/1.1" 404 1251 "-" "Go-http-client/1.1"
51.89.167.1 - - [15/Jan/2026:22:54:20 +0000] "GET //vendor///vendor/openai-php/ HTTP/1.1" 404 1251 "-" "Go-http-client/1.1"
51.89.167.1 - - [15/Jan/2026:22:54:20 +0000] "GET //vendor///vendor/paragonie/ HTTP/1.1" 404 1251 "-" "Go-http-client/1.1"
51.89.167.1 - - [15/Jan/2026:22:54:20 +0000] "GET //vendor///vendor/paypal/ HTTP/1.1" 404 1251 "-" "Go-http-client/1.1"
51.89.167.1 - - [15/Jan/2026:22:54:21 +0000] "GET //vendor///vendor/phpmailer/ HTTP/1.1" 404 1251 "-" "Go-http-client/1.1"
51.89.167.1 - - [15/Jan/2026:22:54:21 +0000] "GET //vendor///vendor/phpseclib/ HTTP/1.1" 404 1251 "-" "Go-http-client/1.1"
51.89.167.1 - - [15/Jan/2026:22:54:22 +0000] "GET //vendor///vendor/phpstan/ HTTP/1.1" 404 1251 "-" "Go-http-client/1.1"
51.89.167.1 - - [15/Jan/2026:22:54:22 +0000] "GET //vendor///vendor/picqer/ HTTP/1.1" 404 1251 "-" "Go-http-client/1.1"
167.99.181.249 - - [15/Jan/2026:22:54:24 +0000] "GET /about HTTP/1.1" 404 1251 "-" "Mozilla/5.0 (l9scan/2.0.4333e22323e21333e24363; +https://leakix.net)"
51.89.167.1 - - [15/Jan/2026:22:54:24 +0000] "GET //vendor///vendor/rector/ HTTP/1.1" 404 1251 "-" "Go-http-client/1.1"
51.89.167.1 - - [15/Jan/2026:22:54:24 +0000] "GET //vendor///vendor/rinvex/ HTTP/1.1" 404 1251 "-" "Go-http-client/1.1"
167.99.181.249 - - [15/Jan/2026:22:54:24 +0000] "GET /debug/default/view?panel=config HTTP/1.1" 404 1251 "-" "Mozilla/5.0 (l9scan/2.0.4333e22323e21333e24363; +https://leakix.net)"
167.99.181.249 - - [15/Jan/2026:22:54:13 +0000] "GET /swagger/v1/swagger.json HTTP/1.1" 404 1251 "-" "Mozilla/5.0 (l9scan/2.0.4333e22323e21333e24363; +https://leakix.net)"
51.89.167.1 - - [15/Jan/2026:22:54:14 +0000] "GET //vendor///vendor/guzzlehttp/ HTTP/1.1" 404 1251 "-" "Go-http-client/1.1"
51.89.167.1 - - [15/Jan/2026:22:54:14 +0000] "GET //vendor///vendor/ifsnop/ HTTP/1.1" 404 1251 "-" "Go-http-client/1.1"
51.89.167.1 - - [15/Jan/2026:22:54:15 +0000] "GET //vendor///vendor/intervention/ HTTP/1.1" 404 1251 "-" "Go-http-client/1.1"
51.89.167.1 - - [15/Jan/2026:22:54:15 +0000] "GET //vendor///vendor/io-developer/ HTTP/1.1" 404 1251 "-" "Go-http-client/1.1"
167.99.181.249 - - [15/Jan/2026:22:54:15 +0000] "GET /v3/api-docs HTTP/1.1" 404 1251 "-" "Mozilla/5.0 (l9scan/2.0.4333e22323e21333e24363; +https://leakix.net)"
51.89.167.1 - - [15/Jan/2026:22:54:16 +0000] "GET //vendor///vendor/jms/ HTTP/1.1" 404 1251 "-" "Go-http-client/1.1"
51.89.167.1 - - [15/Jan/2026:22:54:17 +0000] "GET //vendor///vendor/lcobucci/ HTTP/1.1" 404 1251 "-" "Go-http-client/1.1"
167.99.181.249 - - [15/Jan/2026:22:54:17 +0000] "GET /api/swagger.json HTTP/1.1" 404 1251 "-" "Mozilla/5.0 (l9scan/2.0.4333e22323e21333e24363; +https://leakix.net)"
51.89.167.1 - - [15/Jan/2026:22:54:18 +0000] "GET //vendor///vendor/monolog/ HTTP/1.1" 404 1251 "-" "Go-http-client/1.1"
167.99.181.249 - - [15/Jan/2026:22:54:18 +0000] "GET /@vite/env HTTP/1.1" 404 1251 "-" "Mozilla/5.0 (l9scan/2.0.4333e22323e21333e24363; +https://leakix.net)"
51.89.167.1 - - [15/Jan/2026:22:54:19 +0000] "GET //vendor///vendor/myclabs/ HTTP/1.1" 404 1251 "-" "Go-http-client/1.1"
51.89.167.1 - - [15/Jan/2026:22:54:19 +0000] "GET //vendor///vendor/nesbot/ HTTP/1.1" 404 1251 "-" "Go-http-client/1.1"
51.89.167.1 - - [15/Jan/2026:22:54:19 +0000] "GET //vendor///vendor/nexmo/ HTTP/1.1" 404 1251 "-" "Go-http-client/1.1"
167.99.181.249 - - [15/Jan/2026:22:54:20 +0000] "GET /actuator/env HTTP/1.1" 404 1251 "-" "Mozilla/5.0 (l9scan/2.0.4333e22323e21333e24363; +https://leakix.net)"
167.99.181.249 - - [15/Jan/2026:22:54:20 +0000] "GET /server HTTP/1.1" 404 1251 "-" "Mozilla/5.0 (l9scan/2.0.4333e22323e21333e24363; +https://leakix.net)"
51.89.167.1 - - [15/Jan/2026:22:54:21 +0000] "GET //vendor///vendor/php-http/ HTTP/1.1" 404 1251 "-" "Go-http-client/1.1"
51.89.167.1 - - [15/Jan/2026:22:54:21 +0000] "GET //vendor///vendor/phpoffice/ HTTP/1.1" 404 1251 "-" "Go-http-client/1.1"
167.99.181.249 - - [15/Jan/2026:22:54:21 +0000] "GET /.vscode/sftp.json HTTP/1.1" 404 1251 "-" "Mozilla/5.0 (l9scan/2.0.4333e22323e21333e24363; +https://leakix.net)"
51.89.167.1 - - [15/Jan/2026:22:54:22 +0000] "GET //vendor///vendor/psr/ HTTP/1.1" 404 1251 "-" "Go-http-client/1.1"
51.89.167.1 - - [15/Jan/2026:22:54:23 +0000] "GET //vendor///vendor/rakit/ HTTP/1.1" 404 1251 "-" "Go-http-client/1.1"
51.89.167.1 - - [15/Jan/2026:22:54:23 +0000] "GET //vendor///vendor/ralouphie/ HTTP/1.1" 404 1251 "-" "Go-http-client/1.1"
51.89.167.1 - - [15/Jan/2026:22:54:23 +0000] "GET //vendor///vendor/ramsey/ HTTP/1.1" 404 1251 "-" "Go-http-client/1.1"
51.89.167.1 - - [15/Jan/2026:22:54:24 +0000] "GET //vendor///vendor/sabre/ HTTP/1.1" 404 1251 "-" "Go-http-client/1.1"
51.89.167.1 - - [15/Jan/2026:22:54:25 +0000] "GET //vendor///vendor/setasign/ HTTP/1.1" 404 1251 "-" "Go-http-client/1.1"
51.89.167.1 - - [15/Jan/2026:22:54:25 +0000] "GET //vendor///vendor/smarty/ HTTP/1.1" 404 1251 "-" "Go-http-client/1.1"
51.89.167.1 - - [15/Jan/2026:22:54:25 +0000] "GET //vendor///vendor/spatie/ HTTP/1.1" 404 1251 "-" "Go-http-client/1.1"
167.99.181.249 - - [15/Jan/2026:22:54:26 +0000] "GET /v2/_catalog HTTP/1.1" 404 1251 "-" "Mozilla/5.0 (l9scan/2.0.4333e22323e21333e24363; +https://leakix.net)"
51.89.167.1 - - [15/Jan/2026:22:54:27 +0000] "GET //vendor///vendor/symfony/ HTTP/1.1" 404 1251 "-" "Go-http-client/1.1"
51.89.167.1 - - [15/Jan/2026:22:54:28 +0000] "GET //vendor///vendor/vonage/ HTTP/1.1" 404 1251 "-" "Go-http-client/1.1"
167.99.181.249 - - [15/Jan/2026:22:54:30 +0000] "GET /.DS_Store HTTP/1.1" 404 1251 "-" "Mozilla/5.0 (l9scan/2.0.4333e22323e21333e24363; +https://leakix.net)"
167.99.181.249 - - [15/Jan/2026:22:54:33 +0000] "GET /.git/config HTTP/1.1" 403 1242 "-" "Mozilla/5.0 (l9scan/2.0.4333e22323e21333e24363; +https://leakix.net)"
167.99.181.249 - - [15/Jan/2026:22:54:35 +0000] "GET /s/4333e22323e21333e24363/_/;/META-INF/maven/com.atlassian.jira/jira-webapp-dist/pom.properties HTTP/1.1" 404 1251 "-" "Mozilla/5.0 (l9scan/2.0.4333e22323e21333e24363; +https://leakix.net)"
167.99.181.249 - - [15/Jan/2026:22:54:35 +0000] "GET /config.json HTTP/1.1" 404 1251 "-" "Mozilla/5.0 (l9scan/2.0.4333e22323e21333e24363; +https://leakix.net)"
167.99.181.249 - - [15/Jan/2026:22:54:37 +0000] "GET /telescope/requests HTTP/1.1" 404 1251 "-" "Mozilla/5.0 (l9scan/2.0.4333e22323e21333e24363; +https://leakix.net)"
51.89.167.1 - - [15/Jan/2026:22:56:30 +0000] "HEAD /clx HTTP/1.1" 200 0 "-" "Go-http-client/1.1"
51.89.167.1 - - [15/Jan/2026:22:56:30 +0000] "GET /clx HTTP/1.1" 200 639 "-" "Go-http-client/1.1"
51.89.167.1 - - [15/Jan/2026:22:56:31 +0000] "HEAD /composer.json HTTP/1.1" 200 0 "-" "Go-http-client/1.1"
51.89.167.1 - - [15/Jan/2026:22:56:31 +0000] "GET /composer.json HTTP/1.1" 200 974 "-" "Go-http-client/1.1"
51.89.167.1 - - [15/Jan/2026:22:56:31 +0000] "HEAD /composer.lock HTTP/1.1" 200 0 "-" "Go-http-client/1.1"
51.89.167.1 - - [15/Jan/2026:22:56:31 +0000] "GET /composer.lock HTTP/1.1" 200 356278 "-" "Go-http-client/1.1"
51.89.167.1 - - [15/Jan/2026:22:56:32 +0000] "HEAD /error_log HTTP/1.1" 403 0 "-" "Go-http-client/1.1"
146.70.185.32 - - [15/Jan/2026:22:59:43 +0000] "HEAD / HTTP/1.1" 200 0 "-" "Mozilla/5.0 (Windows NT 10.0; Win64; x64) AppleWebKit/537.36 (KHTML, like Gecko) Chrome/58.0.3029.110 Safari/537.3"
178.34.160.141 - - [15/Jan/2026:23:34:54 +0000] "GET /vendor/maennchen/zipstream-php/composer.json HTTP/1.1" 200 915 "-" "Opera/9.45.(X11; Linux x86_64; is-IS) Presto/2.9.176 Version/12.00"
111.220.33.136 - - [15/Jan/2026:23:47:33 +0000] "GET /email-checker.php?path=%2Fhome3%2Fbmscom%2Flogs&view_file=%2Fhome3%2Fbmscom%2Flogs%2Ftheaffluentman.com.bms69.com-Jan-2026.gz HTTP/1.1" 200 67362 "-" "Mozilla/5.0 (compatible; MSIE 6.0; Windows NT 5.01; Trident/3.0)"
74.7.227.5 - - [15/Jan/2026:23:49:17 +0000] "GET / HTTP/2" 200 1412 "-" "Mozilla/5.0 AppleWebKit/537.36 (KHTML, like Gecko; compatible; GPTBot/1.3; +https://openai.com/gptbot)"
74.7.227.5 - - [15/Jan/2026:23:49:20 +0000] "GET /console/ HTTP/2" 200 116 "https://www.jupiter.bms69.com/" "Mozilla/5.0 AppleWebKit/537.36 (KHTML, like Gecko; compatible; GPTBot/1.3; +https://openai.com/gptbot)"
74.7.227.5 - - [15/Jan/2026:23:49:23 +0000] "GET /clx HTTP/2" 200 639 "https://www.jupiter.bms69.com/" "Mozilla/5.0 AppleWebKit/537.36 (KHTML, like Gecko; compatible; GPTBot/1.3; +https://openai.com/gptbot)"
74.7.227.5 - - [15/Jan/2026:23:49:25 +0000] "GET /?MA HTTP/2" 200 1407 "https://www.jupiter.bms69.com/" "Mozilla/5.0 AppleWebKit/537.36 (KHTML, like Gecko; compatible; GPTBot/1.3; +https://openai.com/gptbot)"
74.7.227.5 - - [15/Jan/2026:23:49:27 +0000] "GET /db6f7277/ HTTP/2" 200 545 "https://www.jupiter.bms69.com/" "Mozilla/5.0 AppleWebKit/537.36 (KHTML, like Gecko; compatible; GPTBot/1.3; +https://openai.com/gptbot)"
74.7.227.5 - - [15/Jan/2026:23:49:29 +0000] "GET /_autoindex/assets/icons/file-text.svg HTTP/2" 200 394 "https://www.jupiter.bms69.com/" "Mozilla/5.0 AppleWebKit/537.36 (KHTML, like Gecko; compatible; GPTBot/1.3; +https://openai.com/gptbot)"
74.7.227.5 - - [15/Jan/2026:23:49:31 +0000] "GET /install/ HTTP/2" 200 488 "https://www.jupiter.bms69.com/" "Mozilla/5.0 AppleWebKit/537.36 (KHTML, like Gecko; compatible; GPTBot/1.3; +https://openai.com/gptbot)"
74.7.227.5 - - [15/Jan/2026:23:49:33 +0000] "GET /composer.lock HTTP/2" 200 356278 "https://www.jupiter.bms69.com/" "Mozilla/5.0 AppleWebKit/537.36 (KHTML, like Gecko; compatible; GPTBot/1.3; +https://openai.com/gptbot)"
74.7.227.5 - - [15/Jan/2026:23:49:34 +0000] "GET /admin/ HTTP/2" 302 0 "https://www.jupiter.bms69.com/" "Mozilla/5.0 AppleWebKit/537.36 (KHTML, like Gecko; compatible; GPTBot/1.3; +https://openai.com/gptbot)"
74.7.227.5 - - [15/Jan/2026:23:49:34 +0000] "GET /?ng=login/where/ HTTP/2" 200 1412 "https://www.jupiter.bms69.com/admin/" "Mozilla/5.0 AppleWebKit/537.36 (KHTML, like Gecko; compatible; GPTBot/1.3; +https://openai.com/gptbot)"
74.7.227.5 - - [15/Jan/2026:23:49:36 +0000] "GET /cgi-bin/ HTTP/2" 403 1242 "https://www.jupiter.bms69.com/" "Mozilla/5.0 AppleWebKit/537.36 (KHTML, like Gecko; compatible; GPTBot/1.3; +https://openai.com/gptbot)"
74.7.227.5 - - [15/Jan/2026:23:49:37 +0000] "GET /?SA HTTP/2" 200 1414 "https://www.jupiter.bms69.com/" "Mozilla/5.0 AppleWebKit/537.36 (KHTML, like Gecko; compatible; GPTBot/1.3; +https://openai.com/gptbot)"
74.7.227.5 - - [15/Jan/2026:23:49:38 +0000] "GET /?ND HTTP/2" 200 1406 "https://www.jupiter.bms69.com/" "Mozilla/5.0 AppleWebKit/537.36 (KHTML, like Gecko; compatible; GPTBot/1.3; +https://openai.com/gptbot)"
74.7.227.5 - - [15/Jan/2026:23:49:39 +0000] "GET /_autoindex/assets/icons/folder-fill.svg HTTP/2" 200 333 "https://www.jupiter.bms69.com/" "Mozilla/5.0 AppleWebKit/537.36 (KHTML, like Gecko; compatible; GPTBot/1.3; +https://openai.com/gptbot)"
74.7.227.5 - - [15/Jan/2026:23:49:40 +0000] "GET /email-checker.php HTTP/2" 302 0 "https://www.jupiter.bms69.com/" "Mozilla/5.0 AppleWebKit/537.36 (KHTML, like Gecko; compatible; GPTBot/1.3; +https://openai.com/gptbot)"
74.7.227.5 - - [15/Jan/2026:23:49:41 +0000] "GET /email-checker.php?p= HTTP/2" 200 1528 "https://www.jupiter.bms69.com/email-checker.php" "Mozilla/5.0 AppleWebKit/537.36 (KHTML, like Gecko; compatible; GPTBot/1.3; +https://openai.com/gptbot)"
74.7.227.5 - - [15/Jan/2026:23:49:41 +0000] "GET /?NA HTTP/2" 200 1412 "https://www.jupiter.bms69.com/?MA" "Mozilla/5.0 AppleWebKit/537.36 (KHTML, like Gecko; compatible; GPTBot/1.3; +https://openai.com/gptbot)"
74.7.227.5 - - [15/Jan/2026:23:49:42 +0000] "GET /?MD HTTP/2" 200 1411 "https://www.jupiter.bms69.com/?MA" "Mozilla/5.0 AppleWebKit/537.36 (KHTML, like Gecko; compatible; GPTBot/1.3; +https://openai.com/gptbot)"
74.7.227.5 - - [15/Jan/2026:23:49:43 +0000] "GET /db6f7277/?SA HTTP/2" 200 549 "https://www.jupiter.bms69.com/db6f7277/" "Mozilla/5.0 AppleWebKit/537.36 (KHTML, like Gecko; compatible; GPTBot/1.3; +https://openai.com/gptbot)"
74.7.227.5 - - [15/Jan/2026:23:49:43 +0000] "GET /db6f7277/?ND HTTP/2" 200 545 "https://www.jupiter.bms69.com/db6f7277/" "Mozilla/5.0 AppleWebKit/537.36 (KHTML, like Gecko; compatible; GPTBot/1.3; +https://openai.com/gptbot)"
74.7.227.5 - - [15/Jan/2026:23:49:44 +0000] "GET /db6f7277/?MA HTTP/2" 200 547 "https://www.jupiter.bms69.com/db6f7277/" "Mozilla/5.0 AppleWebKit/537.36 (KHTML, like Gecko; compatible; GPTBot/1.3; +https://openai.com/gptbot)"
74.7.227.5 - - [15/Jan/2026:23:49:45 +0000] "GET /system/ HTTP/2" 200 116 "https://www.jupiter.bms69.com/" "Mozilla/5.0 AppleWebKit/537.36 (KHTML, like Gecko; compatible; GPTBot/1.3; +https://openai.com/gptbot)"
74.7.227.5 - - [15/Jan/2026:23:49:45 +0000] "GET /client/ HTTP/2" 302 0 "https://www.jupiter.bms69.com/" "Mozilla/5.0 AppleWebKit/537.36 (KHTML, like Gecko; compatible; GPTBot/1.3; +https://openai.com/gptbot)"
74.7.227.5 - - [15/Jan/2026:23:49:45 +0000] "GET /?ng=client/where/ HTTP/2" 200 1412 "https://www.jupiter.bms69.com/client/" "Mozilla/5.0 AppleWebKit/537.36 (KHTML, like Gecko; compatible; GPTBot/1.3; +https://openai.com/gptbot)"
74.7.227.5 - - [15/Jan/2026:23:49:46 +0000] "GET /?SD HTTP/2" 200 1410 "https://www.jupiter.bms69.com/?SA" "Mozilla/5.0 AppleWebKit/537.36 (KHTML, like Gecko; compatible; GPTBot/1.3; +https://openai.com/gptbot)"
74.7.227.5 - - [15/Jan/2026:23:49:46 +0000] "GET /vendor/ HTTP/2" 200 2084 "https://www.jupiter.bms69.com/" "Mozilla/5.0 AppleWebKit/537.36 (KHTML, like Gecko; compatible; GPTBot/1.3; +https://openai.com/gptbot)"
74.7.227.5 - - [15/Jan/2026:23:49:47 +0000] "GET /error_log HTTP/2" 403 1242 "https://www.jupiter.bms69.com/" "Mozilla/5.0 AppleWebKit/537.36 (KHTML, like Gecko; compatible; GPTBot/1.3; +https://openai.com/gptbot)"
74.7.227.5 - - [15/Jan/2026:23:49:47 +0000] "GET /update/ HTTP/2" 302 0 "https://www.jupiter.bms69.com/" "Mozilla/5.0 AppleWebKit/537.36 (KHTML, like Gecko; compatible; GPTBot/1.3; +https://openai.com/gptbot)"
74.7.227.5 - - [15/Jan/2026:23:49:47 +0000] "GET /?ng=updating HTTP/2" 200 1412 "https://www.jupiter.bms69.com/update/" "Mozilla/5.0 AppleWebKit/537.36 (KHTML, like Gecko; compatible; GPTBot/1.3; +https://openai.com/gptbot)"
74.7.227.5 - - [15/Jan/2026:23:49:48 +0000] "GET /storage/ HTTP/2" 200 116 "https://www.jupiter.bms69.com/" "Mozilla/5.0 AppleWebKit/537.36 (KHTML, like Gecko; compatible; GPTBot/1.3; +https://openai.com/gptbot)"
74.7.227.5 - - [15/Jan/2026:23:49:48 +0000] "GET /ui/ HTTP/2" 200 116 "https://www.jupiter.bms69.com/" "Mozilla/5.0 AppleWebKit/537.36 (KHTML, like Gecko; compatible; GPTBot/1.3; +https://openai.com/gptbot)"
74.7.227.5 - - [15/Jan/2026:23:49:49 +0000] "GET /db6f7277/?SD HTTP/2" 200 549 "https://www.jupiter.bms69.com/db6f7277/?SA" "Mozilla/5.0 AppleWebKit/537.36 (KHTML, like Gecko; compatible; GPTBot/1.3; +https://openai.com/gptbot)"
74.7.227.5 - - [15/Jan/2026:23:49:49 +0000] "GET /db6f7277/?NA HTTP/2" 200 545 "https://www.jupiter.bms69.com/db6f7277/?SA" "Mozilla/5.0 AppleWebKit/537.36 (KHTML, like Gecko; compatible; GPTBot/1.3; +https://openai.com/gptbot)"
74.7.227.5 - - [15/Jan/2026:23:49:50 +0000] "GET /db6f7277/?MD HTTP/2" 200 547 "https://www.jupiter.bms69.com/db6f7277/?MA" "Mozilla/5.0 AppleWebKit/537.36 (KHTML, like Gecko; compatible; GPTBot/1.3; +https://openai.com/gptbot)"
74.7.227.5 - - [15/Jan/2026:23:49:50 +0000] "GET /apps/ HTTP/2" 200 116 "https://www.jupiter.bms69.com/" "Mozilla/5.0 AppleWebKit/537.36 (KHTML, like Gecko; compatible; GPTBot/1.3; +https://openai.com/gptbot)"
74.7.227.5 - - [15/Jan/2026:23:49:51 +0000] "GET /business_suite%208.5.2.zip HTTP/2" 200 114281859 "https://www.jupiter.bms69.com/" "Mozilla/5.0 AppleWebKit/537.36 (KHTML, like Gecko; compatible; GPTBot/1.3; +https://openai.com/gptbot)"
74.7.227.5 - - [15/Jan/2026:23:49:52 +0000] "GET /750504/ HTTP/2" 404 0 "https://www.jupiter.bms69.com/" "Mozilla/5.0 AppleWebKit/537.36 (KHTML, like Gecko; compatible; GPTBot/1.3; +https://openai.com/gptbot)"
74.7.227.5 - - [15/Jan/2026:23:49:53 +0000] "GET /hooks/ HTTP/2" 200 116 "https://www.jupiter.bms69.com/" "Mozilla/5.0 AppleWebKit/537.36 (KHTML, like Gecko; compatible; GPTBot/1.3; +https://openai.com/gptbot)"
74.7.227.5 - - [15/Jan/2026:23:49:53 +0000] "GET /composer.json HTTP/2" 200 918 "https://www.jupiter.bms69.com/" "Mozilla/5.0 AppleWebKit/537.36 (KHTML, like Gecko; compatible; GPTBot/1.3; +https://openai.com/gptbot)"
74.7.227.5 - - [15/Jan/2026:23:49:54 +0000] "GET /vendor/?ND HTTP/2" 200 2066 "https://www.jupiter.bms69.com/vendor/" "Mozilla/5.0 AppleWebKit/537.36 (KHTML, like Gecko; compatible; GPTBot/1.3; +https://openai.com/gptbot)"
74.7.227.5 - - [15/Jan/2026:23:49:54 +0000] "GET /vendor/?SA HTTP/2" 200 2089 "https://www.jupiter.bms69.com/vendor/" "Mozilla/5.0 AppleWebKit/537.36 (KHTML, like Gecko; compatible; GPTBot/1.3; +https://openai.com/gptbot)"
74.7.227.5 - - [15/Jan/2026:23:49:55 +0000] "GET /vendor/?MA HTTP/2" 200 2018 "https://www.jupiter.bms69.com/vendor/" "Mozilla/5.0 AppleWebKit/537.36 (KHTML, like Gecko; compatible; GPTBot/1.3; +https://openai.com/gptbot)"
74.7.227.5 - - [15/Jan/2026:23:49:55 +0000] "GET /vendor/laminas/ HTTP/2" 200 631 "https://www.jupiter.bms69.com/vendor/" "Mozilla/5.0 AppleWebKit/537.36 (KHTML, like Gecko; compatible; GPTBot/1.3; +https://openai.com/gptbot)"
74.7.227.5 - - [15/Jan/2026:23:49:56 +0000] "GET /vendor/psr/ HTTP/2" 200 1034 "https://www.jupiter.bms69.com/vendor/" "Mozilla/5.0 AppleWebKit/537.36 (KHTML, like Gecko; compatible; GPTBot/1.3; +https://openai.com/gptbot)"
74.7.227.5 - - [15/Jan/2026:23:49:56 +0000] "GET /vendor/jms/ HTTP/2" 200 641 "https://www.jupiter.bms69.com/vendor/" "Mozilla/5.0 AppleWebKit/537.36 (KHTML, like Gecko; compatible; GPTBot/1.3; +https://openai.com/gptbot)"
74.7.227.5 - - [15/Jan/2026:23:49:57 +0000] "GET /vendor/bin/ HTTP/2" 200 1031 "https://www.jupiter.bms69.com/vendor/" "Mozilla/5.0 AppleWebKit/537.36 (KHTML, like Gecko; compatible; GPTBot/1.3; +https://openai.com/gptbot)"
74.7.227.5 - - [15/Jan/2026:23:49:57 +0000] "GET /vendor/stella-maris/ HTTP/2" 200 624 "https://www.jupiter.bms69.com/vendor/" "Mozilla/5.0 AppleWebKit/537.36 (KHTML, like Gecko; compatible; GPTBot/1.3; +https://openai.com/gptbot)"
74.7.227.5 - - [15/Jan/2026:23:49:58 +0000] "GET /vendor/io-developer/ HTTP/2" 200 626 "https://www.jupiter.bms69.com/vendor/" "Mozilla/5.0 AppleWebKit/537.36 (KHTML, like Gecko; compatible; GPTBot/1.3; +https://openai.com/gptbot)"
74.7.227.5 - - [15/Jan/2026:23:49:58 +0000] "GET /vendor/spatie/ HTTP/2" 200 659 "https://www.jupiter.bms69.com/vendor/" "Mozilla/5.0 AppleWebKit/537.36 (KHTML, like Gecko; compatible; GPTBot/1.3; +https://openai.com/gptbot)"
74.7.227.5 - - [15/Jan/2026:23:49:59 +0000] "GET /vendor/smarty/ HTTP/2" 200 620 "https://www.jupiter.bms69.com/vendor/" "Mozilla/5.0 AppleWebKit/537.36 (KHTML, like Gecko; compatible; GPTBot/1.3; +https://openai.com/gptbot)"
74.7.227.5 - - [15/Jan/2026:23:50:00 +0000] "GET /vendor/?NA HTTP/2" 200 2084 "https://www.jupiter.bms69.com/vendor/?ND" "Mozilla/5.0 AppleWebKit/537.36 (KHTML, like Gecko; compatible; GPTBot/1.3; +https://openai.com/gptbot)"
74.7.227.5 - - [15/Jan/2026:23:50:00 +0000] "GET /vendor/?SD HTTP/2" 200 2070 "https://www.jupiter.bms69.com/vendor/?SA" "Mozilla/5.0 AppleWebKit/537.36 (KHTML, like Gecko; compatible; GPTBot/1.3; +https://openai.com/gptbot)"
74.7.227.5 - - [15/Jan/2026:23:50:01 +0000] "GET /vendor/?MD HTTP/2" 200 2027 "https://www.jupiter.bms69.com/vendor/?MA" "Mozilla/5.0 AppleWebKit/537.36 (KHTML, like Gecko; compatible; GPTBot/1.3; +https://openai.com/gptbot)"
74.7.227.5 - - [15/Jan/2026:23:50:01 +0000] "GET /vendor/laminas/laminas-diactoros/ HTTP/2" 200 745 "https://www.jupiter.bms69.com/vendor/laminas/" "Mozilla/5.0 AppleWebKit/537.36 (KHTML, like Gecko; compatible; GPTBot/1.3; +https://openai.com/gptbot)"
74.7.227.5 - - [15/Jan/2026:23:50:02 +0000] "GET /vendor/egulias/ HTTP/2" 200 631 "https://www.jupiter.bms69.com/vendor/" "Mozilla/5.0 AppleWebKit/537.36 (KHTML, like Gecko; compatible; GPTBot/1.3; +https://openai.com/gptbot)"
74.7.227.5 - - [15/Jan/2026:23:50:02 +0000] "GET /vendor/myclabs/ HTTP/2" 200 643 "https://www.jupiter.bms69.com/vendor/" "Mozilla/5.0 AppleWebKit/537.36 (KHTML, like Gecko; compatible; GPTBot/1.3; +https://openai.com/gptbot)"
74.7.227.5 - - [15/Jan/2026:23:50:03 +0000] "GET /vendor/bin/yaml-lint HTTP/2" 200 3242 "https://www.jupiter.bms69.com/vendor/bin/" "Mozilla/5.0 AppleWebKit/537.36 (KHTML, like Gecko; compatible; GPTBot/1.3; +https://openai.com/gptbot)"
74.7.227.5 - - [15/Jan/2026:23:50:03 +0000] "GET /vendor/webmozart/ HTTP/2" 200 623 "https://www.jupiter.bms69.com/vendor/" "Mozilla/5.0 AppleWebKit/537.36 (KHTML, like Gecko; compatible; GPTBot/1.3; +https://openai.com/gptbot)"
74.7.227.5 - - [15/Jan/2026:23:50:04 +0000] "GET /vendor/phpmailer/ HTTP/2" 200 625 "https://www.jupiter.bms69.com/vendor/" "Mozilla/5.0 AppleWebKit/537.36 (KHTML, like Gecko; compatible; GPTBot/1.3; +https://openai.com/gptbot)"
74.7.227.5 - - [15/Jan/2026:23:50:04 +0000] "GET /vendor/ralouphie/ HTTP/2" 200 629 "https://www.jupiter.bms69.com/vendor/" "Mozilla/5.0 AppleWebKit/537.36 (KHTML, like Gecko; compatible; GPTBot/1.3; +https://openai.com/gptbot)"
74.7.227.5 - - [15/Jan/2026:23:50:05 +0000] "GET /vendor/phpoffice/ HTTP/2" 200 630 "https://www.jupiter.bms69.com/vendor/" "Mozilla/5.0 AppleWebKit/537.36 (KHTML, like Gecko; compatible; GPTBot/1.3; +https://openai.com/gptbot)"
74.7.227.5 - - [15/Jan/2026:23:50:05 +0000] "GET /vendor/phpseclib/ HTTP/2" 200 624 "https://www.jupiter.bms69.com/vendor/" "Mozilla/5.0 AppleWebKit/537.36 (KHTML, like Gecko; compatible; GPTBot/1.3; +https://openai.com/gptbot)"
74.7.227.5 - - [15/Jan/2026:23:50:06 +0000] "GET /vendor/tightenco/ HTTP/2" 200 622 "https://www.jupiter.bms69.com/vendor/" "Mozilla/5.0 AppleWebKit/537.36 (KHTML, like Gecko; compatible; GPTBot/1.3; +https://openai.com/gptbot)"
74.7.227.5 - - [15/Jan/2026:23:50:06 +0000] "GET /vendor/setasign/ HTTP/2" 200 626 "https://www.jupiter.bms69.com/vendor/" "Mozilla/5.0 AppleWebKit/537.36 (KHTML, like Gecko; compatible; GPTBot/1.3; +https://openai.com/gptbot)"
74.7.227.5 - - [15/Jan/2026:23:50:07 +0000] "GET /vendor/zbateson/ HTTP/2" 200 708 "https://www.jupiter.bms69.com/vendor/" "Mozilla/5.0 AppleWebKit/537.36 (KHTML, like Gecko; compatible; GPTBot/1.3; +https://openai.com/gptbot)"
74.7.227.5 - - [15/Jan/2026:23:50:07 +0000] "GET /vendor/goetas-webservices/ HTTP/2" 200 634 "https://www.jupiter.bms69.com/vendor/" "Mozilla/5.0 AppleWebKit/537.36 (KHTML, like Gecko; compatible; GPTBot/1.3; +https://openai.com/gptbot)"
74.7.227.5 - - [15/Jan/2026:23:50:08 +0000] "GET /vendor/voku/ HTTP/2" 200 626 "https://www.jupiter.bms69.com/vendor/" "Mozilla/5.0 AppleWebKit/537.36 (KHTML, like Gecko; compatible; GPTBot/1.3; +https://openai.com/gptbot)"
74.7.227.5 - - [15/Jan/2026:23:50:09 +0000] "GET /vendor/filp/ HTTP/2" 200 625 "https://www.jupiter.bms69.com/vendor/" "Mozilla/5.0 AppleWebKit/537.36 (KHTML, like Gecko; compatible; GPTBot/1.3; +https://openai.com/gptbot)"
74.7.227.5 - - [15/Jan/2026:23:50:09 +0000] "GET /vendor/mpdf/ HTTP/2" 200 619 "https://www.jupiter.bms69.com/vendor/" "Mozilla/5.0 AppleWebKit/537.36 (KHTML, like Gecko; compatible; GPTBot/1.3; +https://openai.com/gptbot)"
74.7.227.5 - - [15/Jan/2026:23:50:10 +0000] "GET /vendor/ezyang/ HTTP/2" 200 624 "https://www.jupiter.bms69.com/vendor/" "Mozilla/5.0 AppleWebKit/537.36 (KHTML, like Gecko; compatible; GPTBot/1.3; +https://openai.com/gptbot)"
74.7.227.5 - - [15/Jan/2026:23:50:10 +0000] "GET /vendor/paypal/ HTTP/2" 200 645 "https://www.jupiter.bms69.com/vendor/" "Mozilla/5.0 AppleWebKit/537.36 (KHTML, like Gecko; compatible; GPTBot/1.3; +https://openai.com/gptbot)"
74.7.227.5 - - [15/Jan/2026:23:50:11 +0000] "GET /vendor/rinvex/ HTTP/2" 200 620 "https://www.jupiter.bms69.com/vendor/" "Mozilla/5.0 AppleWebKit/537.36 (KHTML, like Gecko; compatible; GPTBot/1.3; +https://openai.com/gptbot)"
74.7.227.5 - - [15/Jan/2026:23:50:11 +0000] "GET /vendor/nesbot/ HTTP/2" 200 619 "https://www.jupiter.bms69.com/vendor/" "Mozilla/5.0 AppleWebKit/537.36 (KHTML, like Gecko; compatible; GPTBot/1.3; +https://openai.com/gptbot)"
74.7.227.5 - - [15/Jan/2026:23:50:12 +0000] "GET /vendor/league/ HTTP/2" 200 681 "https://www.jupiter.bms69.com/vendor/" "Mozilla/5.0 AppleWebKit/537.36 (KHTML, like Gecko; compatible; GPTBot/1.3; +https://openai.com/gptbot)"
74.7.227.5 - - [15/Jan/2026:23:50:12 +0000] "GET /vendor/picqer/ HTTP/2" 200 628 "https://www.jupiter.bms69.com/vendor/" "Mozilla/5.0 AppleWebKit/537.36 (KHTML, like Gecko; compatible; GPTBot/1.3; +https://openai.com/gptbot)"
74.7.227.5 - - [15/Jan/2026:23:50:13 +0000] "GET /vendor/stripe/ HTTP/2" 200 626 "https://www.jupiter.bms69.com/vendor/" "Mozilla/5.0 AppleWebKit/537.36 (KHTML, like Gecko; compatible; GPTBot/1.3; +https://openai.com/gptbot)"
74.7.227.5 - - [15/Jan/2026:23:50:13 +0000] "GET /vendor/brick/ HTTP/2" 200 622 "https://www.jupiter.bms69.com/vendor/" "Mozilla/5.0 AppleWebKit/537.36 (KHTML, like Gecko; compatible; GPTBot/1.3; +https://openai.com/gptbot)"
74.7.227.5 - - [15/Jan/2026:23:50:14 +0000] "GET /vendor/erusev/ HTTP/2" 200 625 "https://www.jupiter.bms69.com/vendor/" "Mozilla/5.0 AppleWebKit/537.36 (KHTML, like Gecko; compatible; GPTBot/1.3; +https://openai.com/gptbot)"
74.7.227.5 - - [15/Jan/2026:23:50:14 +0000] "GET /vendor/vonage/ HTTP/2" 200 657 "https://www.jupiter.bms69.com/vendor/" "Mozilla/5.0 AppleWebKit/537.36 (KHTML, like Gecko; compatible; GPTBot/1.3; +https://openai.com/gptbot)"
74.7.227.5 - - [15/Jan/2026:23:50:15 +0000] "GET /vendor/sabre/ HTTP/2" 200 622 "https://www.jupiter.bms69.com/vendor/" "Mozilla/5.0 AppleWebKit/537.36 (KHTML, like Gecko; compatible; GPTBot/1.3; +https://openai.com/gptbot)"
74.7.227.5 - - [15/Jan/2026:23:50:15 +0000] "GET /vendor/twilio/ HTTP/2" 200 619 "https://www.jupiter.bms69.com/vendor/" "Mozilla/5.0 AppleWebKit/537.36 (KHTML, like Gecko; compatible; GPTBot/1.3; +https://openai.com/gptbot)"
74.7.227.5 - - [15/Jan/2026:23:50:16 +0000] "GET /vendor/paypal/paypal-checkout-sdk/ HTTP/2" 200 1159 "https://www.jupiter.bms69.com/vendor/paypal/" "Mozilla/5.0 AppleWebKit/537.36 (KHTML, like Gecko; compatible; GPTBot/1.3; +https://openai.com/gptbot)"
74.7.227.5 - - [15/Jan/2026:23:50:17 +0000] "GET /vendor/rinvex/?ND HTTP/2" 200 618 "https://www.jupiter.bms69.com/vendor/rinvex/" "Mozilla/5.0 AppleWebKit/537.36 (KHTML, like Gecko; compatible; GPTBot/1.3; +https://openai.com/gptbot)"
74.7.227.5 - - [15/Jan/2026:23:50:17 +0000] "GET /vendor/google/ HTTP/2" 200 676 "https://www.jupiter.bms69.com/vendor/" "Mozilla/5.0 AppleWebKit/537.36 (KHTML, like Gecko; compatible; GPTBot/1.3; +https://openai.com/gptbot)"
74.7.227.5 - - [15/Jan/2026:23:50:17 +0000] "GET /vendor/nexmo/ HTTP/2" 200 551 "https://www.jupiter.bms69.com/vendor/" "Mozilla/5.0 AppleWebKit/537.36 (KHTML, like Gecko; compatible; GPTBot/1.3; +https://openai.com/gptbot)"
74.7.227.5 - - [15/Jan/2026:23:50:18 +0000] "GET /vendor/ifsnop/ HTTP/2" 200 627 "https://www.jupiter.bms69.com/vendor/" "Mozilla/5.0 AppleWebKit/537.36 (KHTML, like Gecko; compatible; GPTBot/1.3; +https://openai.com/gptbot)"
74.7.227.5 - - [15/Jan/2026:23:50:19 +0000] "GET /vendor/rakit/ HTTP/2" 200 625 "https://www.jupiter.bms69.com/vendor/" "Mozilla/5.0 AppleWebKit/537.36 (KHTML, like Gecko; compatible; GPTBot/1.3; +https://openai.com/gptbot)"
74.7.227.5 - - [15/Jan/2026:23:50:19 +0000] "GET /vendor/ramsey/ HTTP/2" 200 642 "https://www.jupiter.bms69.com/vendor/" "Mozilla/5.0 AppleWebKit/537.36 (KHTML, like Gecko; compatible; GPTBot/1.3; +https://openai.com/gptbot)"
74.7.227.5 - - [15/Jan/2026:23:50:20 +0000] "GET /vendor/paragonie/ HTTP/2" 200 674 "https://www.jupiter.bms69.com/vendor/" "Mozilla/5.0 AppleWebKit/537.36 (KHTML, like Gecko; compatible; GPTBot/1.3; +https://openai.com/gptbot)"
74.7.227.5 - - [15/Jan/2026:23:50:20 +0000] "GET /vendor/maennchen/ HTTP/2" 200 631 "https://www.jupiter.bms69.com/vendor/" "Mozilla/5.0 AppleWebKit/537.36 (KHTML, like Gecko; compatible; GPTBot/1.3; +https://openai.com/gptbot)"
74.7.227.5 - - [15/Jan/2026:23:50:21 +0000] "GET /vendor/markbaker/ HTTP/2" 200 638 "https://www.jupiter.bms69.com/vendor/" "Mozilla/5.0 AppleWebKit/537.36 (KHTML, like Gecko; compatible; GPTBot/1.3; +https://openai.com/gptbot)"
74.7.227.5 - - [15/Jan/2026:23:50:21 +0000] "GET /_autoindex/assets/icons/corner-left-up.svg HTTP/2" 200 328 "https://www.jupiter.bms69.com/db6f7277/" "Mozilla/5.0 AppleWebKit/537.36 (KHTML, like Gecko; compatible; GPTBot/1.3; +https://openai.com/gptbot)"
74.7.227.5 - - [15/Jan/2026:23:50:22 +0000] "GET /vendor/paypal/paypal-checkout-sdk/homepage.jpg HTTP/2" 200 165333 "https://www.jupiter.bms69.com/vendor/paypal/paypal-checkout-sdk/" "Mozilla/5.0 AppleWebKit/537.36 (KHTML, like Gecko; compatible; GPTBot/1.3; +https://openai.com/gptbot)"
74.7.227.5 - - [15/Jan/2026:23:50:22 +0000] "GET /vendor/paypal/paypal-checkout-sdk/samples/ HTTP/2" 200 1170 "https://www.jupiter.bms69.com/vendor/paypal/paypal-checkout-sdk/" "Mozilla/5.0 AppleWebKit/537.36 (KHTML, like Gecko; compatible; GPTBot/1.3; +https://openai.com/gptbot)"
162.220.234.105 - - [15/Jan/2026:23:50:22 +0000] "GET / HTTP/1.1" 200 1408 "-" "node"
74.7.227.5 - - [15/Jan/2026:23:50:23 +0000] "GET /vendor/paypal/paypal-checkout-sdk/gen.yml HTTP/2" 200 120 "https://www.jupiter.bms69.com/vendor/paypal/paypal-checkout-sdk/" "Mozilla/5.0 AppleWebKit/537.36 (KHTML, like Gecko; compatible; GPTBot/1.3; +https://openai.com/gptbot)"
74.7.227.5 - - [15/Jan/2026:23:50:23 +0000] "GET /vendor/paypal/paypal-checkout-sdk/tests/ HTTP/2" 200 694 "https://www.jupiter.bms69.com/vendor/paypal/paypal-checkout-sdk/" "Mozilla/5.0 AppleWebKit/537.36 (KHTML, like Gecko; compatible; GPTBot/1.3; +https://openai.com/gptbot)"
74.7.227.5 - - [15/Jan/2026:23:50:24 +0000] "GET /vendor/paypal/paypal-checkout-sdk/lib/ HTTP/2" 200 645 "https://www.jupiter.bms69.com/vendor/paypal/paypal-checkout-sdk/" "Mozilla/5.0 AppleWebKit/537.36 (KHTML, like Gecko; compatible; GPTBot/1.3; +https://openai.com/gptbot)"
74.7.227.5 - - [15/Jan/2026:23:50:24 +0000] "GET /vendor/paypal/paypal-checkout-sdk/init HTTP/2" 200 0 "https://www.jupiter.bms69.com/vendor/paypal/paypal-checkout-sdk/" "Mozilla/5.0 AppleWebKit/537.36 (KHTML, like Gecko; compatible; GPTBot/1.3; +https://openai.com/gptbot)"
74.7.227.5 - - [15/Jan/2026:23:50:25 +0000] "GET /vendor/paypal/paypal-checkout-sdk/composer.json HTTP/2" 200 372 "https://www.jupiter.bms69.com/vendor/paypal/paypal-checkout-sdk/" "Mozilla/5.0 AppleWebKit/537.36 (KHTML, like Gecko; compatible; GPTBot/1.3; +https://openai.com/gptbot)"
74.7.227.5 - - [15/Jan/2026:23:50:25 +0000] "GET /vendor/paragonie/constant_time_encoding/ HTTP/2" 200 747 "https://www.jupiter.bms69.com/vendor/paragonie/" "Mozilla/5.0 AppleWebKit/537.36 (KHTML, like Gecko; compatible; GPTBot/1.3; +https://openai.com/gptbot)"
74.7.227.5 - - [15/Jan/2026:23:50:26 +0000] "GET /vendor/phpstan/ HTTP/2" 200 641 "https://www.jupiter.bms69.com/vendor/" "Mozilla/5.0 AppleWebKit/537.36 (KHTML, like Gecko; compatible; GPTBot/1.3; +https://openai.com/gptbot)"
74.7.227.5 - - [15/Jan/2026:23:50:26 +0000] "GET /vendor/doctrine/ HTTP/2" 200 667 "https://www.jupiter.bms69.com/vendor/" "Mozilla/5.0 AppleWebKit/537.36 (KHTML, like Gecko; compatible; GPTBot/1.3; +https://openai.com/gptbot)"
74.7.227.5 - - [15/Jan/2026:23:50:27 +0000] "GET /vendor/lcobucci/ HTTP/2" 200 639 "https://www.jupiter.bms69.com/vendor/" "Mozilla/5.0 AppleWebKit/537.36 (KHTML, like Gecko; compatible; GPTBot/1.3; +https://openai.com/gptbot)"
74.7.227.5 - - [15/Jan/2026:23:50:27 +0000] "GET /vendor/symfony/ HTTP/2" 200 1499 "https://www.jupiter.bms69.com/vendor/" "Mozilla/5.0 AppleWebKit/537.36 (KHTML, like Gecko; compatible; GPTBot/1.3; +https://openai.com/gptbot)"
74.7.227.5 - - [15/Jan/2026:23:50:28 +0000] "GET /vendor/paypal/paypal-checkout-sdk/samples/CaptureIntentExamples/ HTTP/2" 200 725 "https://www.jupiter.bms69.com/vendor/paypal/paypal-checkout-sdk/samples/" "Mozilla/5.0 AppleWebKit/537.36 (KHTML, like Gecko; compatible; GPTBot/1.3; +https://openai.com/gptbot)"
74.7.227.5 - - [15/Jan/2026:23:50:28 +0000] "GET /vendor/xemlock/ HTTP/2" 200 630 "https://www.jupiter.bms69.com/vendor/" "Mozilla/5.0 AppleWebKit/537.36 (KHTML, like Gecko; compatible; GPTBot/1.3; +https://openai.com/gptbot)"
74.7.227.5 - - [15/Jan/2026:23:50:29 +0000] "GET /vendor/monolog/ HTTP/2" 200 620 "https://www.jupiter.bms69.com/vendor/" "Mozilla/5.0 AppleWebKit/537.36 (KHTML, like Gecko; compatible; GPTBot/1.3; +https://openai.com/gptbot)"
74.7.227.5 - - [15/Jan/2026:23:50:29 +0000] "GET /vendor/composer/ HTTP/2" 200 1294 "https://www.jupiter.bms69.com/vendor/" "Mozilla/5.0 AppleWebKit/537.36 (KHTML, like Gecko; compatible; GPTBot/1.3; +https://openai.com/gptbot)"
74.7.227.5 - - [15/Jan/2026:23:50:30 +0000] "GET /vendor/firebase/ HTTP/2" 200 623 "https://www.jupiter.bms69.com/vendor/" "Mozilla/5.0 AppleWebKit/537.36 (KHTML, like Gecko; compatible; GPTBot/1.3; +https://openai.com/gptbot)"
74.7.227.5 - - [15/Jan/2026:23:50:31 +0000] "GET /vendor/rector/ HTTP/2" 200 619 "https://www.jupiter.bms69.com/vendor/" "Mozilla/5.0 AppleWebKit/537.36 (KHTML, like Gecko; compatible; GPTBot/1.3; +https://openai.com/gptbot)"
74.7.227.5 - - [15/Jan/2026:23:50:31 +0000] "GET /vendor/psr/event-dispatcher/ HTTP/2" 200 705 "https://www.jupiter.bms69.com/vendor/psr/" "Mozilla/5.0 AppleWebKit/537.36 (KHTML, like Gecko; compatible; GPTBot/1.3; +https://openai.com/gptbot)"
