/home3/bmscom/access-logs/theaffluentman.com.bms69.com-ssl_log
64.31.22.34 - - [15/Jan/2026:12:10:23 +0000] "POST /wp-cron.php?doing_wp_cron=1768479023.8622028827667236328125 HTTP/1.1" 200 0 "-" "WordPress/6.9; https://theaffluentman.com"
103.167.159.242 - - [15/Jan/2026:12:10:24 +0000] "GET / HTTP/2" 301 0 "https://www.google.com/" "Mozilla/5.0 (Windows NT 10.0; Win64; x64) AppleWebKit/537.36 (KHTML, like Gecko) Chrome/144.0.0.0 Safari/537.36"
103.167.159.242 - - [15/Jan/2026:12:10:27 +0000] "GET /wp-content/themes/astra/assets/js/minified/flexibility.min.js?ver=4.11.18 HTTP/2" 200 3759 "https://theaffluentman.com/" "Mozilla/5.0 (Windows NT 10.0; Win64; x64) AppleWebKit/537.36 (KHTML, like Gecko) Chrome/144.0.0.0 Safari/537.36"
103.167.159.242 - - [15/Jan/2026:12:10:27 +0000] "GET /wp-includes/js/jquery/jquery-migrate.min.js?ver=3.4.1 HTTP/2" 200 4678 "https://theaffluentman.com/" "Mozilla/5.0 (Windows NT 10.0; Win64; x64) AppleWebKit/537.36 (KHTML, like Gecko) Chrome/144.0.0.0 Safari/537.36"
103.167.159.242 - - [15/Jan/2026:12:10:27 +0000] "GET /wp-content/uploads/elementor/css/post-5.css?ver=1767176451 HTTP/2" 200 339 "https://theaffluentman.com/" "Mozilla/5.0 (Windows NT 10.0; Win64; x64) AppleWebKit/537.36 (KHTML, like Gecko) Chrome/144.0.0.0 Safari/537.36"
103.167.159.242 - - [15/Jan/2026:12:10:27 +0000] "GET /wp-content/themes/astra/assets/css/minified/main.min.css?ver=4.11.18 HTTP/2" 200 8486 "https://theaffluentman.com/" "Mozilla/5.0 (Windows NT 10.0; Win64; x64) AppleWebKit/537.36 (KHTML, like Gecko) Chrome/144.0.0.0 Safari/537.36"
103.167.159.242 - - [15/Jan/2026:12:10:27 +0000] "GET /wp-content/plugins/elementor/assets/css/frontend.min.css?ver=3.34.0 HTTP/2" 200 6584 "https://theaffluentman.com/" "Mozilla/5.0 (Windows NT 10.0; Win64; x64) AppleWebKit/537.36 (KHTML, like Gecko) Chrome/144.0.0.0 Safari/537.36"
103.167.159.242 - - [15/Jan/2026:12:10:27 +0000] "GET /wp-content/uploads/elementor/css/post-9.css?ver=1767176451 HTTP/2" 200 88 "https://theaffluentman.com/" "Mozilla/5.0 (Windows NT 10.0; Win64; x64) AppleWebKit/537.36 (KHTML, like Gecko) Chrome/144.0.0.0 Safari/537.36"
103.167.159.242 - - [15/Jan/2026:12:10:27 +0000] "GET /wp-includes/js/jquery/jquery.min.js?ver=3.7.1 HTTP/2" 200 29744 "https://theaffluentman.com/" "Mozilla/5.0 (Windows NT 10.0; Win64; x64) AppleWebKit/537.36 (KHTML, like Gecko) Chrome/144.0.0.0 Safari/537.36"
103.167.159.242 - - [15/Jan/2026:12:10:27 +0000] "GET /wp-content/uploads/2025/11/hero-suits-CGo19cRR.jpg HTTP/2" 200 122151 "https://theaffluentman.com/" "Mozilla/5.0 (Windows NT 10.0; Win64; x64) AppleWebKit/537.36 (KHTML, like Gecko) Chrome/144.0.0.0 Safari/537.36"
103.167.159.242 - - [15/Jan/2026:12:10:27 +0000] "GET /wp-content/uploads/2025/11/WhatsApp-Image-2025-11-20-at-5.29.45-PM.jpeg HTTP/2" 200 134073 "https://theaffluentman.com/" "Mozilla/5.0 (Windows NT 10.0; Win64; x64) AppleWebKit/537.36 (KHTML, like Gecko) Chrome/144.0.0.0 Safari/537.36"
103.167.159.242 - - [15/Jan/2026:12:10:28 +0000] "GET /wp-content/uploads/2025/11/WhatsApp-Image-2025-11-20-at-5.29.44-PM.jpeg HTTP/2" 200 84590 "https://theaffluentman.com/" "Mozilla/5.0 (Windows NT 10.0; Win64; x64) AppleWebKit/537.36 (KHTML, like Gecko) Chrome/144.0.0.0 Safari/537.36"
103.167.159.242 - - [15/Jan/2026:12:10:28 +0000] "GET /wp-content/themes/astra/assets/js/minified/frontend.min.js?ver=4.11.18 HTTP/2" 200 5927 "https://theaffluentman.com/" "Mozilla/5.0 (Windows NT 10.0; Win64; x64) AppleWebKit/537.36 (KHTML, like Gecko) Chrome/144.0.0.0 Safari/537.36"
103.167.159.242 - - [15/Jan/2026:12:10:28 +0000] "GET /wp-content/plugins/elementor/assets/js/webpack.runtime.min.js?ver=3.34.0 HTTP/2" 200 2255 "https://theaffluentman.com/" "Mozilla/5.0 (Windows NT 10.0; Win64; x64) AppleWebKit/537.36 (KHTML, like Gecko) Chrome/144.0.0.0 Safari/537.36"
103.167.159.242 - - [15/Jan/2026:12:10:28 +0000] "GET /wp-content/plugins/elementor/assets/js/frontend-modules.min.js?ver=3.34.0 HTTP/2" 200 24281 "https://theaffluentman.com/" "Mozilla/5.0 (Windows NT 10.0; Win64; x64) AppleWebKit/537.36 (KHTML, like Gecko) Chrome/144.0.0.0 Safari/537.36"
103.167.159.242 - - [15/Jan/2026:12:10:28 +0000] "GET /wp-includes/js/jquery/ui/core.min.js?ver=1.13.3 HTTP/2" 200 6812 "https://theaffluentman.com/" "Mozilla/5.0 (Windows NT 10.0; Win64; x64) AppleWebKit/537.36 (KHTML, like Gecko) Chrome/144.0.0.0 Safari/537.36"
103.167.159.242 - - [15/Jan/2026:12:10:28 +0000] "GET /wp-content/plugins/elementor/assets/js/frontend.min.js?ver=3.34.0 HTTP/2" 200 10035 "https://theaffluentman.com/" "Mozilla/5.0 (Windows NT 10.0; Win64; x64) AppleWebKit/537.36 (KHTML, like Gecko) Chrome/144.0.0.0 Safari/537.36"
103.167.159.242 - - [15/Jan/2026:12:10:28 +0000] "GET /wp-content/plugins/elementor-pro/assets/js/webpack-pro.runtime.min.js?ver=3.34.0 HTTP/2" 200 2623 "https://theaffluentman.com/" "Mozilla/5.0 (Windows NT 10.0; Win64; x64) AppleWebKit/537.36 (KHTML, like Gecko) Chrome/144.0.0.0 Safari/537.36"
103.167.159.242 - - [15/Jan/2026:12:10:28 +0000] "GET /wp-includes/js/dist/hooks.min.js?ver=dd5603f07f9220ed27f1 HTTP/2" 200 1852 "https://theaffluentman.com/" "Mozilla/5.0 (Windows NT 10.0; Win64; x64) AppleWebKit/537.36 (KHTML, like Gecko) Chrome/144.0.0.0 Safari/537.36"
103.167.159.242 - - [15/Jan/2026:12:10:28 +0000] "GET /wp-includes/js/dist/i18n.min.js?ver=c26c3dc7bed366793375 HTTP/2" 200 2119 "https://theaffluentman.com/" "Mozilla/5.0 (Windows NT 10.0; Win64; x64) AppleWebKit/537.36 (KHTML, like Gecko) Chrome/144.0.0.0 Safari/537.36"
103.167.159.242 - - [15/Jan/2026:12:10:28 +0000] "GET /wp-content/plugins/elementor-pro/assets/js/frontend.min.js?ver=3.34.0 HTTP/2" 200 6202 "https://theaffluentman.com/" "Mozilla/5.0 (Windows NT 10.0; Win64; x64) AppleWebKit/537.36 (KHTML, like Gecko) Chrome/144.0.0.0 Safari/537.36"
103.167.159.242 - - [15/Jan/2026:12:10:28 +0000] "GET /wp-content/plugins/elementor-pro/assets/js/elements-handlers.min.js?ver=3.34.0 HTTP/2" 200 10101 "https://theaffluentman.com/" "Mozilla/5.0 (Windows NT 10.0; Win64; x64) AppleWebKit/537.36 (KHTML, like Gecko) Chrome/144.0.0.0 Safari/537.36"
103.167.159.242 - - [15/Jan/2026:12:10:30 +0000] "GET /wp-content/uploads/2025/11/Untitled-design-1.png HTTP/2" 200 105459 "https://theaffluentman.com/" "Mozilla/5.0 (Windows NT 10.0; Win64; x64) AppleWebKit/537.36 (KHTML, like Gecko) Chrome/144.0.0.0 Safari/537.36"
103.167.159.242 - - [15/Jan/2026:12:10:30 +0000] "GET /wp-content/plugins/elementor/assets/js/shared-frontend-handlers.03caa53373b56d3bab67.bundle.min.js HTTP/2" 200 2511 "https://theaffluentman.com/" "Mozilla/5.0 (Windows NT 10.0; Win64; x64) AppleWebKit/537.36 (KHTML, like Gecko) Chrome/144.0.0.0 Safari/537.36"
103.167.159.242 - - [15/Jan/2026:12:10:30 +0000] "GET /wp-includes/js/wp-emoji-release.min.js?ver=6.9 HTTP/2" 200 4949 "https://theaffluentman.com/" "Mozilla/5.0 (Windows NT 10.0; Win64; x64) AppleWebKit/537.36 (KHTML, like Gecko) Chrome/144.0.0.0 Safari/537.36"
66.249.66.192 - - [15/Jan/2026:12:41:15 +0000] "GET /wp-login.php?products/1398227 HTTP/1.1" 307 797 "-" "Mozilla/5.0 (Linux; Android 6.0.1; Nexus 5X Build/MMB29P) AppleWebKit/537.36 (KHTML, like Gecko) Chrome/143.0.7499.192 Mobile Safari/537.36 (compatible; GoogleOther)"
98.142.241.151 - - [15/Jan/2026:13:03:42 +0000] "POST /wp-login.php HTTP/1.1" 307 797 "-" "Mozilla/5.0 (Windows NT 10.0; Win64; x64; rv:51.0) Gecko/20100101 Firefox/51.0"
64.31.22.34 - - [15/Jan/2026:13:06:46 +0000] "POST /wp-cron.php?doing_wp_cron=1768482406.6844739913940429687500 HTTP/1.1" 200 0 "-" "WordPress/6.9; https://theaffluentman.com"
100.52.3.146 - - [15/Jan/2026:13:06:44 +0000] "GET / HTTP/1.1" 301 0 "-" "Mozilla/5.0 (X11; Linux x86_64) AppleWebKit/537.36 (KHTML, like Gecko) HeadlessChrome/131.0.6778.85 Safari/537.36"
100.52.3.146 - - [15/Jan/2026:13:06:46 +0000] "GET / HTTP/1.1" 200 33183 "-" "Mozilla/5.0 (Windows NT 10.0; Win64; x64) AppleWebKit/537.36 (KHTML, like Gecko) Chrome/139.0.0.0 Safari/537.36 Edg/139.0.0.0"
100.52.3.146 - - [15/Jan/2026:13:06:46 +0000] "GET / HTTP/1.1" 200 33183 "-" "Mozilla/5.0 (X11; Linux x86_64) AppleWebKit/537.36 (KHTML, like Gecko) HeadlessChrome/131.0.6778.85 Safari/537.36"
64.31.22.34 - - [15/Jan/2026:12:10:24 +0000] "POST /wp-cron.php?doing_wp_cron=1768479024.5189349651336669921875 HTTP/1.1" 200 0 "-" "WordPress/6.9; https://theaffluentman.com"
72.14.201.61 - - [15/Jan/2026:12:10:21 +0000] "GET / HTTP/2" 200 28184 "https://www.google.com/" "Mozilla/5.0 (Windows NT 10.0; Win64; x64) AppleWebKit/537.36 (KHTML, like Gecko) Chrome/144.0.0.0 Safari/537.36"
173.252.70.21 - - [15/Jan/2026:12:16:02 +0000] "GET /robots.txt HTTP/2" 301 0 "-" "facebookexternalhit/1.1 (+http://www.facebook.com/externalhit_uatext.php)"
173.252.70.21 - - [15/Jan/2026:12:16:02 +0000] "GET /robots.txt HTTP/2" 200 119 "-" "facebookexternalhit/1.1 (+http://www.facebook.com/externalhit_uatext.php)"
64.31.22.34 - - [15/Jan/2026:13:06:46 +0000] "POST /wp-cron.php?doing_wp_cron=1768482406.6844730377197265625000 HTTP/1.1" 200 0 "-" "WordPress/6.9; https://theaffluentman.com"
100.52.3.146 - - [15/Jan/2026:13:06:44 +0000] "GET / HTTP/1.1" 301 0 "-" "Mozilla/5.0 (Windows NT 10.0; Win64; x64) AppleWebKit/537.36 (KHTML, like Gecko) Chrome/139.0.0.0 Safari/537.36 Edg/139.0.0.0"
101.32.49.171 - - [15/Jan/2026:13:26:46 +0000] "GET / HTTP/1.1" 200 33180 "http://www.theaffluentman.com" "Mozilla/5.0 (iPhone; CPU iPhone OS 13_2_3 like Mac OS X) AppleWebKit/605.1.15 (KHTML, like Gecko) Version/13.0.3 Mobile/15E148 Safari/604.1"
173.236.109.194 - - [15/Jan/2026:13:39:50 +0000] "POST /xmlrpc.php HTTP/1.1" 406 779 "-" "Mozilla/5.0 (Windows NT 6.1; WOW64; Trident/7.0; EIE10;ENGBWOL; rv:11.0) like Gecko"
45.56.67.45 - - [15/Jan/2026:13:39:53 +0000] "POST /xmlrpc.php HTTP/1.1" 406 779 "-" "Mozilla/5.0 (Windows NT 6.3; WOW64; Trident/7.0; MAARJS; rv:11.0) like Gecko"
154.222.16.33 - - [15/Jan/2026:13:40:00 +0000] "POST /xmlrpc.php HTTP/1.1" 406 779 "-" "Mozilla/5.0 (Macintosh; Intel Mac OS X 10_12) AppleWebKit/602.1.50 (KHTML, like Gecko) Version/10.0 Safari/602.1.50"
64.31.22.34 - - [15/Jan/2026:13:50:54 +0000] "POST /wp-cron.php?doing_wp_cron=1768485054.1262650489807128906250 HTTP/1.1" 200 0 "-" "WordPress/6.9; https://theaffluentman.com"
34.182.116.62 - - [15/Jan/2026:13:50:53 +0000] "GET / HTTP/1.1" 200 28184 "-" "Mozilla/5.0 (Linux; Android 12; Pixel 6) AppleWebKit/537.36 (KHTML, like Gecko) Chrome/114.0.0.0 Mobile Safari/537.36"
34.182.116.62 - - [15/Jan/2026:13:50:54 +0000] "GET /wp-content/uploads/elementor/css/post-9.css?ver=1767176451 HTTP/1.1" 200 88 "-" "Mozilla/5.0 (Linux; Android 12; Pixel 6) AppleWebKit/537.36 (KHTML, like Gecko) Chrome/114.0.0.0 Mobile Safari/537.36"
34.182.116.62 - - [15/Jan/2026:13:50:54 +0000] "GET /wp-includes/js/jquery/jquery.min.js?ver=3.7.1 HTTP/1.1" 200 29744 "-" "Mozilla/5.0 (Linux; Android 12; Pixel 6) AppleWebKit/537.36 (KHTML, like Gecko) Chrome/114.0.0.0 Mobile Safari/537.36"
34.182.116.62 - - [15/Jan/2026:13:50:54 +0000] "GET /wp-content/plugins/elementor/assets/js/webpack.runtime.min.js?ver=3.34.0 HTTP/1.1" 200 2255 "-" "Mozilla/5.0 (Linux; Android 12; Pixel 6) AppleWebKit/537.36 (KHTML, like Gecko) Chrome/114.0.0.0 Mobile Safari/537.36"
34.182.116.62 - - [15/Jan/2026:13:50:54 +0000] "GET /wp-content/uploads/2025/11/WhatsApp-Image-2025-11-20-at-5.29.44-PM.jpeg HTTP/1.1" 200 84590 "-" "Mozilla/5.0 (Linux; Android 12; Pixel 6) AppleWebKit/537.36 (KHTML, like Gecko) Chrome/114.0.0.0 Mobile Safari/537.36"
34.182.116.62 - - [15/Jan/2026:13:50:54 +0000] "GET /wp-includes/js/dist/hooks.min.js?ver=dd5603f07f9220ed27f1 HTTP/1.1" 200 1852 "-" "Mozilla/5.0 (Linux; Android 12; Pixel 6) AppleWebKit/537.36 (KHTML, like Gecko) Chrome/114.0.0.0 Mobile Safari/537.36"
34.182.116.62 - - [15/Jan/2026:13:50:54 +0000] "GET /wp-content/plugins/elementor-pro/assets/js/webpack-pro.runtime.min.js?ver=3.34.0 HTTP/1.1" 200 2623 "-" "Mozilla/5.0 (Linux; Android 12; Pixel 6) AppleWebKit/537.36 (KHTML, like Gecko) Chrome/114.0.0.0 Mobile Safari/537.36"
34.182.116.62 - - [15/Jan/2026:13:50:54 +0000] "GET /wp-includes/js/dist/i18n.min.js?ver=c26c3dc7bed366793375 HTTP/1.1" 200 2119 "-" "Mozilla/5.0 (Linux; Android 12; Pixel 6) AppleWebKit/537.36 (KHTML, like Gecko) Chrome/114.0.0.0 Mobile Safari/537.36"
45.56.67.45 - - [15/Jan/2026:13:40:04 +0000] "POST /xmlrpc.php HTTP/1.1" 406 779 "-" "Mozilla/5.0 (Windows NT 10.0; WOW64; rv:60.0) Gecko/20100101 Firefox/60.0"
103.74.54.117 - - [15/Jan/2026:13:40:05 +0000] "POST /xmlrpc.php HTTP/1.1" 406 779 "-" "Mozilla/4.0 (compatible; MSIE 7.0; Windows NT 10.0; WOW64; Trident/7.0; .NET4.0C; .NET4.0E; .NET CLR 2.0.50727; .NET CLR 3.0.30729; .NET CLR 3.5.30729; InfoPath.3)"
34.182.116.62 - - [15/Jan/2026:13:50:54 +0000] "GET /wp-content/themes/astra/assets/js/minified/frontend.min.js?ver=4.11.18 HTTP/1.1" 200 5927 "-" "Mozilla/5.0 (Linux; Android 12; Pixel 6) AppleWebKit/537.36 (KHTML, like Gecko) Chrome/114.0.0.0 Mobile Safari/537.36"
34.182.116.62 - - [15/Jan/2026:13:50:54 +0000] "GET /wp-includes/js/jquery/jquery-migrate.min.js?ver=3.4.1 HTTP/1.1" 200 4678 "-" "Mozilla/5.0 (Linux; Android 12; Pixel 6) AppleWebKit/537.36 (KHTML, like Gecko) Chrome/114.0.0.0 Mobile Safari/537.36"
34.182.116.62 - - [15/Jan/2026:13:50:54 +0000] "GET /wp-content/plugins/elementor/assets/js/frontend-modules.min.js?ver=3.34.0 HTTP/1.1" 200 24281 "-" "Mozilla/5.0 (Linux; Android 12; Pixel 6) AppleWebKit/537.36 (KHTML, like Gecko) Chrome/114.0.0.0 Mobile Safari/537.36"
34.182.116.62 - - [15/Jan/2026:13:50:54 +0000] "GET /wp-content/plugins/elementor-pro/assets/js/elements-handlers.min.js?ver=3.34.0 HTTP/1.1" 200 10101 "-" "Mozilla/5.0 (Linux; Android 12; Pixel 6) AppleWebKit/537.36 (KHTML, like Gecko) Chrome/114.0.0.0 Mobile Safari/537.36"
34.182.116.62 - - [15/Jan/2026:13:50:54 +0000] "GET /wp-content/themes/astra/assets/css/minified/main.min.css?ver=4.11.18 HTTP/1.1" 200 8486 "-" "Mozilla/5.0 (Linux; Android 12; Pixel 6) AppleWebKit/537.36 (KHTML, like Gecko) Chrome/114.0.0.0 Mobile Safari/537.36"
34.182.116.62 - - [15/Jan/2026:13:50:54 +0000] "GET /wp-content/plugins/elementor/assets/js/frontend.min.js?ver=3.34.0 HTTP/1.1" 200 10035 "-" "Mozilla/5.0 (Linux; Android 12; Pixel 6) AppleWebKit/537.36 (KHTML, like Gecko) Chrome/114.0.0.0 Mobile Safari/537.36"
34.182.116.62 - - [15/Jan/2026:13:50:54 +0000] "GET /wp-content/uploads/2025/11/WhatsApp-Image-2025-11-20-at-5.29.45-PM.jpeg HTTP/1.1" 200 134073 "-" "Mozilla/5.0 (Linux; Android 12; Pixel 6) AppleWebKit/537.36 (KHTML, like Gecko) Chrome/114.0.0.0 Mobile Safari/537.36"
34.182.116.62 - - [15/Jan/2026:13:50:54 +0000] "GET /wp-content/uploads/2025/11/Untitled-design-1.png HTTP/1.1" 200 105459 "-" "Mozilla/5.0 (Linux; Android 12; Pixel 6) AppleWebKit/537.36 (KHTML, like Gecko) Chrome/114.0.0.0 Mobile Safari/537.36"
34.182.116.62 - - [15/Jan/2026:13:50:54 +0000] "GET /wp-content/uploads/2025/11/Untitled-design-1.png HTTP/1.1" 200 105459 "-" "Mozilla/5.0 (Linux; Android 12; Pixel 6) AppleWebKit/537.36 (KHTML, like Gecko) Chrome/114.0.0.0 Mobile Safari/537.36"
34.182.116.62 - - [15/Jan/2026:13:50:54 +0000] "GET /wp-content/uploads/2025/11/hero-suits-CGo19cRR.jpg HTTP/1.1" 200 122151 "-" "Mozilla/5.0 (Linux; Android 12; Pixel 6) AppleWebKit/537.36 (KHTML, like Gecko) Chrome/114.0.0.0 Mobile Safari/537.36"
34.182.116.62 - - [15/Jan/2026:13:50:54 +0000] "GET /feed/ HTTP/1.1" 200 493 "-" "Mozilla/5.0 (Linux; Android 12; Pixel 6) AppleWebKit/537.36 (KHTML, like Gecko) Chrome/114.0.0.0 Mobile Safari/537.36"
34.182.116.62 - - [15/Jan/2026:13:50:54 +0000] "GET /wp-json/oembed/1.0/embed?url=https://theaffluentman.com/ HTTP/1.1" 200 1069 "-" "Mozilla/5.0 (Linux; Android 12; Pixel 6) AppleWebKit/537.36 (KHTML, like Gecko) Chrome/114.0.0.0 Mobile Safari/537.36"
34.182.116.62 - - [15/Jan/2026:13:50:54 +0000] "GET /xmlrpc.php?rsd HTTP/1.1" 200 296 "-" "Mozilla/5.0 (Linux; Android 12; Pixel 6) AppleWebKit/537.36 (KHTML, like Gecko) Chrome/114.0.0.0 Mobile Safari/537.36"
34.182.116.62 - - [15/Jan/2026:13:50:54 +0000] "GET /wp-json/wp/v2/pages/9 HTTP/1.1" 200 10492 "-" "Mozilla/5.0 (Linux; Android 12; Pixel 6) AppleWebKit/537.36 (KHTML, like Gecko) Chrome/114.0.0.0 Mobile Safari/537.36"
34.182.116.62 - - [15/Jan/2026:13:50:54 +0000] "GET /wp-content/themes/astra/assets/js/minified/flexibility.min.js?ver=4.11.18 HTTP/1.1" 200 3759 "-" "Mozilla/5.0 (Linux; Android 12; Pixel 6) AppleWebKit/537.36 (KHTML, like Gecko) Chrome/114.0.0.0 Mobile Safari/537.36"
34.182.116.62 - - [15/Jan/2026:13:50:54 +0000] "GET /wp-includes/js/jquery/ui/core.min.js?ver=1.13.3 HTTP/1.1" 200 6812 "-" "Mozilla/5.0 (Linux; Android 12; Pixel 6) AppleWebKit/537.36 (KHTML, like Gecko) Chrome/114.0.0.0 Mobile Safari/537.36"
34.182.116.62 - - [15/Jan/2026:13:50:54 +0000] "GET /wp-content/plugins/elementor-pro/assets/js/frontend.min.js?ver=3.34.0 HTTP/1.1" 200 6202 "-" "Mozilla/5.0 (Linux; Android 12; Pixel 6) AppleWebKit/537.36 (KHTML, like Gecko) Chrome/114.0.0.0 Mobile Safari/537.36"
34.182.116.62 - - [15/Jan/2026:13:50:54 +0000] "GET /wp-content/uploads/elementor/css/post-5.css?ver=1767176451 HTTP/1.1" 200 339 "-" "Mozilla/5.0 (Linux; Android 12; Pixel 6) AppleWebKit/537.36 (KHTML, like Gecko) Chrome/114.0.0.0 Mobile Safari/537.36"
34.182.116.62 - - [15/Jan/2026:13:50:54 +0000] "GET /wp-content/plugins/elementor/assets/css/frontend.min.css?ver=3.34.0 HTTP/1.1" 200 6584 "-" "Mozilla/5.0 (Linux; Android 12; Pixel 6) AppleWebKit/537.36 (KHTML, like Gecko) Chrome/114.0.0.0 Mobile Safari/537.36"
34.182.116.62 - - [15/Jan/2026:13:50:54 +0000] "GET /wp-content/uploads/2025/11/Untitled-design-1.png HTTP/1.1" 200 105459 "-" "Mozilla/5.0 (Linux; Android 12; Pixel 6) AppleWebKit/537.36 (KHTML, like Gecko) Chrome/114.0.0.0 Mobile Safari/537.36"
34.182.116.62 - - [15/Jan/2026:13:50:54 +0000] "GET /comments/feed/ HTTP/1.1" 200 385 "-" "Mozilla/5.0 (Linux; Android 12; Pixel 6) AppleWebKit/537.36 (KHTML, like Gecko) Chrome/114.0.0.0 Mobile Safari/537.36"
34.182.116.62 - - [15/Jan/2026:13:50:54 +0000] "GET /wp-json/ HTTP/1.1" 200 17961 "-" "Mozilla/5.0 (Linux; Android 12; Pixel 6) AppleWebKit/537.36 (KHTML, like Gecko) Chrome/114.0.0.0 Mobile Safari/537.36"
34.182.116.62 - - [15/Jan/2026:13:50:54 +0000] "GET /wp-json/oembed/1.0/embed?url=https://theaffluentman.com/&format=xml HTTP/1.1" 200 1103 "-" "Mozilla/5.0 (Linux; Android 12; Pixel 6) AppleWebKit/537.36 (KHTML, like Gecko) Chrome/114.0.0.0 Mobile Safari/537.36"
34.182.116.62 - - [15/Jan/2026:13:50:54 +0000] "GET / HTTP/1.1" 200 28184 "-" "Mozilla/5.0 (Linux; Android 12; Pixel 6) AppleWebKit/537.36 (KHTML, like Gecko) Chrome/114.0.0.0 Mobile Safari/537.36"
34.182.116.62 - - [15/Jan/2026:13:50:54 +0000] "GET / HTTP/1.1" 200 28184 "-" "Mozilla/5.0 (Linux; Android 12; Pixel 6) AppleWebKit/537.36 (KHTML, like Gecko) Chrome/114.0.0.0 Mobile Safari/537.36"
64.31.22.34 - - [15/Jan/2026:14:57:28 +0000] "POST /wp-cron.php?doing_wp_cron=1768489048.5060811042785644531250 HTTP/1.1" 200 0 "-" "WordPress/6.9; https://theaffluentman.com"
182.188.82.53 - - [15/Jan/2026:15:24:26 +0000] "GET / HTTP/2" 200 28184 "-" "Mozilla/5.0 (Linux; Android 10; K) AppleWebKit/537.36 (KHTML, like Gecko) Chrome/143.0.0.0 Mobile Safari/537.36"
155.133.142.66 - - [15/Jan/2026:15:41:31 +0000] "POST /wp-login.php HTTP/1.1" 200 2420 "-" "Mozilla/5.0 (Windows NT 10.0; Win64; x64; rv:40.0) Gecko/20100101 Firefox/40.0"
64.31.22.34 - - [15/Jan/2026:15:48:17 +0000] "POST /wp-cron.php?doing_wp_cron=1768492097.9605300426483154296875 HTTP/1.1" 200 0 "-" "WordPress/6.9; https://theaffluentman.com"
66.249.66.9 - - [15/Jan/2026:15:48:22 +0000] "GET /wp-includes/js/dist/dom-ready.min.js?ver=f77871ff7694fffea381 HTTP/1.1" 200 275 "https://theaffluentman.com/wp-login.php?products/24922583" "Mozilla/5.0 (Linux; Android 6.0.1; Nexus 5X Build/MMB29P) AppleWebKit/537.36 (KHTML, like Gecko) Chrome/143.0.7499.192 Mobile Safari/537.36 (compatible; GoogleOther)"
66.249.66.73 - - [15/Jan/2026:15:48:22 +0000] "GET /wp-includes/js/jquery/jquery-migrate.min.js?ver=3.4.1 HTTP/1.1" 200 4678 "https://theaffluentman.com/wp-login.php?products/24922583" "Mozilla/5.0 (Linux; Android 6.0.1; Nexus 5X Build/MMB29P) AppleWebKit/537.36 (KHTML, like Gecko) Chrome/143.0.7499.192 Mobile Safari/537.36 (compatible; GoogleOther)"
66.249.66.45 - - [15/Jan/2026:15:48:30 +0000] "GET /wp-includes/js/wp-util.min.js?ver=6.9 HTTP/1.1" 200 690 "https://theaffluentman.com/wp-login.php?products/24922583" "Mozilla/5.0 (Linux; Android 6.0.1; Nexus 5X Build/MMB29P) AppleWebKit/537.36 (KHTML, like Gecko) Chrome/143.0.7499.192 Mobile Safari/537.36 (compatible; GoogleOther)"
66.249.66.9 - - [15/Jan/2026:15:48:31 +0000] "GET /wp-includes/js/dist/hooks.min.js?ver=dd5603f07f9220ed27f1 HTTP/1.1" 200 1852 "https://theaffluentman.com/wp-login.php?products/24922583" "Mozilla/5.0 (Linux; Android 6.0.1; Nexus 5X Build/MMB29P) AppleWebKit/537.36 (KHTML, like Gecko) Chrome/143.0.7499.192 Mobile Safari/537.36 (compatible; GoogleOther)"
66.249.66.9 - - [15/Jan/2026:15:48:31 +0000] "GET /wp-includes/css/dashicons.min.css?ver=6.9 HTTP/1.1" 200 35101 "https://theaffluentman.com/wp-login.php?products/24922583" "Mozilla/5.0 (Linux; Android 6.0.1; Nexus 5X Build/MMB29P) AppleWebKit/537.36 (KHTML, like Gecko) Chrome/143.0.7499.192 Mobile Safari/537.36 (compatible; GoogleOther)"
66.249.66.9 - - [15/Jan/2026:15:48:33 +0000] "GET /wp-includes/js/zxcvbn-async.min.js?ver=1.0 HTTP/1.1" 200 187 "https://theaffluentman.com/wp-login.php?products/24922583" "Mozilla/5.0 (Linux; Android 6.0.1; Nexus 5X Build/MMB29P) AppleWebKit/537.36 (KHTML, like Gecko) Chrome/143.0.7499.192 Mobile Safari/537.36 (compatible; GoogleOther)"
64.31.22.34 - - [15/Jan/2026:16:16:45 +0000] "POST /wp-cron.php?doing_wp_cron=1768493805.2861831188201904296875 HTTP/1.1" 200 0 "-" "WordPress/6.9; https://theaffluentman.com"
64.31.22.34 - - [15/Jan/2026:14:57:28 +0000] "POST /wp-cron.php?doing_wp_cron=1768489048.5260200500488281250000 HTTP/1.1" 200 0 "-" "WordPress/6.9; https://theaffluentman.com"
45.33.95.60 - - [15/Jan/2026:14:57:26 +0000] "GET /robots.txt HTTP/1.1" 200 113 "-" "Mozilla/5.0 (compatible; SaaSBrowserBot/1.0; +https://saasbrowser.com/bot)"
45.33.95.60 - - [15/Jan/2026:14:57:28 +0000] "GET / HTTP/1.1" 200 33183 "-" "Mozilla/5.0 (compatible; SaaSBrowserBot/1.0; +https://saasbrowser.com/bot)"
66.249.66.204 - - [15/Jan/2026:15:04:22 +0000] "GET /wp-login.php?products/21724661 HTTP/1.1" 200 2032 "-" "Mozilla/5.0 (Linux; Android 6.0.1; Nexus 5X Build/MMB29P) AppleWebKit/537.36 (KHTML, like Gecko) Chrome/143.0.7499.192 Mobile Safari/537.36 (compatible; Googlebot/2.1; +http://www.google.com/bot.html)"
107.150.18.47 - - [15/Jan/2026:15:08:22 +0000] "GET /Telerik.Web.UI.WebResource.axd?type=rau HTTP/1.1" 404 21274 "-" "Mozilla/5.0 (Macintosh; Intel Mac OS X 10_11_6) AppleWebKit/601.7.7 (KHTML, like Gecko) Version/9.1.2 Safari/601.7.7"
66.249.66.11 - - [15/Jan/2026:15:48:17 +0000] "GET /wp-login.php?products/24922583 HTTP/1.1" 200 2032 "-" "Mozilla/5.0 (Linux; Android 6.0.1; Nexus 5X Build/MMB29P) AppleWebKit/537.36 (KHTML, like Gecko) Chrome/143.0.7499.192 Mobile Safari/537.36 (compatible; GoogleOther)"
66.249.66.164 - - [15/Jan/2026:15:48:25 +0000] "GET /wp-includes/css/buttons.min.css?ver=6.9 HTTP/1.1" 200 1275 "https://theaffluentman.com/wp-login.php?products/24922583" "Mozilla/5.0 (Linux; Android 6.0.1; Nexus 5X Build/MMB29P) AppleWebKit/537.36 (KHTML, like Gecko) Chrome/143.0.7499.192 Mobile Safari/537.36 (compatible; GoogleOther)"
207.46.13.230 - - [15/Jan/2026:15:50:21 +0000] "GET /robots.txt HTTP/2" 200 100 "-" "Mozilla/5.0 AppleWebKit/537.36 (KHTML, like Gecko; compatible; bingbot/2.0; +http://www.bing.com/bingbot.htm) Chrome/116.0.1938.76 Safari/537.36"
40.77.167.123 - - [15/Jan/2026:15:50:26 +0000] "GET /wp-content/uploads/2025/11/WhatsApp-Image-2025-11-20-at-5.29.45-PM.jpeg HTTP/2" 200 134073 "-" "Mozilla/5.0 AppleWebKit/537.36 (KHTML, like Gecko; compatible; bingbot/2.0; +http://www.bing.com/bingbot.htm) Chrome/116.0.1938.76 Safari/537.36"
64.31.22.34 - - [15/Jan/2026:16:16:45 +0000] "POST /wp-cron.php?doing_wp_cron=1768493805.6723589897155761718750 HTTP/1.1" 200 0 "-" "WordPress/6.9; https://theaffluentman.com"
182.188.82.53 - - [15/Jan/2026:16:16:44 +0000] "GET / HTTP/2" 200 28184 "-" "Mozilla/5.0 (Linux; Android 10; K) AppleWebKit/537.36 (KHTML, like Gecko) Chrome/143.0.0.0 Mobile Safari/537.36"
103.131.71.50 - - [15/Jan/2026:16:32:39 +0000] "GET /wp-content/uploads/2025/11/WhatsApp-Image-2025-11-20-at-5.29.44-PM.jpeg HTTP/1.1" 304 0 "-" "Mozilla/5.0 (compatible; coccocbot-image/1.0; +http://help.coccoc.com/searchengine)"
49.51.72.76 - - [15/Jan/2026:16:50:05 +0000] "GET / HTTP/1.1" 200 33180 "http://theaffluentman.com" "Mozilla/5.0 (iPhone; CPU iPhone OS 13_2_3 like Mac OS X) AppleWebKit/605.1.15 (KHTML, like Gecko) Version/13.0.3 Mobile/15E148 Safari/604.1"
185.237.252.236 - - [15/Jan/2026:17:03:49 +0000] "POST /wp-login.php HTTP/1.1" 200 2440 "-" "Mozilla/5.0 (Windows NT 10.0; Win64; x64; rv:41.0) Gecko/20100101 Firefox/41.0"
2.58.56.87 - - [15/Jan/2026:17:15:33 +0000] "GET / HTTP/1.1" 200 150599 "-" "Mozlila/5.0 (Linux; Android 7.0; SM-G892A Bulid/NRD90M; wv) AppleWebKit/537.36 (KHTML, like Gecko) Version/4.0 Chrome/60.0.3112.107 Moblie Safari/537.36"
2.58.56.87 - - [15/Jan/2026:17:15:34 +0000] "GET /wp-content/themes/seotheme/db.php?u HTTP/1.1" 404 98049 "www.google.com" "Mozlila/5.0 (Linux; Android 7.0; SM-G892A Bulid/NRD90M; wv) AppleWebKit/537.36 (KHTML, like Gecko) Version/4.0 Chrome/60.0.3112.107 Moblie Safari/537.36"
2.58.56.87 - - [15/Jan/2026:17:15:35 +0000] "GET /wp-content/plugins/apikey/apikey.php?test=hello HTTP/1.1" 404 98049 "-" "Mozlila/5.0 (Linux; Android 7.0; SM-G892A Bulid/NRD90M; wv) AppleWebKit/537.36 (KHTML, like Gecko) Version/4.0 Chrome/60.0.3112.107 Moblie Safari/537.36"
2.58.56.87 - - [15/Jan/2026:17:15:36 +0000] "GET /plugins/content/apismtp/apismtp.php?test=hello HTTP/1.1" 404 98049 "-" "Mozlila/5.0 (Linux; Android 7.0; SM-G892A Bulid/NRD90M; wv) AppleWebKit/537.36 (KHTML, like Gecko) Version/4.0 Chrome/60.0.3112.107 Moblie Safari/537.36"
2.58.56.87 - - [15/Jan/2026:17:15:36 +0000] "GET /uodrzrfk.php?Fox=d3wL7 HTTP/1.1" 404 98049 "www.google.com" "Mozilla/5.0 (Linux; Android 7.0; SM-G892A Bulid/NRD90M; wv) AppleWebKit/537.36 (KHTML, like Gecko) Version/4.0 Chrome/60.0.3112.107 Moblie Safari/537.36"
2.58.56.87 - - [15/Jan/2026:17:15:38 +0000] "GET /plugins/content/apismtp/apismtp.php.suspected?test=hello HTTP/1.1" 404 98049 "-" "Mozlila/5.0 (Linux; Android 7.0; SM-G892A Bulid/NRD90M; wv) AppleWebKit/537.36 (KHTML, like Gecko) Version/4.0 Chrome/60.0.3112.107 Moblie Safari/537.36"
66.249.66.73 - - [15/Jan/2026:17:22:09 +0000] "GET /wp-login.php?products/24584005 HTTP/1.1" 200 2032 "-" "Mozilla/5.0 (Linux; Android 6.0.1; Nexus 5X Build/MMB29P) AppleWebKit/537.36 (KHTML, like Gecko) Chrome/143.0.7499.192 Mobile Safari/537.36 (compatible; GoogleOther)"
66.249.66.9 - - [15/Jan/2026:17:22:15 +0000] "GET /wp-includes/js/dist/dom-ready.min.js?ver=f77871ff7694fffea381 HTTP/1.1" 200 275 "https://theaffluentman.com/wp-login.php?products/24584005" "Mozilla/5.0 (Linux; Android 6.0.1; Nexus 5X Build/MMB29P) AppleWebKit/537.36 (KHTML, like Gecko) Chrome/143.0.7499.192 Mobile Safari/537.36 (compatible; Googlebot/2.1; +http://www.google.com/bot.html)"
66.249.66.9 - - [15/Jan/2026:17:22:15 +0000] "GET /wp-includes/js/dist/a11y.min.js?ver=cb460b4676c94bd228ed HTTP/1.1" 200 794 "https://theaffluentman.com/wp-login.php?products/24584005" "Mozilla/5.0 (Linux; Android 6.0.1; Nexus 5X Build/MMB29P) AppleWebKit/537.36 (KHTML, like Gecko) Chrome/143.0.7499.192 Mobile Safari/537.36 (compatible; Googlebot/2.1; +http://www.google.com/bot.html)"
2.58.56.87 - - [15/Jan/2026:17:15:35 +0000] "POST /wp-plain.php HTTP/1.1" 404 98049 "www.google.com" "Mozilla/5.0 (Linux; Android 7.0; SM-G892A Bulid/NRD90M; wv) AppleWebKit/537.36 (KHTML, like Gecko) Version/4.0 Chrome/60.0.3112.107 Moblie Safari/537.36"
2.58.56.87 - - [15/Jan/2026:17:15:37 +0000] "GET /wp-content/plugins/apikey/apikey.php.suspected?test=hello HTTP/1.1" 404 98049 "-" "Mozlila/5.0 (Linux; Android 7.0; SM-G892A Bulid/NRD90M; wv) AppleWebKit/537.36 (KHTML, like Gecko) Version/4.0 Chrome/60.0.3112.107 Moblie Safari/537.36"
64.31.22.34 - - [15/Jan/2026:17:22:09 +0000] "POST /wp-cron.php?doing_wp_cron=1768497729.7651081085205078125000 HTTP/1.1" 200 0 "-" "WordPress/6.9; https://theaffluentman.com"
66.249.66.10 - - [15/Jan/2026:17:22:15 +0000] "GET /wp-includes/js/zxcvbn-async.min.js?ver=1.0 HTTP/1.1" 200 187 "https://theaffluentman.com/wp-login.php?products/24584005" "Mozilla/5.0 (Linux; Android 6.0.1; Nexus 5X Build/MMB29P) AppleWebKit/537.36 (KHTML, like Gecko) Chrome/143.0.7499.192 Mobile Safari/537.36 (compatible; Googlebot/2.1; +http://www.google.com/bot.html)"
51.68.236.71 - - [15/Jan/2026:17:26:12 +0000] "GET /robots.txt HTTP/1.1" 200 100 "-" "Mozilla/5.0 (compatible; MJ12bot/v2.0.4; http://mj12bot.com/)"
51.68.236.71 - - [15/Jan/2026:17:26:12 +0000] "GET / HTTP/1.1" 200 28184 "-" "Mozilla/5.0 (compatible; MJ12bot/v2.0.4; http://mj12bot.com/)"
173.252.69.112 - - [15/Jan/2026:17:36:55 +0000] "GET / HTTP/2" 200 150588 "-" "facebookexternalhit/1.1 (+http://www.facebook.com/externalhit_uatext.php)"
34.207.117.12 - - [15/Jan/2026:17:39:55 +0000] "GET /.env HTTP/1.1" 404 21274 "-" "Mozilla/5.0 (EnvHunter/1.0)"
34.207.117.12 - - [15/Jan/2026:17:39:57 +0000] "GET /.env.production HTTP/1.1" 404 21274 "-" "Mozilla/5.0 (EnvHunter/1.0)"
34.207.117.12 - - [15/Jan/2026:17:39:58 +0000] "GET /.env.development HTTP/1.1" 404 21274 "-" "Mozilla/5.0 (EnvHunter/1.0)"
34.207.117.12 - - [15/Jan/2026:17:39:59 +0000] "GET /.env.save HTTP/1.1" 404 21274 "-" "Mozilla/5.0 (EnvHunter/1.0)"
100.26.101.99 - - [15/Jan/2026:17:58:07 +0000] "GET / HTTP/1.1" 200 33183 "-" "Mozilla/5.0 (Macintosh; Intel Mac OS X 10_15_6) AppleWebKit/537.36 (KHTML, like Gecko) Chrome/100.0.4896.127 Safari/537.36"
64.31.22.34 - - [15/Jan/2026:18:28:51 +0000] "POST /wp-cron.php?doing_wp_cron=1768501731.6925160884857177734375 HTTP/1.1" 200 0 "-" "WordPress/6.9; https://theaffluentman.com"
182.188.82.53 - - [15/Jan/2026:18:28:51 +0000] "GET / HTTP/2" 200 28180 "-" "Mozilla/5.0 (Windows NT 10.0; Win64; x64; rv:146.0) Gecko/20100101 Firefox/146.0"
182.188.82.53 - - [15/Jan/2026:18:28:53 +0000] "GET /wp-content/plugins/elementor/assets/css/frontend.min.css?ver=3.34.0 HTTP/2" 200 6584 "https://theaffluentman.com/" "Mozilla/5.0 (Windows NT 10.0; Win64; x64; rv:146.0) Gecko/20100101 Firefox/146.0"
182.188.82.53 - - [15/Jan/2026:18:28:53 +0000] "GET /wp-content/uploads/elementor/css/post-5.css?ver=1767176451 HTTP/2" 200 339 "https://theaffluentman.com/" "Mozilla/5.0 (Windows NT 10.0; Win64; x64; rv:146.0) Gecko/20100101 Firefox/146.0"
182.188.82.53 - - [15/Jan/2026:18:28:53 +0000] "GET /wp-content/uploads/elementor/css/post-9.css?ver=1767176451 HTTP/2" 200 88 "https://theaffluentman.com/" "Mozilla/5.0 (Windows NT 10.0; Win64; x64; rv:146.0) Gecko/20100101 Firefox/146.0"
182.188.82.53 - - [15/Jan/2026:18:28:53 +0000] "GET /wp-includes/js/jquery/jquery-migrate.min.js?ver=3.4.1 HTTP/2" 200 4678 "https://theaffluentman.com/" "Mozilla/5.0 (Windows NT 10.0; Win64; x64; rv:146.0) Gecko/20100101 Firefox/146.0"
182.188.82.53 - - [15/Jan/2026:18:28:53 +0000] "GET /wp-content/themes/astra/assets/js/minified/frontend.min.js?ver=4.11.18 HTTP/2" 200 5927 "https://theaffluentman.com/" "Mozilla/5.0 (Windows NT 10.0; Win64; x64; rv:146.0) Gecko/20100101 Firefox/146.0"
182.188.82.53 - - [15/Jan/2026:18:28:53 +0000] "GET /wp-content/plugins/elementor/assets/js/webpack.runtime.min.js?ver=3.34.0 HTTP/2" 200 2255 "https://theaffluentman.com/" "Mozilla/5.0 (Windows NT 10.0; Win64; x64; rv:146.0) Gecko/20100101 Firefox/146.0"
182.188.82.53 - - [15/Jan/2026:18:28:53 +0000] "GET /wp-content/plugins/elementor/assets/js/frontend-modules.min.js?ver=3.34.0 HTTP/2" 200 24281 "https://theaffluentman.com/" "Mozilla/5.0 (Windows NT 10.0; Win64; x64; rv:146.0) Gecko/20100101 Firefox/146.0"
182.188.82.53 - - [15/Jan/2026:18:28:53 +0000] "GET /wp-content/plugins/elementor/assets/js/frontend.min.js?ver=3.34.0 HTTP/2" 200 10035 "https://theaffluentman.com/" "Mozilla/5.0 (Windows NT 10.0; Win64; x64; rv:146.0) Gecko/20100101 Firefox/146.0"
182.188.82.53 - - [15/Jan/2026:18:28:53 +0000] "GET /wp-content/plugins/elementor-pro/assets/js/elements-handlers.min.js?ver=3.34.0 HTTP/2" 200 10101 "https://theaffluentman.com/" "Mozilla/5.0 (Windows NT 10.0; Win64; x64; rv:146.0) Gecko/20100101 Firefox/146.0"
182.188.82.53 - - [15/Jan/2026:18:28:53 +0000] "GET /wp-content/plugins/elementor-pro/assets/js/frontend.min.js?ver=3.34.0 HTTP/2" 200 6202 "https://theaffluentman.com/" "Mozilla/5.0 (Windows NT 10.0; Win64; x64; rv:146.0) Gecko/20100101 Firefox/146.0"
182.188.82.53 - - [15/Jan/2026:18:28:53 +0000] "GET /wp-includes/js/dist/hooks.min.js?ver=dd5603f07f9220ed27f1 HTTP/2" 200 1852 "https://theaffluentman.com/" "Mozilla/5.0 (Windows NT 10.0; Win64; x64; rv:146.0) Gecko/20100101 Firefox/146.0"
34.207.117.12 - - [15/Jan/2026:17:39:56 +0000] "GET /.env.local HTTP/1.1" 404 21274 "-" "Mozilla/5.0 (EnvHunter/1.0)"
34.207.117.12 - - [15/Jan/2026:17:39:58 +0000] "GET /.env.bak HTTP/1.1" 404 21274 "-" "Mozilla/5.0 (EnvHunter/1.0)"
64.31.22.34 - - [15/Jan/2026:17:55:53 +0000] "POST /wp-cron.php?doing_wp_cron=1768499753.5060911178588867187500 HTTP/1.1" 200 0 "-" "WordPress/6.9; https://theaffluentman.com"
40.77.167.150 - - [15/Jan/2026:17:55:52 +0000] "GET /wp-admin/admin-ajax.php HTTP/2" 400 5 "-" "Mozilla/5.0 AppleWebKit/537.36 (KHTML, like Gecko; compatible; bingbot/2.0; +http://www.bing.com/bingbot.htm) Chrome/116.0.1938.76 Safari/537.36"
64.31.22.34 - - [15/Jan/2026:18:28:51 +0000] "POST /wp-cron.php?doing_wp_cron=1768501731.8865749835968017578125 HTTP/1.1" 200 0 "-" "WordPress/6.9; https://theaffluentman.com"
182.188.82.53 - - [15/Jan/2026:18:28:53 +0000] "GET /wp-content/plugins/elementor-pro/assets/js/webpack-pro.runtime.min.js?ver=3.34.0 HTTP/2" 200 2623 "https://theaffluentman.com/" "Mozilla/5.0 (Windows NT 10.0; Win64; x64; rv:146.0) Gecko/20100101 Firefox/146.0"
182.188.82.53 - - [15/Jan/2026:18:28:53 +0000] "GET /wp-content/uploads/2025/11/hero-suits-CGo19cRR.jpg HTTP/2" 200 122151 "https://theaffluentman.com/" "Mozilla/5.0 (Windows NT 10.0; Win64; x64; rv:146.0) Gecko/20100101 Firefox/146.0"
182.188.82.53 - - [15/Jan/2026:18:29:01 +0000] "GET /wp-includes/js/wp-emoji-release.min.js?ver=6.9 HTTP/3" 200 4949 "https://theaffluentman.com/" "Mozilla/5.0 (Windows NT 10.0; Win64; x64; rv:146.0) Gecko/20100101 Firefox/146.0"
182.188.82.53 - - [15/Jan/2026:18:29:01 +0000] "GET /wp-content/plugins/elementor/assets/js/shared-frontend-handlers.03caa53373b56d3bab67.bundle.min.js HTTP/3" 200 2511 "https://theaffluentman.com/" "Mozilla/5.0 (Windows NT 10.0; Win64; x64; rv:146.0) Gecko/20100101 Firefox/146.0"
182.188.82.53 - - [15/Jan/2026:18:28:56 +0000] "GET /wp-content/uploads/2025/11/WhatsApp-Image-2025-11-20-at-5.29.44-PM.jpeg HTTP/2" 200 84590 "https://theaffluentman.com/" "Mozilla/5.0 (Windows NT 10.0; Win64; x64; rv:146.0) Gecko/20100101 Firefox/146.0"
182.188.82.53 - - [15/Jan/2026:18:28:56 +0000] "GET /wp-content/uploads/2025/11/WhatsApp-Image-2025-11-20-at-5.29.45-PM.jpeg HTTP/2" 200 134073 "https://theaffluentman.com/" "Mozilla/5.0 (Windows NT 10.0; Win64; x64; rv:146.0) Gecko/20100101 Firefox/146.0"
182.188.82.53 - - [15/Jan/2026:18:29:41 +0000] "GET / HTTP/3" 200 28180 "-" "Mozilla/5.0 (Windows NT 10.0; Win64; x64; rv:146.0) Gecko/20100101 Firefox/146.0"
182.188.82.53 - - [15/Jan/2026:18:29:44 +0000] "GET /wp-content/uploads/2025/11/WhatsApp-Image-2025-11-20-at-5.29.45-PM.jpeg HTTP/3" 206 19448 "https://theaffluentman.com/" "Mozilla/5.0 (Windows NT 10.0; Win64; x64; rv:146.0) Gecko/20100101 Firefox/146.0"
182.188.82.53 - - [15/Jan/2026:18:29:44 +0000] "GET /wp-content/uploads/2025/11/WhatsApp-Image-2025-11-20-at-5.29.44-PM.jpeg HTTP/3" 206 2715 "https://theaffluentman.com/" "Mozilla/5.0 (Windows NT 10.0; Win64; x64; rv:146.0) Gecko/20100101 Firefox/146.0"
182.188.82.53 - - [15/Jan/2026:18:32:58 +0000] "GET /wp-admin/ HTTP/2" 302 0 "https://s21.hosterpk.com:2083/" "Mozilla/5.0 (Windows NT 10.0; Win64; x64; rv:146.0) Gecko/20100101 Firefox/146.0"
182.188.82.53 - - [15/Jan/2026:18:32:59 +0000] "GET /wp-login.php?redirect_to=https%3A%2F%2Ftheaffluentman.com%2Fwp-admin%2F&reauth=1 HTTP/2" 200 2031 "https://s21.hosterpk.com:2083/" "Mozilla/5.0 (Windows NT 10.0; Win64; x64; rv:146.0) Gecko/20100101 Firefox/146.0"
182.188.82.53 - - [15/Jan/2026:18:33:00 +0000] "GET /wp-includes/css/buttons.min.css?ver=6.9 HTTP/2" 200 1275 "https://theaffluentman.com/wp-login.php?redirect_to=https%3A%2F%2Ftheaffluentman.com%2Fwp-admin%2F&reauth=1" "Mozilla/5.0 (Windows NT 10.0; Win64; x64; rv:146.0) Gecko/20100101 Firefox/146.0"
182.188.82.53 - - [15/Jan/2026:18:33:00 +0000] "GET /wp-admin/css/forms.min.css?ver=6.9 HTTP/2" 200 6310 "https://theaffluentman.com/wp-login.php?redirect_to=https%3A%2F%2Ftheaffluentman.com%2Fwp-admin%2F&reauth=1" "Mozilla/5.0 (Windows NT 10.0; Win64; x64; rv:146.0) Gecko/20100101 Firefox/146.0"
182.188.82.53 - - [15/Jan/2026:18:33:00 +0000] "GET /wp-admin/css/l10n.min.css?ver=6.9 HTTP/2" 200 675 "https://theaffluentman.com/wp-login.php?redirect_to=https%3A%2F%2Ftheaffluentman.com%2Fwp-admin%2F&reauth=1" "Mozilla/5.0 (Windows NT 10.0; Win64; x64; rv:146.0) Gecko/20100101 Firefox/146.0"
182.188.82.53 - - [15/Jan/2026:18:33:00 +0000] "GET /wp-admin/css/login.min.css?ver=6.9 HTTP/2" 200 1965 "https://theaffluentman.com/wp-login.php?redirect_to=https%3A%2F%2Ftheaffluentman.com%2Fwp-admin%2F&reauth=1" "Mozilla/5.0 (Windows NT 10.0; Win64; x64; rv:146.0) Gecko/20100101 Firefox/146.0"
182.188.82.53 - - [15/Jan/2026:18:33:00 +0000] "GET /wp-includes/js/zxcvbn-async.min.js?ver=1.0 HTTP/2" 200 187 "https://theaffluentman.com/wp-login.php?redirect_to=https%3A%2F%2Ftheaffluentman.com%2Fwp-admin%2F&reauth=1" "Mozilla/5.0 (Windows NT 10.0; Win64; x64; rv:146.0) Gecko/20100101 Firefox/146.0"
182.188.82.53 - - [15/Jan/2026:18:33:00 +0000] "GET /wp-admin/js/password-strength-meter.min.js?ver=6.9 HTTP/2" 200 558 "https://theaffluentman.com/wp-login.php?redirect_to=https%3A%2F%2Ftheaffluentman.com%2Fwp-admin%2F&reauth=1" "Mozilla/5.0 (Windows NT 10.0; Win64; x64; rv:146.0) Gecko/20100101 Firefox/146.0"
182.188.82.53 - - [15/Jan/2026:18:33:00 +0000] "GET /wp-includes/js/dist/dom-ready.min.js?ver=f77871ff7694fffea381 HTTP/2" 200 275 "https://theaffluentman.com/wp-login.php?redirect_to=https%3A%2F%2Ftheaffluentman.com%2Fwp-admin%2F&reauth=1" "Mozilla/5.0 (Windows NT 10.0; Win64; x64; rv:146.0) Gecko/20100101 Firefox/146.0"
182.188.82.53 - - [15/Jan/2026:18:33:00 +0000] "GET /wp-admin/js/user-profile.min.js?ver=6.9 HTTP/2" 200 2889 "https://theaffluentman.com/wp-login.php?redirect_to=https%3A%2F%2Ftheaffluentman.com%2Fwp-admin%2F&reauth=1" "Mozilla/5.0 (Windows NT 10.0; Win64; x64; rv:146.0) Gecko/20100101 Firefox/146.0"
182.188.82.53 - - [15/Jan/2026:18:33:02 +0000] "GET /wp-admin/images/wordpress-logo.svg?ver=20131107 HTTP/3" 200 759 "https://theaffluentman.com/wp-admin/css/login.min.css?ver=6.9" "Mozilla/5.0 (Windows NT 10.0; Win64; x64; rv:146.0) Gecko/20100101 Firefox/146.0"
182.188.82.53 - - [15/Jan/2026:18:33:06 +0000] "GET /wp-includes/js/zxcvbn.min.js HTTP/3" 200 389493 "https://theaffluentman.com/wp-login.php?redirect_to=https%3A%2F%2Ftheaffluentman.com%2Fwp-admin%2F&reauth=1" "Mozilla/5.0 (Windows NT 10.0; Win64; x64; rv:146.0) Gecko/20100101 Firefox/146.0"
64.31.22.34 - - [15/Jan/2026:19:52:57 +0000] "POST /wp-cron.php?doing_wp_cron=1768506777.7160348892211914062500 HTTP/1.1" 200 0 "-" "WordPress/6.9; https://theaffluentman.com"
217.113.194.13 - - [15/Jan/2026:19:53:34 +0000] "GET /book-now/ HTTP/1.1" 404 21274 "-" "Mozilla/5.0 (compatible; Barkrowler/0.9; +https://babbar.tech/crawler)"
217.113.194.21 - - [15/Jan/2026:19:53:50 +0000] "GET /services/services.html HTTP/1.1" 404 21274 "-" "Mozilla/5.0 (compatible; Barkrowler/0.9; +https://babbar.tech/crawler)"
217.113.194.21 - - [15/Jan/2026:19:54:07 +0000] "GET /pricing-bride-smart/ HTTP/1.1" 200 27370 "-" "Mozilla/5.0 (compatible; Barkrowler/0.9; +https://babbar.tech/crawler)"
64.31.22.34 - - [15/Jan/2026:19:42:53 +0000] "POST /wp-cron.php?doing_wp_cron=1768506173.1369590759277343750000 HTTP/1.1" 200 0 "-" "WordPress/6.9; https://theaffluentman.com"
217.154.5.38 - - [15/Jan/2026:19:42:51 +0000] "POST /wp-login.php HTTP/1.1" 200 2436 "-" "Mozilla/5.0 (Windows NT 10.0; Win64; x64; rv:75.0) Gecko/20100101 Firefox/75.0"
64.31.22.34 - - [15/Jan/2026:19:52:57 +0000] "POST /wp-cron.php?doing_wp_cron=1768506777.6992850303649902343750 HTTP/1.1" 200 0 "-" "WordPress/6.9; https://theaffluentman.com"
217.113.194.18 - - [15/Jan/2026:19:52:57 +0000] "GET /robots.txt HTTP/1.1" 200 113 "-" "Mozilla/5.0 (compatible; Barkrowler/0.9; +https://babbar.tech/crawler)"
217.113.194.12 - - [15/Jan/2026:19:53:13 +0000] "GET /services/index.html HTTP/1.1" 404 21274 "-" "Mozilla/5.0 (compatible; Barkrowler/0.9; +https://babbar.tech/crawler)"
217.113.194.14 - - [15/Jan/2026:19:54:23 +0000] "GET /pricing-absolute-bridal/ HTTP/1.1" 200 27550 "-" "Mozilla/5.0 (compatible; Barkrowler/0.9; +https://babbar.tech/crawler)"
217.113.194.14 - - [15/Jan/2026:19:54:39 +0000] "GET /elevate-your-groom-perfect-your-wedding/ HTTP/1.1" 200 31832 "-" "Mozilla/5.0 (compatible; Barkrowler/0.9; +https://babbar.tech/crawler)"
154.54.249.194 - - [15/Jan/2026:19:54:56 +0000] "GET /make-your-groom-look-like-the-man-of-your-dreams/ HTTP/1.1" 200 29992 "-" "Mozilla/5.0 (compatible; Barkrowler/0.9; +https://babbar.tech/crawler)"
206.255.13.248 - - [15/Jan/2026:20:33:04 +0000] "GET / HTTP/3" 301 0 "https://www.google.com/" "Mozilla/5.0 (Macintosh; Intel Mac OS X 10_15_7) AppleWebKit/605.1.15 (KHTML, like Gecko) Version/18.5 Safari/605.1.15"
206.255.13.248 - - [15/Jan/2026:20:33:05 +0000] "GET / HTTP/3" 200 28184 "https://www.google.com/" "Mozilla/5.0 (Macintosh; Intel Mac OS X 10_15_7) AppleWebKit/605.1.15 (KHTML, like Gecko) Version/18.5 Safari/605.1.15"
206.255.13.248 - - [15/Jan/2026:20:33:06 +0000] "GET /wp-content/themes/astra/assets/css/minified/main.min.css?ver=4.11.18 HTTP/3" 200 8486 "https://theaffluentman.com/" "Mozilla/5.0 (Macintosh; Intel Mac OS X 10_15_7) AppleWebKit/605.1.15 (KHTML, like Gecko) Version/18.5 Safari/605.1.15"
206.255.13.248 - - [15/Jan/2026:20:33:06 +0000] "GET /wp-content/themes/astra/assets/js/minified/flexibility.min.js?ver=4.11.18 HTTP/3" 200 3759 "https://theaffluentman.com/" "Mozilla/5.0 (Macintosh; Intel Mac OS X 10_15_7) AppleWebKit/605.1.15 (KHTML, like Gecko) Version/18.5 Safari/605.1.15"
206.255.13.248 - - [15/Jan/2026:20:33:06 +0000] "GET /wp-content/uploads/elementor/css/post-9.css?ver=1767176451 HTTP/3" 200 88 "https://theaffluentman.com/" "Mozilla/5.0 (Macintosh; Intel Mac OS X 10_15_7) AppleWebKit/605.1.15 (KHTML, like Gecko) Version/18.5 Safari/605.1.15"
206.255.13.248 - - [15/Jan/2026:20:33:06 +0000] "GET /wp-content/plugins/elementor/assets/css/frontend.min.css?ver=3.34.0 HTTP/3" 200 6584 "https://theaffluentman.com/" "Mozilla/5.0 (Macintosh; Intel Mac OS X 10_15_7) AppleWebKit/605.1.15 (KHTML, like Gecko) Version/18.5 Safari/605.1.15"
206.255.13.248 - - [15/Jan/2026:20:33:06 +0000] "GET /wp-includes/js/jquery/jquery.min.js?ver=3.7.1 HTTP/3" 200 29744 "https://theaffluentman.com/" "Mozilla/5.0 (Macintosh; Intel Mac OS X 10_15_7) AppleWebKit/605.1.15 (KHTML, like Gecko) Version/18.5 Safari/605.1.15"
206.255.13.248 - - [15/Jan/2026:20:33:06 +0000] "GET /wp-content/plugins/elementor/assets/js/webpack.runtime.min.js?ver=3.34.0 HTTP/3" 200 2255 "https://theaffluentman.com/" "Mozilla/5.0 (Macintosh; Intel Mac OS X 10_15_7) AppleWebKit/605.1.15 (KHTML, like Gecko) Version/18.5 Safari/605.1.15"
206.255.13.248 - - [15/Jan/2026:20:33:06 +0000] "GET /wp-includes/js/dist/hooks.min.js?ver=dd5603f07f9220ed27f1 HTTP/3" 200 1852 "https://theaffluentman.com/" "Mozilla/5.0 (Macintosh; Intel Mac OS X 10_15_7) AppleWebKit/605.1.15 (KHTML, like Gecko) Version/18.5 Safari/605.1.15"
206.255.13.248 - - [15/Jan/2026:20:33:06 +0000] "GET /wp-content/plugins/elementor-pro/assets/js/webpack-pro.runtime.min.js?ver=3.34.0 HTTP/3" 200 2623 "https://theaffluentman.com/" "Mozilla/5.0 (Macintosh; Intel Mac OS X 10_15_7) AppleWebKit/605.1.15 (KHTML, like Gecko) Version/18.5 Safari/605.1.15"
206.255.13.248 - - [15/Jan/2026:20:33:06 +0000] "GET /wp-includes/js/dist/i18n.min.js?ver=c26c3dc7bed366793375 HTTP/3" 200 2119 "https://theaffluentman.com/" "Mozilla/5.0 (Macintosh; Intel Mac OS X 10_15_7) AppleWebKit/605.1.15 (KHTML, like Gecko) Version/18.5 Safari/605.1.15"
206.255.13.248 - - [15/Jan/2026:20:33:06 +0000] "GET /wp-includes/js/jquery/jquery-migrate.min.js?ver=3.4.1 HTTP/3" 200 4678 "https://theaffluentman.com/" "Mozilla/5.0 (Macintosh; Intel Mac OS X 10_15_7) AppleWebKit/605.1.15 (KHTML, like Gecko) Version/18.5 Safari/605.1.15"
206.255.13.248 - - [15/Jan/2026:20:33:06 +0000] "GET /wp-includes/js/jquery/ui/core.min.js?ver=1.13.3 HTTP/3" 200 6812 "https://theaffluentman.com/" "Mozilla/5.0 (Macintosh; Intel Mac OS X 10_15_7) AppleWebKit/605.1.15 (KHTML, like Gecko) Version/18.5 Safari/605.1.15"
206.255.13.248 - - [15/Jan/2026:20:33:06 +0000] "GET /wp-content/uploads/2025/11/WhatsApp-Image-2025-11-20-at-5.29.45-PM.jpeg HTTP/3" 200 134073 "https://theaffluentman.com/" "Mozilla/5.0 (Macintosh; Intel Mac OS X 10_15_7) AppleWebKit/605.1.15 (KHTML, like Gecko) Version/18.5 Safari/605.1.15"
204.76.203.25 - - [15/Jan/2026:20:45:52 +0000] "GET /wp-content/plugins/elementor/assets/js/webpack.runtime.min.js HTTP/1.1" 200 5677 "-" "Mozilla/5.0 (Windows NT 10.0; Win64; x64) AppleWebKit/537.36 (KHTML, like Gecko) Chrome/134.0.0.0 Safari/537.3"
204.76.203.25 - - [15/Jan/2026:20:45:52 +0000] "GET /wp-content/plugins/elementor-pro/assets/js/webpack-pro.runtime.min.js HTTP/1.1" 200 6248 "-" "Mozilla/5.0 (Windows NT 10.0; Win64; x64) AppleWebKit/537.36 (KHTML, like Gecko) Chrome/134.0.0.0 Safari/537.3"
64.31.22.34 - - [15/Jan/2026:20:50:58 +0000] "POST /wp-cron.php?doing_wp_cron=1768510258.8599090576171875000000 HTTP/1.1" 200 0 "-" "WordPress/6.9; https://theaffluentman.com"
152.53.109.224 - - [15/Jan/2026:21:04:43 +0000] "POST /wp-login.php HTTP/1.1" 200 2436 "-" "Mozilla/5.0 (Windows NT 10.0; Win64; x64; rv:87.0) Gecko/20100101 Firefox/87.0"
66.249.66.33 - - [15/Jan/2026:21:10:53 +0000] "GET /wp-login.php?products/22947461 HTTP/1.1" 200 2032 "-" "Mozilla/5.0 (Linux; Android 6.0.1; Nexus 5X Build/MMB29P) AppleWebKit/537.36 (KHTML, like Gecko) Chrome/143.0.7499.192 Mobile Safari/537.36 (compatible; Googlebot/2.1; +http://www.google.com/bot.html)"
195.24.236.108 - - [15/Jan/2026:21:37:37 +0000] "GET / HTTP/1.1" 200 150599 "-" "Mozlila/5.0 (Linux; Android 7.0; SM-G892A Bulid/NRD90M; wv) AppleWebKit/537.36 (KHTML, like Gecko) Version/4.0 Chrome/60.0.3112.107 Moblie Safari/537.36"
195.24.236.108 - - [15/Jan/2026:21:37:37 +0000] "GET /wp-content/themes/seotheme/db.php?u HTTP/1.1" 404 98049 "www.google.com" "Mozlila/5.0 (Linux; Android 7.0; SM-G892A Bulid/NRD90M; wv) AppleWebKit/537.36 (KHTML, like Gecko) Version/4.0 Chrome/60.0.3112.107 Moblie Safari/537.36"
195.24.236.108 - - [15/Jan/2026:21:37:38 +0000] "GET /wp-content/plugins/apikey/apikey.php?test=hello HTTP/1.1" 404 98049 "-" "Mozlila/5.0 (Linux; Android 7.0; SM-G892A Bulid/NRD90M; wv) AppleWebKit/537.36 (KHTML, like Gecko) Version/4.0 Chrome/60.0.3112.107 Moblie Safari/537.36"
195.24.236.108 - - [15/Jan/2026:21:37:38 +0000] "POST /wp-plain.php HTTP/1.1" 404 98049 "www.google.com" "Mozilla/5.0 (Linux; Android 7.0; SM-G892A Bulid/NRD90M; wv) AppleWebKit/537.36 (KHTML, like Gecko) Version/4.0 Chrome/60.0.3112.107 Moblie Safari/537.36"
195.24.236.108 - - [15/Jan/2026:21:37:39 +0000] "GET /plugins/content/apismtp/apismtp.php?test=hello HTTP/1.1" 404 98049 "-" "Mozlila/5.0 (Linux; Android 7.0; SM-G892A Bulid/NRD90M; wv) AppleWebKit/537.36 (KHTML, like Gecko) Version/4.0 Chrome/60.0.3112.107 Moblie Safari/537.36"
195.24.236.108 - - [15/Jan/2026:21:37:40 +0000] "GET /toljqfif.php?Fox=d3wL7 HTTP/1.1" 404 98049 "www.google.com" "Mozilla/5.0 (Linux; Android 7.0; SM-G892A Bulid/NRD90M; wv) AppleWebKit/537.36 (KHTML, like Gecko) Version/4.0 Chrome/60.0.3112.107 Moblie Safari/537.36"
195.24.236.108 - - [15/Jan/2026:21:37:40 +0000] "GET /wp-content/plugins/apikey/apikey.php.suspected?test=hello HTTP/1.1" 404 98049 "-" "Mozlila/5.0 (Linux; Android 7.0; SM-G892A Bulid/NRD90M; wv) AppleWebKit/537.36 (KHTML, like Gecko) Version/4.0 Chrome/60.0.3112.107 Moblie Safari/537.36"
195.24.236.108 - - [15/Jan/2026:21:37:42 +0000] "GET /plugins/content/apismtp/apismtp.php.suspected?test=hello HTTP/1.1" 404 98049 "-" "Mozlila/5.0 (Linux; Android 7.0; SM-G892A Bulid/NRD90M; wv) AppleWebKit/537.36 (KHTML, like Gecko) Version/4.0 Chrome/60.0.3112.107 Moblie Safari/537.36"
93.188.2.5 - - [15/Jan/2026:21:43:57 +0000] "POST /xmlrpc.php HTTP/1.1" 200 403 "-" "Mozilla/5.0 (Macintosh; Intel Mac OS X 10_9_5) AppleWebKit/537.36 (KHTML, like Gecko) Chrome/67.0.3396.87 Safari/537.36"
116.103.108.158 - - [15/Jan/2026:21:44:04 +0000] "POST /xmlrpc.php HTTP/1.1" 200 403 "-" "Mozilla/5.0 (Windows NT 6.1) AppleWebKit/537.36 (KHTML, like Gecko) Chrome/65.0.3325.146 Safari/537.36"
103.95.196.73 - - [15/Jan/2026:21:44:16 +0000] "POST /xmlrpc.php HTTP/1.1" 200 403 "-" "Mozilla/5.0 (Macintosh; Intel Mac OS X 10_13_4) AppleWebKit/605.1.15 (KHTML, like Gecko) Version/11.1 Safari/605.1.15"
220.158.232.162 - - [15/Jan/2026:21:44:32 +0000] "POST /xmlrpc.php HTTP/1.1" 200 403 "-" "Mozilla/5.0 (Windows NT 10.0; Trident/7.0; Touch; rv:11.0) like Gecko"
120.76.99.214 - - [15/Jan/2026:21:44:33 +0000] "POST /xmlrpc.php HTTP/1.1" 200 403 "-" "Mozilla/5.0 (Windows NT 6.1) AppleWebKit/537.36 (KHTML, like Gecko) Chrome/63.0.3239.132 Safari/537.36 OPR/50.0.2762.67"
15.204.132.37 - - [15/Jan/2026:21:44:44 +0000] "POST /xmlrpc.php HTTP/1.1" 200 403 "-" "Mozilla/5.0 (Windows NT 6.1; WOW64; rv:61.0) Gecko/20100101 Firefox/61.0"
83.217.208.173 - - [15/Jan/2026:22:18:23 +0000] "GET /wp-login.php HTTP/1.1" 200 6362 "-" "Mozilla/5.0 (Windows NT 6.2; WOW64; rv:31.0) Gecko/20100101 Firefox/31.0"
