/home3/bmscom/access-logs/mainjeelectronics.com.pk.bms69.com-ssl_log
64.31.22.34 - - [15/Jan/2026:13:26:57 +0000] "POST /wp-cron.php?doing_wp_cron=1768483617.9479999542236328125000 HTTP/1.1" 200 0 "-" "WordPress/6.8.3; https://mainjeelectronics.com.pk"
31.13.115.116 - - [15/Jan/2026:13:26:57 +0000] "GET /shop-by-categories/ HTTP/2" 200 80720 "-" "meta-webindexer/1.1 (+https://developers.facebook.com/docs/sharing/webmasters/crawler)"
66.249.66.6 - - [15/Jan/2026:13:46:46 +0000] "GET /?940101.shtml HTTP/1.1" 200 14770 "-" "Mozilla/5.0 (Linux; Android 6.0.1; Nexus 5X Build/MMB29P) AppleWebKit/537.36 (KHTML, like Gecko) Chrome/143.0.7499.192 Mobile Safari/537.36 (compatible; Googlebot/2.1; +http://www.google.com/bot.html)"
66.249.66.163 - - [15/Jan/2026:13:47:46 +0000] "GET /?2137914.shtml HTTP/1.1" 200 14801 "-" "Mozilla/5.0 (Linux; Android 6.0.1; Nexus 5X Build/MMB29P) AppleWebKit/537.36 (KHTML, like Gecko) Chrome/143.0.7499.192 Mobile Safari/537.36 (compatible; Googlebot/2.1; +http://www.google.com/bot.html)"
66.249.66.196 - - [15/Jan/2026:13:51:26 +0000] "GET /?o=34920 HTTP/1.1" 200 14770 "-" "Mozilla/5.0 (Linux; Android 6.0.1; Nexus 5X Build/MMB29P) AppleWebKit/537.36 (KHTML, like Gecko) Chrome/143.0.7499.192 Mobile Safari/537.36 (compatible; Googlebot/2.1; +http://www.google.com/bot.html)"
40.77.167.132 - - [15/Jan/2026:13:51:38 +0000] "GET /?o=904314 HTTP/2" 200 14812 "-" "Mozilla/5.0 AppleWebKit/537.36 (KHTML, like Gecko; compatible; bingbot/2.0; +http://www.bing.com/bingbot.htm) Chrome/116.0.1938.76 Safari/537.36"
66.249.66.5 - - [15/Jan/2026:13:54:04 +0000] "GET /?o=1122251 HTTP/1.1" 200 14801 "-" "Mozilla/5.0 (Linux; Android 6.0.1; Nexus 5X Build/MMB29P) AppleWebKit/537.36 (KHTML, like Gecko) Chrome/143.0.7499.192 Mobile Safari/537.36 (compatible; Googlebot/2.1; +http://www.google.com/bot.html)"
66.249.66.69 - - [15/Jan/2026:13:55:00 +0000] "GET /?769889.shtml HTTP/1.1" 200 14812 "-" "Mozilla/5.0 (Linux; Android 6.0.1; Nexus 5X Build/MMB29P) AppleWebKit/537.36 (KHTML, like Gecko) Chrome/143.0.7499.192 Mobile Safari/537.36 (compatible; Googlebot/2.1; +http://www.google.com/bot.html)"
66.249.66.163 - - [15/Jan/2026:13:58:23 +0000] "GET /?o=1706171 HTTP/1.1" 200 14801 "-" "Mozilla/5.0 (Linux; Android 6.0.1; Nexus 5X Build/MMB29P) AppleWebKit/537.36 (KHTML, like Gecko) Chrome/143.0.7499.192 Mobile Safari/537.36 (compatible; Googlebot/2.1; +http://www.google.com/bot.html)"
66.249.66.5 - - [15/Jan/2026:13:45:50 +0000] "GET /?o=2653304 HTTP/1.1" 200 14812 "-" "Mozilla/5.0 (Linux; Android 6.0.1; Nexus 5X Build/MMB29P) AppleWebKit/537.36 (KHTML, like Gecko) Chrome/143.0.7499.192 Mobile Safari/537.36 (compatible; Googlebot/2.1; +http://www.google.com/bot.html)"
66.249.66.4 - - [15/Jan/2026:13:47:43 +0000] "GET /?o=1857520 HTTP/1.1" 200 14801 "-" "Mozilla/5.0 (Linux; Android 6.0.1; Nexus 5X Build/MMB29P) AppleWebKit/537.36 (KHTML, like Gecko) Chrome/143.0.7499.192 Mobile Safari/537.36 (compatible; Googlebot/2.1; +http://www.google.com/bot.html)"
66.249.66.163 - - [15/Jan/2026:13:51:11 +0000] "GET /?o=1419177 HTTP/1.1" 200 14812 "-" "Mozilla/5.0 (Linux; Android 6.0.1; Nexus 5X Build/MMB29P) AppleWebKit/537.36 (KHTML, like Gecko) Chrome/143.0.7499.192 Mobile Safari/537.36 (compatible; Googlebot/2.1; +http://www.google.com/bot.html)"
66.249.66.68 - - [15/Jan/2026:13:54:25 +0000] "GET /?o=756585 HTTP/1.1" 200 14770 "-" "Mozilla/5.0 (Linux; Android 6.0.1; Nexus 5X Build/MMB29P) AppleWebKit/537.36 (KHTML, like Gecko) Chrome/143.0.7499.192 Mobile Safari/537.36 (compatible; Googlebot/2.1; +http://www.google.com/bot.html)"
66.249.66.67 - - [15/Jan/2026:13:56:48 +0000] "GET /?1156678.shtml HTTP/1.1" 200 14770 "-" "Mozilla/5.0 (Linux; Android 6.0.1; Nexus 5X Build/MMB29P) AppleWebKit/537.36 (KHTML, like Gecko) Chrome/143.0.7499.192 Mobile Safari/537.36 (compatible; Googlebot/2.1; +http://www.google.com/bot.html)"
66.249.66.163 - - [15/Jan/2026:13:57:00 +0000] "GET /?o=1543042 HTTP/1.1" 200 14801 "-" "Mozilla/5.0 (Linux; Android 6.0.1; Nexus 5X Build/MMB29P) AppleWebKit/537.36 (KHTML, like Gecko) Chrome/143.0.7499.192 Mobile Safari/537.36 (compatible; Googlebot/2.1; +http://www.google.com/bot.html)"
207.46.13.31 - - [15/Jan/2026:14:25:35 +0000] "GET /shop/?searchWordHeader=2026 HTTP/2" 200 14812 "-" "Mozilla/5.0 AppleWebKit/537.36 (KHTML, like Gecko; compatible; bingbot/2.0; +http://www.bing.com/bingbot.htm) Chrome/116.0.1938.76 Safari/537.36"
66.249.66.67 - - [15/Jan/2026:15:03:26 +0000] "GET /?1207540.shtml HTTP/1.1" 200 14812 "-" "Mozilla/5.0 (Linux; Android 6.0.1; Nexus 5X Build/MMB29P) AppleWebKit/537.36 (KHTML, like Gecko) Chrome/143.0.7499.192 Mobile Safari/537.36 (compatible; Googlebot/2.1; +http://www.google.com/bot.html)"
66.249.66.163 - - [15/Jan/2026:15:33:35 +0000] "GET /ctg/search/similarImageSearchResultView/?ctgItemCd=93237936 HTTP/1.1" 200 14801 "-" "Mozilla/5.0 (Linux; Android 6.0.1; Nexus 5X Build/MMB29P) AppleWebKit/537.36 (KHTML, like Gecko) Chrome/143.0.7499.192 Mobile Safari/537.36 (compatible; Googlebot/2.1; +http://www.google.com/bot.html)"
66.249.66.163 - - [15/Jan/2026:15:41:28 +0000] "GET /?o=2445202 HTTP/1.1" 200 14770 "-" "Mozilla/5.0 (Linux; Android 6.0.1; Nexus 5X Build/MMB29P) AppleWebKit/537.36 (KHTML, like Gecko) Chrome/143.0.7499.192 Mobile Safari/537.36 (compatible; Googlebot/2.1; +http://www.google.com/bot.html)"
66.249.66.39 - - [15/Jan/2026:15:02:25 +0000] "GET /?o=2277467 HTTP/1.1" 200 14812 "-" "Mozilla/5.0 (Linux; Android 6.0.1; Nexus 5X Build/MMB29P) AppleWebKit/537.36 (KHTML, like Gecko) Chrome/143.0.7499.192 Mobile Safari/537.36 (compatible; Googlebot/2.1; +http://www.google.com/bot.html)"
66.249.66.4 - - [15/Jan/2026:15:03:11 +0000] "GET /?1158313.shtml HTTP/1.1" 200 14770 "-" "Mozilla/5.0 (Linux; Android 6.0.1; Nexus 5X Build/MMB29P) AppleWebKit/537.36 (KHTML, like Gecko) Chrome/143.0.7499.192 Mobile Safari/537.36 (compatible; Googlebot/2.1; +http://www.google.com/bot.html)"
142.93.102.171 - - [15/Jan/2026:16:50:20 +0000] "GET /.git/config HTTP/1.1" 403 1242 "-" "Mozilla/5.0 (X11; Linux x86_64)"
207.46.13.78 - - [15/Jan/2026:17:56:57 +0000] "GET /?o=2858779 HTTP/2" 200 14812 "-" "Mozilla/5.0 AppleWebKit/537.36 (KHTML, like Gecko; compatible; bingbot/2.0; +http://www.bing.com/bingbot.htm) Chrome/116.0.1938.76 Safari/537.36"
195.178.110.191 - - [15/Jan/2026:18:35:27 +0000] "GET /.git/config HTTP/1.1" 403 1242 "-" "Mozilla/5.0 (Windows NT 10.0; Win64; x64; rv:79.0) Gecko/20100101 Firefox/79.0"
64.31.22.34 - - [15/Jan/2026:19:24:39 +0000] "POST /wp-cron.php?doing_wp_cron=1768505079.6356699466705322265625 HTTP/1.1" 200 0 "-" "WordPress/6.8.3; https://mainjeelectronics.com.pk"
66.249.66.198 - - [15/Jan/2026:19:03:59 +0000] "GET /?o=1678526 HTTP/1.1" 200 14784 "-" "Mozilla/5.0 (Linux; Android 6.0.1; Nexus 5X Build/MMB29P) AppleWebKit/537.36 (KHTML, like Gecko) Chrome/143.0.7499.192 Mobile Safari/537.36 (compatible; Googlebot/2.1; +http://www.google.com/bot.html)"
51.68.236.73 - - [15/Jan/2026:19:24:39 +0000] "GET /robots.txt HTTP/1.1" 200 111 "-" "Mozilla/5.0 (compatible; MJ12bot/v2.0.4; http://mj12bot.com/)"
51.68.236.73 - - [15/Jan/2026:19:24:39 +0000] "GET / HTTP/1.1" 200 14741 "-" "Mozilla/5.0 (compatible; MJ12bot/v2.0.4; http://mj12bot.com/)"
66.249.66.4 - - [15/Jan/2026:19:25:21 +0000] "GET /product/master-dryer-chores-pure/feed/ HTTP/1.1" 200 14812 "-" "Mozilla/5.0 (Linux; Android 6.0.1; Nexus 5X Build/MMB29P) AppleWebKit/537.36 (KHTML, like Gecko) Chrome/143.0.7499.192 Mobile Safari/537.36 (compatible; Googlebot/2.1; +http://www.google.com/bot.html)"
91.92.243.241 - - [15/Jan/2026:21:16:50 +0000] "GET /wp-login.php HTTP/1.1" 200 1930 "-" "Mozilla/5.0"
91.92.243.241 - - [15/Jan/2026:21:16:50 +0000] "GET /?author=1 HTTP/1.1" 200 14136 "-" "Mozilla/5.0"
91.92.243.241 - - [15/Jan/2026:21:16:51 +0000] "GET /?author=2 HTTP/1.1" 404 12917 "-" "Mozilla/5.0"
66.249.66.164 - - [15/Jan/2026:21:23:52 +0000] "GET /?o=512879 HTTP/1.1" 200 14741 "-" "Mozilla/5.0 (Linux; Android 6.0.1; Nexus 5X Build/MMB29P) AppleWebKit/537.36 (KHTML, like Gecko) Chrome/143.0.7499.192 Mobile Safari/537.36 (compatible; Googlebot/2.1; +http://www.google.com/bot.html)"
146.190.255.240 - - [15/Jan/2026:21:39:48 +0000] "GET / HTTP/1.1" 200 17158 "-" "Mozilla/5.0 (X11; Linux x86_64; rv:142.0) Gecko/20100101 Firefox/142.0"
146.190.255.240 - - [15/Jan/2026:21:39:50 +0000] "GET /favicon.ico HTTP/1.1" 404 1251 "https://mainjeelectronics.com.pk/" "Mozilla/5.0 (X11; Linux x86_64; rv:142.0) Gecko/20100101 Firefox/142.0"
93.159.230.84 - - [15/Jan/2026:21:53:54 +0000] "GET / HTTP/1.1" 200 17158 "-" "Mozilla/5.0 (Linux; arm_64; Android 12; CPH2205) AppleWebKit/537.36 (KHTML, like Gecko) Chrome/110.0.0.0 YaBrowser/23.3.3.86.00 SA/3 Mobile Safari/537.36"
52.167.144.56 - - [15/Jan/2026:22:12:03 +0000] "GET /robots.txt HTTP/2" 200 111 "-" "Mozilla/5.0 AppleWebKit/537.36 (KHTML, like Gecko; compatible; bingbot/2.0; +http://www.bing.com/bingbot.htm) Chrome/116.0.1938.76 Safari/537.36"
64.31.22.34 - - [15/Jan/2026:22:18:16 +0000] "POST /wp-cron.php?doing_wp_cron=1768515496.7468059062957763671875 HTTP/1.1" 200 0 "-" "WordPress/6.8.3; https://mainjeelectronics.com.pk"
57.141.18.108 - - [15/Jan/2026:22:18:16 +0000] "GET /product/water-cooler-35g-inspire/ HTTP/2" 200 80720 "-" "meta-externalagent/1.1 (+https://developers.facebook.com/docs/sharing/webmasters/crawler)"
91.92.243.241 - - [15/Jan/2026:22:40:54 +0000] "POST /wp-login.php HTTP/1.1" 200 5025 "-" "Mozilla/5.0"
91.92.243.241 - - [15/Jan/2026:22:47:26 +0000] "POST /wp-login.php HTTP/1.1" 200 5025 "-" "Mozilla/5.0"
66.249.66.39 - - [15/Jan/2026:20:40:21 +0000] "GET /?o=768850 HTTP/1.1" 200 14801 "-" "Mozilla/5.0 (Linux; Android 6.0.1; Nexus 5X Build/MMB29P) AppleWebKit/537.36 (KHTML, like Gecko) Chrome/143.0.7499.192 Mobile Safari/537.36 (compatible; Googlebot/2.1; +http://www.google.com/bot.html)"
8.217.152.180 - - [15/Jan/2026:21:33:32 +0000] "GET /robots.txt HTTP/1.1" 200 111 "-" "AliyunSecBot/Aliyun (AliyunSecBot@service.alibaba.com)"
8.217.211.106 - - [15/Jan/2026:21:33:33 +0000] "GET /wp-content/themes/besa/css/template2.css?ver=1.0 HTTP/1.1" 200 159439 "-" "AliyunSecBot/Aliyun (AliyunSecBot@service.alibaba.com)"
66.249.66.6 - - [15/Jan/2026:22:08:40 +0000] "GET /?1795052.shtml HTTP/1.1" 200 14770 "-" "Mozilla/5.0 (Linux; Android 6.0.1; Nexus 5X Build/MMB29P) AppleWebKit/537.36 (KHTML, like Gecko) Chrome/143.0.7499.192 Mobile Safari/537.36 (compatible; Googlebot/2.1; +http://www.google.com/bot.html)"
157.55.39.192 - - [15/Jan/2026:22:12:14 +0000] "GET /ctg/search/similarImageSearchResultView/?ctgItemCd=18199534 HTTP/2" 200 14770 "-" "Mozilla/5.0 AppleWebKit/537.36 (KHTML, like Gecko; compatible; bingbot/2.0; +http://www.bing.com/bingbot.htm) Chrome/116.0.1938.76 Safari/537.36"
66.249.66.163 - - [15/Jan/2026:23:02:46 +0000] "GET /?o=2550791 HTTP/1.1" 200 14741 "-" "Mozilla/5.0 (Linux; Android 6.0.1; Nexus 5X Build/MMB29P) AppleWebKit/537.36 (KHTML, like Gecko) Chrome/143.0.7499.192 Mobile Safari/537.36 (compatible; Googlebot/2.1; +http://www.google.com/bot.html)"
91.92.243.241 - - [15/Jan/2026:23:17:54 +0000] "POST /wp-login.php HTTP/1.1" 200 5025 "-" "Mozilla/5.0"
91.92.243.241 - - [15/Jan/2026:23:25:28 +0000] "POST /wp-login.php HTTP/1.1" 200 5025 "-" "Mozilla/5.0"
91.92.243.241 - - [15/Jan/2026:23:41:28 +0000] "POST /wp-login.php HTTP/1.1" 200 5025 "-" "Mozilla/5.0"
91.92.243.241 - - [15/Jan/2026:23:56:57 +0000] "POST /wp-login.php HTTP/1.1" 200 5025 "-" "Mozilla/5.0"
91.92.243.241 - - [15/Jan/2026:22:54:36 +0000] "POST /wp-login.php HTTP/1.1" 200 5025 "-" "Mozilla/5.0"
91.92.243.241 - - [15/Jan/2026:23:02:16 +0000] "POST /wp-login.php HTTP/1.1" 200 5025 "-" "Mozilla/5.0"
91.92.243.241 - - [15/Jan/2026:23:10:11 +0000] "POST /wp-login.php HTTP/1.1" 200 5025 "-" "Mozilla/5.0"
64.31.22.34 - - [15/Jan/2026:23:17:54 +0000] "POST /wp-cron.php?doing_wp_cron=1768519074.5366880893707275390625 HTTP/1.1" 200 0 "-" "WordPress/6.8.3; https://mainjeelectronics.com.pk"
91.92.243.241 - - [15/Jan/2026:23:33:27 +0000] "POST /wp-login.php HTTP/1.1" 200 5025 "-" "Mozilla/5.0"
91.92.243.241 - - [15/Jan/2026:23:49:06 +0000] "POST /wp-login.php HTTP/1.1" 200 5025 "-" "Mozilla/5.0"
66.249.66.196 - - [15/Jan/2026:23:52:49 +0000] "GET /?o=1278312 HTTP/1.1" 200 14801 "-" "Mozilla/5.0 (Linux; Android 6.0.1; Nexus 5X Build/MMB29P) AppleWebKit/537.36 (KHTML, like Gecko) Chrome/143.0.7499.192 Mobile Safari/537.36 (compatible; Googlebot/2.1; +http://www.google.com/bot.html)"
157.55.39.55 - - [15/Jan/2026:23:55:44 +0000] "GET /shop?searchWordHeader=2025 HTTP/2" 301 0 "-" "Mozilla/5.0 AppleWebKit/537.36 (KHTML, like Gecko; compatible; bingbot/2.0; +http://www.bing.com/bingbot.htm) Chrome/116.0.1938.76 Safari/537.36"
157.55.39.55 - - [15/Jan/2026:23:55:46 +0000] "GET /shop/?searchWordHeader=2025 HTTP/2" 200 14812 "-" "Mozilla/5.0 AppleWebKit/537.36 (KHTML, like Gecko; compatible; bingbot/2.0; +http://www.bing.com/bingbot.htm) Chrome/116.0.1938.76 Safari/537.36"
91.92.243.241 - - [16/Jan/2026:00:05:31 +0000] "POST /wp-login.php HTTP/1.1" 200 5025 "-" "Mozilla/5.0"
91.92.243.241 - - [16/Jan/2026:00:13:51 +0000] "POST /wp-login.php HTTP/1.1" 200 5025 "-" "Mozilla/5.0"
91.92.243.241 - - [16/Jan/2026:00:39:20 +0000] "POST /wp-login.php HTTP/1.1" 200 5025 "-" "Mozilla/5.0"
91.92.243.241 - - [16/Jan/2026:00:47:43 +0000] "POST /wp-login.php HTTP/1.1" 200 5025 "-" "Mozilla/5.0"
64.31.22.34 - - [16/Jan/2026:00:22:01 +0000] "POST /wp-cron.php?doing_wp_cron=1768522921.5150229930877685546875 HTTP/1.1" 200 0 "-" "WordPress/6.8.3; https://mainjeelectronics.com.pk"
91.92.243.241 - - [16/Jan/2026:00:22:01 +0000] "POST /wp-login.php HTTP/1.1" 200 5025 "-" "Mozilla/5.0"
91.92.243.241 - - [16/Jan/2026:00:31:02 +0000] "POST /wp-login.php HTTP/1.1" 200 5025 "-" "Mozilla/5.0"
64.31.22.34 - - [16/Jan/2026:01:21:31 +0000] "POST /wp-cron.php?doing_wp_cron=1768526491.3172519207000732421875 HTTP/1.1" 200 0 "-" "WordPress/6.8.3; https://mainjeelectronics.com.pk"
91.92.243.241 - - [16/Jan/2026:01:21:30 +0000] "POST /wp-login.php HTTP/1.1" 200 5025 "-" "Mozilla/5.0"
91.92.243.241 - - [16/Jan/2026:01:38:28 +0000] "POST /wp-login.php HTTP/1.1" 200 5025 "-" "Mozilla/5.0"
173.252.70.16 - - [16/Jan/2026:01:55:15 +0000] "GET /robots.txt HTTP/2" 206 1018 "-" "facebookexternalhit/1.1 (+http://www.facebook.com/externalhit_uatext.php)"
91.92.243.241 - - [16/Jan/2026:00:56:05 +0000] "POST /wp-login.php HTTP/1.1" 200 5025 "-" "Mozilla/5.0"
91.92.243.241 - - [16/Jan/2026:01:04:30 +0000] "POST /wp-login.php HTTP/1.1" 200 5025 "-" "Mozilla/5.0"
91.92.243.241 - - [16/Jan/2026:01:12:54 +0000] "POST /wp-login.php HTTP/1.1" 200 5025 "-" "Mozilla/5.0"
66.249.66.196 - - [16/Jan/2026:01:27:05 +0000] "GET /robots.txt HTTP/1.1" 200 111 "-" "Mozilla/5.0 (compatible; Googlebot/2.1; +http://www.google.com/bot.html)"
66.249.66.5 - - [16/Jan/2026:01:27:06 +0000] "GET /?2242946.shtml HTTP/1.1" 200 14812 "-" "Mozilla/5.0 (Linux; Android 6.0.1; Nexus 5X Build/MMB29P) AppleWebKit/537.36 (KHTML, like Gecko) Chrome/143.0.7499.192 Mobile Safari/537.36 (compatible; Googlebot/2.1; +http://www.google.com/bot.html)"
91.92.243.241 - - [16/Jan/2026:01:29:55 +0000] "POST /wp-login.php HTTP/1.1" 200 5025 "-" "Mozilla/5.0"
91.92.243.241 - - [16/Jan/2026:01:46:56 +0000] "POST /wp-login.php HTTP/1.1" 200 5025 "-" "Mozilla/5.0"
91.92.243.241 - - [16/Jan/2026:01:55:30 +0000] "POST /wp-login.php HTTP/1.1" 200 5025 "-" "Mozilla/5.0"
91.92.243.241 - - [16/Jan/2026:02:12:42 +0000] "POST /wp-login.php HTTP/1.1" 200 5025 "-" "Mozilla/5.0"
91.92.243.241 - - [16/Jan/2026:02:21:13 +0000] "POST /wp-login.php HTTP/1.1" 200 5025 "-" "Mozilla/5.0"
91.92.243.241 - - [16/Jan/2026:02:38:22 +0000] "POST /wp-login.php HTTP/1.1" 200 5025 "-" "Mozilla/5.0"
66.249.66.165 - - [16/Jan/2026:03:12:42 +0000] "GET /?2414539.shtml HTTP/1.1" 200 14801 "-" "Mozilla/5.0 (Linux; Android 6.0.1; Nexus 5X Build/MMB29P) AppleWebKit/537.36 (KHTML, like Gecko) Chrome/143.0.7499.192 Mobile Safari/537.36 (compatible; Googlebot/2.1; +http://www.google.com/bot.html)"
91.92.243.241 - - [16/Jan/2026:03:12:42 +0000] "POST /wp-login.php HTTP/1.1" 200 5025 "-" "Mozilla/5.0"
64.31.22.34 - - [16/Jan/2026:03:15:17 +0000] "POST /wp-cron.php?doing_wp_cron=1768533317.6960289478302001953125 HTTP/1.1" 200 0 "-" "WordPress/6.8.3; https://mainjeelectronics.com.pk"
66.249.66.67 - - [16/Jan/2026:03:15:17 +0000] "GET /?2803067.shtml HTTP/1.1" 200 14801 "-" "Mozilla/5.0 (Linux; Android 6.0.1; Nexus 5X Build/MMB29P) AppleWebKit/537.36 (KHTML, like Gecko) Chrome/143.0.7499.192 Mobile Safari/537.36 (compatible; Googlebot/2.1; +http://www.google.com/bot.html)"
66.249.66.41 - - [16/Jan/2026:03:17:26 +0000] "GET /?2369848.shtml HTTP/1.1" 200 14812 "-" "Mozilla/5.0 (Linux; Android 6.0.1; Nexus 5X Build/MMB29P) AppleWebKit/537.36 (KHTML, like Gecko) Chrome/143.0.7499.192 Mobile Safari/537.36 (compatible; Googlebot/2.1; +http://www.google.com/bot.html)"
91.92.243.241 - - [16/Jan/2026:03:21:23 +0000] "POST /wp-login.php HTTP/1.1" 200 5025 "-" "Mozilla/5.0"
91.92.243.241 - - [16/Jan/2026:03:38:34 +0000] "POST /wp-login.php HTTP/1.1" 200 5025 "-" "Mozilla/5.0"
66.249.66.4 - - [16/Jan/2026:03:46:02 +0000] "GET /?o=1890593 HTTP/1.1" 200 14812 "-" "Mozilla/5.0 (Linux; Android 6.0.1; Nexus 5X Build/MMB29P) AppleWebKit/537.36 (KHTML, like Gecko) Chrome/143.0.7499.192 Mobile Safari/537.36 (compatible; Googlebot/2.1; +http://www.google.com/bot.html)"
91.92.243.241 - - [16/Jan/2026:03:47:08 +0000] "POST /wp-login.php HTTP/1.1" 200 5025 "-" "Mozilla/5.0"
66.249.66.39 - - [16/Jan/2026:03:50:04 +0000] "GET /ctg/search/similarImageSearchResultView/?ctgItemCd=22347810 HTTP/1.1" 200 14770 "-" "Mozilla/5.0 (Linux; Android 6.0.1; Nexus 5X Build/MMB29P) AppleWebKit/537.36 (KHTML, like Gecko) Chrome/143.0.7499.192 Mobile Safari/537.36 (compatible; Googlebot/2.1; +http://www.google.com/bot.html)"
91.92.243.241 - - [16/Jan/2026:03:55:47 +0000] "POST /wp-login.php HTTP/1.1" 200 5025 "-" "Mozilla/5.0"
91.92.243.241 - - [16/Jan/2026:04:04:13 +0000] "POST /wp-login.php HTTP/1.1" 200 5025 "-" "Mozilla/5.0"
13.222.253.216 - - [16/Jan/2026:04:16:27 +0000] "GET / HTTP/1.1" 200 17158 "-" "Mozilla/5.0 (Windows NT 6.1; WOW64; rv:50.0) Gecko/20100101 Firefox/50.0"
13.222.253.216 - - [16/Jan/2026:04:16:31 +0000] "GET /?page_id=2 HTTP/1.1" 200 13677 "-" "Mozilla/5.0 (Windows NT 6.1; WOW64; rv:50.0) Gecko/20100101 Firefox/50.0"
13.222.253.216 - - [16/Jan/2026:04:16:49 +0000] "GET /?cat=1 HTTP/1.1" 200 14138 "-" "Mozilla/5.0 (Windows NT 6.1; WOW64; rv:50.0) Gecko/20100101 Firefox/50.0"
91.92.243.241 - - [16/Jan/2026:04:21:27 +0000] "POST /wp-login.php HTTP/1.1" 200 5025 "-" "Mozilla/5.0"
91.92.243.241 - - [16/Jan/2026:04:30:00 +0000] "POST /wp-login.php HTTP/1.1" 200 5025 "-" "Mozilla/5.0"
91.92.243.241 - - [16/Jan/2026:04:38:25 +0000] "POST /wp-login.php HTTP/1.1" 200 5025 "-" "Mozilla/5.0"
40.77.167.16 - - [16/Jan/2026:04:42:16 +0000] "GET /product/sokany-lint-remover/ HTTP/2" 200 14801 "-" "Mozilla/5.0 AppleWebKit/537.36 (KHTML, like Gecko; compatible; bingbot/2.0; +http://www.bing.com/bingbot.htm) Chrome/116.0.1938.76 Safari/537.36"
91.92.243.241 - - [16/Jan/2026:04:55:15 +0000] "POST /wp-login.php HTTP/1.1" 200 5025 "-" "Mozilla/5.0"
91.92.243.241 - - [16/Jan/2026:02:03:59 +0000] "POST /wp-login.php HTTP/1.1" 200 5025 "-" "Mozilla/5.0"
157.55.39.196 - - [16/Jan/2026:02:15:29 +0000] "GET /product/hair-dryer-china/ HTTP/2" 200 14801 "-" "Mozilla/5.0 AppleWebKit/537.36 (KHTML, like Gecko; compatible; bingbot/2.0; +http://www.bing.com/bingbot.htm) Chrome/116.0.1938.76 Safari/537.36"
64.31.22.34 - - [16/Jan/2026:02:19:36 +0000] "POST /wp-cron.php?doing_wp_cron=1768529976.0310161113739013671875 HTTP/1.1" 200 0 "-" "WordPress/6.8.3; https://mainjeelectronics.com.pk"
18.235.110.182 - - [16/Jan/2026:02:19:35 +0000] "GET / HTTP/1.1" 200 17158 "-" "RecordedFuture Global Inventory Crawler"
91.92.243.241 - - [16/Jan/2026:02:29:46 +0000] "POST /wp-login.php HTTP/1.1" 200 5025 "-" "Mozilla/5.0"
91.92.243.241 - - [16/Jan/2026:02:46:58 +0000] "POST /wp-login.php HTTP/1.1" 200 5025 "-" "Mozilla/5.0"
91.92.243.241 - - [16/Jan/2026:02:55:23 +0000] "POST /wp-login.php HTTP/1.1" 200 5025 "-" "Mozilla/5.0"
91.92.243.241 - - [16/Jan/2026:03:04:07 +0000] "POST /wp-login.php HTTP/1.1" 200 5025 "-" "Mozilla/5.0"
66.249.66.6 - - [16/Jan/2026:03:10:07 +0000] "GET /?96255.shtml HTTP/1.1" 200 14801 "-" "Mozilla/5.0 (Linux; Android 6.0.1; Nexus 5X Build/MMB29P) AppleWebKit/537.36 (KHTML, like Gecko) Chrome/143.0.7499.192 Mobile Safari/537.36 (compatible; Googlebot/2.1; +http://www.google.com/bot.html)"
64.31.22.34 - - [16/Jan/2026:03:17:26 +0000] "POST /wp-cron.php?doing_wp_cron=1768533446.3336360454559326171875 HTTP/1.1" 200 0 "-" "WordPress/6.8.3; https://mainjeelectronics.com.pk"
91.92.243.241 - - [16/Jan/2026:03:29:58 +0000] "POST /wp-login.php HTTP/1.1" 200 5025 "-" "Mozilla/5.0"
66.249.66.197 - - [16/Jan/2026:03:39:23 +0000] "GET /?1736044.shtml HTTP/1.1" 200 14812 "-" "Mozilla/5.0 (Linux; Android 6.0.1; Nexus 5X Build/MMB29P) AppleWebKit/537.36 (KHTML, like Gecko) Chrome/143.0.7499.192 Mobile Safari/537.36 (compatible; Googlebot/2.1; +http://www.google.com/bot.html)"
64.31.22.34 - - [16/Jan/2026:03:55:47 +0000] "POST /wp-cron.php?doing_wp_cron=1768535747.7259740829467773437500 HTTP/1.1" 200 0 "-" "WordPress/6.8.3; https://mainjeelectronics.com.pk"
91.92.243.241 - - [16/Jan/2026:04:12:59 +0000] "POST /wp-login.php HTTP/1.1" 200 5025 "-" "Mozilla/5.0"
13.222.253.216 - - [16/Jan/2026:04:16:37 +0000] "GET /?p=1 HTTP/1.1" 200 16503 "-" "Mozilla/5.0 (Windows NT 6.1; WOW64; rv:50.0) Gecko/20100101 Firefox/50.0"
13.222.253.216 - - [16/Jan/2026:04:16:42 +0000] "GET /?author=1 HTTP/1.1" 200 14136 "-" "Mozilla/5.0 (Windows NT 6.1; WOW64; rv:50.0) Gecko/20100101 Firefox/50.0"
66.249.66.41 - - [16/Jan/2026:04:26:12 +0000] "GET /?o=1139189 HTTP/1.1" 200 14741 "-" "Mozilla/5.0 (Linux; Android 6.0.1; Nexus 5X Build/MMB29P) AppleWebKit/537.36 (KHTML, like Gecko) Chrome/143.0.7499.192 Mobile Safari/537.36 (compatible; Googlebot/2.1; +http://www.google.com/bot.html)"
91.92.243.241 - - [16/Jan/2026:04:46:56 +0000] "POST /wp-login.php HTTP/1.1" 200 5025 "-" "Mozilla/5.0"
66.249.66.197 - - [16/Jan/2026:04:49:27 +0000] "GET /?893025.shtml HTTP/1.1" 200 14812 "-" "Mozilla/5.0 (Linux; Android 6.0.1; Nexus 5X Build/MMB29P) AppleWebKit/537.36 (KHTML, like Gecko) Chrome/143.0.7499.192 Mobile Safari/537.36 (compatible; Googlebot/2.1; +http://www.google.com/bot.html)"