103.167.159.233 - - [15/Jan/2026:16:10:59 +0000] "POST /wp/wp-admin/admin-ajax.php HTTP/2" 200 71 "https://bms69.com/wp/wp-admin/post.php?post=432&action=elementor" "Mozilla/5.0 (Windows NT 10.0; Win64; x64) AppleWebKit/537.36 (KHTML, like Gecko) Chrome/144.0.0.0 Safari/537.36"
64.31.22.34 - - [15/Jan/2026:16:11:15 +0000] "POST /wp/wp-cron.php?doing_wp_cron=1768493475.9631569385528564453125 HTTP/1.1" 200 0 "-" "WordPress/6.9; https://bms69.com/wp"
64.31.22.34 - - [15/Jan/2026:15:45:55 +0000] "POST /wp/wp-cron.php?doing_wp_cron=1768491955.5081551074981689453125 HTTP/1.1" 200 0 "-" "WordPress/6.9; https://bms69.com/wp"
64.31.22.34 - - [15/Jan/2026:15:47:20 +0000] "POST /wp/wp-cron.php?doing_wp_cron=1768492040.4571590423583984375000 HTTP/1.1" 200 0 "-" "WordPress/6.9; https://bms69.com/wp"
64.31.22.34 - - [15/Jan/2026:15:50:38 +0000] "POST /wp/wp-cron.php?doing_wp_cron=1768492238.4744369983673095703125 HTTP/1.1" 200 0 "-" "WordPress/6.9; https://bms69.com/wp"
64.31.22.34 - - [15/Jan/2026:15:51:38 +0000] "POST /wp/wp-cron.php?doing_wp_cron=1768492298.4699909687042236328125 HTTP/1.1" 200 0 "-" "WordPress/6.9; https://bms69.com/wp"
64.31.22.34 - - [15/Jan/2026:15:53:38 +0000] "POST /wp/wp-cron.php?doing_wp_cron=1768492418.5678110122680664062500 HTTP/1.1" 200 0 "-" "WordPress/6.9; https://bms69.com/wp"
64.31.22.34 - - [15/Jan/2026:15:53:44 +0000] "POST /wp/wp-cron.php?doing_wp_cron=1768492424.5741539001464843750000 HTTP/1.1" 200 0 "-" "WordPress/6.9; https://bms69.com/wp"
64.31.22.34 - - [15/Jan/2026:15:57:04 +0000] "POST /wp/wp-cron.php?doing_wp_cron=1768492624.2585508823394775390625 HTTP/1.1" 200 0 "-" "WordPress/6.9; https://bms69.com/wp"
64.31.22.34 - - [15/Jan/2026:15:57:16 +0000] "POST /wp/wp-admin/admin-ajax.php?action=wp_astra_theme_db_migration&nonce=183763a553 HTTP/1.1" 200 0 "-" "WordPress/6.9; https://bms69.com/wp"
64.31.22.34 - - [15/Jan/2026:15:57:43 +0000] "POST /wp/wp-admin/admin-ajax.php?action=wp_image_process&nonce=3a13070598 HTTP/1.1" 200 0 "-" "WordPress/6.9; https://bms69.com/wp"
64.31.22.34 - - [15/Jan/2026:15:58:04 +0000] "POST /wp/wp-admin/admin-ajax.php?action=wp_image_process&nonce=3a13070598 HTTP/1.1" 200 0 "-" "WordPress/6.9; https://bms69.com/wp"
64.31.22.34 - - [15/Jan/2026:15:58:05 +0000] "POST /wp/wp-admin/admin-ajax.php?action=as_async_request_queue_runner&nonce=6645d15c9e HTTP/1.1" 200 0 "-" "WordPress/6.9; https://bms69.com/wp"
64.31.22.34 - - [15/Jan/2026:15:58:12 +0000] "POST /wp/wp-admin/admin-ajax.php?action=wp_sitemap_process&nonce=75c408f4d4&chain_id=c2b9517c-7a88-4850-9e2b-5f1a663f9099 HTTP/1.1" 200 0 "-" "WordPress/6.9; https://bms69.com/wp"
64.31.22.34 - - [15/Jan/2026:16:01:16 +0000] "POST /wp/wp-cron.php?doing_wp_cron=1768492876.4050428867340087890625 HTTP/1.1" 200 0 "-" "WordPress/6.9; https://bms69.com/wp"
64.31.22.34 - - [15/Jan/2026:16:05:02 +0000] "POST /wp/wp-cron.php?doing_wp_cron=1768493102.6299390792846679687500 HTTP/1.1" 200 0 "-" "WordPress/6.9; https://bms69.com/wp"
64.31.22.34 - - [15/Jan/2026:16:07:02 +0000] "POST /wp/wp-cron.php?doing_wp_cron=1768493222.8898470401763916015625 HTTP/1.1" 200 0 "-" "WordPress/6.9; https://bms69.com/wp"
164.92.197.40 - - [15/Jan/2026:16:08:16 +0000] "GET / HTTP/1.1" 200 12521 "-" "Mozilla/5.0 (X11; Linux x86_64) AppleWebKit/537.36 (KHTML, like Gecko) Chrome/142.0.0.0 Safari/537.36"
64.31.22.34 - - [15/Jan/2026:16:13:00 +0000] "POST /wp/wp-cron.php?doing_wp_cron=1768493580.8239500522613525390625 HTTP/1.1" 200 0 "-" "WordPress/6.9; https://bms69.com/wp"
103.167.159.233 - - [15/Jan/2026:16:13:00 +0000] "POST /wp/wp-admin/admin-ajax.php HTTP/2" 200 71 "https://bms69.com/wp/wp-admin/post.php?post=432&action=elementor" "Mozilla/5.0 (Windows NT 10.0; Win64; x64) AppleWebKit/537.36 (KHTML, like Gecko) Chrome/144.0.0.0 Safari/537.36"
103.167.159.233 - - [15/Jan/2026:16:13:00 +0000] "GET /wp/wp-json/elementor/v1/checklist/user-progress HTTP/2" 200 176 "https://bms69.com/wp/wp-admin/post.php?post=432&action=elementor" "Mozilla/5.0 (Windows NT 10.0; Win64; x64) AppleWebKit/537.36 (KHTML, like Gecko) Chrome/144.0.0.0 Safari/537.36"
64.31.22.34 - - [15/Jan/2026:16:13:14 +0000] "POST /wp/wp-cron.php?doing_wp_cron=1768493594.7876930236816406250000 HTTP/1.1" 200 0 "-" "WordPress/6.9; https://bms69.com/wp"
103.167.159.233 - - [15/Jan/2026:16:13:14 +0000] "POST /wp/wp-admin/admin-ajax.php HTTP/2" 200 71 "https://bms69.com/wp/wp-admin/post.php?post=432&action=elementor" "Mozilla/5.0 (Windows NT 10.0; Win64; x64) AppleWebKit/537.36 (KHTML, like Gecko) Chrome/144.0.0.0 Safari/537.36"
64.31.22.34 - - [15/Jan/2026:16:14:20 +0000] "POST /wp/wp-cron.php?doing_wp_cron=1768493660.0932540893554687500000 HTTP/1.1" 200 0 "-" "WordPress/6.9; https://bms69.com/wp"
103.167.159.233 - - [15/Jan/2026:16:14:50 +0000] "POST /wp/wp-admin/admin-ajax.php HTTP/2" 200 71 "https://bms69.com/wp/wp-admin/post.php?post=432&action=elementor" "Mozilla/5.0 (Windows NT 10.0; Win64; x64) AppleWebKit/537.36 (KHTML, like Gecko) Chrome/144.0.0.0 Safari/537.36"
64.31.22.34 - - [15/Jan/2026:16:15:04 +0000] "POST /wp/wp-cron.php?doing_wp_cron=1768493704.7437670230865478515625 HTTP/1.1" 200 0 "-" "WordPress/6.9; https://bms69.com/wp"
103.167.159.233 - - [15/Jan/2026:16:15:04 +0000] "POST /wp/wp-admin/admin-ajax.php HTTP/2" 200 71 "https://bms69.com/wp/wp-admin/post.php?post=432&action=elementor" "Mozilla/5.0 (Windows NT 10.0; Win64; x64) AppleWebKit/537.36 (KHTML, like Gecko) Chrome/144.0.0.0 Safari/537.36"
103.167.159.233 - - [15/Jan/2026:16:15:05 +0000] "POST /wp/wp-admin/admin-ajax.php HTTP/2" 200 70 "https://bms69.com/wp/wp-admin/post.php?post=432&action=elementor" "Mozilla/5.0 (Windows NT 10.0; Win64; x64) AppleWebKit/537.36 (KHTML, like Gecko) Chrome/144.0.0.0 Safari/537.36"
103.167.159.233 - - [15/Jan/2026:16:15:19 +0000] "POST /wp/wp-admin/admin-ajax.php HTTP/2" 200 71 "https://bms69.com/wp/wp-admin/post.php?post=432&action=elementor" "Mozilla/5.0 (Windows NT 10.0; Win64; x64) AppleWebKit/537.36 (KHTML, like Gecko) Chrome/144.0.0.0 Safari/537.36"
103.167.159.233 - - [15/Jan/2026:16:15:34 +0000] "POST /wp/wp-admin/admin-ajax.php HTTP/2" 200 71 "https://bms69.com/wp/wp-admin/post.php?post=432&action=elementor" "Mozilla/5.0 (Windows NT 10.0; Win64; x64) AppleWebKit/537.36 (KHTML, like Gecko) Chrome/144.0.0.0 Safari/537.36"
103.167.159.233 - - [15/Jan/2026:16:15:49 +0000] "POST /wp/wp-admin/admin-ajax.php HTTP/2" 200 71 "https://bms69.com/wp/wp-admin/post.php?post=432&action=elementor" "Mozilla/5.0 (Windows NT 10.0; Win64; x64) AppleWebKit/537.36 (KHTML, like Gecko) Chrome/144.0.0.0 Safari/537.36"
103.167.159.233 - - [15/Jan/2026:16:15:54 +0000] "GET /wp/wp-json/elementor/v1/checklist/user-progress HTTP/2" 200 176 "https://bms69.com/wp/wp-admin/post.php?post=432&action=elementor" "Mozilla/5.0 (Windows NT 10.0; Win64; x64) AppleWebKit/537.36 (KHTML, like Gecko) Chrome/144.0.0.0 Safari/537.36"
103.167.159.233 - - [15/Jan/2026:16:15:54 +0000] "POST /wp/wp-admin/admin-ajax.php HTTP/2" 200 584 "https://bms69.com/wp/wp-admin/post.php?post=432&action=elementor" "Mozilla/5.0 (Windows NT 10.0; Win64; x64) AppleWebKit/537.36 (KHTML, like Gecko) Chrome/144.0.0.0 Safari/537.36"
103.167.159.233 - - [15/Jan/2026:16:15:57 +0000] "POST /wp/wp-admin/admin-ajax.php HTTP/2" 200 596 "https://bms69.com/wp/wp-admin/post.php?post=432&action=elementor" "Mozilla/5.0 (Windows NT 10.0; Win64; x64) AppleWebKit/537.36 (KHTML, like Gecko) Chrome/144.0.0.0 Safari/537.36"
103.167.159.233 - - [15/Jan/2026:16:15:57 +0000] "GET /wp/wp-json/elementor/v1/checklist/user-progress HTTP/2" 200 176 "https://bms69.com/wp/wp-admin/post.php?post=432&action=elementor" "Mozilla/5.0 (Windows NT 10.0; Win64; x64) AppleWebKit/537.36 (KHTML, like Gecko) Chrome/144.0.0.0 Safari/537.36"
64.31.22.34 - - [15/Jan/2026:16:16:04 +0000] "POST /wp/wp-cron.php?doing_wp_cron=1768493764.8269510269165039062500 HTTP/1.1" 200 0 "-" "WordPress/6.9; https://bms69.com/wp"
103.167.159.233 - - [15/Jan/2026:16:16:04 +0000] "POST /wp/wp-admin/admin-ajax.php HTTP/2" 200 71 "https://bms69.com/wp/wp-admin/post.php?post=432&action=elementor" "Mozilla/5.0 (Windows NT 10.0; Win64; x64) AppleWebKit/537.36 (KHTML, like Gecko) Chrome/144.0.0.0 Safari/537.36"
103.167.159.233 - - [15/Jan/2026:16:16:06 +0000] "POST /wp/wp-admin/admin-ajax.php HTTP/2" 200 596 "https://bms69.com/wp/wp-admin/post.php?post=432&action=elementor" "Mozilla/5.0 (Windows NT 10.0; Win64; x64) AppleWebKit/537.36 (KHTML, like Gecko) Chrome/144.0.0.0 Safari/537.36"
103.167.159.233 - - [15/Jan/2026:16:16:10 +0000] "POST /wp/wp-admin/admin-ajax.php HTTP/2" 200 4752 "https://bms69.com/wp/wp-admin/post.php?post=432&action=elementor" "Mozilla/5.0 (Windows NT 10.0; Win64; x64) AppleWebKit/537.36 (KHTML, like Gecko) Chrome/144.0.0.0 Safari/537.36"
103.167.159.233 - - [15/Jan/2026:16:16:10 +0000] "POST /wp/wp-admin/admin-ajax.php HTTP/2" 200 4752 "https://bms69.com/wp/wp-admin/post.php?post=432&action=elementor" "Mozilla/5.0 (Windows NT 10.0; Win64; x64) AppleWebKit/537.36 (KHTML, like Gecko) Chrome/144.0.0.0 Safari/537.36"
103.167.159.233 - - [15/Jan/2026:16:16:12 +0000] "GET /wp/wp-content/uploads/2021/03/logo-icon-5-1-150x150.png HTTP/2" 200 1361 "https://bms69.com/wp/wp-admin/post.php?post=432&action=elementor" "Mozilla/5.0 (Windows NT 10.0; Win64; x64) AppleWebKit/537.36 (KHTML, like Gecko) Chrome/144.0.0.0 Safari/537.36"
103.167.159.233 - - [15/Jan/2026:16:16:12 +0000] "GET /wp/wp-content/uploads/2020/02/modern-apartment-1-300x201.jpg HTTP/2" 200 11731 "https://bms69.com/wp/wp-admin/post.php?post=432&action=elementor" "Mozilla/5.0 (Windows NT 10.0; Win64; x64) AppleWebKit/537.36 (KHTML, like Gecko) Chrome/144.0.0.0 Safari/537.36"
103.167.159.233 - - [15/Jan/2026:16:16:12 +0000] "GET /wp/wp-content/uploads/2021/03/logo-icon-6-150x150.png HTTP/2" 200 1920 "https://bms69.com/wp/wp-admin/post.php?post=432&action=elementor" "Mozilla/5.0 (Windows NT 10.0; Win64; x64) AppleWebKit/537.36 (KHTML, like Gecko) Chrome/144.0.0.0 Safari/537.36"
103.167.159.233 - - [15/Jan/2026:16:16:12 +0000] "GET /wp/wp-content/uploads/2021/03/logo-icon-1-1-150x150.png HTTP/2" 200 1729 "https://bms69.com/wp/wp-admin/post.php?post=432&action=elementor" "Mozilla/5.0 (Windows NT 10.0; Win64; x64) AppleWebKit/537.36 (KHTML, like Gecko) Chrome/144.0.0.0 Safari/537.36"
103.167.159.233 - - [15/Jan/2026:16:16:12 +0000] "GET /wp/wp-content/uploads/2021/03/logo-icon-2-1-150x150.png HTTP/2" 200 1518 "https://bms69.com/wp/wp-admin/post.php?post=432&action=elementor" "Mozilla/5.0 (Windows NT 10.0; Win64; x64) AppleWebKit/537.36 (KHTML, like Gecko) Chrome/144.0.0.0 Safari/537.36"
103.167.159.233 - - [15/Jan/2026:16:16:12 +0000] "GET /wp/wp-content/uploads/2021/03/logo-icon-3-1-150x150.png HTTP/2" 200 2130 "https://bms69.com/wp/wp-admin/post.php?post=432&action=elementor" "Mozilla/5.0 (Windows NT 10.0; Win64; x64) AppleWebKit/537.36 (KHTML, like Gecko) Chrome/144.0.0.0 Safari/537.36"
103.167.159.233 - - [15/Jan/2026:16:16:12 +0000] "GET /wp/wp-content/uploads/2021/03/logo-icon-4-1-150x150.png HTTP/2" 200 1424 "https://bms69.com/wp/wp-admin/post.php?post=432&action=elementor" "Mozilla/5.0 (Windows NT 10.0; Win64; x64) AppleWebKit/537.36 (KHTML, like Gecko) Chrome/144.0.0.0 Safari/537.36"
103.167.159.233 - - [15/Jan/2026:16:16:12 +0000] "GET /wp/wp-content/uploads/2020/01/estate-living-sofa-1-300x78.jpg HTTP/2" 200 11263 "https://bms69.com/wp/wp-admin/post.php?post=432&action=elementor" "Mozilla/5.0 (Windows NT 10.0; Win64; x64) AppleWebKit/537.36 (KHTML, like Gecko) Chrome/144.0.0.0 Safari/537.36"
103.167.159.233 - - [15/Jan/2026:16:16:12 +0000] "GET /wp/wp-content/uploads/2020/01/estate-living-door-1-300x78.jpg HTTP/2" 200 11765 "https://bms69.com/wp/wp-admin/post.php?post=432&action=elementor" "Mozilla/5.0 (Windows NT 10.0; Win64; x64) AppleWebKit/537.36 (KHTML, like Gecko) Chrome/144.0.0.0 Safari/537.36"
103.167.159.233 - - [15/Jan/2026:16:16:12 +0000] "GET /wp/wp-content/uploads/2020/01/estate-agent-6-300x300.jpg HTTP/2" 200 17489 "https://bms69.com/wp/wp-admin/post.php?post=432&action=elementor" "Mozilla/5.0 (Windows NT 10.0; Win64; x64) AppleWebKit/537.36 (KHTML, like Gecko) Chrome/144.0.0.0 Safari/537.36"
103.167.159.233 - - [15/Jan/2026:16:16:12 +0000] "GET /wp/wp-content/uploads/2020/01/estate-agent-5-1-300x300.jpg HTTP/2" 200 17191 "https://bms69.com/wp/wp-admin/post.php?post=432&action=elementor" "Mozilla/5.0 (Windows NT 10.0; Win64; x64) AppleWebKit/537.36 (KHTML, like Gecko) Chrome/144.0.0.0 Safari/537.36"
103.167.159.233 - - [15/Jan/2026:16:16:12 +0000] "GET /wp/wp-content/uploads/2020/01/estate-agent-4-1-300x300.jpg HTTP/2" 200 22807 "https://bms69.com/wp/wp-admin/post.php?post=432&action=elementor" "Mozilla/5.0 (Windows NT 10.0; Win64; x64) AppleWebKit/537.36 (KHTML, like Gecko) Chrome/144.0.0.0 Safari/537.36"
103.167.159.233 - - [15/Jan/2026:16:16:12 +0000] "GET /wp/wp-content/uploads/2020/02/estate-about-img-01-1-300x141.jpg HTTP/2" 200 13346 "https://bms69.com/wp/wp-admin/post.php?post=432&action=elementor" "Mozilla/5.0 (Windows NT 10.0; Win64; x64) AppleWebKit/537.36 (KHTML, like Gecko) Chrome/144.0.0.0 Safari/537.36"
103.167.159.233 - - [15/Jan/2026:16:16:12 +0000] "GET /wp/wp-content/uploads/2020/01/estate-elegant-flat-1-300x201.jpg HTTP/2" 200 17806 "https://bms69.com/wp/wp-admin/post.php?post=432&action=elementor" "Mozilla/5.0 (Windows NT 10.0; Win64; x64) AppleWebKit/537.36 (KHTML, like Gecko) Chrome/144.0.0.0 Safari/537.36"
103.167.159.233 - - [15/Jan/2026:16:16:12 +0000] "GET /wp/wp-content/uploads/2020/01/estate-living-window-1-300x169.jpg HTTP/2" 200 20684 "https://bms69.com/wp/wp-admin/post.php?post=432&action=elementor" "Mozilla/5.0 (Windows NT 10.0; Win64; x64) AppleWebKit/537.36 (KHTML, like Gecko) Chrome/144.0.0.0 Safari/537.36"
103.167.159.233 - - [15/Jan/2026:16:16:12 +0000] "GET /wp/wp-content/uploads/2020/01/estate-agent-1-1-300x300.jpg HTTP/2" 200 22704 "https://bms69.com/wp/wp-admin/post.php?post=432&action=elementor" "Mozilla/5.0 (Windows NT 10.0; Win64; x64) AppleWebKit/537.36 (KHTML, like Gecko) Chrome/144.0.0.0 Safari/537.36"
103.167.159.233 - - [15/Jan/2026:16:16:14 +0000] "GET /wp/wp-content/uploads/2020/01/estate-agent-3-1-300x300.jpg HTTP/2" 200 22268 "https://bms69.com/wp/wp-admin/post.php?post=432&action=elementor" "Mozilla/5.0 (Windows NT 10.0; Win64; x64) AppleWebKit/537.36 (KHTML, like Gecko) Chrome/144.0.0.0 Safari/537.36"
103.167.159.233 - - [15/Jan/2026:16:16:14 +0000] "GET /wp/wp-content/uploads/2020/01/estate-sofa-1-300x78.jpg HTTP/2" 200 9747 "https://bms69.com/wp/wp-admin/post.php?post=432&action=elementor" "Mozilla/5.0 (Windows NT 10.0; Win64; x64) AppleWebKit/537.36 (KHTML, like Gecko) Chrome/144.0.0.0 Safari/537.36"
103.167.159.233 - - [15/Jan/2026:16:16:14 +0000] "GET /wp/wp-content/uploads/2020/01/estate-living-room-1-300x200.jpg HTTP/2" 200 14753 "https://bms69.com/wp/wp-admin/post.php?post=432&action=elementor" "Mozilla/5.0 (Windows NT 10.0; Win64; x64) AppleWebKit/537.36 (KHTML, like Gecko) Chrome/144.0.0.0 Safari/537.36"
103.167.159.233 - - [15/Jan/2026:16:16:14 +0000] "GET /wp/wp-content/uploads/2020/01/estate-agent-2-1-300x300.jpg HTTP/2" 200 27147 "https://bms69.com/wp/wp-admin/post.php?post=432&action=elementor" "Mozilla/5.0 (Windows NT 10.0; Win64; x64) AppleWebKit/537.36 (KHTML, like Gecko) Chrome/144.0.0.0 Safari/537.36"
103.167.159.233 - - [15/Jan/2026:16:16:19 +0000] "POST /wp/wp-admin/admin-ajax.php HTTP/2" 200 71 "https://bms69.com/wp/wp-admin/post.php?post=432&action=elementor" "Mozilla/5.0 (Windows NT 10.0; Win64; x64) AppleWebKit/537.36 (KHTML, like Gecko) Chrome/144.0.0.0 Safari/537.36"
103.167.159.233 - - [15/Jan/2026:16:16:12 +0000] "GET /wp/wp-content/uploads/2020/01/estate-modern-apartment-1-300x201.jpg HTTP/2" 200 16563 "https://bms69.com/wp/wp-admin/post.php?post=432&action=elementor" "Mozilla/5.0 (Windows NT 10.0; Win64; x64) AppleWebKit/537.36 (KHTML, like Gecko) Chrome/144.0.0.0 Safari/537.36"
103.167.159.233 - - [15/Jan/2026:16:16:12 +0000] "GET /wp/wp-content/uploads/2019/04/team-08-free-img-1-300x300.jpg HTTP/2" 200 8304 "https://bms69.com/wp/wp-admin/post.php?post=432&action=elementor" "Mozilla/5.0 (Windows NT 10.0; Win64; x64) AppleWebKit/537.36 (KHTML, like Gecko) Chrome/144.0.0.0 Safari/537.36"
103.167.159.233 - - [15/Jan/2026:16:16:12 +0000] "GET /wp/wp-content/uploads/2020/01/estate-window-sofa-1-300x169.jpg HTTP/2" 200 23274 "https://bms69.com/wp/wp-admin/post.php?post=432&action=elementor" "Mozilla/5.0 (Windows NT 10.0; Win64; x64) AppleWebKit/537.36 (KHTML, like Gecko) Chrome/144.0.0.0 Safari/537.36"
103.167.159.233 - - [15/Jan/2026:16:16:12 +0000] "GET /wp/wp-content/uploads/2020/01/estate-pool-1-300x169.jpg HTTP/2" 200 17178 "https://bms69.com/wp/wp-admin/post.php?post=432&action=elementor" "Mozilla/5.0 (Windows NT 10.0; Win64; x64) AppleWebKit/537.36 (KHTML, like Gecko) Chrome/144.0.0.0 Safari/537.36"
103.167.159.233 - - [15/Jan/2026:16:16:12 +0000] "GET /wp/wp-content/uploads/2019/04/bg-01-free-img-1-300x169.jpg HTTP/2" 200 11437 "https://bms69.com/wp/wp-admin/post.php?post=432&action=elementor" "Mozilla/5.0 (Windows NT 10.0; Win64; x64) AppleWebKit/537.36 (KHTML, like Gecko) Chrome/144.0.0.0 Safari/537.36"
103.167.159.233 - - [15/Jan/2026:16:16:12 +0000] "GET /wp/wp-content/uploads/2019/04/about-02-free-img-1-300x169.jpg HTTP/2" 200 12786 "https://bms69.com/wp/wp-admin/post.php?post=432&action=elementor" "Mozilla/5.0 (Windows NT 10.0; Win64; x64) AppleWebKit/537.36 (KHTML, like Gecko) Chrome/144.0.0.0 Safari/537.36"
103.167.159.233 - - [15/Jan/2026:16:16:27 +0000] "POST /wp/wp-admin/admin-ajax.php HTTP/2" 200 596 "https://bms69.com/wp/wp-admin/post.php?post=432&action=elementor" "Mozilla/5.0 (Windows NT 10.0; Win64; x64) AppleWebKit/537.36 (KHTML, like Gecko) Chrome/144.0.0.0 Safari/537.36"
103.167.159.233 - - [15/Jan/2026:16:16:12 +0000] "GET /wp/wp-content/uploads/2019/05/demo-screenshot-free-img-1-300x157.jpg HTTP/2" 200 8319 "https://bms69.com/wp/wp-admin/post.php?post=432&action=elementor" "Mozilla/5.0 (Windows NT 10.0; Win64; x64) AppleWebKit/537.36 (KHTML, like Gecko) Chrome/144.0.0.0 Safari/537.36"
103.167.159.233 - - [15/Jan/2026:16:16:12 +0000] "GET /wp/wp-content/uploads/2020/01/estate-family-home-1-300x201.jpg HTTP/2" 200 25914 "https://bms69.com/wp/wp-admin/post.php?post=432&action=elementor" "Mozilla/5.0 (Windows NT 10.0; Win64; x64) AppleWebKit/537.36 (KHTML, like Gecko) Chrome/144.0.0.0 Safari/537.36"
103.167.159.233 - - [15/Jan/2026:16:16:12 +0000] "GET /wp/wp-content/uploads/2019/04/logro-regular-free-img-1.png HTTP/2" 200 1119 "https://bms69.com/wp/wp-admin/post.php?post=432&action=elementor" "Mozilla/5.0 (Windows NT 10.0; Win64; x64) AppleWebKit/537.36 (KHTML, like Gecko) Chrome/144.0.0.0 Safari/537.36"
103.167.159.233 - - [15/Jan/2026:16:16:12 +0000] "GET /wp/wp-content/uploads/2019/04/cropped-favicon-free-img-1.png HTTP/2" 200 2481 "https://bms69.com/wp/wp-admin/post.php?post=432&action=elementor" "Mozilla/5.0 (Windows NT 10.0; Win64; x64) AppleWebKit/537.36 (KHTML, like Gecko) Chrome/144.0.0.0 Safari/537.36"
103.167.159.233 - - [15/Jan/2026:16:16:28 +0000] "GET /wp/wp-content/uploads/2019/04/bg-08-free-img-1-300x78.jpg HTTP/2" 200 5610 "https://bms69.com/wp/wp-admin/post.php?post=432&action=elementor" "Mozilla/5.0 (Windows NT 10.0; Win64; x64) AppleWebKit/537.36 (KHTML, like Gecko) Chrome/144.0.0.0 Safari/537.36"
103.167.159.233 - - [15/Jan/2026:16:16:28 +0000] "GET /wp/wp-content/uploads/2019/04/team-07-free-img-1-300x300.jpg HTTP/2" 200 8464 "https://bms69.com/wp/wp-admin/post.php?post=432&action=elementor" "Mozilla/5.0 (Windows NT 10.0; Win64; x64) AppleWebKit/537.36 (KHTML, like Gecko) Chrome/144.0.0.0 Safari/537.36"
103.167.159.233 - - [15/Jan/2026:16:16:28 +0000] "GET /wp/wp-content/uploads/2019/04/bg-04-free-img-1-300x78.jpg HTTP/2" 200 4307 "https://bms69.com/wp/wp-admin/post.php?post=432&action=elementor" "Mozilla/5.0 (Windows NT 10.0; Win64; x64) AppleWebKit/537.36 (KHTML, like Gecko) Chrome/144.0.0.0 Safari/537.36"
103.167.159.233 - - [15/Jan/2026:16:16:28 +0000] "GET /wp/wp-content/uploads/2019/04/favicon-free-img-1.png HTTP/2" 200 4132 "https://bms69.com/wp/wp-admin/post.php?post=432&action=elementor" "Mozilla/5.0 (Windows NT 10.0; Win64; x64) AppleWebKit/537.36 (KHTML, like Gecko) Chrome/144.0.0.0 Safari/537.36"
103.167.159.233 - - [15/Jan/2026:16:16:34 +0000] "POST /wp/wp-admin/admin-ajax.php HTTP/2" 200 71 "https://bms69.com/wp/wp-admin/post.php?post=432&action=elementor" "Mozilla/5.0 (Windows NT 10.0; Win64; x64) AppleWebKit/537.36 (KHTML, like Gecko) Chrome/144.0.0.0 Safari/537.36"
103.167.159.233 - - [15/Jan/2026:16:16:46 +0000] "POST /wp/wp-admin/admin-ajax.php HTTP/2" 200 4752 "https://bms69.com/wp/wp-admin/post.php?post=432&action=elementor" "Mozilla/5.0 (Windows NT 10.0; Win64; x64) AppleWebKit/537.36 (KHTML, like Gecko) Chrome/144.0.0.0 Safari/537.36"
103.167.159.233 - - [15/Jan/2026:16:16:46 +0000] "POST /wp/wp-admin/admin-ajax.php HTTP/2" 200 4752 "https://bms69.com/wp/wp-admin/post.php?post=432&action=elementor" "Mozilla/5.0 (Windows NT 10.0; Win64; x64) AppleWebKit/537.36 (KHTML, like Gecko) Chrome/144.0.0.0 Safari/537.36"
103.167.159.233 - - [15/Jan/2026:16:16:49 +0000] "POST /wp/wp-admin/admin-ajax.php HTTP/2" 200 71 "https://bms69.com/wp/wp-admin/post.php?post=432&action=elementor" "Mozilla/5.0 (Windows NT 10.0; Win64; x64) AppleWebKit/537.36 (KHTML, like Gecko) Chrome/144.0.0.0 Safari/537.36"
103.167.159.233 - - [15/Jan/2026:16:17:04 +0000] "POST /wp/wp-admin/admin-ajax.php HTTP/2" 200 71 "https://bms69.com/wp/wp-admin/post.php?post=432&action=elementor" "Mozilla/5.0 (Windows NT 10.0; Win64; x64) AppleWebKit/537.36 (KHTML, like Gecko) Chrome/144.0.0.0 Safari/537.36"
103.167.159.233 - - [15/Jan/2026:16:17:19 +0000] "POST /wp/wp-admin/admin-ajax.php HTTP/2" 200 71 "https://bms69.com/wp/wp-admin/post.php?post=432&action=elementor" "Mozilla/5.0 (Windows NT 10.0; Win64; x64) AppleWebKit/537.36 (KHTML, like Gecko) Chrome/144.0.0.0 Safari/537.36"
103.167.159.233 - - [15/Jan/2026:16:17:34 +0000] "POST /wp/wp-admin/admin-ajax.php HTTP/2" 200 71 "https://bms69.com/wp/wp-admin/post.php?post=432&action=elementor" "Mozilla/5.0 (Windows NT 10.0; Win64; x64) AppleWebKit/537.36 (KHTML, like Gecko) Chrome/144.0.0.0 Safari/537.36"
103.167.159.233 - - [15/Jan/2026:16:17:49 +0000] "POST /wp/wp-admin/admin-ajax.php HTTP/2" 200 71 "https://bms69.com/wp/wp-admin/post.php?post=432&action=elementor" "Mozilla/5.0 (Windows NT 10.0; Win64; x64) AppleWebKit/537.36 (KHTML, like Gecko) Chrome/144.0.0.0 Safari/537.36"
103.167.159.233 - - [15/Jan/2026:16:18:04 +0000] "POST /wp/wp-admin/admin-ajax.php HTTP/2" 200 71 "https://bms69.com/wp/wp-admin/post.php?post=432&action=elementor" "Mozilla/5.0 (Windows NT 10.0; Win64; x64) AppleWebKit/537.36 (KHTML, like Gecko) Chrome/144.0.0.0 Safari/537.36"
103.167.159.233 - - [15/Jan/2026:16:18:07 +0000] "POST /wp/wp-admin/admin-ajax.php HTTP/2" 200 619 "https://bms69.com/wp/wp-admin/post.php?post=432&action=elementor" "Mozilla/5.0 (Windows NT 10.0; Win64; x64) AppleWebKit/537.36 (KHTML, like Gecko) Chrome/144.0.0.0 Safari/537.36"
103.167.159.233 - - [15/Jan/2026:16:18:10 +0000] "POST /wp/wp-admin/admin-ajax.php HTTP/2" 200 4752 "https://bms69.com/wp/wp-admin/post.php?post=432&action=elementor" "Mozilla/5.0 (Windows NT 10.0; Win64; x64) AppleWebKit/537.36 (KHTML, like Gecko) Chrome/144.0.0.0 Safari/537.36"
103.167.159.233 - - [15/Jan/2026:16:18:10 +0000] "POST /wp/wp-admin/admin-ajax.php HTTP/2" 200 4752 "https://bms69.com/wp/wp-admin/post.php?post=432&action=elementor" "Mozilla/5.0 (Windows NT 10.0; Win64; x64) AppleWebKit/537.36 (KHTML, like Gecko) Chrome/144.0.0.0 Safari/537.36"
103.167.159.233 - - [15/Jan/2026:16:18:11 +0000] "GET /wp/wp-json/elementor/v1/checklist/user-progress HTTP/2" 200 176 "https://bms69.com/wp/wp-admin/post.php?post=432&action=elementor" "Mozilla/5.0 (Windows NT 10.0; Win64; x64) AppleWebKit/537.36 (KHTML, like Gecko) Chrome/144.0.0.0 Safari/537.36"
103.167.159.233 - - [15/Jan/2026:16:18:12 +0000] "POST /wp/wp-admin/admin-ajax.php HTTP/2" 200 584 "https://bms69.com/wp/wp-admin/post.php?post=432&action=elementor" "Mozilla/5.0 (Windows NT 10.0; Win64; x64) AppleWebKit/537.36 (KHTML, like Gecko) Chrome/144.0.0.0 Safari/537.36"
103.167.159.233 - - [15/Jan/2026:16:18:14 +0000] "GET /wp/wp-json/elementor/v1/checklist/user-progress HTTP/2" 200 176 "https://bms69.com/wp/wp-admin/post.php?post=432&action=elementor" "Mozilla/5.0 (Windows NT 10.0; Win64; x64) AppleWebKit/537.36 (KHTML, like Gecko) Chrome/144.0.0.0 Safari/537.36"
103.167.159.233 - - [15/Jan/2026:16:11:15 +0000] "POST /wp/wp-admin/admin-ajax.php HTTP/2" 200 71 "https://bms69.com/wp/wp-admin/post.php?post=432&action=elementor" "Mozilla/5.0 (Windows NT 10.0; Win64; x64) AppleWebKit/537.36 (KHTML, like Gecko) Chrome/144.0.0.0 Safari/537.36"
103.167.159.233 - - [15/Jan/2026:16:11:40 +0000] "GET /wp/wp-json/elementor/v1/checklist/user-progress HTTP/2" 200 176 "https://bms69.com/wp/wp-admin/post.php?post=432&action=elementor" "Mozilla/5.0 (Windows NT 10.0; Win64; x64) AppleWebKit/537.36 (KHTML, like Gecko) Chrome/144.0.0.0 Safari/537.36"
103.167.159.233 - - [15/Jan/2026:16:11:41 +0000] "POST /wp/wp-admin/admin-ajax.php HTTP/2" 200 583 "https://bms69.com/wp/wp-admin/post.php?post=432&action=elementor" "Mozilla/5.0 (Windows NT 10.0; Win64; x64) AppleWebKit/537.36 (KHTML, like Gecko) Chrome/144.0.0.0 Safari/537.36"
103.167.159.233 - - [15/Jan/2026:16:11:48 +0000] "GET /wp/wp-json/elementor/v1/checklist/user-progress HTTP/2" 200 176 "https://bms69.com/wp/wp-admin/post.php?post=432&action=elementor" "Mozilla/5.0 (Windows NT 10.0; Win64; x64) AppleWebKit/537.36 (KHTML, like Gecko) Chrome/144.0.0.0 Safari/537.36"
103.167.159.233 - - [15/Jan/2026:16:14:19 +0000] "POST /wp/wp-admin/admin-ajax.php HTTP/2" 200 71 "https://bms69.com/wp/wp-admin/post.php?post=432&action=elementor" "Mozilla/5.0 (Windows NT 10.0; Win64; x64) AppleWebKit/537.36 (KHTML, like Gecko) Chrome/144.0.0.0 Safari/537.36"
103.167.159.233 - - [15/Jan/2026:16:14:23 +0000] "POST /wp/wp-admin/admin-ajax.php HTTP/2" 200 70 "https://bms69.com/wp/wp-admin/post.php?post=432&action=elementor" "Mozilla/5.0 (Windows NT 10.0; Win64; x64) AppleWebKit/537.36 (KHTML, like Gecko) Chrome/144.0.0.0 Safari/537.36"
47.128.29.45 - - [15/Jan/2026:16:16:57 +0000] "GET /robots.txt HTTP/1.1" 404 1251 "-" "Mozilla/5.0 (Linux; Android 5.0) AppleWebKit/537.36 (KHTML, like Gecko) Mobile Safari/537.36 (compatible; Bytespider; spider-feedback@bytedance.com)"
64.31.22.34 - - [15/Jan/2026:16:17:04 +0000] "POST /wp/wp-cron.php?doing_wp_cron=1768493824.8488500118255615234375 HTTP/1.1" 200 0 "-" "WordPress/6.9; https://bms69.com/wp"
64.31.22.34 - - [15/Jan/2026:16:18:05 +0000] "POST /wp/wp-cron.php?doing_wp_cron=1768493885.0016620159149169921875 HTTP/1.1" 200 0 "-" "WordPress/6.9; https://bms69.com/wp"
64.31.22.34 - - [15/Jan/2026:16:20:38 +0000] "POST /wp/wp-cron.php?doing_wp_cron=1768494038.0668249130249023437500 HTTP/1.1" 200 0 "-" "WordPress/6.9; https://bms69.com/wp"
103.167.159.233 - - [15/Jan/2026:16:20:37 +0000] "POST /wp/wp-admin/admin-ajax.php HTTP/2" 200 71 "https://bms69.com/wp/wp-admin/post.php?post=432&action=elementor" "Mozilla/5.0 (Windows NT 10.0; Win64; x64) AppleWebKit/537.36 (KHTML, like Gecko) Chrome/144.0.0.0 Safari/537.36"
103.167.159.233 - - [15/Jan/2026:16:20:51 +0000] "POST /wp/wp-admin/admin-ajax.php HTTP/2" 200 71 "https://bms69.com/wp/wp-admin/post.php?post=432&action=elementor" "Mozilla/5.0 (Windows NT 10.0; Win64; x64) AppleWebKit/537.36 (KHTML, like Gecko) Chrome/144.0.0.0 Safari/537.36"
64.31.22.34 - - [15/Jan/2026:16:23:46 +0000] "POST /wp/wp-cron.php?doing_wp_cron=1768494226.8313660621643066406250 HTTP/1.1" 200 0 "-" "WordPress/6.9; https://bms69.com/wp"
103.167.159.233 - - [15/Jan/2026:16:24:15 +0000] "POST /wp/wp-admin/admin-ajax.php HTTP/3" 200 71 "https://bms69.com/wp/wp-admin/post.php?post=432&action=elementor" "Mozilla/5.0 (Windows NT 10.0; Win64; x64) AppleWebKit/537.36 (KHTML, like Gecko) Chrome/144.0.0.0 Safari/537.36"
103.167.159.233 - - [15/Jan/2026:16:24:31 +0000] "POST /wp/wp-admin/admin-ajax.php HTTP/3" 200 70 "https://bms69.com/wp/wp-admin/post.php?post=432&action=elementor" "Mozilla/5.0 (Windows NT 10.0; Win64; x64) AppleWebKit/537.36 (KHTML, like Gecko) Chrome/144.0.0.0 Safari/537.36"
103.167.159.233 - - [15/Jan/2026:16:24:46 +0000] "POST /wp/wp-admin/admin-ajax.php HTTP/3" 200 71 "https://bms69.com/wp/wp-admin/post.php?post=432&action=elementor" "Mozilla/5.0 (Windows NT 10.0; Win64; x64) AppleWebKit/537.36 (KHTML, like Gecko) Chrome/144.0.0.0 Safari/537.36"
103.167.159.233 - - [15/Jan/2026:16:24:57 +0000] "POST /wp/wp-admin/admin-ajax.php HTTP/3" 200 596 "https://bms69.com/wp/wp-admin/post.php?post=432&action=elementor" "Mozilla/5.0 (Windows NT 10.0; Win64; x64) AppleWebKit/537.36 (KHTML, like Gecko) Chrome/144.0.0.0 Safari/537.36"
64.31.22.34 - - [15/Jan/2026:16:25:02 +0000] "POST /wp/wp-cron.php?doing_wp_cron=1768494302.8359169960021972656250 HTTP/1.1" 200 0 "-" "WordPress/6.9; https://bms69.com/wp"
103.167.159.233 - - [15/Jan/2026:16:25:01 +0000] "POST /wp/wp-admin/admin-ajax.php HTTP/3" 200 71 "https://bms69.com/wp/wp-admin/post.php?post=432&action=elementor" "Mozilla/5.0 (Windows NT 10.0; Win64; x64) AppleWebKit/537.36 (KHTML, like Gecko) Chrome/144.0.0.0 Safari/537.36"
103.167.159.233 - - [15/Jan/2026:16:25:16 +0000] "POST /wp/wp-admin/admin-ajax.php HTTP/3" 200 71 "https://bms69.com/wp/wp-admin/post.php?post=432&action=elementor" "Mozilla/5.0 (Windows NT 10.0; Win64; x64) AppleWebKit/537.36 (KHTML, like Gecko) Chrome/144.0.0.0 Safari/537.36"
103.167.159.233 - - [15/Jan/2026:16:25:17 +0000] "POST /wp/wp-admin/admin-ajax.php HTTP/3" 200 596 "https://bms69.com/wp/wp-admin/post.php?post=432&action=elementor" "Mozilla/5.0 (Windows NT 10.0; Win64; x64) AppleWebKit/537.36 (KHTML, like Gecko) Chrome/144.0.0.0 Safari/537.36"
103.167.159.233 - - [15/Jan/2026:16:25:25 +0000] "POST /wp/wp-admin/admin-ajax.php HTTP/3" 200 596 "https://bms69.com/wp/wp-admin/post.php?post=432&action=elementor" "Mozilla/5.0 (Windows NT 10.0; Win64; x64) AppleWebKit/537.36 (KHTML, like Gecko) Chrome/144.0.0.0 Safari/537.36"
103.167.159.233 - - [15/Jan/2026:16:25:31 +0000] "POST /wp/wp-admin/admin-ajax.php HTTP/3" 200 71 "https://bms69.com/wp/wp-admin/post.php?post=432&action=elementor" "Mozilla/5.0 (Windows NT 10.0; Win64; x64) AppleWebKit/537.36 (KHTML, like Gecko) Chrome/144.0.0.0 Safari/537.36"
103.167.159.233 - - [15/Jan/2026:16:25:32 +0000] "GET /wp/wp-json/elementor/v1/checklist/user-progress HTTP/3" 200 176 "https://bms69.com/wp/wp-admin/post.php?post=432&action=elementor" "Mozilla/5.0 (Windows NT 10.0; Win64; x64) AppleWebKit/537.36 (KHTML, like Gecko) Chrome/144.0.0.0 Safari/537.36"
103.167.159.233 - - [15/Jan/2026:16:25:36 +0000] "GET /wp/wp-json/elementor/v1/checklist/user-progress HTTP/3" 200 176 "https://bms69.com/wp/wp-admin/post.php?post=432&action=elementor" "Mozilla/5.0 (Windows NT 10.0; Win64; x64) AppleWebKit/537.36 (KHTML, like Gecko) Chrome/144.0.0.0 Safari/537.36"
103.167.159.233 - - [15/Jan/2026:16:25:46 +0000] "POST /wp/wp-admin/admin-ajax.php HTTP/3" 200 71 "https://bms69.com/wp/wp-admin/post.php?post=432&action=elementor" "Mozilla/5.0 (Windows NT 10.0; Win64; x64) AppleWebKit/537.36 (KHTML, like Gecko) Chrome/144.0.0.0 Safari/537.36"
103.167.159.233 - - [15/Jan/2026:16:26:01 +0000] "POST /wp/wp-admin/admin-ajax.php HTTP/3" 200 71 "https://bms69.com/wp/wp-admin/post.php?post=432&action=elementor" "Mozilla/5.0 (Windows NT 10.0; Win64; x64) AppleWebKit/537.36 (KHTML, like Gecko) Chrome/144.0.0.0 Safari/537.36"
103.167.159.233 - - [15/Jan/2026:16:26:05 +0000] "GET /wp/wp-json/elementor/v1/checklist/user-progress HTTP/3" 200 176 "https://bms69.com/wp/wp-admin/post.php?post=432&action=elementor" "Mozilla/5.0 (Windows NT 10.0; Win64; x64) AppleWebKit/537.36 (KHTML, like Gecko) Chrome/144.0.0.0 Safari/537.36"
103.167.159.233 - - [15/Jan/2026:16:26:05 +0000] "POST /wp/wp-admin/admin-ajax.php HTTP/3" 200 585 "https://bms69.com/wp/wp-admin/post.php?post=432&action=elementor" "Mozilla/5.0 (Windows NT 10.0; Win64; x64) AppleWebKit/537.36 (KHTML, like Gecko) Chrome/144.0.0.0 Safari/537.36"
103.167.159.233 - - [15/Jan/2026:16:26:08 +0000] "GET /wp/wp-json/elementor/v1/checklist/user-progress HTTP/3" 200 176 "https://bms69.com/wp/wp-admin/post.php?post=432&action=elementor" "Mozilla/5.0 (Windows NT 10.0; Win64; x64) AppleWebKit/537.36 (KHTML, like Gecko) Chrome/144.0.0.0 Safari/537.36"
103.167.159.233 - - [15/Jan/2026:16:26:10 +0000] "POST /wp/wp-admin/admin-ajax.php HTTP/3" 200 27673 "https://bms69.com/wp/wp-admin/post.php?post=432&action=elementor" "Mozilla/5.0 (Windows NT 10.0; Win64; x64) AppleWebKit/537.36 (KHTML, like Gecko) Chrome/144.0.0.0 Safari/537.36"
103.167.159.233 - - [15/Jan/2026:16:26:12 +0000] "POST /wp/wp-admin/admin-ajax.php HTTP/3" 200 71 "https://bms69.com/wp/wp-admin/post.php?post=432&action=elementor" "Mozilla/5.0 (Windows NT 10.0; Win64; x64) AppleWebKit/537.36 (KHTML, like Gecko) Chrome/144.0.0.0 Safari/537.36"
103.167.159.233 - - [15/Jan/2026:16:26:12 +0000] "GET /wp/wp-json/elementor/v1/user-data/current-user?context=edit HTTP/3" 200 406 "https://bms69.com/wp/wp-admin/post.php?post=432&action=elementor" "Mozilla/5.0 (Windows NT 10.0; Win64; x64) AppleWebKit/537.36 (KHTML, like Gecko) Chrome/144.0.0.0 Safari/537.36"
103.167.159.233 - - [15/Jan/2026:16:26:13 +0000] "GET /wp/wp-json/elementor/v1/checklist/user-progress HTTP/3" 200 176 "https://bms69.com/wp/wp-admin/post.php?post=432&action=elementor&active-document=386" "Mozilla/5.0 (Windows NT 10.0; Win64; x64) AppleWebKit/537.36 (KHTML, like Gecko) Chrome/144.0.0.0 Safari/537.36"
103.167.159.233 - - [15/Jan/2026:16:26:27 +0000] "POST /wp/wp-admin/admin-ajax.php HTTP/3" 200 71 "https://bms69.com/wp/wp-admin/post.php?post=432&action=elementor&active-document=386" "Mozilla/5.0 (Windows NT 10.0; Win64; x64) AppleWebKit/537.36 (KHTML, like Gecko) Chrome/144.0.0.0 Safari/537.36"
103.167.159.233 - - [15/Jan/2026:16:26:42 +0000] "POST /wp/wp-admin/admin-ajax.php HTTP/3" 200 71 "https://bms69.com/wp/wp-admin/post.php?post=432&action=elementor&active-document=386" "Mozilla/5.0 (Windows NT 10.0; Win64; x64) AppleWebKit/537.36 (KHTML, like Gecko) Chrome/144.0.0.0 Safari/537.36"
103.167.159.233 - - [15/Jan/2026:16:26:57 +0000] "POST /wp/wp-admin/admin-ajax.php HTTP/3" 200 71 "https://bms69.com/wp/wp-admin/post.php?post=432&action=elementor&active-document=386" "Mozilla/5.0 (Windows NT 10.0; Win64; x64) AppleWebKit/537.36 (KHTML, like Gecko) Chrome/144.0.0.0 Safari/537.36"
103.167.159.233 - - [15/Jan/2026:16:26:58 +0000] "POST /wp/wp-admin/admin-ajax.php HTTP/3" 200 72261 "https://bms69.com/wp/wp-admin/post.php?post=432&action=elementor" "Mozilla/5.0 (Windows NT 10.0; Win64; x64) AppleWebKit/537.36 (KHTML, like Gecko) Chrome/144.0.0.0 Safari/537.36"
103.167.159.233 - - [15/Jan/2026:16:27:00 +0000] "POST /wp/wp-admin/admin-ajax.php HTTP/3" 200 71 "https://bms69.com/wp/wp-admin/post.php?post=432&action=elementor" "Mozilla/5.0 (Windows NT 10.0; Win64; x64) AppleWebKit/537.36 (KHTML, like Gecko) Chrome/144.0.0.0 Safari/537.36"
64.31.22.34 - - [15/Jan/2026:16:27:09 +0000] "POST /wp/wp-cron.php?doing_wp_cron=1768494429.1182920932769775390625 HTTP/1.1" 200 0 "-" "WordPress/6.9; https://bms69.com/wp"
103.167.159.233 - - [15/Jan/2026:16:27:08 +0000] "GET /wp/wp-json/elementor/v1/checklist/user-progress HTTP/3" 200 176 "https://bms69.com/wp/wp-admin/post.php?post=432&action=elementor" "Mozilla/5.0 (Windows NT 10.0; Win64; x64) AppleWebKit/537.36 (KHTML, like Gecko) Chrome/144.0.0.0 Safari/537.36"
103.167.159.233 - - [15/Jan/2026:16:27:18 +0000] "GET /wp/wp-content/plugins/elementor/assets/images/placeholder.png HTTP/3" 200 6146 "https://bms69.com/wp/wp-admin/post.php?post=432&action=elementor" "Mozilla/5.0 (Windows NT 10.0; Win64; x64) AppleWebKit/537.36 (KHTML, like Gecko) Chrome/144.0.0.0 Safari/537.36"
103.167.159.233 - - [15/Jan/2026:16:27:22 +0000] "POST /wp/wp-admin/admin-ajax.php HTTP/3" 200 4752 "https://bms69.com/wp/wp-admin/post.php?post=432&action=elementor" "Mozilla/5.0 (Windows NT 10.0; Win64; x64) AppleWebKit/537.36 (KHTML, like Gecko) Chrome/144.0.0.0 Safari/537.36"
103.167.159.233 - - [15/Jan/2026:16:27:22 +0000] "POST /wp/wp-admin/admin-ajax.php HTTP/3" 200 4752 "https://bms69.com/wp/wp-admin/post.php?post=432&action=elementor" "Mozilla/5.0 (Windows NT 10.0; Win64; x64) AppleWebKit/537.36 (KHTML, like Gecko) Chrome/144.0.0.0 Safari/537.36"
103.167.159.233 - - [15/Jan/2026:16:18:18 +0000] "POST /wp/wp-admin/admin-ajax.php HTTP/2" 200 596 "https://bms69.com/wp/wp-admin/post.php?post=432&action=elementor" "Mozilla/5.0 (Windows NT 10.0; Win64; x64) AppleWebKit/537.36 (KHTML, like Gecko) Chrome/144.0.0.0 Safari/537.36"
103.167.159.233 - - [15/Jan/2026:16:18:23 +0000] "POST /wp/wp-admin/admin-ajax.php HTTP/2" 200 71 "https://bms69.com/wp/wp-admin/post.php?post=432&action=elementor" "Mozilla/5.0 (Windows NT 10.0; Win64; x64) AppleWebKit/537.36 (KHTML, like Gecko) Chrome/144.0.0.0 Safari/537.36"
103.167.159.233 - - [15/Jan/2026:16:18:22 +0000] "POST /wp/wp-admin/admin-ajax.php HTTP/2" 200 179 "https://bms69.com/wp/wp-admin/post.php?post=432&action=elementor" "Mozilla/5.0 (Windows NT 10.0; Win64; x64) AppleWebKit/537.36 (KHTML, like Gecko) Chrome/144.0.0.0 Safari/537.36"
103.167.159.233 - - [15/Jan/2026:16:18:38 +0000] "POST /wp/wp-admin/admin-ajax.php HTTP/2" 200 71 "https://bms69.com/wp/wp-admin/post.php?post=432&action=elementor" "Mozilla/5.0 (Windows NT 10.0; Win64; x64) AppleWebKit/537.36 (KHTML, like Gecko) Chrome/144.0.0.0 Safari/537.36"
64.31.22.34 - - [15/Jan/2026:16:19:27 +0000] "POST /wp/wp-cron.php?doing_wp_cron=1768493967.5884659290313720703125 HTTP/1.1" 200 0 "-" "WordPress/6.9; https://bms69.com/wp"
103.167.159.233 - - [15/Jan/2026:16:19:26 +0000] "GET /wp/wp-json/elementor/v1/checklist/user-progress HTTP/2" 200 176 "https://bms69.com/wp/wp-admin/post.php?post=432&action=elementor" "Mozilla/5.0 (Windows NT 10.0; Win64; x64) AppleWebKit/537.36 (KHTML, like Gecko) Chrome/144.0.0.0 Safari/537.36"
103.167.159.233 - - [15/Jan/2026:16:19:26 +0000] "POST /wp/wp-admin/admin-ajax.php HTTP/2" 200 584 "https://bms69.com/wp/wp-admin/post.php?post=432&action=elementor" "Mozilla/5.0 (Windows NT 10.0; Win64; x64) AppleWebKit/537.36 (KHTML, like Gecko) Chrome/144.0.0.0 Safari/537.36"
103.167.159.233 - - [15/Jan/2026:16:19:31 +0000] "GET /wp/wp-json/elementor/v1/checklist/user-progress HTTP/2" 200 176 "https://bms69.com/wp/wp-admin/post.php?post=432&action=elementor" "Mozilla/5.0 (Windows NT 10.0; Win64; x64) AppleWebKit/537.36 (KHTML, like Gecko) Chrome/144.0.0.0 Safari/537.36"
103.167.159.233 - - [15/Jan/2026:16:23:45 +0000] "POST /wp/wp-admin/admin-ajax.php HTTP/2" 200 70 "https://bms69.com/wp/wp-admin/post.php?post=432&action=elementor" "Mozilla/5.0 (Windows NT 10.0; Win64; x64) AppleWebKit/537.36 (KHTML, like Gecko) Chrome/144.0.0.0 Safari/537.36"
103.167.159.233 - - [15/Jan/2026:16:23:46 +0000] "GET /wp/wp-json/elementor/v1/checklist/user-progress HTTP/2" 200 176 "https://bms69.com/wp/wp-admin/post.php?post=432&action=elementor" "Mozilla/5.0 (Windows NT 10.0; Win64; x64) AppleWebKit/537.36 (KHTML, like Gecko) Chrome/144.0.0.0 Safari/537.36"
103.167.159.233 - - [15/Jan/2026:16:24:00 +0000] "POST /wp/wp-admin/admin-ajax.php HTTP/2" 200 71 "https://bms69.com/wp/wp-admin/post.php?post=432&action=elementor" "Mozilla/5.0 (Windows NT 10.0; Win64; x64) AppleWebKit/537.36 (KHTML, like Gecko) Chrome/144.0.0.0 Safari/537.36"
64.31.22.34 - - [15/Jan/2026:16:24:15 +0000] "POST /wp/wp-cron.php?doing_wp_cron=1768494255.8461089134216308593750 HTTP/1.1" 200 0 "-" "WordPress/6.9; https://bms69.com/wp"
64.31.22.34 - - [15/Jan/2026:16:26:02 +0000] "POST /wp/wp-cron.php?doing_wp_cron=1768494362.7654418945312500000000 HTTP/1.1" 200 0 "-" "WordPress/6.9; https://bms69.com/wp"
64.31.22.34 - - [15/Jan/2026:16:28:17 +0000] "POST /wp/wp-cron.php?doing_wp_cron=1768494497.5816900730133056640625 HTTP/1.1" 200 0 "-" "WordPress/6.9; https://bms69.com/wp"
103.167.159.233 - - [15/Jan/2026:16:28:16 +0000] "POST /wp/wp-admin/admin-ajax.php HTTP/2" 200 71 "https://bms69.com/wp/wp-admin/post.php?post=432&action=elementor" "Mozilla/5.0 (Windows NT 10.0; Win64; x64) AppleWebKit/537.36 (KHTML, like Gecko) Chrome/144.0.0.0 Safari/537.36"
103.167.159.233 - - [15/Jan/2026:16:28:19 +0000] "GET /wp/wp-json/elementor/v1/checklist/user-progress HTTP/2" 200 176 "https://bms69.com/wp/wp-admin/post.php?post=432&action=elementor" "Mozilla/5.0 (Windows NT 10.0; Win64; x64) AppleWebKit/537.36 (KHTML, like Gecko) Chrome/144.0.0.0 Safari/537.36"
103.167.159.233 - - [15/Jan/2026:16:28:19 +0000] "POST /wp/wp-admin/admin-ajax.php HTTP/2" 200 584 "https://bms69.com/wp/wp-admin/post.php?post=432&action=elementor" "Mozilla/5.0 (Windows NT 10.0; Win64; x64) AppleWebKit/537.36 (KHTML, like Gecko) Chrome/144.0.0.0 Safari/537.36"
103.167.159.233 - - [15/Jan/2026:16:28:22 +0000] "GET /wp/wp-json/elementor/v1/checklist/user-progress HTTP/2" 200 176 "https://bms69.com/wp/wp-admin/post.php?post=432&action=elementor" "Mozilla/5.0 (Windows NT 10.0; Win64; x64) AppleWebKit/537.36 (KHTML, like Gecko) Chrome/144.0.0.0 Safari/537.36"
103.167.159.233 - - [15/Jan/2026:16:28:23 +0000] "POST /wp/wp-admin/admin-ajax.php HTTP/2" 200 395 "https://bms69.com/wp/wp-admin/post.php?post=432&action=elementor" "Mozilla/5.0 (Windows NT 10.0; Win64; x64) AppleWebKit/537.36 (KHTML, like Gecko) Chrome/144.0.0.0 Safari/537.36"
103.167.159.233 - - [15/Jan/2026:16:28:30 +0000] "POST /wp/wp-admin/admin-ajax.php HTTP/2" 200 71 "https://bms69.com/wp/wp-admin/post.php?post=432&action=elementor" "Mozilla/5.0 (Windows NT 10.0; Win64; x64) AppleWebKit/537.36 (KHTML, like Gecko) Chrome/144.0.0.0 Safari/537.36"
103.167.159.233 - - [15/Jan/2026:16:29:01 +0000] "POST /wp/wp-admin/admin-ajax.php HTTP/2" 200 71 "https://bms69.com/wp/wp-admin/post.php?post=432&action=elementor" "Mozilla/5.0 (Windows NT 10.0; Win64; x64) AppleWebKit/537.36 (KHTML, like Gecko) Chrome/144.0.0.0 Safari/537.36"
103.167.159.233 - - [15/Jan/2026:16:29:01 +0000] "POST /wp/wp-admin/async-upload.php HTTP/2" 200 592 "https://bms69.com/wp/wp-admin/post.php?post=432&action=elementor" "Mozilla/5.0 (Windows NT 10.0; Win64; x64) AppleWebKit/537.36 (KHTML, like Gecko) Chrome/144.0.0.0 Safari/537.36"
103.167.159.233 - - [15/Jan/2026:16:29:05 +0000] "GET /wp/wp-content/uploads/2026/01/unnamed-3-219x300.png HTTP/2" 200 71592 "https://bms69.com/wp/wp-admin/post.php?post=432&action=elementor" "Mozilla/5.0 (Windows NT 10.0; Win64; x64) AppleWebKit/537.36 (KHTML, like Gecko) Chrome/144.0.0.0 Safari/537.36"
103.167.159.233 - - [15/Jan/2026:16:29:14 +0000] "POST /wp/wp-admin/admin-ajax.php HTTP/2" 200 592 "https://bms69.com/wp/wp-admin/post.php?post=432&action=elementor" "Mozilla/5.0 (Windows NT 10.0; Win64; x64) AppleWebKit/537.36 (KHTML, like Gecko) Chrome/144.0.0.0 Safari/537.36"
103.167.159.233 - - [15/Jan/2026:16:29:15 +0000] "POST /wp/wp-admin/admin-ajax.php HTTP/2" 200 158 "https://bms69.com/wp/wp-admin/post.php?post=432&action=elementor" "Mozilla/5.0 (Windows NT 10.0; Win64; x64) AppleWebKit/537.36 (KHTML, like Gecko) Chrome/144.0.0.0 Safari/537.36"
103.167.159.233 - - [15/Jan/2026:16:29:16 +0000] "POST /wp/wp-admin/admin-ajax.php HTTP/2" 200 71 "https://bms69.com/wp/wp-admin/post.php?post=432&action=elementor" "Mozilla/5.0 (Windows NT 10.0; Win64; x64) AppleWebKit/537.36 (KHTML, like Gecko) Chrome/144.0.0.0 Safari/537.36"
103.167.159.233 - - [15/Jan/2026:16:29:14 +0000] "GET /wp/wp-content/uploads/2026/01/unnamed-3.png HTTP/2" 200 873581 "https://bms69.com/wp/wp-admin/post.php?post=432&action=elementor" "Mozilla/5.0 (Windows NT 10.0; Win64; x64) AppleWebKit/537.36 (KHTML, like Gecko) Chrome/144.0.0.0 Safari/537.36"
103.167.159.233 - - [15/Jan/2026:16:29:27 +0000] "POST /wp/wp-admin/admin-ajax.php HTTP/2" 200 243 "https://bms69.com/wp/wp-admin/post.php?post=432&action=elementor" "Mozilla/5.0 (Windows NT 10.0; Win64; x64) AppleWebKit/537.36 (KHTML, like Gecko) Chrome/144.0.0.0 Safari/537.36"
103.167.159.233 - - [15/Jan/2026:16:29:31 +0000] "GET /wp/wp-admin/admin.php?page=elementor-connect&app=library&action=authorize&nonce=8a947fd35c&utm_source=ai-popup&utm_campaign=connect-account&utm_medium=wp-dash&source=generic&mode=popup&callback_id=cb1 HTTP/2" 302 0 "https://bms69.com/wp/wp-admin/post.php?post=432&action=elementor" "Mozilla/5.0 (Windows NT 10.0; Win64; x64) AppleWebKit/537.36 (KHTML, like Gecko) Chrome/144.0.0.0 Safari/537.36"
103.167.159.233 - - [15/Jan/2026:16:29:32 +0000] "POST /wp/wp-admin/admin-ajax.php HTTP/2" 200 71 "https://bms69.com/wp/wp-admin/post.php?post=432&action=elementor" "Mozilla/5.0 (Windows NT 10.0; Win64; x64) AppleWebKit/537.36 (KHTML, like Gecko) Chrome/144.0.0.0 Safari/537.36"
103.167.159.233 - - [15/Jan/2026:16:29:33 +0000] "GET /wp/wp-json/elementor/v1/checklist/user-progress HTTP/2" 200 176 "https://bms69.com/wp/wp-admin/post.php?post=432&action=elementor" "Mozilla/5.0 (Windows NT 10.0; Win64; x64) AppleWebKit/537.36 (KHTML, like Gecko) Chrome/144.0.0.0 Safari/537.36"
103.167.159.233 - - [15/Jan/2026:16:29:47 +0000] "POST /wp/wp-admin/admin-ajax.php HTTP/2" 200 71 "https://bms69.com/wp/wp-admin/post.php?post=432&action=elementor" "Mozilla/5.0 (Windows NT 10.0; Win64; x64) AppleWebKit/537.36 (KHTML, like Gecko) Chrome/144.0.0.0 Safari/537.36"
64.31.22.34 - - [15/Jan/2026:16:30:03 +0000] "POST /wp/wp-cron.php?doing_wp_cron=1768494603.4570429325103759765625 HTTP/1.1" 200 0 "-" "WordPress/6.9; https://bms69.com/wp"
103.167.159.233 - - [15/Jan/2026:16:30:02 +0000] "POST /wp/wp-admin/admin-ajax.php HTTP/2" 200 71 "https://bms69.com/wp/wp-admin/post.php?post=432&action=elementor" "Mozilla/5.0 (Windows NT 10.0; Win64; x64) AppleWebKit/537.36 (KHTML, like Gecko) Chrome/144.0.0.0 Safari/537.36"
103.167.159.233 - - [15/Jan/2026:16:30:08 +0000] "POST /wp/wp-admin/admin-ajax.php HTTP/2" 200 286 "https://bms69.com/wp/wp-admin/post.php?post=432&action=elementor" "Mozilla/5.0 (Windows NT 10.0; Win64; x64) AppleWebKit/537.36 (KHTML, like Gecko) Chrome/144.0.0.0 Safari/537.36"
103.167.159.233 - - [15/Jan/2026:16:30:09 +0000] "POST /wp/wp-admin/admin-ajax.php HTTP/2" 200 592 "https://bms69.com/wp/wp-admin/post.php?post=432&action=elementor" "Mozilla/5.0 (Windows NT 10.0; Win64; x64) AppleWebKit/537.36 (KHTML, like Gecko) Chrome/144.0.0.0 Safari/537.36"
103.167.159.233 - - [15/Jan/2026:16:30:17 +0000] "POST /wp/wp-admin/admin-ajax.php HTTP/2" 200 71 "https://bms69.com/wp/wp-admin/post.php?post=432&action=elementor" "Mozilla/5.0 (Windows NT 10.0; Win64; x64) AppleWebKit/537.36 (KHTML, like Gecko) Chrome/144.0.0.0 Safari/537.36"
103.167.159.233 - - [15/Jan/2026:16:30:32 +0000] "POST /wp/wp-admin/admin-ajax.php HTTP/2" 200 71 "https://bms69.com/wp/wp-admin/post.php?post=432&action=elementor" "Mozilla/5.0 (Windows NT 10.0; Win64; x64) AppleWebKit/537.36 (KHTML, like Gecko) Chrome/144.0.0.0 Safari/537.36"
103.167.159.233 - - [15/Jan/2026:16:30:54 +0000] "POST /wp/wp-admin/admin-ajax.php HTTP/2" 200 71 "https://bms69.com/wp/wp-admin/post.php?post=432&action=elementor" "Mozilla/5.0 (Windows NT 10.0; Win64; x64) AppleWebKit/537.36 (KHTML, like Gecko) Chrome/144.0.0.0 Safari/537.36"
103.167.159.233 - - [15/Jan/2026:16:30:55 +0000] "POST /wp/wp-admin/admin-ajax.php HTTP/2" 200 592 "https://bms69.com/wp/wp-admin/post.php?post=432&action=elementor" "Mozilla/5.0 (Windows NT 10.0; Win64; x64) AppleWebKit/537.36 (KHTML, like Gecko) Chrome/144.0.0.0 Safari/537.36"
64.31.22.34 - - [15/Jan/2026:16:31:11 +0000] "POST /wp/wp-cron.php?doing_wp_cron=1768494671.2607080936431884765625 HTTP/1.1" 200 0 "-" "WordPress/6.9; https://bms69.com/wp"
103.167.159.233 - - [15/Jan/2026:16:31:10 +0000] "POST /wp/wp-admin/admin-ajax.php HTTP/2" 200 71 "https://bms69.com/wp/wp-admin/post.php?post=432&action=elementor" "Mozilla/5.0 (Windows NT 10.0; Win64; x64) AppleWebKit/537.36 (KHTML, like Gecko) Chrome/144.0.0.0 Safari/537.36"
103.167.159.233 - - [15/Jan/2026:16:27:31 +0000] "POST /wp/wp-admin/admin-ajax.php HTTP/3" 200 71 "https://bms69.com/wp/wp-admin/post.php?post=432&action=elementor" "Mozilla/5.0 (Windows NT 10.0; Win64; x64) AppleWebKit/537.36 (KHTML, like Gecko) Chrome/144.0.0.0 Safari/537.36"
64.31.22.34 - - [15/Jan/2026:16:29:02 +0000] "POST /wp/wp-cron.php?doing_wp_cron=1768494542.5011749267578125000000 HTTP/1.1" 200 0 "-" "WordPress/6.9; https://bms69.com/wp"
64.31.22.34 - - [15/Jan/2026:16:32:02 +0000] "POST /wp/wp-cron.php?doing_wp_cron=1768494722.6686549186706542968750 HTTP/1.1" 200 0 "-" "WordPress/6.9; https://bms69.com/wp"
64.31.22.34 - - [15/Jan/2026:16:33:13 +0000] "POST /wp/wp-cron.php?doing_wp_cron=1768494793.0172460079193115234375 HTTP/1.1" 200 0 "-" "WordPress/6.9; https://bms69.com/wp"
103.167.159.233 - - [15/Jan/2026:16:33:12 +0000] "POST /wp/wp-admin/admin-ajax.php HTTP/2" 200 71 "https://bms69.com/wp/wp-admin/post.php?post=432&action=elementor" "Mozilla/5.0 (Windows NT 10.0; Win64; x64) AppleWebKit/537.36 (KHTML, like Gecko) Chrome/144.0.0.0 Safari/537.36"
103.167.159.233 - - [15/Jan/2026:16:33:50 +0000] "POST /wp/wp-admin/admin-ajax.php HTTP/2" 200 71 "https://bms69.com/wp/wp-admin/post.php?post=432&action=elementor" "Mozilla/5.0 (Windows NT 10.0; Win64; x64) AppleWebKit/537.36 (KHTML, like Gecko) Chrome/144.0.0.0 Safari/537.36"
103.167.159.233 - - [15/Jan/2026:16:33:50 +0000] "GET /wp/wp-json/elementor/v1/checklist/user-progress HTTP/2" 200 176 "https://bms69.com/wp/wp-admin/post.php?post=432&action=elementor" "Mozilla/5.0 (Windows NT 10.0; Win64; x64) AppleWebKit/537.36 (KHTML, like Gecko) Chrome/144.0.0.0 Safari/537.36"
103.167.159.233 - - [15/Jan/2026:16:33:52 +0000] "POST /wp/wp-admin/admin-ajax.php HTTP/2" 200 4989 "https://bms69.com/wp/wp-admin/post.php?post=432&action=elementor" "Mozilla/5.0 (Windows NT 10.0; Win64; x64) AppleWebKit/537.36 (KHTML, like Gecko) Chrome/144.0.0.0 Safari/537.36"
