103.167.159.233 - - [15/Jan/2026:15:57:03 +0000] "POST /wp/wp-admin/admin-ajax.php HTTP/2" 200 66 "https://bms69.com/wp/wp-admin/themes.php?page=starter-templates&ci=6&s=real+estate" "Mozilla/5.0 (Windows NT 10.0; Win64; x64) AppleWebKit/537.36 (KHTML, like Gecko) Chrome/144.0.0.0 Safari/537.36"
103.167.159.233 - - [15/Jan/2026:15:57:04 +0000] "POST /wp/wp-admin/admin-ajax.php HTTP/2" 200 54 "https://bms69.com/wp/wp-admin/themes.php?page=starter-templates&ci=6&s=real+estate" "Mozilla/5.0 (Windows NT 10.0; Win64; x64) AppleWebKit/537.36 (KHTML, like Gecko) Chrome/144.0.0.0 Safari/537.36"
64.31.22.34 - - [15/Jan/2026:15:57:07 +0000] "POST /wp/wp-cron.php?doing_wp_cron=1768492627.6120479106903076171875 HTTP/1.1" 200 0 "-" "WordPress/6.9; https://bms69.com/wp"
103.167.159.233 - - [15/Jan/2026:15:57:03 +0000] "POST /wp/wp-admin/admin-ajax.php HTTP/2" 200 231 "https://bms69.com/wp/wp-admin/themes.php?page=starter-templates&ci=6&s=real+estate" "Mozilla/5.0 (Windows NT 10.0; Win64; x64) AppleWebKit/537.36 (KHTML, like Gecko) Chrome/144.0.0.0 Safari/537.36"
103.167.159.233 - - [15/Jan/2026:15:57:07 +0000] "POST /wp/wp-admin/admin-ajax.php HTTP/2" 200 66 "https://bms69.com/wp/wp-admin/themes.php?page=starter-templates&ci=6&s=real+estate" "Mozilla/5.0 (Windows NT 10.0; Win64; x64) AppleWebKit/537.36 (KHTML, like Gecko) Chrome/144.0.0.0 Safari/537.36"
103.167.159.233 - - [15/Jan/2026:15:57:07 +0000] "POST /wp/wp-admin/admin-ajax.php HTTP/2" 200 202 "https://bms69.com/wp/wp-admin/themes.php?page=starter-templates&ci=6&s=real+estate" "Mozilla/5.0 (Windows NT 10.0; Win64; x64) AppleWebKit/537.36 (KHTML, like Gecko) Chrome/144.0.0.0 Safari/537.36"
64.31.22.34 - - [15/Jan/2026:15:57:10 +0000] "POST /wp/wp-cron.php?doing_wp_cron=1768492630.5875411033630371093750 HTTP/1.1" 200 0 "-" "WordPress/6.9; https://bms69.com/wp"
103.167.159.233 - - [15/Jan/2026:15:57:09 +0000] "POST /wp/wp-admin/admin-ajax.php HTTP/2" 200 66 "https://bms69.com/wp/wp-admin/themes.php?page=starter-templates&ci=6&s=real+estate" "Mozilla/5.0 (Windows NT 10.0; Win64; x64) AppleWebKit/537.36 (KHTML, like Gecko) Chrome/144.0.0.0 Safari/537.36"
103.167.159.233 - - [15/Jan/2026:15:57:13 +0000] "POST /wp/wp-admin/admin-ajax.php HTTP/2" 200 72 "https://bms69.com/wp/wp-admin/themes.php?page=starter-templates&ci=6&s=real+estate" "Mozilla/5.0 (Windows NT 10.0; Win64; x64) AppleWebKit/537.36 (KHTML, like Gecko) Chrome/144.0.0.0 Safari/537.36"
103.167.159.233 - - [15/Jan/2026:15:57:14 +0000] "POST /wp/wp-admin/admin-ajax.php HTTP/2" 200 30 "https://bms69.com/wp/wp-admin/themes.php?page=starter-templates&ci=6&s=real+estate" "Mozilla/5.0 (Windows NT 10.0; Win64; x64) AppleWebKit/537.36 (KHTML, like Gecko) Chrome/144.0.0.0 Safari/537.36"
103.167.159.233 - - [15/Jan/2026:15:57:15 +0000] "POST /wp/wp-admin/admin-ajax.php HTTP/2" 200 271 "https://bms69.com/wp/wp-admin/themes.php?page=starter-templates&ci=6&s=real+estate" "Mozilla/5.0 (Windows NT 10.0; Win64; x64) AppleWebKit/537.36 (KHTML, like Gecko) Chrome/144.0.0.0 Safari/537.36"
103.167.159.233 - - [15/Jan/2026:15:57:26 +0000] "GET /wp/wp-admin/admin-ajax.php?action=astra-wxr-import&id=1&_ajax_nonce=cd44f96a1f&xml_id=11 HTTP/2" 200 414038 "https://bms69.com/wp/wp-admin/themes.php?page=starter-templates&ci=6&s=real+estate" "Mozilla/5.0 (Windows NT 10.0; Win64; x64) AppleWebKit/537.36 (KHTML, like Gecko) Chrome/144.0.0.0 Safari/537.36"
103.167.159.233 - - [15/Jan/2026:15:57:37 +0000] "POST /wp/wp-admin/admin-ajax.php HTTP/2" 200 51 "https://bms69.com/wp/wp-admin/themes.php?page=starter-templates&ci=6&s=real+estate" "Mozilla/5.0 (Windows NT 10.0; Win64; x64) AppleWebKit/537.36 (KHTML, like Gecko) Chrome/144.0.0.0 Safari/537.36"
103.167.159.233 - - [15/Jan/2026:15:57:39 +0000] "POST /wp/wp-admin/admin-ajax.php HTTP/2" 200 46 "https://bms69.com/wp/wp-admin/themes.php?page=starter-templates&ci=6&s=real+estate" "Mozilla/5.0 (Windows NT 10.0; Win64; x64) AppleWebKit/537.36 (KHTML, like Gecko) Chrome/144.0.0.0 Safari/537.36"
103.167.159.233 - - [15/Jan/2026:15:57:40 +0000] "POST /wp/wp-admin/admin-ajax.php HTTP/2" 200 30 "https://bms69.com/wp/wp-admin/themes.php?page=starter-templates&ci=6&s=real+estate" "Mozilla/5.0 (Windows NT 10.0; Win64; x64) AppleWebKit/537.36 (KHTML, like Gecko) Chrome/144.0.0.0 Safari/537.36"
103.167.159.233 - - [15/Jan/2026:15:57:41 +0000] "POST /wp/wp-admin/admin-ajax.php HTTP/2" 200 30 "https://bms69.com/wp/wp-admin/themes.php?page=starter-templates&ci=6&s=real+estate" "Mozilla/5.0 (Windows NT 10.0; Win64; x64) AppleWebKit/537.36 (KHTML, like Gecko) Chrome/144.0.0.0 Safari/537.36"
64.31.22.34 - - [15/Jan/2026:15:57:44 +0000] "POST /wp/wp-admin/admin-ajax.php?action=wp_image_process&nonce=3a13070598 HTTP/1.1" 200 0 "-" "WordPress/6.9; https://bms69.com/wp"
103.167.159.233 - - [15/Jan/2026:15:57:42 +0000] "POST /wp/wp-admin/admin-ajax.php HTTP/2" 200 51 "https://bms69.com/wp/wp-admin/themes.php?page=starter-templates&ci=6&s=real+estate" "Mozilla/5.0 (Windows NT 10.0; Win64; x64) AppleWebKit/537.36 (KHTML, like Gecko) Chrome/144.0.0.0 Safari/537.36"
103.167.159.233 - - [15/Jan/2026:15:57:45 +0000] "POST /wp/wp-admin/admin-ajax.php HTTP/2" 200 93 "https://bms69.com/wp/wp-admin/themes.php?page=starter-templates&ci=6&s=real+estate" "Mozilla/5.0 (Windows NT 10.0; Win64; x64) AppleWebKit/537.36 (KHTML, like Gecko) Chrome/144.0.0.0 Safari/537.36"
103.167.159.233 - - [15/Jan/2026:15:57:59 +0000] "GET /wp HTTP/2" 301 795 "https://bms69.com/wp/wp-admin/themes.php?page=starter-templates&ci=6&s=real+estate" "Mozilla/5.0 (Windows NT 10.0; Win64; x64) AppleWebKit/537.36 (KHTML, like Gecko) Chrome/144.0.0.0 Safari/537.36"
103.167.159.233 - - [15/Jan/2026:15:57:59 +0000] "POST /wp/wp-admin/admin-ajax.php HTTP/2" 200 72 "https://bms69.com/wp/wp-admin/themes.php?page=starter-templates&ci=6&s=real+estate" "Mozilla/5.0 (Windows NT 10.0; Win64; x64) AppleWebKit/537.36 (KHTML, like Gecko) Chrome/144.0.0.0 Safari/537.36"
103.167.159.233 - - [15/Jan/2026:15:57:59 +0000] "GET /wp/ HTTP/2" 200 37206 "https://bms69.com/wp/wp-admin/themes.php?page=starter-templates&ci=6&s=real+estate" "Mozilla/5.0 (Windows NT 10.0; Win64; x64) AppleWebKit/537.36 (KHTML, like Gecko) Chrome/144.0.0.0 Safari/537.36"
103.167.159.233 - - [15/Jan/2026:15:58:05 +0000] "GET /wp/wp-content/plugins/elementor/assets/css/admin-bar.min.css?ver=3.34.1 HTTP/2" 200 252 "https://bms69.com/wp/" "Mozilla/5.0 (Windows NT 10.0; Win64; x64) AppleWebKit/537.36 (KHTML, like Gecko) Chrome/144.0.0.0 Safari/537.36"
103.167.159.233 - - [15/Jan/2026:15:58:05 +0000] "GET /wp/wp-content/uploads/elementor/css/post-432.css?ver=1768492684 HTTP/2" 200 4403 "https://bms69.com/wp/" "Mozilla/5.0 (Windows NT 10.0; Win64; x64) AppleWebKit/537.36 (KHTML, like Gecko) Chrome/144.0.0.0 Safari/537.36"
103.167.159.233 - - [15/Jan/2026:15:58:05 +0000] "GET /wp/wp-content/uploads/2019/04/logo-retina-free-img-1.png HTTP/2" 200 2139 "https://bms69.com/wp/" "Mozilla/5.0 (Windows NT 10.0; Win64; x64) AppleWebKit/537.36 (KHTML, like Gecko) Chrome/144.0.0.0 Safari/537.36"
103.167.159.233 - - [15/Jan/2026:15:58:05 +0000] "GET /wp/wp-content/uploads/elementor/css/post-386.css?ver=1768492683 HTTP/2" 404 27798 "https://bms69.com/wp/" "Mozilla/5.0 (Windows NT 10.0; Win64; x64) AppleWebKit/537.36 (KHTML, like Gecko) Chrome/144.0.0.0 Safari/537.36"
103.167.159.233 - - [15/Jan/2026:15:58:05 +0000] "GET /wp/wp-content/uploads/2020/01/estate-modern-apartment-1.jpg HTTP/2" 200 128047 "https://bms69.com/wp/" "Mozilla/5.0 (Windows NT 10.0; Win64; x64) AppleWebKit/537.36 (KHTML, like Gecko) Chrome/144.0.0.0 Safari/537.36"
103.167.159.233 - - [15/Jan/2026:15:58:08 +0000] "GET /wp/wp-content/plugins/elementor/assets/lib/font-awesome/webfonts/fa-solid-900.woff2 HTTP/2" 200 78196 "https://bms69.com/wp/wp-content/plugins/elementor/assets/lib/font-awesome/css/all.min.css?ver=3.34.1" "Mozilla/5.0 (Windows NT 10.0; Win64; x64) AppleWebKit/537.36 (KHTML, like Gecko) Chrome/144.0.0.0 Safari/537.36"
64.31.22.34 - - [15/Jan/2026:15:58:11 +0000] "POST /wp/wp-cron.php?doing_wp_cron=1768492691.3609559535980224609375 HTTP/1.1" 200 0 "-" "WordPress/6.9; https://bms69.com/wp"
103.167.159.233 - - [15/Jan/2026:15:58:08 +0000] "GET /wp/wp-content/uploads/2019/04/bg-01-free-img-1.jpg HTTP/2" 200 86421 "https://bms69.com/wp/wp-content/uploads/elementor/css/post-432.css?ver=1768492684" "Mozilla/5.0 (Windows NT 10.0; Win64; x64) AppleWebKit/537.36 (KHTML, like Gecko) Chrome/144.0.0.0 Safari/537.36"
103.167.159.233 - - [15/Jan/2026:15:58:12 +0000] "GET /wp/wp-content/plugins/elementor/assets/lib/dialog/dialog.min.js?ver=4.9.4 HTTP/2" 200 3593 "https://bms69.com/wp/" "Mozilla/5.0 (Windows NT 10.0; Win64; x64) AppleWebKit/537.36 (KHTML, like Gecko) Chrome/144.0.0.0 Safari/537.36"
103.167.159.233 - - [15/Jan/2026:15:58:08 +0000] "GET /wp/wp-content/uploads/2021/03/logo-icon-6.png HTTP/2" 200 2976 "https://bms69.com/wp/" "Mozilla/5.0 (Windows NT 10.0; Win64; x64) AppleWebKit/537.36 (KHTML, like Gecko) Chrome/144.0.0.0 Safari/537.36"
103.167.159.233 - - [15/Jan/2026:15:58:15 +0000] "GET /wp/wp-content/plugins/elementor/assets/js/elementor-admin-bar.min.js?ver=3.34.1 HTTP/2" 200 2151 "https://bms69.com/wp/" "Mozilla/5.0 (Windows NT 10.0; Win64; x64) AppleWebKit/537.36 (KHTML, like Gecko) Chrome/144.0.0.0 Safari/537.36"
103.167.159.233 - - [15/Jan/2026:15:58:08 +0000] "GET /wp/wp-content/uploads/2021/03/logo-icon-1-1.png HTTP/2" 200 3009 "https://bms69.com/wp/" "Mozilla/5.0 (Windows NT 10.0; Win64; x64) AppleWebKit/537.36 (KHTML, like Gecko) Chrome/144.0.0.0 Safari/537.36"
103.167.159.233 - - [15/Jan/2026:15:58:17 +0000] "GET /wp/wp-content/uploads/2021/03/logo-icon-2-1.png HTTP/2" 200 2872 "https://bms69.com/wp/" "Mozilla/5.0 (Windows NT 10.0; Win64; x64) AppleWebKit/537.36 (KHTML, like Gecko) Chrome/144.0.0.0 Safari/537.36"
103.167.159.233 - - [15/Jan/2026:15:58:17 +0000] "GET /wp/wp-content/uploads/2021/03/logo-icon-3-1.png HTTP/2" 200 3453 "https://bms69.com/wp/" "Mozilla/5.0 (Windows NT 10.0; Win64; x64) AppleWebKit/537.36 (KHTML, like Gecko) Chrome/144.0.0.0 Safari/537.36"
103.167.159.233 - - [15/Jan/2026:15:58:17 +0000] "GET /wp/wp-content/uploads/2021/03/logo-icon-4-1.png HTTP/2" 200 2674 "https://bms69.com/wp/" "Mozilla/5.0 (Windows NT 10.0; Win64; x64) AppleWebKit/537.36 (KHTML, like Gecko) Chrome/144.0.0.0 Safari/537.36"
103.167.159.233 - - [15/Jan/2026:15:58:17 +0000] "GET /wp/wp-content/uploads/2021/03/logo-icon-5-1.png HTTP/2" 200 2558 "https://bms69.com/wp/" "Mozilla/5.0 (Windows NT 10.0; Win64; x64) AppleWebKit/537.36 (KHTML, like Gecko) Chrome/144.0.0.0 Safari/537.36"
103.167.159.233 - - [15/Jan/2026:15:58:17 +0000] "GET /wp/wp-content/uploads/2021/03/building-2-1.png HTTP/2" 200 2499 "https://bms69.com/wp/" "Mozilla/5.0 (Windows NT 10.0; Win64; x64) AppleWebKit/537.36 (KHTML, like Gecko) Chrome/144.0.0.0 Safari/537.36"
103.167.159.233 - - [15/Jan/2026:15:58:17 +0000] "GET /wp/wp-content/uploads/2021/03/building-1-1.png HTTP/2" 200 1865 "https://bms69.com/wp/" "Mozilla/5.0 (Windows NT 10.0; Win64; x64) AppleWebKit/537.36 (KHTML, like Gecko) Chrome/144.0.0.0 Safari/537.36"
103.167.159.233 - - [15/Jan/2026:15:58:17 +0000] "GET /wp/wp-content/uploads/2021/03/building-3.png HTTP/2" 200 2431 "https://bms69.com/wp/" "Mozilla/5.0 (Windows NT 10.0; Win64; x64) AppleWebKit/537.36 (KHTML, like Gecko) Chrome/144.0.0.0 Safari/537.36"
103.167.159.233 - - [15/Jan/2026:15:58:05 +0000] "GET /wp/wp-content/uploads/2020/01/estate-family-home-1.jpg HTTP/2" 200 216636 "https://bms69.com/wp/" "Mozilla/5.0 (Windows NT 10.0; Win64; x64) AppleWebKit/537.36 (KHTML, like Gecko) Chrome/144.0.0.0 Safari/537.36"
103.167.159.233 - - [15/Jan/2026:15:58:17 +0000] "GET /wp/wp-content/uploads/2019/04/img-06-free-img-1.jpg HTTP/2" 200 23514 "https://bms69.com/wp/" "Mozilla/5.0 (Windows NT 10.0; Win64; x64) AppleWebKit/537.36 (KHTML, like Gecko) Chrome/144.0.0.0 Safari/537.36"
103.167.159.233 - - [15/Jan/2026:15:58:17 +0000] "GET /wp/wp-content/uploads/2019/04/img-07-free-img-1.jpg HTTP/2" 200 15661 "https://bms69.com/wp/" "Mozilla/5.0 (Windows NT 10.0; Win64; x64) AppleWebKit/537.36 (KHTML, like Gecko) Chrome/144.0.0.0 Safari/537.36"
103.167.159.233 - - [15/Jan/2026:15:58:17 +0000] "GET /wp/wp-content/uploads/2019/04/img-09-free-img-1.jpg HTTP/2" 200 24232 "https://bms69.com/wp/" "Mozilla/5.0 (Windows NT 10.0; Win64; x64) AppleWebKit/537.36 (KHTML, like Gecko) Chrome/144.0.0.0 Safari/537.36"
103.167.159.233 - - [15/Jan/2026:15:58:17 +0000] "GET /wp/wp-content/uploads/2019/04/img-08-free-img-1.jpg HTTP/2" 200 19175 "https://bms69.com/wp/" "Mozilla/5.0 (Windows NT 10.0; Win64; x64) AppleWebKit/537.36 (KHTML, like Gecko) Chrome/144.0.0.0 Safari/537.36"
103.167.159.233 - - [15/Jan/2026:15:58:17 +0000] "GET /wp/wp-content/uploads/2019/04/img-10-free-img-1.jpg HTTP/2" 200 15397 "https://bms69.com/wp/" "Mozilla/5.0 (Windows NT 10.0; Win64; x64) AppleWebKit/537.36 (KHTML, like Gecko) Chrome/144.0.0.0 Safari/537.36"
103.167.159.233 - - [15/Jan/2026:15:58:17 +0000] "GET /wp/wp-content/uploads/2020/02/modern-apartment-1.jpg HTTP/2" 200 38941 "https://bms69.com/wp/" "Mozilla/5.0 (Windows NT 10.0; Win64; x64) AppleWebKit/537.36 (KHTML, like Gecko) Chrome/144.0.0.0 Safari/537.36"
103.167.159.233 - - [15/Jan/2026:15:58:17 +0000] "GET /wp/wp-content/uploads/2020/01/estate-living-room-1.jpg HTTP/2" 200 74753 "https://bms69.com/wp/" "Mozilla/5.0 (Windows NT 10.0; Win64; x64) AppleWebKit/537.36 (KHTML, like Gecko) Chrome/144.0.0.0 Safari/537.36"
103.167.159.233 - - [15/Jan/2026:15:58:25 +0000] "GET /wp/wp-content/plugins/elementor/assets/js/shared-frontend-handlers.03caa53373b56d3bab67.bundle.min.js HTTP/2" 200 2511 "https://bms69.com/wp/" "Mozilla/5.0 (Windows NT 10.0; Win64; x64) AppleWebKit/537.36 (KHTML, like Gecko) Chrome/144.0.0.0 Safari/537.36"
103.167.159.233 - - [15/Jan/2026:15:58:25 +0000] "GET /wp/wp-content/plugins/elementor/assets/js/text-editor.45609661e409413f1cef.bundle.min.js HTTP/2" 200 592 "https://bms69.com/wp/" "Mozilla/5.0 (Windows NT 10.0; Win64; x64) AppleWebKit/537.36 (KHTML, like Gecko) Chrome/144.0.0.0 Safari/537.36"
103.167.159.233 - - [15/Jan/2026:15:58:25 +0000] "GET /wp/wp-content/plugins/elementor/assets/js/image-carousel.6167d20b95b33386757b.bundle.min.js HTTP/2" 200 229 "https://bms69.com/wp/" "Mozilla/5.0 (Windows NT 10.0; Win64; x64) AppleWebKit/537.36 (KHTML, like Gecko) Chrome/144.0.0.0 Safari/537.36"
103.167.159.233 - - [15/Jan/2026:15:58:17 +0000] "GET /wp/wp-content/uploads/2020/01/estate-elegant-flat-1.jpg HTTP/2" 200 136921 "https://bms69.com/wp/" "Mozilla/5.0 (Windows NT 10.0; Win64; x64) AppleWebKit/537.36 (KHTML, like Gecko) Chrome/144.0.0.0 Safari/537.36"
64.31.22.34 - - [15/Jan/2026:15:59:03 +0000] "POST /wp/wp-cron.php?doing_wp_cron=1768492743.1313769817352294921875 HTTP/1.1" 200 0 "-" "WordPress/6.9; https://bms69.com/wp"
103.167.159.233 - - [15/Jan/2026:15:59:00 +0000] "GET /wp/wp-admin/post.php?post=432&action=elementor HTTP/2" 200 497679 "https://bms69.com/wp/" "Mozilla/5.0 (Windows NT 10.0; Win64; x64) AppleWebKit/537.36 (KHTML, like Gecko) Chrome/144.0.0.0 Safari/537.36"
103.167.159.233 - - [15/Jan/2026:15:59:04 +0000] "GET /wp/wp-content/plugins/elementor/assets/css/modules/announcements/announcements.min.css?ver=3.34.1 HTTP/2" 200 673 "https://bms69.com/wp/wp-admin/post.php?post=432&action=elementor" "Mozilla/5.0 (Windows NT 10.0; Win64; x64) AppleWebKit/537.36 (KHTML, like Gecko) Chrome/144.0.0.0 Safari/537.36"
103.167.159.233 - - [15/Jan/2026:15:59:09 +0000] "GET /wp/wp-content/plugins/elementor/assets/js/announcements-app.min.js?ver=3.34.1 HTTP/2" 200 9727 "https://bms69.com/wp/wp-admin/post.php?post=432&action=elementor" "Mozilla/5.0 (Windows NT 10.0; Win64; x64) AppleWebKit/537.36 (KHTML, like Gecko) Chrome/144.0.0.0 Safari/537.36"
103.167.159.233 - - [15/Jan/2026:15:59:13 +0000] "POST /wp/wp-admin/admin-ajax.php HTTP/2" 200 71 "https://bms69.com/wp/wp-admin/post.php?post=432&action=elementor" "Mozilla/5.0 (Windows NT 10.0; Win64; x64) AppleWebKit/537.36 (KHTML, like Gecko) Chrome/144.0.0.0 Safari/537.36"
103.167.159.233 - - [15/Jan/2026:15:59:13 +0000] "GET /wp/wp-json/elementor/v1/site-navigation/recent-posts?posts_per_page=6&_locale=user HTTP/2" 200 260 "https://bms69.com/wp/wp-admin/post.php?post=432&action=elementor" "Mozilla/5.0 (Windows NT 10.0; Win64; x64) AppleWebKit/537.36 (KHTML, like Gecko) Chrome/144.0.0.0 Safari/537.36"
103.167.159.233 - - [15/Jan/2026:15:59:13 +0000] "GET /wp/wp-json/elementor/v1/checklist/user-progress HTTP/2" 200 176 "https://bms69.com/wp/wp-admin/post.php?post=432&action=elementor" "Mozilla/5.0 (Windows NT 10.0; Win64; x64) AppleWebKit/537.36 (KHTML, like Gecko) Chrome/144.0.0.0 Safari/537.36"
103.167.159.233 - - [15/Jan/2026:15:59:14 +0000] "GET /wp/wp-json/elementor/v1/kit-elements-defaults HTTP/2" 200 6 "https://bms69.com/wp/wp-admin/post.php?post=432&action=elementor" "Mozilla/5.0 (Windows NT 10.0; Win64; x64) AppleWebKit/537.36 (KHTML, like Gecko) Chrome/144.0.0.0 Safari/537.36"
103.167.159.233 - - [15/Jan/2026:15:59:13 +0000] "GET /wp/?elementor-preview=432&ver=1768492742 HTTP/2" 200 27087 "https://bms69.com/wp/wp-admin/post.php?post=432&action=elementor" "Mozilla/5.0 (Windows NT 10.0; Win64; x64) AppleWebKit/537.36 (KHTML, like Gecko) Chrome/144.0.0.0 Safari/537.36"
103.167.159.233 - - [15/Jan/2026:15:59:16 +0000] "GET /wp/wp-content/uploads/elementor/css/post-386.css?ver=1768492686 HTTP/2" 200 394 "https://bms69.com/wp/?elementor-preview=432&ver=1768492742" "Mozilla/5.0 (Windows NT 10.0; Win64; x64) AppleWebKit/537.36 (KHTML, like Gecko) Chrome/144.0.0.0 Safari/537.36"
103.167.159.233 - - [15/Jan/2026:15:59:14 +0000] "POST /wp/wp-admin/admin-ajax.php HTTP/2" 200 175451 "https://bms69.com/wp/wp-admin/post.php?post=432&action=elementor" "Mozilla/5.0 (Windows NT 10.0; Win64; x64) AppleWebKit/537.36 (KHTML, like Gecko) Chrome/144.0.0.0 Safari/537.36"
103.167.159.233 - - [15/Jan/2026:15:59:15 +0000] "GET /wp/wp-json/surerank/v1/admin/editor?post_id=432&_locale=user HTTP/2" 200 1080 "https://bms69.com/wp/wp-admin/post.php?post=432&action=elementor" "Mozilla/5.0 (Windows NT 10.0; Win64; x64) AppleWebKit/537.36 (KHTML, like Gecko) Chrome/144.0.0.0 Safari/537.36"
103.167.159.233 - - [15/Jan/2026:15:59:17 +0000] "GET /wp/wp-json/surerank/v1/checks/ignore-page-check?post_id=432&check_type=post&_locale=user HTTP/2" 200 73 "https://bms69.com/wp/wp-admin/post.php?post=432&action=elementor" "Mozilla/5.0 (Windows NT 10.0; Win64; x64) AppleWebKit/537.36 (KHTML, like Gecko) Chrome/144.0.0.0 Safari/537.36"
103.167.159.233 - - [15/Jan/2026:15:59:17 +0000] "GET /wp/wp-json/surerank/v1/post/settings?post_id=432&post_type=page&is_taxonomy=&_locale=user HTTP/2" 200 2105 "https://bms69.com/wp/wp-admin/post.php?post=432&action=elementor" "Mozilla/5.0 (Windows NT 10.0; Win64; x64) AppleWebKit/537.36 (KHTML, like Gecko) Chrome/144.0.0.0 Safari/537.36"
103.167.159.233 - - [15/Jan/2026:15:59:20 +0000] "GET /wp/wp-json/elementor/v1/globals HTTP/2" 200 467 "https://bms69.com/wp/wp-admin/post.php?post=432&action=elementor" "Mozilla/5.0 (Windows NT 10.0; Win64; x64) AppleWebKit/537.36 (KHTML, like Gecko) Chrome/144.0.0.0 Safari/537.36"
103.167.159.233 - - [15/Jan/2026:15:59:21 +0000] "GET /wp/wp-json/surerank/v1/checks/page?post_ids%5B0%5D=432&_t=1768579125414&_locale=user HTTP/2" 200 516 "https://bms69.com/wp/wp-admin/post.php?post=432&action=elementor" "Mozilla/5.0 (Windows NT 10.0; Win64; x64) AppleWebKit/537.36 (KHTML, like Gecko) Chrome/144.0.0.0 Safari/537.36"
103.167.159.233 - - [15/Jan/2026:15:59:35 +0000] "GET /wp/wp-content/plugins/wpforms-lite/assets/lib/font-awesome/webfonts/fa-solid-900.woff2 HTTP/2" 200 113260 "https://bms69.com/wp/wp-content/plugins/wpforms-lite/assets/lib/font-awesome/css/all.min.css?ver=7.0.1" "Mozilla/5.0 (Windows NT 10.0; Win64; x64) AppleWebKit/537.36 (KHTML, like Gecko) Chrome/144.0.0.0 Safari/537.36"
103.167.159.233 - - [15/Jan/2026:15:59:34 +0000] "GET /wp/wp-json/elementor/v1/user-data/current-user?context=edit HTTP/2" 200 398 "https://bms69.com/wp/wp-admin/post.php?post=432&action=elementor" "Mozilla/5.0 (Windows NT 10.0; Win64; x64) AppleWebKit/537.36 (KHTML, like Gecko) Chrome/144.0.0.0 Safari/537.36"
103.167.159.233 - - [15/Jan/2026:15:59:34 +0000] "POST /wp/wp-admin/admin-ajax.php HTTP/2" 200 81 "https://bms69.com/wp/wp-admin/post.php?post=432&action=elementor" "Mozilla/5.0 (Windows NT 10.0; Win64; x64) AppleWebKit/537.36 (KHTML, like Gecko) Chrome/144.0.0.0 Safari/537.36"
103.167.159.233 - - [15/Jan/2026:15:59:34 +0000] "POST /wp/wp-admin/admin-ajax.php HTTP/2" 200 76 "https://bms69.com/wp/wp-admin/post.php?post=432&action=elementor" "Mozilla/5.0 (Windows NT 10.0; Win64; x64) AppleWebKit/537.36 (KHTML, like Gecko) Chrome/144.0.0.0 Safari/537.36"
103.167.159.233 - - [15/Jan/2026:15:59:37 +0000] "POST /wp/wp-admin/admin-ajax.php HTTP/2" 200 71 "https://bms69.com/wp/wp-admin/post.php?post=432&action=elementor" "Mozilla/5.0 (Windows NT 10.0; Win64; x64) AppleWebKit/537.36 (KHTML, like Gecko) Chrome/144.0.0.0 Safari/537.36"
103.167.159.233 - - [15/Jan/2026:15:59:37 +0000] "POST /wp/wp-admin/admin-ajax.php HTTP/2" 200 574 "https://bms69.com/wp/wp-admin/post.php?post=432&action=elementor" "Mozilla/5.0 (Windows NT 10.0; Win64; x64) AppleWebKit/537.36 (KHTML, like Gecko) Chrome/144.0.0.0 Safari/537.36"
103.167.159.233 - - [15/Jan/2026:15:59:34 +0000] "GET /wp/wp-content/uploads/2019/04/about-01-free-img-1.jpg HTTP/2" 200 19813 "https://bms69.com/wp/?elementor-preview=432&ver=1768492742" "Mozilla/5.0 (Windows NT 10.0; Win64; x64) AppleWebKit/537.36 (KHTML, like Gecko) Chrome/144.0.0.0 Safari/537.36"
103.167.159.233 - - [15/Jan/2026:15:59:39 +0000] "GET /wp/wp-content/plugins/elementor/assets/js/container-editor-handlers.d0dce3d8a908f0ef65fe.bundle.min.js HTTP/2" 200 2737 "https://bms69.com/wp/?elementor-preview=432&ver=1768492742" "Mozilla/5.0 (Windows NT 10.0; Win64; x64) AppleWebKit/537.36 (KHTML, like Gecko) Chrome/144.0.0.0 Safari/537.36"
103.167.159.233 - - [15/Jan/2026:15:59:39 +0000] "GET /wp/wp-content/plugins/elementor/assets/js/shared-editor-handlers.a182e3f9ce3b8b1e4b74.bundle.min.js HTTP/2" 200 557 "https://bms69.com/wp/?elementor-preview=432&ver=1768492742" "Mozilla/5.0 (Windows NT 10.0; Win64; x64) AppleWebKit/537.36 (KHTML, like Gecko) Chrome/144.0.0.0 Safari/537.36"
103.167.159.233 - - [15/Jan/2026:15:59:44 +0000] "POST /wp/wp-json/surerank/v1/checks/broken-link?_locale=user HTTP/2" 200 98 "https://bms69.com/wp/wp-admin/post.php?post=432&action=elementor" "Mozilla/5.0 (Windows NT 10.0; Win64; x64) AppleWebKit/537.36 (KHTML, like Gecko) Chrome/144.0.0.0 Safari/537.36"
103.167.159.233 - - [15/Jan/2026:15:59:51 +0000] "GET /wp/wp-content/plugins/elementor/assets/lib/font-awesome/js/regular.js HTTP/2" 200 720 "https://bms69.com/wp/wp-admin/post.php?post=432&action=elementor" "Mozilla/5.0 (Windows NT 10.0; Win64; x64) AppleWebKit/537.36 (KHTML, like Gecko) Chrome/144.0.0.0 Safari/537.36"
103.167.159.233 - - [15/Jan/2026:15:59:53 +0000] "GET /wp/wp-content/plugins/elementor/assets/lib/font-awesome/js/solid.js HTTP/2" 200 4373 "https://bms69.com/wp/wp-admin/post.php?post=432&action=elementor" "Mozilla/5.0 (Windows NT 10.0; Win64; x64) AppleWebKit/537.36 (KHTML, like Gecko) Chrome/144.0.0.0 Safari/537.36"
103.167.159.233 - - [15/Jan/2026:15:59:53 +0000] "GET /wp/wp-content/plugins/elementor/assets/lib/font-awesome/js/brands.js HTTP/2" 200 2246 "https://bms69.com/wp/wp-admin/post.php?post=432&action=elementor" "Mozilla/5.0 (Windows NT 10.0; Win64; x64) AppleWebKit/537.36 (KHTML, like Gecko) Chrome/144.0.0.0 Safari/537.36"
103.167.159.233 - - [15/Jan/2026:15:59:52 +0000] "POST /wp/wp-admin/admin-ajax.php HTTP/2" 200 71 "https://bms69.com/wp/wp-admin/post.php?post=432&action=elementor" "Mozilla/5.0 (Windows NT 10.0; Win64; x64) AppleWebKit/537.36 (KHTML, like Gecko) Chrome/144.0.0.0 Safari/537.36"
64.31.22.34 - - [15/Jan/2026:16:00:01 +0000] "POST /wp/wp-cron.php?doing_wp_cron=1768492801.9118359088897705078125 HTTP/1.1" 200 0 "-" "WordPress/6.9; https://bms69.com/wp"
103.167.159.233 - - [15/Jan/2026:16:00:00 +0000] "POST /wp/wp-admin/admin-ajax.php HTTP/2" 200 72 "https://bms69.com/wp/wp-admin/themes.php?page=starter-templates&ci=6&s=real+estate" "Mozilla/5.0 (Windows NT 10.0; Win64; x64) AppleWebKit/537.36 (KHTML, like Gecko) Chrome/144.0.0.0 Safari/537.36"
103.167.159.233 - - [15/Jan/2026:16:00:07 +0000] "POST /wp/wp-admin/admin-ajax.php HTTP/2" 200 71 "https://bms69.com/wp/wp-admin/post.php?post=432&action=elementor" "Mozilla/5.0 (Windows NT 10.0; Win64; x64) AppleWebKit/537.36 (KHTML, like Gecko) Chrome/144.0.0.0 Safari/537.36"
103.167.159.233 - - [15/Jan/2026:16:00:23 +0000] "POST /wp/wp-admin/admin-ajax.php HTTP/2" 200 70 "https://bms69.com/wp/wp-admin/post.php?post=432&action=elementor" "Mozilla/5.0 (Windows NT 10.0; Win64; x64) AppleWebKit/537.36 (KHTML, like Gecko) Chrome/144.0.0.0 Safari/537.36"
103.167.159.233 - - [15/Jan/2026:16:00:23 +0000] "GET /wp/wp-json/elementor/v1/checklist/user-progress HTTP/2" 200 176 "https://bms69.com/wp/wp-admin/post.php?post=432&action=elementor" "Mozilla/5.0 (Windows NT 10.0; Win64; x64) AppleWebKit/537.36 (KHTML, like Gecko) Chrome/144.0.0.0 Safari/537.36"
103.167.159.233 - - [15/Jan/2026:16:00:37 +0000] "POST /wp/wp-admin/admin-ajax.php HTTP/2" 200 71 "https://bms69.com/wp/wp-admin/post.php?post=432&action=elementor" "Mozilla/5.0 (Windows NT 10.0; Win64; x64) AppleWebKit/537.36 (KHTML, like Gecko) Chrome/144.0.0.0 Safari/537.36"
103.167.159.233 - - [15/Jan/2026:16:00:54 +0000] "GET /wp/wp-content/plugins/elementor/assets/lib/font-awesome/webfonts/fa-brands-400.woff2 HTTP/2" 200 81612 "https://bms69.com/wp/wp-content/plugins/elementor/assets/lib/font-awesome/css/brands.min.css?ver=5.15.3" "Mozilla/5.0 (Windows NT 10.0; Win64; x64) AppleWebKit/537.36 (KHTML, like Gecko) Chrome/144.0.0.0 Safari/537.36"
103.167.159.233 - - [15/Jan/2026:16:00:54 +0000] "GET /wp/wp-content/plugins/elementor/assets/lib/font-awesome/webfonts/fa-regular-400.woff2 HTTP/2" 200 13276 "https://bms69.com/wp/wp-content/plugins/elementor/assets/lib/font-awesome/css/regular.min.css?ver=5.15.3" "Mozilla/5.0 (Windows NT 10.0; Win64; x64) AppleWebKit/537.36 (KHTML, like Gecko) Chrome/144.0.0.0 Safari/537.36"
103.167.159.233 - - [15/Jan/2026:16:00:53 +0000] "POST /wp/wp-admin/admin-ajax.php HTTP/2" 200 71 "https://bms69.com/wp/wp-admin/post.php?post=432&action=elementor" "Mozilla/5.0 (Windows NT 10.0; Win64; x64) AppleWebKit/537.36 (KHTML, like Gecko) Chrome/144.0.0.0 Safari/537.36"
103.167.159.233 - - [15/Jan/2026:16:01:15 +0000] "POST /wp/wp-admin/admin-ajax.php HTTP/2" 200 71 "https://bms69.com/wp/wp-admin/post.php?post=432&action=elementor" "Mozilla/5.0 (Windows NT 10.0; Win64; x64) AppleWebKit/537.36 (KHTML, like Gecko) Chrome/144.0.0.0 Safari/537.36"
103.167.159.233 - - [15/Jan/2026:16:01:15 +0000] "POST /wp/wp-admin/admin-ajax.php HTTP/2" 200 284 "https://bms69.com/wp/wp-admin/post.php?post=432&action=elementor" "Mozilla/5.0 (Windows NT 10.0; Win64; x64) AppleWebKit/537.36 (KHTML, like Gecko) Chrome/144.0.0.0 Safari/537.36"
103.167.159.233 - - [15/Jan/2026:16:01:25 +0000] "GET /wp/wp-content/plugins/elementor/assets/images/go-pro.svg HTTP/2" 200 7834 "https://bms69.com/wp/wp-admin/post.php?post=432&action=elementor" "Mozilla/5.0 (Windows NT 10.0; Win64; x64) AppleWebKit/537.36 (KHTML, like Gecko) Chrome/144.0.0.0 Safari/537.36"
103.167.159.233 - - [15/Jan/2026:16:01:30 +0000] "POST /wp/wp-admin/admin-ajax.php HTTP/2" 200 71 "https://bms69.com/wp/wp-admin/post.php?post=432&action=elementor" "Mozilla/5.0 (Windows NT 10.0; Win64; x64) AppleWebKit/537.36 (KHTML, like Gecko) Chrome/144.0.0.0 Safari/537.36"
103.167.159.233 - - [15/Jan/2026:16:01:45 +0000] "POST /wp/wp-admin/admin-ajax.php HTTP/2" 200 71 "https://bms69.com/wp/wp-admin/post.php?post=432&action=elementor" "Mozilla/5.0 (Windows NT 10.0; Win64; x64) AppleWebKit/537.36 (KHTML, like Gecko) Chrome/144.0.0.0 Safari/537.36"
103.167.159.233 - - [15/Jan/2026:16:01:46 +0000] "POST /wp/wp-admin/admin-ajax.php HTTP/2" 200 194 "https://bms69.com/wp/wp-admin/post.php?post=432&action=elementor" "Mozilla/5.0 (Windows NT 10.0; Win64; x64) AppleWebKit/537.36 (KHTML, like Gecko) Chrome/144.0.0.0 Safari/537.36"
64.31.22.34 - - [15/Jan/2026:16:02:02 +0000] "POST /wp/wp-cron.php?doing_wp_cron=1768492922.7509160041809082031250 HTTP/1.1" 200 0 "-" "WordPress/6.9; https://bms69.com/wp"
103.167.159.233 - - [15/Jan/2026:16:02:00 +0000] "POST /wp/wp-admin/admin-ajax.php HTTP/2" 200 70 "https://bms69.com/wp/wp-admin/post.php?post=432&action=elementor" "Mozilla/5.0 (Windows NT 10.0; Win64; x64) AppleWebKit/537.36 (KHTML, like Gecko) Chrome/144.0.0.0 Safari/537.36"
103.167.159.233 - - [15/Jan/2026:16:02:01 +0000] "POST /wp/wp-admin/admin-ajax.php HTTP/2" 200 72 "https://bms69.com/wp/wp-admin/themes.php?page=starter-templates&ci=6&s=real+estate" "Mozilla/5.0 (Windows NT 10.0; Win64; x64) AppleWebKit/537.36 (KHTML, like Gecko) Chrome/144.0.0.0 Safari/537.36"
103.167.159.233 - - [15/Jan/2026:15:59:34 +0000] "GET /wp/wp-content/uploads/2020/01/estate-living-window-1.jpg HTTP/2" 200 1831551 "https://bms69.com/wp/?elementor-preview=432&ver=1768492742" "Mozilla/5.0 (Windows NT 10.0; Win64; x64) AppleWebKit/537.36 (KHTML, like Gecko) Chrome/144.0.0.0 Safari/537.36"
103.167.159.233 - - [15/Jan/2026:15:59:39 +0000] "GET /wp/wp-content/uploads/2020/01/estate-pool-1.jpg HTTP/2" 200 1718156 "https://bms69.com/wp/?elementor-preview=432&ver=1768492742" "Mozilla/5.0 (Windows NT 10.0; Win64; x64) AppleWebKit/537.36 (KHTML, like Gecko) Chrome/144.0.0.0 Safari/537.36"
103.167.159.233 - - [15/Jan/2026:16:02:05 +0000] "POST /wp/wp-admin/admin-ajax.php HTTP/2" 200 547 "https://bms69.com/wp/wp-admin/post.php?post=432&action=elementor" "Mozilla/5.0 (Windows NT 10.0; Win64; x64) AppleWebKit/537.36 (KHTML, like Gecko) Chrome/144.0.0.0 Safari/537.36"
103.167.159.233 - - [15/Jan/2026:16:02:15 +0000] "POST /wp/wp-admin/admin-ajax.php HTTP/2" 200 71 "https://bms69.com/wp/wp-admin/post.php?post=432&action=elementor" "Mozilla/5.0 (Windows NT 10.0; Win64; x64) AppleWebKit/537.36 (KHTML, like Gecko) Chrome/144.0.0.0 Safari/537.36"
103.167.159.233 - - [15/Jan/2026:16:02:30 +0000] "POST /wp/wp-admin/admin-ajax.php HTTP/2" 200 71 "https://bms69.com/wp/wp-admin/post.php?post=432&action=elementor" "Mozilla/5.0 (Windows NT 10.0; Win64; x64) AppleWebKit/537.36 (KHTML, like Gecko) Chrome/144.0.0.0 Safari/537.36"
103.167.159.233 - - [15/Jan/2026:16:02:45 +0000] "POST /wp/wp-admin/admin-ajax.php HTTP/2" 200 71 "https://bms69.com/wp/wp-admin/post.php?post=432&action=elementor" "Mozilla/5.0 (Windows NT 10.0; Win64; x64) AppleWebKit/537.36 (KHTML, like Gecko) Chrome/144.0.0.0 Safari/537.36"
103.167.159.233 - - [15/Jan/2026:16:02:46 +0000] "GET /wp/wp-includes/images/spinner-2x.gif HTTP/2" 200 7536 "https://bms69.com/wp/wp-includes/css/media-views.min.css?ver=6.9" "Mozilla/5.0 (Windows NT 10.0; Win64; x64) AppleWebKit/537.36 (KHTML, like Gecko) Chrome/144.0.0.0 Safari/537.36"
103.167.159.233 - - [15/Jan/2026:16:02:47 +0000] "GET /wp/wp-includes/images/uploader-icons-2x.png HTTP/2" 200 3542 "https://bms69.com/wp/wp-includes/css/media-views.min.css?ver=6.9" "Mozilla/5.0 (Windows NT 10.0; Win64; x64) AppleWebKit/537.36 (KHTML, like Gecko) Chrome/144.0.0.0 Safari/537.36"
103.167.159.233 - - [15/Jan/2026:16:02:47 +0000] "POST /wp/wp-admin/async-upload.php HTTP/2" 200 596 "https://bms69.com/wp/wp-admin/post.php?post=432&action=elementor" "Mozilla/5.0 (Windows NT 10.0; Win64; x64) AppleWebKit/537.36 (KHTML, like Gecko) Chrome/144.0.0.0 Safari/537.36"
103.167.159.233 - - [15/Jan/2026:16:02:55 +0000] "GET /wp/wp-content/uploads/2026/01/A-professional-Faceb-1-300x300.png HTTP/2" 200 86705 "https://bms69.com/wp/wp-admin/post.php?post=432&action=elementor" "Mozilla/5.0 (Windows NT 10.0; Win64; x64) AppleWebKit/537.36 (KHTML, like Gecko) Chrome/144.0.0.0 Safari/537.36"
103.167.159.233 - - [15/Jan/2026:16:02:57 +0000] "POST /wp/wp-admin/admin-ajax.php HTTP/2" 200 596 "https://bms69.com/wp/wp-admin/post.php?post=432&action=elementor" "Mozilla/5.0 (Windows NT 10.0; Win64; x64) AppleWebKit/537.36 (KHTML, like Gecko) Chrome/144.0.0.0 Safari/537.36"
103.167.159.233 - - [15/Jan/2026:16:03:00 +0000] "POST /wp/wp-admin/admin-ajax.php HTTP/2" 200 71 "https://bms69.com/wp/wp-admin/post.php?post=432&action=elementor" "Mozilla/5.0 (Windows NT 10.0; Win64; x64) AppleWebKit/537.36 (KHTML, like Gecko) Chrome/144.0.0.0 Safari/537.36"
64.31.22.34 - - [15/Jan/2026:16:03:16 +0000] "POST /wp/wp-cron.php?doing_wp_cron=1768492996.6817269325256347656250 HTTP/1.1" 200 0 "-" "WordPress/6.9; https://bms69.com/wp"
103.167.159.233 - - [15/Jan/2026:16:03:15 +0000] "POST /wp/wp-admin/admin-ajax.php HTTP/2" 200 71 "https://bms69.com/wp/wp-admin/post.php?post=432&action=elementor" "Mozilla/5.0 (Windows NT 10.0; Win64; x64) AppleWebKit/537.36 (KHTML, like Gecko) Chrome/144.0.0.0 Safari/537.36"
103.167.159.233 - - [15/Jan/2026:16:03:16 +0000] "POST /wp/wp-admin/admin-ajax.php HTTP/2" 200 596 "https://bms69.com/wp/wp-admin/post.php?post=432&action=elementor" "Mozilla/5.0 (Windows NT 10.0; Win64; x64) AppleWebKit/537.36 (KHTML, like Gecko) Chrome/144.0.0.0 Safari/537.36"
103.167.159.233 - - [15/Jan/2026:16:03:21 +0000] "POST /wp/wp-admin/admin-ajax.php HTTP/2" 200 100 "https://bms69.com/wp/wp-admin/post.php?post=432&action=elementor" "Mozilla/5.0 (Windows NT 10.0; Win64; x64) AppleWebKit/537.36 (KHTML, like Gecko) Chrome/144.0.0.0 Safari/537.36"
103.167.159.233 - - [15/Jan/2026:16:03:30 +0000] "POST /wp/wp-admin/admin-ajax.php HTTP/2" 200 97 "https://bms69.com/wp/wp-admin/post.php?post=432&action=elementor" "Mozilla/5.0 (Windows NT 10.0; Win64; x64) AppleWebKit/537.36 (KHTML, like Gecko) Chrome/144.0.0.0 Safari/537.36"
103.167.159.233 - - [15/Jan/2026:16:03:36 +0000] "POST /wp/wp-admin/admin-ajax.php HTTP/2" 200 71 "https://bms69.com/wp/wp-admin/post.php?post=432&action=elementor" "Mozilla/5.0 (Windows NT 10.0; Win64; x64) AppleWebKit/537.36 (KHTML, like Gecko) Chrome/144.0.0.0 Safari/537.36"
103.167.159.233 - - [15/Jan/2026:16:04:02 +0000] "POST /wp/wp-admin/admin-ajax.php HTTP/2" 200 73 "https://bms69.com/wp/wp-admin/themes.php?page=starter-templates&ci=6&s=real+estate" "Mozilla/5.0 (Windows NT 10.0; Win64; x64) AppleWebKit/537.36 (KHTML, like Gecko) Chrome/144.0.0.0 Safari/537.36"
64.31.22.34 - - [15/Jan/2026:16:04:17 +0000] "POST /wp/wp-cron.php?doing_wp_cron=1768493057.9066538810729980468750 HTTP/1.1" 200 0 "-" "WordPress/6.9; https://bms69.com/wp"
64.31.22.34 - - [15/Jan/2026:16:04:19 +0000] "POST /wp/wp-cron.php?doing_wp_cron=1768493059.0449149608612060546875 HTTP/1.1" 200 0 "-" "WordPress/6.9; https://bms69.com/wp"
103.167.159.233 - - [15/Jan/2026:16:04:17 +0000] "GET /wp/wp-json/elementor/v1/checklist/user-progress HTTP/2" 200 176 "https://bms69.com/wp/wp-admin/post.php?post=432&action=elementor" "Mozilla/5.0 (Windows NT 10.0; Win64; x64) AppleWebKit/537.36 (KHTML, like Gecko) Chrome/144.0.0.0 Safari/537.36"
103.167.159.233 - - [15/Jan/2026:16:04:17 +0000] "POST /wp/wp-admin/admin-ajax.php HTTP/2" 200 586 "https://bms69.com/wp/wp-admin/post.php?post=432&action=elementor" "Mozilla/5.0 (Windows NT 10.0; Win64; x64) AppleWebKit/537.36 (KHTML, like Gecko) Chrome/144.0.0.0 Safari/537.36"
103.167.159.233 - - [15/Jan/2026:16:04:27 +0000] "GET /wp/wp-json/elementor/v1/checklist/user-progress HTTP/2" 200 176 "https://bms69.com/wp/wp-admin/post.php?post=432&action=elementor" "Mozilla/5.0 (Windows NT 10.0; Win64; x64) AppleWebKit/537.36 (KHTML, like Gecko) Chrome/144.0.0.0 Safari/537.36"
103.167.159.233 - - [15/Jan/2026:16:04:27 +0000] "POST /wp/wp-admin/admin-ajax.php HTTP/2" 200 396 "https://bms69.com/wp/wp-admin/post.php?post=432&action=elementor" "Mozilla/5.0 (Windows NT 10.0; Win64; x64) AppleWebKit/537.36 (KHTML, like Gecko) Chrome/144.0.0.0 Safari/537.36"
103.167.159.233 - - [15/Jan/2026:16:04:46 +0000] "POST /wp/wp-admin/admin-ajax.php HTTP/2" 200 71 "https://bms69.com/wp/wp-admin/post.php?post=432&action=elementor" "Mozilla/5.0 (Windows NT 10.0; Win64; x64) AppleWebKit/537.36 (KHTML, like Gecko) Chrome/144.0.0.0 Safari/537.36"
103.167.159.233 - - [15/Jan/2026:16:02:57 +0000] "GET /wp/wp-content/uploads/2026/01/A-professional-Faceb-1.png HTTP/2" 200 1429297 "https://bms69.com/wp/wp-admin/post.php?post=432&action=elementor" "Mozilla/5.0 (Windows NT 10.0; Win64; x64) AppleWebKit/537.36 (KHTML, like Gecko) Chrome/144.0.0.0 Safari/537.36"
103.167.159.233 - - [15/Jan/2026:16:05:01 +0000] "POST /wp/wp-admin/admin-ajax.php HTTP/2" 200 71 "https://bms69.com/wp/wp-admin/post.php?post=432&action=elementor" "Mozilla/5.0 (Windows NT 10.0; Win64; x64) AppleWebKit/537.36 (KHTML, like Gecko) Chrome/144.0.0.0 Safari/537.36"
103.167.159.233 - - [15/Jan/2026:16:05:13 +0000] "GET /wp/wp-includes/js/tinymce/skins/lightgray/skin.min.css?wp-mce-49110-20250317 HTTP/2" 200 8110 "https://bms69.com/wp/wp-admin/post.php?post=432&action=elementor" "Mozilla/5.0 (Windows NT 10.0; Win64; x64) AppleWebKit/537.36 (KHTML, like Gecko) Chrome/144.0.0.0 Safari/537.36"
103.167.159.233 - - [15/Jan/2026:16:05:13 +0000] "GET /wp/wp-content/themes/astra/assets/css/minified/editor-style.min.css?wp-mce-49110-20250317 HTTP/2" 200 4008 "https://bms69.com/wp/wp-admin/post.php?post=432&action=elementor" "Mozilla/5.0 (Windows NT 10.0; Win64; x64) AppleWebKit/537.36 (KHTML, like Gecko) Chrome/144.0.0.0 Safari/537.36"
103.167.159.233 - - [15/Jan/2026:16:05:13 +0000] "GET /wp/wp-includes/js/tinymce/skins/lightgray/content.min.css?wp-mce-49110-20250317 HTTP/2" 200 1162 "https://bms69.com/wp/wp-admin/post.php?post=432&action=elementor" "Mozilla/5.0 (Windows NT 10.0; Win64; x64) AppleWebKit/537.36 (KHTML, like Gecko) Chrome/144.0.0.0 Safari/537.36"
103.167.159.233 - - [15/Jan/2026:16:05:13 +0000] "GET /wp/wp-includes/css/dashicons.min.css?ver=6.9&wp-mce-49110-20250317 HTTP/2" 200 35101 "https://bms69.com/wp/wp-admin/post.php?post=432&action=elementor" "Mozilla/5.0 (Windows NT 10.0; Win64; x64) AppleWebKit/537.36 (KHTML, like Gecko) Chrome/144.0.0.0 Safari/537.36"
103.167.159.233 - - [15/Jan/2026:16:05:13 +0000] "GET /wp/wp-includes/js/tinymce/skins/wordpress/wp-content.css?ver=6.9&wp-mce-49110-20250317 HTTP/2" 200 2416 "https://bms69.com/wp/wp-admin/post.php?post=432&action=elementor" "Mozilla/5.0 (Windows NT 10.0; Win64; x64) AppleWebKit/537.36 (KHTML, like Gecko) Chrome/144.0.0.0 Safari/537.36"
103.167.159.233 - - [15/Jan/2026:16:05:13 +0000] "POST /wp/wp-admin/admin-ajax.php HTTP/2" 200 678 "https://bms69.com/wp/wp-admin/post.php?post=432&action=elementor" "Mozilla/5.0 (Windows NT 10.0; Win64; x64) AppleWebKit/537.36 (KHTML, like Gecko) Chrome/144.0.0.0 Safari/537.36"
103.167.159.233 - - [15/Jan/2026:16:05:14 +0000] "GET /wp/wp-includes/js/tinymce/skins/lightgray/fonts/tinymce.woff HTTP/2" 200 18824 "https://bms69.com/wp/wp-includes/js/tinymce/skins/lightgray/skin.min.css?wp-mce-49110-20250317" "Mozilla/5.0 (Windows NT 10.0; Win64; x64) AppleWebKit/537.36 (KHTML, like Gecko) Chrome/144.0.0.0 Safari/537.36"
103.167.159.233 - - [15/Jan/2026:16:05:16 +0000] "POST /wp/wp-admin/admin-ajax.php HTTP/2" 200 71 "https://bms69.com/wp/wp-admin/post.php?post=432&action=elementor" "Mozilla/5.0 (Windows NT 10.0; Win64; x64) AppleWebKit/537.36 (KHTML, like Gecko) Chrome/144.0.0.0 Safari/537.36"
103.167.159.233 - - [15/Jan/2026:16:05:31 +0000] "POST /wp/wp-admin/admin-ajax.php HTTP/2" 200 71 "https://bms69.com/wp/wp-admin/post.php?post=432&action=elementor" "Mozilla/5.0 (Windows NT 10.0; Win64; x64) AppleWebKit/537.36 (KHTML, like Gecko) Chrome/144.0.0.0 Safari/537.36"
103.167.159.233 - - [15/Jan/2026:16:05:46 +0000] "POST /wp/wp-admin/admin-ajax.php HTTP/2" 200 71 "https://bms69.com/wp/wp-admin/post.php?post=432&action=elementor" "Mozilla/5.0 (Windows NT 10.0; Win64; x64) AppleWebKit/537.36 (KHTML, like Gecko) Chrome/144.0.0.0 Safari/537.36"
64.31.22.34 - - [15/Jan/2026:16:06:02 +0000] "POST /wp/wp-cron.php?doing_wp_cron=1768493162.6291389465332031250000 HTTP/1.1" 200 0 "-" "WordPress/6.9; https://bms69.com/wp"
103.167.159.233 - - [15/Jan/2026:16:06:01 +0000] "POST /wp/wp-admin/admin-ajax.php HTTP/2" 200 71 "https://bms69.com/wp/wp-admin/post.php?post=432&action=elementor" "Mozilla/5.0 (Windows NT 10.0; Win64; x64) AppleWebKit/537.36 (KHTML, like Gecko) Chrome/144.0.0.0 Safari/537.36"
103.167.159.233 - - [15/Jan/2026:16:06:03 +0000] "POST /wp/wp-admin/admin-ajax.php HTTP/2" 200 72 "https://bms69.com/wp/wp-admin/themes.php?page=starter-templates&ci=6&s=real+estate" "Mozilla/5.0 (Windows NT 10.0; Win64; x64) AppleWebKit/537.36 (KHTML, like Gecko) Chrome/144.0.0.0 Safari/537.36"
103.167.159.233 - - [15/Jan/2026:16:06:16 +0000] "POST /wp/wp-admin/admin-ajax.php HTTP/2" 200 71 "https://bms69.com/wp/wp-admin/post.php?post=432&action=elementor" "Mozilla/5.0 (Windows NT 10.0; Win64; x64) AppleWebKit/537.36 (KHTML, like Gecko) Chrome/144.0.0.0 Safari/537.36"
103.167.159.233 - - [15/Jan/2026:16:06:23 +0000] "POST /wp/wp-admin/admin-ajax.php HTTP/2" 200 211 "https://bms69.com/wp/wp-admin/post.php?post=432&action=elementor" "Mozilla/5.0 (Windows NT 10.0; Win64; x64) AppleWebKit/537.36 (KHTML, like Gecko) Chrome/144.0.0.0 Safari/537.36"
103.167.159.233 - - [15/Jan/2026:16:06:23 +0000] "POST /wp/wp-admin/admin-ajax.php HTTP/2" 200 20 "https://bms69.com/wp/wp-admin/post.php?post=432&action=elementor" "Mozilla/5.0 (Windows NT 10.0; Win64; x64) AppleWebKit/537.36 (KHTML, like Gecko) Chrome/144.0.0.0 Safari/537.36"
103.167.159.233 - - [15/Jan/2026:16:06:31 +0000] "POST /wp/wp-admin/admin-ajax.php HTTP/2" 200 71 "https://bms69.com/wp/wp-admin/post.php?post=432&action=elementor" "Mozilla/5.0 (Windows NT 10.0; Win64; x64) AppleWebKit/537.36 (KHTML, like Gecko) Chrome/144.0.0.0 Safari/537.36"
103.167.159.233 - - [15/Jan/2026:16:06:46 +0000] "POST /wp/wp-admin/admin-ajax.php HTTP/2" 200 71 "https://bms69.com/wp/wp-admin/post.php?post=432&action=elementor" "Mozilla/5.0 (Windows NT 10.0; Win64; x64) AppleWebKit/537.36 (KHTML, like Gecko) Chrome/144.0.0.0 Safari/537.36"
103.167.159.233 - - [15/Jan/2026:16:06:57 +0000] "POST /wp/wp-admin/admin-ajax.php HTTP/2" 200 318 "https://bms69.com/wp/wp-admin/post.php?post=432&action=elementor" "Mozilla/5.0 (Windows NT 10.0; Win64; x64) AppleWebKit/537.36 (KHTML, like Gecko) Chrome/144.0.0.0 Safari/537.36"
103.167.159.233 - - [15/Jan/2026:16:07:02 +0000] "POST /wp/wp-admin/admin-ajax.php HTTP/2" 200 70 "https://bms69.com/wp/wp-admin/post.php?post=432&action=elementor" "Mozilla/5.0 (Windows NT 10.0; Win64; x64) AppleWebKit/537.36 (KHTML, like Gecko) Chrome/144.0.0.0 Safari/537.36"
103.167.159.233 - - [15/Jan/2026:16:07:17 +0000] "POST /wp/wp-admin/admin-ajax.php HTTP/2" 200 71 "https://bms69.com/wp/wp-admin/post.php?post=432&action=elementor" "Mozilla/5.0 (Windows NT 10.0; Win64; x64) AppleWebKit/537.36 (KHTML, like Gecko) Chrome/144.0.0.0 Safari/537.36"
103.167.159.233 - - [15/Jan/2026:16:07:32 +0000] "POST /wp/wp-admin/admin-ajax.php HTTP/2" 200 70 "https://bms69.com/wp/wp-admin/post.php?post=432&action=elementor" "Mozilla/5.0 (Windows NT 10.0; Win64; x64) AppleWebKit/537.36 (KHTML, like Gecko) Chrome/144.0.0.0 Safari/537.36"
103.167.159.233 - - [15/Jan/2026:16:07:37 +0000] "POST /wp/wp-admin/admin-ajax.php HTTP/2" 200 20 "https://bms69.com/wp/wp-admin/post.php?post=432&action=elementor" "Mozilla/5.0 (Windows NT 10.0; Win64; x64) AppleWebKit/537.36 (KHTML, like Gecko) Chrome/144.0.0.0 Safari/537.36"
103.167.159.233 - - [15/Jan/2026:16:07:36 +0000] "POST /wp/wp-admin/admin-ajax.php HTTP/2" 200 285 "https://bms69.com/wp/wp-admin/post.php?post=432&action=elementor" "Mozilla/5.0 (Windows NT 10.0; Win64; x64) AppleWebKit/537.36 (KHTML, like Gecko) Chrome/144.0.0.0 Safari/537.36"
103.167.159.233 - - [15/Jan/2026:16:07:47 +0000] "POST /wp/wp-admin/admin-ajax.php HTTP/2" 200 71 "https://bms69.com/wp/wp-admin/post.php?post=432&action=elementor" "Mozilla/5.0 (Windows NT 10.0; Win64; x64) AppleWebKit/537.36 (KHTML, like Gecko) Chrome/144.0.0.0 Safari/537.36"
103.167.159.233 - - [15/Jan/2026:16:07:54 +0000] "POST /wp/wp-admin/admin-ajax.php HTTP/2" 200 625 "https://bms69.com/wp/wp-admin/post.php?post=432&action=elementor" "Mozilla/5.0 (Windows NT 10.0; Win64; x64) AppleWebKit/537.36 (KHTML, like Gecko) Chrome/144.0.0.0 Safari/537.36"
64.31.22.34 - - [15/Jan/2026:16:08:03 +0000] "POST /wp/wp-cron.php?doing_wp_cron=1768493283.0333878993988037109375 HTTP/1.1" 200 0 "-" "WordPress/6.9; https://bms69.com/wp"
103.167.159.233 - - [15/Jan/2026:16:08:02 +0000] "POST /wp/wp-admin/admin-ajax.php HTTP/2" 200 71 "https://bms69.com/wp/wp-admin/post.php?post=432&action=elementor" "Mozilla/5.0 (Windows NT 10.0; Win64; x64) AppleWebKit/537.36 (KHTML, like Gecko) Chrome/144.0.0.0 Safari/537.36"
103.167.159.233 - - [15/Jan/2026:16:08:17 +0000] "POST /wp/wp-admin/admin-ajax.php HTTP/2" 200 71 "https://bms69.com/wp/wp-admin/post.php?post=432&action=elementor" "Mozilla/5.0 (Windows NT 10.0; Win64; x64) AppleWebKit/537.36 (KHTML, like Gecko) Chrome/144.0.0.0 Safari/537.36"
103.167.159.233 - - [15/Jan/2026:16:08:26 +0000] "POST /wp/wp-admin/admin-ajax.php HTTP/2" 200 625 "https://bms69.com/wp/wp-admin/post.php?post=432&action=elementor" "Mozilla/5.0 (Windows NT 10.0; Win64; x64) AppleWebKit/537.36 (KHTML, like Gecko) Chrome/144.0.0.0 Safari/537.36"
103.167.159.233 - - [15/Jan/2026:16:08:32 +0000] "POST /wp/wp-admin/admin-ajax.php HTTP/2" 200 71 "https://bms69.com/wp/wp-admin/post.php?post=432&action=elementor" "Mozilla/5.0 (Windows NT 10.0; Win64; x64) AppleWebKit/537.36 (KHTML, like Gecko) Chrome/144.0.0.0 Safari/537.36"
103.167.159.233 - - [15/Jan/2026:16:08:48 +0000] "POST /wp/wp-admin/admin-ajax.php HTTP/2" 200 71 "https://bms69.com/wp/wp-admin/post.php?post=432&action=elementor" "Mozilla/5.0 (Windows NT 10.0; Win64; x64) AppleWebKit/537.36 (KHTML, like Gecko) Chrome/144.0.0.0 Safari/537.36"
64.31.22.34 - - [15/Jan/2026:16:09:29 +0000] "POST /wp/wp-cron.php?doing_wp_cron=1768493369.9595708847045898437500 HTTP/1.1" 200 0 "-" "WordPress/6.9; https://bms69.com/wp"
103.167.159.233 - - [15/Jan/2026:16:09:29 +0000] "POST /wp/wp-admin/admin-ajax.php HTTP/2" 200 71 "https://bms69.com/wp/wp-admin/post.php?post=432&action=elementor" "Mozilla/5.0 (Windows NT 10.0; Win64; x64) AppleWebKit/537.36 (KHTML, like Gecko) Chrome/144.0.0.0 Safari/537.36"
103.167.159.233 - - [15/Jan/2026:16:09:29 +0000] "GET /wp/wp-json/elementor/v1/checklist/user-progress HTTP/2" 200 176 "https://bms69.com/wp/wp-admin/post.php?post=432&action=elementor" "Mozilla/5.0 (Windows NT 10.0; Win64; x64) AppleWebKit/537.36 (KHTML, like Gecko) Chrome/144.0.0.0 Safari/537.36"
103.167.159.233 - - [15/Jan/2026:16:09:30 +0000] "POST /wp/wp-admin/admin-ajax.php HTTP/2" 200 583 "https://bms69.com/wp/wp-admin/post.php?post=432&action=elementor" "Mozilla/5.0 (Windows NT 10.0; Win64; x64) AppleWebKit/537.36 (KHTML, like Gecko) Chrome/144.0.0.0 Safari/537.36"
103.167.159.233 - - [15/Jan/2026:16:09:35 +0000] "GET /wp/wp-json/elementor/v1/checklist/user-progress HTTP/2" 200 176 "https://bms69.com/wp/wp-admin/post.php?post=432&action=elementor" "Mozilla/5.0 (Windows NT 10.0; Win64; x64) AppleWebKit/537.36 (KHTML, like Gecko) Chrome/144.0.0.0 Safari/537.36"
103.167.159.233 - - [15/Jan/2026:16:09:44 +0000] "POST /wp/wp-admin/admin-ajax.php HTTP/2" 200 71 "https://bms69.com/wp/wp-admin/post.php?post=432&action=elementor" "Mozilla/5.0 (Windows NT 10.0; Win64; x64) AppleWebKit/537.36 (KHTML, like Gecko) Chrome/144.0.0.0 Safari/537.36"
103.167.159.233 - - [15/Jan/2026:16:09:59 +0000] "POST /wp/wp-admin/admin-ajax.php HTTP/2" 200 71 "https://bms69.com/wp/wp-admin/post.php?post=432&action=elementor" "Mozilla/5.0 (Windows NT 10.0; Win64; x64) AppleWebKit/537.36 (KHTML, like Gecko) Chrome/144.0.0.0 Safari/537.36"
64.31.22.34 - - [15/Jan/2026:16:10:15 +0000] "POST /wp/wp-cron.php?doing_wp_cron=1768493415.0775649547576904296875 HTTP/1.1" 200 0 "-" "WordPress/6.9; https://bms69.com/wp"
103.167.159.233 - - [15/Jan/2026:16:10:14 +0000] "POST /wp/wp-admin/admin-ajax.php HTTP/2" 200 71 "https://bms69.com/wp/wp-admin/post.php?post=432&action=elementor" "Mozilla/5.0 (Windows NT 10.0; Win64; x64) AppleWebKit/537.36 (KHTML, like Gecko) Chrome/144.0.0.0 Safari/537.36"
103.167.159.233 - - [15/Jan/2026:16:10:29 +0000] "POST /wp/wp-admin/admin-ajax.php HTTP/2" 200 71 "https://bms69.com/wp/wp-admin/post.php?post=432&action=elementor" "Mozilla/5.0 (Windows NT 10.0; Win64; x64) AppleWebKit/537.36 (KHTML, like Gecko) Chrome/144.0.0.0 Safari/537.36"
103.167.159.233 - - [15/Jan/2026:16:10:34 +0000] "POST /wp/wp-admin/admin-ajax.php HTTP/2" 200 625 "https://bms69.com/wp/wp-admin/post.php?post=432&action=elementor" "Mozilla/5.0 (Windows NT 10.0; Win64; x64) AppleWebKit/537.36 (KHTML, like Gecko) Chrome/144.0.0.0 Safari/537.36"
103.167.159.233 - - [15/Jan/2026:16:10:35 +0000] "GET /wp/wp-json/elementor/v1/checklist/user-progress HTTP/2" 200 176 "https://bms69.com/wp/wp-admin/post.php?post=432&action=elementor" "Mozilla/5.0 (Windows NT 10.0; Win64; x64) AppleWebKit/537.36 (KHTML, like Gecko) Chrome/144.0.0.0 Safari/537.36"
103.167.159.233 - - [15/Jan/2026:16:10:36 +0000] "POST /wp/wp-admin/admin-ajax.php HTTP/2" 200 582 "https://bms69.com/wp/wp-admin/post.php?post=432&action=elementor" "Mozilla/5.0 (Windows NT 10.0; Win64; x64) AppleWebKit/537.36 (KHTML, like Gecko) Chrome/144.0.0.0 Safari/537.36"
103.167.159.233 - - [15/Jan/2026:16:10:42 +0000] "GET /wp/wp-json/elementor/v1/checklist/user-progress HTTP/2" 200 176 "https://bms69.com/wp/wp-admin/post.php?post=432&action=elementor" "Mozilla/5.0 (Windows NT 10.0; Win64; x64) AppleWebKit/537.36 (KHTML, like Gecko) Chrome/144.0.0.0 Safari/537.36"
103.167.159.233 - - [15/Jan/2026:16:10:44 +0000] "POST /wp/wp-admin/admin-ajax.php HTTP/2" 200 71 "https://bms69.com/wp/wp-admin/post.php?post=432&action=elementor" "Mozilla/5.0 (Windows NT 10.0; Win64; x64) AppleWebKit/537.36 (KHTML, like Gecko) Chrome/144.0.0.0 Safari/537.36"
