103.167.159.242 - - [15/Jan/2026:14:03:58 +0000] "POST /wp/wp-admin/admin-ajax.php HTTP/2" 200 20 "https://bms69.com/wp/wp-admin/themes.php?page=starter-templates&ci=1" "Mozilla/5.0 (Windows NT 10.0; Win64; x64) AppleWebKit/537.36 (KHTML, like Gecko) Chrome/144.0.0.0 Safari/537.36"
103.167.159.242 - - [15/Jan/2026:14:03:58 +0000] "POST /wp/wp-admin/admin-ajax.php HTTP/2" 200 237578 "https://bms69.com/wp/wp-admin/themes.php?page=starter-templates&ci=1" "Mozilla/5.0 (Windows NT 10.0; Win64; x64) AppleWebKit/537.36 (KHTML, like Gecko) Chrome/144.0.0.0 Safari/537.36"
103.167.159.242 - - [15/Jan/2026:14:03:59 +0000] "POST /wp/wp-admin/admin-ajax.php HTTP/2" 200 45 "https://bms69.com/wp/wp-admin/themes.php?page=starter-templates&ci=2" "Mozilla/5.0 (Windows NT 10.0; Win64; x64) AppleWebKit/537.36 (KHTML, like Gecko) Chrome/144.0.0.0 Safari/537.36"
103.167.159.242 - - [15/Jan/2026:14:04:00 +0000] "POST /wp/wp-admin/admin-ajax.php HTTP/2" 200 313737 "https://bms69.com/wp/wp-admin/themes.php?page=starter-templates&ci=2" "Mozilla/5.0 (Windows NT 10.0; Win64; x64) AppleWebKit/537.36 (KHTML, like Gecko) Chrome/144.0.0.0 Safari/537.36"
103.167.159.242 - - [15/Jan/2026:14:04:02 +0000] "POST /wp/wp-admin/admin-ajax.php HTTP/2" 200 689 "https://bms69.com/wp/wp-admin/themes.php?page=starter-templates&ci=2" "Mozilla/5.0 (Windows NT 10.0; Win64; x64) AppleWebKit/537.36 (KHTML, like Gecko) Chrome/144.0.0.0 Safari/537.36"
103.167.159.242 - - [15/Jan/2026:14:04:03 +0000] "POST /wp/wp-admin/admin-ajax.php HTTP/2" 200 5049 "https://bms69.com/wp/wp-admin/themes.php?page=starter-templates&ci=2" "Mozilla/5.0 (Windows NT 10.0; Win64; x64) AppleWebKit/537.36 (KHTML, like Gecko) Chrome/144.0.0.0 Safari/537.36"
64.31.22.34 - - [15/Jan/2026:14:04:19 +0000] "POST /wp/wp-cron.php?doing_wp_cron=1768485859.0574069023132324218750 HTTP/1.1" 200 0 "-" "WordPress/6.9; https://bms69.com/wp"
103.167.159.242 - - [15/Jan/2026:14:04:18 +0000] "POST /wp/wp-admin/admin-ajax.php HTTP/2" 200 51 "https://bms69.com/wp/wp-admin/themes.php?page=starter-templates&ci=2" "Mozilla/5.0 (Windows NT 10.0; Win64; x64) AppleWebKit/537.36 (KHTML, like Gecko) Chrome/144.0.0.0 Safari/537.36"
64.31.22.34 - - [15/Jan/2026:14:05:19 +0000] "POST /wp/wp-cron.php?doing_wp_cron=1768485919.0235071182250976562500 HTTP/1.1" 200 0 "-" "WordPress/6.9; https://bms69.com/wp"
64.31.22.34 - - [15/Jan/2026:14:02:10 +0000] "POST /wp/wp-admin/admin-ajax.php?action=as_async_request_queue_runner&nonce=953dabc71f HTTP/1.1" 200 0 "-" "WordPress/6.9; https://bms69.com/wp"
64.31.22.34 - - [15/Jan/2026:14:02:20 +0000] "POST /wp/wp-cron.php?doing_wp_cron=1768485740.6812410354614257812500 HTTP/1.1" 200 0 "-" "WordPress/6.9; https://bms69.com/wp"
64.31.22.34 - - [15/Jan/2026:14:20:00 +0000] "POST /wp/wp-cron.php?doing_wp_cron=1768486800.2661049365997314453125 HTTP/1.1" 200 0 "-" "WordPress/6.9; https://bms69.com/wp"
103.167.159.242 - - [15/Jan/2026:14:19:59 +0000] "GET /wp/wp-admin/themes.php HTTP/2" 302 0 "-" "Mozilla/5.0 (Windows NT 10.0; Win64; x64) AppleWebKit/537.36 (KHTML, like Gecko) Chrome/144.0.0.0 Safari/537.36"
103.167.159.242 - - [15/Jan/2026:14:20:00 +0000] "GET /wp/wp-login.php?redirect_to=https%3A%2F%2Fbms69.com%2Fwp%2Fwp-admin%2Fthemes.php&reauth=1 HTTP/2" 200 1935 "-" "Mozilla/5.0 (Windows NT 10.0; Win64; x64) AppleWebKit/537.36 (KHTML, like Gecko) Chrome/144.0.0.0 Safari/537.36"
103.167.159.242 - - [15/Jan/2026:14:20:05 +0000] "POST /wp/wp-login.php HTTP/2" 302 0 "https://bms69.com/wp/wp-login.php?redirect_to=https%3A%2F%2Fbms69.com%2Fwp%2Fwp-admin%2Fthemes.php&reauth=1" "Mozilla/5.0 (Windows NT 10.0; Win64; x64) AppleWebKit/537.36 (KHTML, like Gecko) Chrome/144.0.0.0 Safari/537.36"
103.167.159.242 - - [15/Jan/2026:14:20:06 +0000] "GET /wp/wp-admin/themes.php HTTP/2" 200 0 "https://bms69.com/wp/wp-login.php?redirect_to=https%3A%2F%2Fbms69.com%2Fwp%2Fwp-admin%2Fthemes.php&reauth=1" "Mozilla/5.0 (Windows NT 10.0; Win64; x64) AppleWebKit/537.36 (KHTML, like Gecko) Chrome/144.0.0.0 Safari/537.36"
103.167.159.242 - - [15/Jan/2026:14:20:06 +0000] "POST /wp/wp-login.php HTTP/2" 302 0 "https://bms69.com/wp/wp-login.php?redirect_to=https%3A%2F%2Fbms69.com%2Fwp%2Fwp-admin%2Fthemes.php&reauth=1" "Mozilla/5.0 (Windows NT 10.0; Win64; x64) AppleWebKit/537.36 (KHTML, like Gecko) Chrome/144.0.0.0 Safari/537.36"
103.167.159.242 - - [15/Jan/2026:14:20:08 +0000] "GET /wp/wp-admin/themes.php HTTP/2" 200 29281 "https://bms69.com/wp/wp-login.php?redirect_to=https%3A%2F%2Fbms69.com%2Fwp%2Fwp-admin%2Fthemes.php&reauth=1" "Mozilla/5.0 (Windows NT 10.0; Win64; x64) AppleWebKit/537.36 (KHTML, like Gecko) Chrome/144.0.0.0 Safari/537.36"
103.167.159.242 - - [15/Jan/2026:14:20:34 +0000] "GET /wp/wp-admin/plugins.php HTTP/2" 200 29941 "https://bms69.com/wp/wp-admin/themes.php" "Mozilla/5.0 (Windows NT 10.0; Win64; x64) AppleWebKit/537.36 (KHTML, like Gecko) Chrome/144.0.0.0 Safari/537.36"
103.167.159.242 - - [15/Jan/2026:14:20:36 +0000] "GET /wp/wp-content/plugins/astra-sites/admin/bsf-analytics/modules/deactivation-survey/assets/css/feedback.min.css?ver=1.1.16 HTTP/2" 200 1028 "https://bms69.com/wp/wp-admin/plugins.php" "Mozilla/5.0 (Windows NT 10.0; Win64; x64) AppleWebKit/537.36 (KHTML, like Gecko) Chrome/144.0.0.0 Safari/537.36"
103.167.159.242 - - [15/Jan/2026:14:20:37 +0000] "GET /wp/wp-content/plugins/astra-sites/admin/bsf-analytics/modules/deactivation-survey/assets/js/feedback.min.js?ver=1.1.16 HTTP/2" 200 977 "https://bms69.com/wp/wp-admin/plugins.php" "Mozilla/5.0 (Windows NT 10.0; Win64; x64) AppleWebKit/537.36 (KHTML, like Gecko) Chrome/144.0.0.0 Safari/537.36"
103.167.159.242 - - [15/Jan/2026:14:20:55 +0000] "POST /wp/wp-admin/admin-ajax.php HTTP/2" 200 2412 "https://bms69.com/wp/wp-admin/plugins.php?s=sta&plugin_status=all" "Mozilla/5.0 (Windows NT 10.0; Win64; x64) AppleWebKit/537.36 (KHTML, like Gecko) Chrome/144.0.0.0 Safari/537.36"
103.167.159.242 - - [15/Jan/2026:14:20:57 +0000] "POST /wp/wp-admin/admin-ajax.php HTTP/2" 200 1938 "https://bms69.com/wp/wp-admin/plugins.php?s=starter&plugin_status=all" "Mozilla/5.0 (Windows NT 10.0; Win64; x64) AppleWebKit/537.36 (KHTML, like Gecko) Chrome/144.0.0.0 Safari/537.36"
103.167.159.242 - - [15/Jan/2026:14:21:01 +0000] "POST /wp/wp-admin/admin-ajax.php HTTP/2" 200 1943 "https://bms69.com/wp/wp-admin/plugins.php?s=starter%20&plugin_status=all" "Mozilla/5.0 (Windows NT 10.0; Win64; x64) AppleWebKit/537.36 (KHTML, like Gecko) Chrome/144.0.0.0 Safari/537.36"
64.31.22.34 - - [15/Jan/2026:14:21:36 +0000] "POST /wp/wp-cron.php?doing_wp_cron=1768486896.6995849609375000000000 HTTP/1.1" 200 0 "-" "WordPress/6.9; https://bms69.com/wp"
103.167.159.242 - - [15/Jan/2026:14:21:35 +0000] "POST /wp/wp-admin/admin-ajax.php HTTP/2" 200 649 "https://bms69.com/wp/wp-admin/plugins.php?s=astra%20starter%20&plugin_status=all" "Mozilla/5.0 (Windows NT 10.0; Win64; x64) AppleWebKit/537.36 (KHTML, like Gecko) Chrome/144.0.0.0 Safari/537.36"
103.167.159.242 - - [15/Jan/2026:14:21:38 +0000] "POST /wp/wp-admin/admin-ajax.php HTTP/2" 200 51 "https://bms69.com/wp/wp-admin/plugins.php?s=astra%20starter%20&plugin_status=all" "Mozilla/5.0 (Windows NT 10.0; Win64; x64) AppleWebKit/537.36 (KHTML, like Gecko) Chrome/144.0.0.0 Safari/537.36"
103.167.159.242 - - [15/Jan/2026:14:21:38 +0000] "POST /wp/wp-admin/admin-ajax.php HTTP/2" 200 651 "https://bms69.com/wp/wp-admin/plugins.php?s=astra%20starter%20%20&plugin_status=all" "Mozilla/5.0 (Windows NT 10.0; Win64; x64) AppleWebKit/537.36 (KHTML, like Gecko) Chrome/144.0.0.0 Safari/537.36"
103.167.159.242 - - [15/Jan/2026:14:21:42 +0000] "POST /wp/wp-admin/admin-ajax.php HTTP/2" 200 659 "https://bms69.com/wp/wp-admin/plugins.php?s=astra%20starter%20%20template&plugin_status=all" "Mozilla/5.0 (Windows NT 10.0; Win64; x64) AppleWebKit/537.36 (KHTML, like Gecko) Chrome/144.0.0.0 Safari/537.36"
103.167.159.242 - - [15/Jan/2026:14:21:53 +0000] "POST /wp/wp-admin/admin-ajax.php HTTP/2" 200 2881 "https://bms69.com/wp/wp-admin/plugins.php?s=&plugin_status=all" "Mozilla/5.0 (Windows NT 10.0; Win64; x64) AppleWebKit/537.36 (KHTML, like Gecko) Chrome/144.0.0.0 Safari/537.36"
103.167.159.242 - - [15/Jan/2026:14:21:56 +0000] "GET /wp/wp-admin/admin.php?page=astra HTTP/2" 200 25638 "https://bms69.com/wp/wp-admin/plugins.php?s=&plugin_status=all" "Mozilla/5.0 (Windows NT 10.0; Win64; x64) AppleWebKit/537.36 (KHTML, like Gecko) Chrome/144.0.0.0 Safari/537.36"
103.167.159.242 - - [15/Jan/2026:14:22:00 +0000] "GET /wp/wp-admin/admin.php?page=theme-builder-free HTTP/2" 200 23230 "https://bms69.com/wp/wp-admin/plugins.php?s=&plugin_status=all" "Mozilla/5.0 (Windows NT 10.0; Win64; x64) AppleWebKit/537.36 (KHTML, like Gecko) Chrome/144.0.0.0 Safari/537.36"
103.167.159.242 - - [15/Jan/2026:14:22:25 +0000] "GET /wp/wp-content/themes/astra/admin/assets/theme-builder/build/index.css?ver=4.12.0 HTTP/2" 200 11975 "https://bms69.com/wp/wp-admin/admin.php?page=theme-builder-free" "Mozilla/5.0 (Windows NT 10.0; Win64; x64) AppleWebKit/537.36 (KHTML, like Gecko) Chrome/144.0.0.0 Safari/537.36"
64.31.22.34 - - [15/Jan/2026:14:22:33 +0000] "POST /wp/wp-cron.php?doing_wp_cron=1768486953.4727571010589599609375 HTTP/1.1" 200 0 "-" "WordPress/6.9; https://bms69.com/wp"
103.167.159.242 - - [15/Jan/2026:14:22:32 +0000] "GET /wp/wp-admin/plugins.php HTTP/2" 200 0 "https://bms69.com/wp/wp-admin/admin.php?page=theme-builder-free" "Mozilla/5.0 (Windows NT 10.0; Win64; x64) AppleWebKit/537.36 (KHTML, like Gecko) Chrome/144.0.0.0 Safari/537.36"
103.167.159.242 - - [15/Jan/2026:14:22:35 +0000] "GET /wp/wp-admin/plugins.php?s=&plugin_status=all HTTP/2" 200 0 "https://bms69.com/wp/wp-admin/themes.php" "Mozilla/5.0 (Windows NT 10.0; Win64; x64) AppleWebKit/537.36 (KHTML, like Gecko) Chrome/144.0.0.0 Safari/537.36"
103.167.159.242 - - [15/Jan/2026:14:22:25 +0000] "GET /wp/wp-content/themes/astra/admin/assets/theme-builder/build/index.js?ver=4.12.0 HTTP/2" 200 131000 "https://bms69.com/wp/wp-admin/admin.php?page=theme-builder-free" "Mozilla/5.0 (Windows NT 10.0; Win64; x64) AppleWebKit/537.36 (KHTML, like Gecko) Chrome/144.0.0.0 Safari/537.36"
103.167.159.242 - - [15/Jan/2026:14:22:39 +0000] "GET /wp/wp-admin/plugins.php HTTP/2" 200 0 "https://bms69.com/wp/wp-admin/themes.php" "Mozilla/5.0 (Windows NT 10.0; Win64; x64) AppleWebKit/537.36 (KHTML, like Gecko) Chrome/144.0.0.0 Safari/537.36"
103.167.159.242 - - [15/Jan/2026:14:22:44 +0000] "GET /wp/wp-admin/plugins.php HTTP/2" 200 0 "https://bms69.com/wp/wp-admin/themes.php" "Mozilla/5.0 (Windows NT 10.0; Win64; x64) AppleWebKit/537.36 (KHTML, like Gecko) Chrome/144.0.0.0 Safari/537.36"
103.167.159.242 - - [15/Jan/2026:14:22:37 +0000] "POST /wp/wp-admin/admin-ajax.php HTTP/2" 200 51 "https://bms69.com/wp/wp-admin/themes.php" "Mozilla/5.0 (Windows NT 10.0; Win64; x64) AppleWebKit/537.36 (KHTML, like Gecko) Chrome/144.0.0.0 Safari/537.36"
103.167.159.242 - - [15/Jan/2026:14:22:50 +0000] "GET /wp/wp-admin/plugins.php HTTP/2" 200 29941 "https://bms69.com/wp/wp-admin/themes.php" "Mozilla/5.0 (Windows NT 10.0; Win64; x64) AppleWebKit/537.36 (KHTML, like Gecko) Chrome/144.0.0.0 Safari/537.36"
103.167.159.242 - - [15/Jan/2026:14:22:51 +0000] "GET /wp/wp-admin/plugins.php HTTP/2" 200 0 "https://bms69.com/wp/wp-admin/themes.php" "Mozilla/5.0 (Windows NT 10.0; Win64; x64) AppleWebKit/537.36 (KHTML, like Gecko) Chrome/144.0.0.0 Safari/537.36"
103.167.159.242 - - [15/Jan/2026:14:22:52 +0000] "GET /wp/wp-admin/plugins.php HTTP/2" 200 29941 "https://bms69.com/wp/wp-admin/themes.php" "Mozilla/5.0 (Windows NT 10.0; Win64; x64) AppleWebKit/537.36 (KHTML, like Gecko) Chrome/144.0.0.0 Safari/537.36"
103.167.159.242 - - [15/Jan/2026:14:22:59 +0000] "GET /wp/wp-admin/plugin-install.php HTTP/2" 200 30745 "https://bms69.com/wp/wp-admin/themes.php" "Mozilla/5.0 (Windows NT 10.0; Win64; x64) AppleWebKit/537.36 (KHTML, like Gecko) Chrome/144.0.0.0 Safari/537.36"
103.167.159.242 - - [15/Jan/2026:14:23:00 +0000] "GET /wp/wp-admin/plugin-install.php HTTP/2" 200 0 "https://bms69.com/wp/wp-admin/themes.php" "Mozilla/5.0 (Windows NT 10.0; Win64; x64) AppleWebKit/537.36 (KHTML, like Gecko) Chrome/144.0.0.0 Safari/537.36"
103.167.159.242 - - [15/Jan/2026:14:23:08 +0000] "GET /wp/wp-admin/themes.php HTTP/2" 200 0 "-" "Mozilla/5.0 (Windows NT 10.0; Win64; x64) AppleWebKit/537.36 (KHTML, like Gecko) Chrome/144.0.0.0 Safari/537.36"
103.167.159.242 - - [15/Jan/2026:14:05:18 +0000] "POST /wp/wp-admin/admin-ajax.php HTTP/2" 200 51 "https://bms69.com/wp/wp-admin/themes.php?page=starter-templates&ci=2" "Mozilla/5.0 (Windows NT 10.0; Win64; x64) AppleWebKit/537.36 (KHTML, like Gecko) Chrome/144.0.0.0 Safari/537.36"
103.167.159.242 - - [15/Jan/2026:14:05:53 +0000] "POST /wp/wp-admin/admin-ajax.php HTTP/2" 200 104 "https://bms69.com/wp/wp-admin/themes.php?page=starter-templates&ci=2&s=real+astate" "Mozilla/5.0 (Windows NT 10.0; Win64; x64) AppleWebKit/537.36 (KHTML, like Gecko) Chrome/144.0.0.0 Safari/537.36"
64.31.22.34 - - [15/Jan/2026:14:20:35 +0000] "POST /wp/wp-cron.php?doing_wp_cron=1768486835.4257409572601318359375 HTTP/1.1" 200 0 "-" "WordPress/6.9; https://bms69.com/wp"
64.31.22.34 - - [15/Jan/2026:14:21:57 +0000] "POST /wp/wp-cron.php?doing_wp_cron=1768486917.7164499759674072265625 HTTP/1.1" 200 0 "-" "WordPress/6.9; https://bms69.com/wp"
103.167.159.233 - - [15/Jan/2026:15:45:52 +0000] "GET /wp/wp-admin/themes.php HTTP/2" 302 0 "-" "Mozilla/5.0 (Windows NT 10.0; Win64; x64) AppleWebKit/537.36 (KHTML, like Gecko) Chrome/144.0.0.0 Safari/537.36"
103.167.159.233 - - [15/Jan/2026:15:45:56 +0000] "GET /wp/wp-login.php?redirect_to=https%3A%2F%2Fbms69.com%2Fwp%2Fwp-admin%2Fthemes.php&reauth=1 HTTP/2" 200 1935 "-" "Mozilla/5.0 (Windows NT 10.0; Win64; x64) AppleWebKit/537.36 (KHTML, like Gecko) Chrome/144.0.0.0 Safari/537.36"
103.167.159.233 - - [15/Jan/2026:15:45:57 +0000] "GET /favicon.ico HTTP/3" 404 1251 "https://bms69.com/wp/wp-login.php?redirect_to=https%3A%2F%2Fbms69.com%2Fwp%2Fwp-admin%2Fthemes.php&reauth=1" "Mozilla/5.0 (Windows NT 10.0; Win64; x64) AppleWebKit/537.36 (KHTML, like Gecko) Chrome/144.0.0.0 Safari/537.36"
103.167.159.233 - - [15/Jan/2026:15:45:59 +0000] "POST /wp/wp-login.php HTTP/3" 302 0 "https://bms69.com/wp/wp-login.php?redirect_to=https%3A%2F%2Fbms69.com%2Fwp%2Fwp-admin%2Fthemes.php&reauth=1" "Mozilla/5.0 (Windows NT 10.0; Win64; x64) AppleWebKit/537.36 (KHTML, like Gecko) Chrome/144.0.0.0 Safari/537.36"
64.31.22.34 - - [15/Jan/2026:15:46:01 +0000] "POST /wp/wp-cron.php?doing_wp_cron=1768491961.8683390617370605468750 HTTP/1.1" 200 0 "-" "WordPress/6.9; https://bms69.com/wp"
103.167.159.233 - - [15/Jan/2026:15:46:00 +0000] "GET /wp/wp-admin/themes.php HTTP/3" 200 29291 "https://bms69.com/wp/wp-login.php?redirect_to=https%3A%2F%2Fbms69.com%2Fwp%2Fwp-admin%2Fthemes.php&reauth=1" "Mozilla/5.0 (Windows NT 10.0; Win64; x64) AppleWebKit/537.36 (KHTML, like Gecko) Chrome/144.0.0.0 Safari/537.36"
103.167.159.233 - - [15/Jan/2026:15:46:08 +0000] "GET /wp/wp-admin/plugins.php HTTP/3" 200 29932 "https://bms69.com/wp/wp-admin/themes.php" "Mozilla/5.0 (Windows NT 10.0; Win64; x64) AppleWebKit/537.36 (KHTML, like Gecko) Chrome/144.0.0.0 Safari/537.36"
64.31.22.34 - - [15/Jan/2026:15:46:16 +0000] "POST /wp/wp-cron.php?doing_wp_cron=1768491976.4535689353942871093750 HTTP/1.1" 200 0 "-" "WordPress/6.9; https://bms69.com/wp"
103.167.159.233 - - [15/Jan/2026:15:46:15 +0000] "GET /wp/wp-admin/plugin-install.php HTTP/3" 200 30741 "https://bms69.com/wp/wp-admin/plugins.php" "Mozilla/5.0 (Windows NT 10.0; Win64; x64) AppleWebKit/537.36 (KHTML, like Gecko) Chrome/144.0.0.0 Safari/537.36"
103.167.159.233 - - [15/Jan/2026:15:46:26 +0000] "POST /wp/wp-admin/admin-ajax.php HTTP/3" 200 9208 "https://bms69.com/wp/wp-admin/plugin-install.php?s=star&tab=search&type=term" "Mozilla/5.0 (Windows NT 10.0; Win64; x64) AppleWebKit/537.36 (KHTML, like Gecko) Chrome/144.0.0.0 Safari/537.36"
103.167.159.233 - - [15/Jan/2026:15:46:29 +0000] "POST /wp/wp-admin/admin-ajax.php HTTP/3" 200 9845 "https://bms69.com/wp/wp-admin/plugin-install.php?s=start&tab=search&type=term" "Mozilla/5.0 (Windows NT 10.0; Win64; x64) AppleWebKit/537.36 (KHTML, like Gecko) Chrome/144.0.0.0 Safari/537.36"
103.167.159.233 - - [15/Jan/2026:15:46:32 +0000] "POST /wp/wp-admin/admin-ajax.php HTTP/3" 200 9818 "https://bms69.com/wp/wp-admin/plugin-install.php?s=start%2520&tab=search&type=term" "Mozilla/5.0 (Windows NT 10.0; Win64; x64) AppleWebKit/537.36 (KHTML, like Gecko) Chrome/144.0.0.0 Safari/537.36"
103.167.159.233 - - [15/Jan/2026:15:46:37 +0000] "POST /wp/wp-admin/admin-ajax.php HTTP/3" 200 353 "https://bms69.com/wp/wp-admin/plugin-install.php?s=start%2520astron&tab=search&type=term" "Mozilla/5.0 (Windows NT 10.0; Win64; x64) AppleWebKit/537.36 (KHTML, like Gecko) Chrome/144.0.0.0 Safari/537.36"
103.167.159.233 - - [15/Jan/2026:15:47:19 +0000] "POST /wp/wp-admin/admin-ajax.php HTTP/2" 200 51 "https://bms69.com/wp/wp-admin/plugin-install.php?s=start%2520astron&tab=search&type=term" "Mozilla/5.0 (Windows NT 10.0; Win64; x64) AppleWebKit/537.36 (KHTML, like Gecko) Chrome/144.0.0.0 Safari/537.36"
103.167.159.233 - - [15/Jan/2026:15:47:29 +0000] "POST /wp/wp-admin/admin-ajax.php HTTP/2" 200 7854 "https://bms69.com/wp/wp-admin/plugin-install.php?s=astra%2520starter%2520&tab=search&type=term" "Mozilla/5.0 (Windows NT 10.0; Win64; x64) AppleWebKit/537.36 (KHTML, like Gecko) Chrome/144.0.0.0 Safari/537.36"
103.167.159.233 - - [15/Jan/2026:15:47:33 +0000] "POST /wp/wp-admin/admin-ajax.php HTTP/2" 200 7174 "https://bms69.com/wp/wp-admin/plugin-install.php?s=astra%2520starter%2520template&tab=search&type=term" "Mozilla/5.0 (Windows NT 10.0; Win64; x64) AppleWebKit/537.36 (KHTML, like Gecko) Chrome/144.0.0.0 Safari/537.36"
103.167.159.233 - - [15/Jan/2026:15:47:44 +0000] "POST /wp/wp-admin/admin-ajax.php HTTP/2" 200 9296 "https://bms69.com/wp/wp-admin/plugin-install.php?s=wp%2520reset&tab=search&type=term" "Mozilla/5.0 (Windows NT 10.0; Win64; x64) AppleWebKit/537.36 (KHTML, like Gecko) Chrome/144.0.0.0 Safari/537.36"
103.167.159.233 - - [15/Jan/2026:15:47:49 +0000] "POST /wp/wp-admin/admin-ajax.php HTTP/2" 200 169 "https://bms69.com/wp/wp-admin/plugin-install.php?s=wp%2520reset&tab=search&type=term" "Mozilla/5.0 (Windows NT 10.0; Win64; x64) AppleWebKit/537.36 (KHTML, like Gecko) Chrome/144.0.0.0 Safari/537.36"
103.167.159.233 - - [15/Jan/2026:15:47:52 +0000] "POST /wp/wp-admin/admin-ajax.php HTTP/2" 200 182 "https://bms69.com/wp/wp-admin/plugin-install.php?s=wp%2520reset&tab=search&type=term" "Mozilla/5.0 (Windows NT 10.0; Win64; x64) AppleWebKit/537.36 (KHTML, like Gecko) Chrome/144.0.0.0 Safari/537.36"
103.167.159.233 - - [15/Jan/2026:15:47:55 +0000] "GET /wp/wp-admin/plugins.php?_wpnonce=20a6472272&action=activate&plugin=wp-reset/wp-reset.php HTTP/2" 302 0 "https://bms69.com/wp/wp-admin/plugin-install.php?s=wp%2520reset&tab=search&type=term" "Mozilla/5.0 (Windows NT 10.0; Win64; x64) AppleWebKit/537.36 (KHTML, like Gecko) Chrome/144.0.0.0 Safari/537.36"
103.167.159.233 - - [15/Jan/2026:15:47:56 +0000] "GET /wp/wp-admin/plugins.php?activate=true&plugin_status=all&paged=1&s= HTTP/2" 200 30511 "https://bms69.com/wp/wp-admin/plugin-install.php?s=wp%2520reset&tab=search&type=term" "Mozilla/5.0 (Windows NT 10.0; Win64; x64) AppleWebKit/537.36 (KHTML, like Gecko) Chrome/144.0.0.0 Safari/537.36"
103.167.159.233 - - [15/Jan/2026:15:47:58 +0000] "GET /wp/wp-content/plugins/wp-reset/js/wp-reset-pointers.js?ver=2.06 HTTP/2" 200 355 "https://bms69.com/wp/wp-admin/plugins.php?plugin_status=all&paged=1&s" "Mozilla/5.0 (Windows NT 10.0; Win64; x64) AppleWebKit/537.36 (KHTML, like Gecko) Chrome/144.0.0.0 Safari/537.36"
103.167.159.233 - - [15/Jan/2026:15:48:01 +0000] "GET /wp/wp-admin/admin-ajax.php?notice_name=welcome&_ajax_nonce=1eef02e746&action=wp_reset_dismiss_notice HTTP/2" 200 20 "https://bms69.com/wp/wp-admin/plugins.php?plugin_status=all&paged=1&s" "Mozilla/5.0 (Windows NT 10.0; Win64; x64) AppleWebKit/537.36 (KHTML, like Gecko) Chrome/144.0.0.0 Safari/537.36"
64.31.22.34 - - [15/Jan/2026:15:48:34 +0000] "POST /wp/wp-cron.php?doing_wp_cron=1768492114.2632429599761962890625 HTTP/1.1" 200 0 "-" "WordPress/6.9; https://bms69.com/wp"
103.167.159.233 - - [15/Jan/2026:15:48:33 +0000] "POST /wp/wp-admin/plugins.php?plugin_status=all&paged=1&s HTTP/2" 302 0 "https://bms69.com/wp/wp-admin/plugins.php?plugin_status=all&paged=1&s" "Mozilla/5.0 (Windows NT 10.0; Win64; x64) AppleWebKit/537.36 (KHTML, like Gecko) Chrome/144.0.0.0 Safari/537.36"
103.167.159.233 - - [15/Jan/2026:15:48:34 +0000] "GET /wp/wp-admin/plugins.php?plugin_status=all&paged=1&s= HTTP/2" 200 30425 "https://bms69.com/wp/wp-admin/plugins.php?plugin_status=all&paged=1&s" "Mozilla/5.0 (Windows NT 10.0; Win64; x64) AppleWebKit/537.36 (KHTML, like Gecko) Chrome/144.0.0.0 Safari/537.36"
103.167.159.233 - - [15/Jan/2026:15:48:51 +0000] "GET /wp/wp-admin/admin.php?page=getting-started HTTP/2" 200 23758 "https://bms69.com/wp/wp-admin/plugins.php?plugin_status=all&paged=1&s" "Mozilla/5.0 (Windows NT 10.0; Win64; x64) AppleWebKit/537.36 (KHTML, like Gecko) Chrome/144.0.0.0 Safari/537.36"
103.167.159.233 - - [15/Jan/2026:15:48:53 +0000] "POST /wp/wp-json/getting-started/v1/action-items?_locale=user HTTP/2" 200 1365 "https://bms69.com/wp/wp-admin/admin.php?page=getting-started" "Mozilla/5.0 (Windows NT 10.0; Win64; x64) AppleWebKit/537.36 (KHTML, like Gecko) Chrome/144.0.0.0 Safari/537.36"
103.167.159.233 - - [15/Jan/2026:15:48:57 +0000] "GET /wp/wp-admin/admin.php?page=astra HTTP/2" 200 25690 "https://bms69.com/wp/wp-admin/admin.php?page=getting-started" "Mozilla/5.0 (Windows NT 10.0; Win64; x64) AppleWebKit/537.36 (KHTML, like Gecko) Chrome/144.0.0.0 Safari/537.36"
103.167.159.233 - - [15/Jan/2026:15:48:58 +0000] "GET /wp/wp-content/themes/astra/admin/assets/build/dashboard-app.css?ver=4.12.0 HTTP/2" 200 18791 "https://bms69.com/wp/wp-admin/admin.php?page=astra" "Mozilla/5.0 (Windows NT 10.0; Win64; x64) AppleWebKit/537.36 (KHTML, like Gecko) Chrome/144.0.0.0 Safari/537.36"
103.167.159.233 - - [15/Jan/2026:15:48:58 +0000] "GET /wp/wp-content/themes/astra/admin/assets/build/dashboard-app.js?ver=8ce1c43464a2e7dd4ec2 HTTP/2" 200 614654 "https://bms69.com/wp/wp-admin/admin.php?page=astra" "Mozilla/5.0 (Windows NT 10.0; Win64; x64) AppleWebKit/537.36 (KHTML, like Gecko) Chrome/144.0.0.0 Safari/537.36"
103.167.159.233 - - [15/Jan/2026:15:49:08 +0000] "GET /wp/wp-json/astra/v1/admin/settings/?_locale=user HTTP/2" 200 95 "https://bms69.com/wp/wp-admin/admin.php?page=astra" "Mozilla/5.0 (Windows NT 10.0; Win64; x64) AppleWebKit/537.36 (KHTML, like Gecko) Chrome/144.0.0.0 Safari/537.36"
103.167.159.233 - - [15/Jan/2026:15:49:08 +0000] "GET /wp/wp-content/themes/astra/admin/assets/build/images/astra-video-thumbnail.f50df26c.png HTTP/2" 200 191257 "https://bms69.com/wp/wp-admin/admin.php?page=astra" "Mozilla/5.0 (Windows NT 10.0; Win64; x64) AppleWebKit/537.36 (KHTML, like Gecko) Chrome/144.0.0.0 Safari/537.36"
64.31.22.34 - - [15/Jan/2026:15:49:23 +0000] "POST /wp/wp-cron.php?doing_wp_cron=1768492163.8935599327087402343750 HTTP/1.1" 200 0 "-" "WordPress/6.9; https://bms69.com/wp"
103.167.159.233 - - [15/Jan/2026:15:49:22 +0000] "GET /wp/wp-admin/plugins.php HTTP/2" 200 30435 "https://bms69.com/wp/wp-admin/admin.php?page=astra" "Mozilla/5.0 (Windows NT 10.0; Win64; x64) AppleWebKit/537.36 (KHTML, like Gecko) Chrome/144.0.0.0 Safari/537.36"
103.167.159.233 - - [15/Jan/2026:15:49:27 +0000] "GET /wp/wp-admin/tools.php?page=wp-reset HTTP/2" 200 0 "https://bms69.com/wp/wp-admin/plugins.php" "Mozilla/5.0 (Windows NT 10.0; Win64; x64) AppleWebKit/537.36 (KHTML, like Gecko) Chrome/144.0.0.0 Safari/537.36"
103.167.159.233 - - [15/Jan/2026:15:49:28 +0000] "GET /wp/wp-admin/tools.php?page=wp-reset HTTP/2" 200 41053 "https://bms69.com/wp/wp-admin/plugins.php" "Mozilla/5.0 (Windows NT 10.0; Win64; x64) AppleWebKit/537.36 (KHTML, like Gecko) Chrome/144.0.0.0 Safari/537.36"
103.167.159.233 - - [15/Jan/2026:15:49:29 +0000] "GET /wp/wp-content/plugins/wp-reset/css/tooltipster.bundle.min.css?ver=2.06 HTTP/2" 200 989 "https://bms69.com/wp/wp-admin/tools.php?page=wp-reset" "Mozilla/5.0 (Windows NT 10.0; Win64; x64) AppleWebKit/537.36 (KHTML, like Gecko) Chrome/144.0.0.0 Safari/537.36"
103.167.159.233 - - [15/Jan/2026:15:49:29 +0000] "GET /wp/wp-content/plugins/wp-reset/wf-flyout/wf-flyout.css?ver=1 HTTP/2" 200 893 "https://bms69.com/wp/wp-admin/tools.php?page=wp-reset" "Mozilla/5.0 (Windows NT 10.0; Win64; x64) AppleWebKit/537.36 (KHTML, like Gecko) Chrome/144.0.0.0 Safari/537.36"
103.167.159.233 - - [15/Jan/2026:15:49:29 +0000] "GET /wp/wp-content/plugins/wp-reset/css/wp-reset.css?ver=2.06 HTTP/2" 200 5036 "https://bms69.com/wp/wp-admin/tools.php?page=wp-reset" "Mozilla/5.0 (Windows NT 10.0; Win64; x64) AppleWebKit/537.36 (KHTML, like Gecko) Chrome/144.0.0.0 Safari/537.36"
103.167.159.233 - - [15/Jan/2026:15:49:29 +0000] "GET /wp/wp-content/plugins/wp-reset/css/sweetalert2.min.css?ver=2.06 HTTP/2" 200 4096 "https://bms69.com/wp/wp-admin/tools.php?page=wp-reset" "Mozilla/5.0 (Windows NT 10.0; Win64; x64) AppleWebKit/537.36 (KHTML, like Gecko) Chrome/144.0.0.0 Safari/537.36"
103.167.159.233 - - [15/Jan/2026:15:49:29 +0000] "GET /wp/wp-admin/load-styles.php?c=1&dir=ltr&load%5Bchunk_0%5D=dashicons,admin-bar,common,forms,admin-menu,dashboard,list-tables,edit,revisions,media,themes,about,nav-menus,wp-pointer,widgets&load%5Bchunk_1%5D=,site-icon,l10n,buttons,wp-auth-check,wp-components,wp-commands,wp-jquery-ui-dialog&ver=6.9 HTTP/2" 200 123341 "https://bms69.com/wp/wp-admin/tools.php?page=wp-reset" "Mozilla/5.0 (Windows NT 10.0; Win64; x64) AppleWebKit/537.36 (KHTML, like Gecko) Chrome/144.0.0.0 Safari/537.36"
103.167.159.233 - - [15/Jan/2026:15:49:33 +0000] "GET /wp/wp-content/plugins/wp-reset/img/wp-reset-icon.png HTTP/2" 200 3188 "https://bms69.com/wp/wp-admin/tools.php?page=wp-reset" "Mozilla/5.0 (Windows NT 10.0; Win64; x64) AppleWebKit/537.36 (KHTML, like Gecko) Chrome/144.0.0.0 Safari/537.36"
103.167.159.233 - - [15/Jan/2026:15:49:33 +0000] "GET /wp/wp-content/plugins/wp-reset/img/wp-reset-logo.png HTTP/2" 200 10733 "https://bms69.com/wp/wp-admin/tools.php?page=wp-reset" "Mozilla/5.0 (Windows NT 10.0; Win64; x64) AppleWebKit/537.36 (KHTML, like Gecko) Chrome/144.0.0.0 Safari/537.36"
103.167.159.233 - - [15/Jan/2026:15:49:36 +0000] "GET /wp/wp-content/plugins/wp-reset//img/wp-reset-logo.png HTTP/2" 200 10733 "https://bms69.com/wp/wp-admin/tools.php?page=wp-reset" "Mozilla/5.0 (Windows NT 10.0; Win64; x64) AppleWebKit/537.36 (KHTML, like Gecko) Chrome/144.0.0.0 Safari/537.36"
103.167.159.233 - - [15/Jan/2026:15:49:36 +0000] "GET /wp/wp-content/plugins/wp-reset//img/wp-force-ssl-logo.png HTTP/2" 200 23937 "https://bms69.com/wp/wp-admin/tools.php?page=wp-reset" "Mozilla/5.0 (Windows NT 10.0; Win64; x64) AppleWebKit/537.36 (KHTML, like Gecko) Chrome/144.0.0.0 Safari/537.36"
103.167.159.233 - - [15/Jan/2026:15:49:36 +0000] "GET /wp/wp-includes/js/jquery/ui/tabs.min.js?ver=1.13.3 HTTP/2" 200 3794 "https://bms69.com/wp/wp-admin/tools.php?page=wp-reset" "Mozilla/5.0 (Windows NT 10.0; Win64; x64) AppleWebKit/537.36 (KHTML, like Gecko) Chrome/144.0.0.0 Safari/537.36"
103.167.159.233 - - [15/Jan/2026:15:49:36 +0000] "GET /wp/wp-includes/js/jquery/ui/controlgroup.min.js?ver=1.13.3 HTTP/2" 200 1453 "https://bms69.com/wp/wp-admin/tools.php?page=wp-reset" "Mozilla/5.0 (Windows NT 10.0; Win64; x64) AppleWebKit/537.36 (KHTML, like Gecko) Chrome/144.0.0.0 Safari/537.36"
103.167.159.233 - - [15/Jan/2026:15:49:36 +0000] "GET /wp/wp-includes/js/jquery/ui/button.min.js?ver=1.13.3 HTTP/2" 200 1830 "https://bms69.com/wp/wp-admin/tools.php?page=wp-reset" "Mozilla/5.0 (Windows NT 10.0; Win64; x64) AppleWebKit/537.36 (KHTML, like Gecko) Chrome/144.0.0.0 Safari/537.36"
103.167.159.233 - - [15/Jan/2026:15:49:36 +0000] "GET /wp/wp-includes/js/jquery/ui/dialog.min.js?ver=1.13.3 HTTP/2" 200 3660 "https://bms69.com/wp/wp-admin/tools.php?page=wp-reset" "Mozilla/5.0 (Windows NT 10.0; Win64; x64) AppleWebKit/537.36 (KHTML, like Gecko) Chrome/144.0.0.0 Safari/537.36"
103.167.159.233 - - [15/Jan/2026:15:49:36 +0000] "GET /wp/wp-includes/js/jquery/ui/checkboxradio.min.js?ver=1.13.3 HTTP/2" 200 1296 "https://bms69.com/wp/wp-admin/tools.php?page=wp-reset" "Mozilla/5.0 (Windows NT 10.0; Win64; x64) AppleWebKit/537.36 (KHTML, like Gecko) Chrome/144.0.0.0 Safari/537.36"
103.167.159.233 - - [15/Jan/2026:15:49:36 +0000] "GET /wp/wp-content/plugins/wp-reset/js/wp-reset.js?ver=2.06 HTTP/2" 200 7525 "https://bms69.com/wp/wp-admin/tools.php?page=wp-reset" "Mozilla/5.0 (Windows NT 10.0; Win64; x64) AppleWebKit/537.36 (KHTML, like Gecko) Chrome/144.0.0.0 Safari/537.36"
103.167.159.233 - - [15/Jan/2026:15:49:36 +0000] "GET /wp/wp-content/plugins/wp-reset/wf-flyout/icons/wp-reset.png HTTP/2" 200 3188 "https://bms69.com/wp/wp-admin/tools.php?page=wp-reset" "Mozilla/5.0 (Windows NT 10.0; Win64; x64) AppleWebKit/537.36 (KHTML, like Gecko) Chrome/144.0.0.0 Safari/537.36"
103.167.159.233 - - [15/Jan/2026:15:49:36 +0000] "GET /wp/wp-content/plugins/wp-reset/js/wp-reset-libs.min.js?ver=2.06 HTTP/2" 200 23564 "https://bms69.com/wp/wp-admin/tools.php?page=wp-reset" "Mozilla/5.0 (Windows NT 10.0; Win64; x64) AppleWebKit/537.36 (KHTML, like Gecko) Chrome/144.0.0.0 Safari/537.36"
103.167.159.233 - - [15/Jan/2026:15:49:36 +0000] "GET /wp/wp-content/plugins/wp-reset//js/wf-licensing.js?ver=1 HTTP/2" 200 499 "https://bms69.com/wp/wp-admin/tools.php?page=wp-reset" "Mozilla/5.0 (Windows NT 10.0; Win64; x64) AppleWebKit/537.36 (KHTML, like Gecko) Chrome/144.0.0.0 Safari/537.36"
103.167.159.233 - - [15/Jan/2026:15:49:36 +0000] "GET /wp/wp-content/plugins/wp-reset/wf-flyout/wf-flyout.js?ver=1 HTTP/2" 200 226 "https://bms69.com/wp/wp-admin/tools.php?page=wp-reset" "Mozilla/5.0 (Windows NT 10.0; Win64; x64) AppleWebKit/537.36 (KHTML, like Gecko) Chrome/144.0.0.0 Safari/537.36"
103.167.159.233 - - [15/Jan/2026:15:49:36 +0000] "GET /wp/wp-content/plugins/wp-reset/wf-flyout/icons/301-logo.png HTTP/2" 200 6482 "https://bms69.com/wp/wp-admin/tools.php?page=wp-reset" "Mozilla/5.0 (Windows NT 10.0; Win64; x64) AppleWebKit/537.36 (KHTML, like Gecko) Chrome/144.0.0.0 Safari/537.36"
103.167.159.233 - - [15/Jan/2026:15:49:36 +0000] "GET /wp/wp-content/plugins/wp-reset/wf-flyout/icons/wp-ssl.png HTTP/2" 200 13320 "https://bms69.com/wp/wp-admin/tools.php?page=wp-reset" "Mozilla/5.0 (Windows NT 10.0; Win64; x64) AppleWebKit/537.36 (KHTML, like Gecko) Chrome/144.0.0.0 Safari/537.36"
103.167.159.233 - - [15/Jan/2026:15:49:36 +0000] "GET /wp/wp-content/plugins/wp-reset/wf-flyout/icons/ucp.png HTTP/2" 200 16691 "https://bms69.com/wp/wp-admin/tools.php?page=wp-reset" "Mozilla/5.0 (Windows NT 10.0; Win64; x64) AppleWebKit/537.36 (KHTML, like Gecko) Chrome/144.0.0.0 Safari/537.36"
103.167.159.233 - - [15/Jan/2026:15:49:38 +0000] "GET /wp/wp-content/plugins/wp-reset/css/font/fontello.woff2?91671913 HTTP/2" 200 2484 "https://bms69.com/wp/wp-content/plugins/wp-reset/css/wp-reset.css?ver=2.06" "Mozilla/5.0 (Windows NT 10.0; Win64; x64) AppleWebKit/537.36 (KHTML, like Gecko) Chrome/144.0.0.0 Safari/537.36"
103.167.159.233 - - [15/Jan/2026:15:50:37 +0000] "POST /wp/wp-admin/admin-ajax.php HTTP/2" 200 51 "https://bms69.com/wp/wp-admin/tools.php?page=wp-reset" "Mozilla/5.0 (Windows NT 10.0; Win64; x64) AppleWebKit/537.36 (KHTML, like Gecko) Chrome/144.0.0.0 Safari/537.36"
103.167.159.233 - - [15/Jan/2026:15:51:37 +0000] "POST /wp/wp-admin/admin-ajax.php HTTP/2" 200 51 "https://bms69.com/wp/wp-admin/tools.php?page=wp-reset" "Mozilla/5.0 (Windows NT 10.0; Win64; x64) AppleWebKit/537.36 (KHTML, like Gecko) Chrome/144.0.0.0 Safari/537.36"
64.31.22.34 - - [15/Jan/2026:15:52:38 +0000] "POST /wp/wp-cron.php?doing_wp_cron=1768492358.4830920696258544921875 HTTP/1.1" 200 0 "-" "WordPress/6.9; https://bms69.com/wp"
103.167.159.233 - - [15/Jan/2026:15:52:37 +0000] "POST /wp/wp-admin/admin-ajax.php HTTP/2" 200 50 "https://bms69.com/wp/wp-admin/tools.php?page=wp-reset" "Mozilla/5.0 (Windows NT 10.0; Win64; x64) AppleWebKit/537.36 (KHTML, like Gecko) Chrome/144.0.0.0 Safari/537.36"
103.167.159.233 - - [15/Jan/2026:15:53:37 +0000] "POST /wp/wp-admin/admin-ajax.php HTTP/2" 200 51 "https://bms69.com/wp/wp-admin/tools.php?page=wp-reset" "Mozilla/5.0 (Windows NT 10.0; Win64; x64) AppleWebKit/537.36 (KHTML, like Gecko) Chrome/144.0.0.0 Safari/537.36"
103.167.159.233 - - [15/Jan/2026:15:53:40 +0000] "GET /wp/wp-admin/admin-ajax.php?action=wp_reset_run_tool&_ajax_nonce=529aef2807&tool=before_reset HTTP/2" 200 20 "https://bms69.com/wp/wp-admin/tools.php?page=wp-reset" "Mozilla/5.0 (Windows NT 10.0; Win64; x64) AppleWebKit/537.36 (KHTML, like Gecko) Chrome/144.0.0.0 Safari/537.36"
64.31.22.34 - - [15/Jan/2026:15:53:43 +0000] "POST /wp/wp-cron.php?doing_wp_cron=1768492423.0090599060058593750000 HTTP/1.1" 200 0 "-" "WordPress/6.9; https://bms69.com/wp"
64.31.22.34 - - [15/Jan/2026:15:53:42 +0000] "GET /wp/2026/01/15/hello-world/ HTTP/1.1" 200 18706 "-" "WordPress/6.9; https://bms69.com/wp"
103.167.159.233 - - [15/Jan/2026:15:53:41 +0000] "POST /wp/wp-admin/tools.php?page=wp-reset HTTP/2" 302 0 "https://bms69.com/wp/wp-admin/tools.php?page=wp-reset" "Mozilla/5.0 (Windows NT 10.0; Win64; x64) AppleWebKit/537.36 (KHTML, like Gecko) Chrome/144.0.0.0 Safari/537.36"
103.167.159.233 - - [15/Jan/2026:15:53:43 +0000] "GET /wp/wp-admin/?wp-reset=success HTTP/2" 200 19778 "https://bms69.com/wp/wp-admin/tools.php?page=wp-reset" "Mozilla/5.0 (Windows NT 10.0; Win64; x64) AppleWebKit/537.36 (KHTML, like Gecko) Chrome/144.0.0.0 Safari/537.36"
103.167.159.233 - - [15/Jan/2026:15:53:44 +0000] "GET /wp/wp-admin/load-scripts.php?c=0&load%5Bchunk_0%5D=jquery-core,jquery-migrate,utils&ver=6.9 HTTP/2" 200 36120 "https://bms69.com/wp/wp-admin/?wp-reset=success" "Mozilla/5.0 (Windows NT 10.0; Win64; x64) AppleWebKit/537.36 (KHTML, like Gecko) Chrome/144.0.0.0 Safari/537.36"
103.167.159.233 - - [15/Jan/2026:15:53:44 +0000] "GET /wp/wp-admin/load-styles.php?c=0&dir=ltr&load%5Bchunk_0%5D=dashicons,admin-bar,site-health,common,forms,admin-menu,dashboard,list-tables,edit,revisions,media,themes,about,nav-menus,wp-poi&load%5Bchunk_1%5D=nter,widgets,site-icon,l10n,buttons,wp-auth-check,wp-components,wp-commands&ver=6.9 HTTP/2" 200 123239 "https://bms69.com/wp/wp-admin/?wp-reset=success" "Mozilla/5.0 (Windows NT 10.0; Win64; x64) AppleWebKit/537.36 (KHTML, like Gecko) Chrome/144.0.0.0 Safari/537.36"
103.167.159.233 - - [15/Jan/2026:15:53:45 +0000] "GET /wp/wp-admin/load-scripts.php?c=0&load%5Bchunk_0%5D=hoverIntent,wp-dom-ready,wp-hooks&ver=6.9 HTTP/2" 200 2701 "https://bms69.com/wp/wp-admin/?wp-reset=success" "Mozilla/5.0 (Windows NT 10.0; Win64; x64) AppleWebKit/537.36 (KHTML, like Gecko) Chrome/144.0.0.0 Safari/537.36"
103.167.159.233 - - [15/Jan/2026:15:53:48 +0000] "GET /wp/wp-admin/admin-ajax.php?action=wp-compression-test&test=1&_ajax_nonce=5eca0085a7&1768578792056 HTTP/2" 200 568 "https://bms69.com/wp/wp-admin/?wp-reset=success" "Mozilla/5.0 (Windows NT 10.0; Win64; x64) AppleWebKit/537.36 (KHTML, like Gecko) Chrome/144.0.0.0 Safari/537.36"
103.167.159.233 - - [15/Jan/2026:15:53:48 +0000] "POST /wp/wp-admin/admin-ajax.php HTTP/2" 200 337 "https://bms69.com/wp/wp-admin/?wp-reset=success" "Mozilla/5.0 (Windows NT 10.0; Win64; x64) AppleWebKit/537.36 (KHTML, like Gecko) Chrome/144.0.0.0 Safari/537.36"
103.167.159.233 - - [15/Jan/2026:15:53:48 +0000] "GET /wp/wp-admin/admin-ajax.php?action=dashboard-widgets&widget=dashboard_primary&pagenow=dashboard HTTP/2" 200 79 "https://bms69.com/wp/wp-admin/?wp-reset=success" "Mozilla/5.0 (Windows NT 10.0; Win64; x64) AppleWebKit/537.36 (KHTML, like Gecko) Chrome/144.0.0.0 Safari/537.36"
103.167.159.233 - - [15/Jan/2026:15:53:48 +0000] "GET /wp/wp-admin/admin-ajax.php?action=wp-compression-test&test=2&_ajax_nonce=5eca0085a7&1768578792631 HTTP/2" 200 572 "https://bms69.com/wp/wp-admin/?wp-reset=success" "Mozilla/5.0 (Windows NT 10.0; Win64; x64) AppleWebKit/537.36 (KHTML, like Gecko) Chrome/144.0.0.0 Safari/537.36"
103.167.159.233 - - [15/Jan/2026:15:53:49 +0000] "GET /wp/wp-admin/admin-ajax.php?action=wp-compression-test&test=yes&_ajax_nonce=5eca0085a7&1768578793166 HTTP/2" 200 5 "https://bms69.com/wp/wp-admin/?wp-reset=success" "Mozilla/5.0 (Windows NT 10.0; Win64; x64) AppleWebKit/537.36 (KHTML, like Gecko) Chrome/144.0.0.0 Safari/537.36"
103.167.159.233 - - [15/Jan/2026:15:54:26 +0000] "GET /wp/wp-admin/plugins.php HTTP/2" 200 13932 "https://bms69.com/wp/wp-admin/?wp-reset=success" "Mozilla/5.0 (Windows NT 10.0; Win64; x64) AppleWebKit/537.36 (KHTML, like Gecko) Chrome/144.0.0.0 Safari/537.36"
64.31.22.34 - - [15/Jan/2026:15:54:44 +0000] "POST /wp/wp-cron.php?doing_wp_cron=1768492484.2116439342498779296875 HTTP/1.1" 200 0 "-" "WordPress/6.9; https://bms69.com/wp"
103.167.159.233 - - [15/Jan/2026:15:54:43 +0000] "POST /wp/wp-admin/plugins.php HTTP/2" 302 0 "https://bms69.com/wp/wp-admin/plugins.php" "Mozilla/5.0 (Windows NT 10.0; Win64; x64) AppleWebKit/537.36 (KHTML, like Gecko) Chrome/144.0.0.0 Safari/537.36"
103.167.159.233 - - [15/Jan/2026:15:54:44 +0000] "GET /wp/wp-admin/plugins.php?deactivate-multi=true&plugin_status=all&paged=1&s= HTTP/2" 200 13809 "https://bms69.com/wp/wp-admin/plugins.php" "Mozilla/5.0 (Windows NT 10.0; Win64; x64) AppleWebKit/537.36 (KHTML, like Gecko) Chrome/144.0.0.0 Safari/537.36"
103.167.159.233 - - [15/Jan/2026:15:54:47 +0000] "GET /wp/wp-admin/plugins.php?action=activate&plugin=astra-sites%2Fastra-sites.php&plugin_status=all&paged=1&s&_wpnonce=2af4a071d3 HTTP/2" 302 0 "https://bms69.com/wp/wp-admin/plugins.php?plugin_status=all&paged=1&s" "Mozilla/5.0 (Windows NT 10.0; Win64; x64) AppleWebKit/537.36 (KHTML, like Gecko) Chrome/144.0.0.0 Safari/537.36"
103.167.159.233 - - [15/Jan/2026:15:54:48 +0000] "GET /wp/wp-admin/plugins.php?activate=true&plugin_status=all&paged=1&s= HTTP/2" 302 0 "https://bms69.com/wp/wp-admin/plugins.php?plugin_status=all&paged=1&s" "Mozilla/5.0 (Windows NT 10.0; Win64; x64) AppleWebKit/537.36 (KHTML, like Gecko) Chrome/144.0.0.0 Safari/537.36"
64.31.22.34 - - [15/Jan/2026:15:54:49 +0000] "POST /wp/wp-cron.php?doing_wp_cron=1768492489.4273428916931152343750 HTTP/1.1" 200 0 "-" "WordPress/6.9; https://bms69.com/wp"
64.31.22.34 - - [15/Jan/2026:15:54:51 +0000] "POST /wp/wp-cron.php?doing_wp_cron=1768492491.2745749950408935546875 HTTP/1.1" 200 0 "-" "WordPress/6.9; https://bms69.com/wp"
64.31.22.34 - - [15/Jan/2026:15:54:49 +0000] "POST /wp/wp-admin/admin-ajax.php?action=wp_astra_site_importer&nonce=cc7a04d010 HTTP/1.1" 200 0 "-" "WordPress/6.9; https://bms69.com/wp"
103.167.159.233 - - [15/Jan/2026:15:54:49 +0000] "GET /wp/wp-admin/themes.php?page=starter-templates HTTP/2" 200 376317 "https://bms69.com/wp/wp-admin/plugins.php?plugin_status=all&paged=1&s" "Mozilla/5.0 (Windows NT 10.0; Win64; x64) AppleWebKit/537.36 (KHTML, like Gecko) Chrome/144.0.0.0 Safari/537.36"
103.167.159.233 - - [15/Jan/2026:15:54:58 +0000] "GET /wp/wp-content/plugins/astra-sites/inc/lib/nps-survey/dist//style-main.css?ver=1.0.15 HTTP/2" 200 1930 "https://bms69.com/wp/wp-admin/themes.php?page=starter-templates" "Mozilla/5.0 (Windows NT 10.0; Win64; x64) AppleWebKit/537.36 (KHTML, like Gecko) Chrome/144.0.0.0 Safari/537.36"
103.167.159.233 - - [15/Jan/2026:15:54:58 +0000] "GET /wp/wp-content/plugins/astra-sites/inc/lib/nps-survey/dist/main.js?ver=747a09817c61fd382747 HTTP/2" 200 11920 "https://bms69.com/wp/wp-admin/themes.php?page=starter-templates" "Mozilla/5.0 (Windows NT 10.0; Win64; x64) AppleWebKit/537.36 (KHTML, like Gecko) Chrome/144.0.0.0 Safari/537.36"
103.167.159.233 - - [15/Jan/2026:15:54:59 +0000] "POST /wp/wp-admin/admin-ajax.php HTTP/2" 200 20 "https://bms69.com/wp/wp-admin/themes.php?page=starter-templates" "Mozilla/5.0 (Windows NT 10.0; Win64; x64) AppleWebKit/537.36 (KHTML, like Gecko) Chrome/144.0.0.0 Safari/537.36"
103.167.159.233 - - [15/Jan/2026:15:55:01 +0000] "POST /wp/wp-admin/admin-ajax.php HTTP/2" 200 20 "https://bms69.com/wp/wp-admin/themes.php?page=starter-templates" "Mozilla/5.0 (Windows NT 10.0; Win64; x64) AppleWebKit/537.36 (KHTML, like Gecko) Chrome/144.0.0.0 Safari/537.36"
103.167.159.233 - - [15/Jan/2026:15:55:03 +0000] "POST /wp/wp-admin/admin-ajax.php HTTP/2" 200 20 "https://bms69.com/wp/wp-admin/themes.php?page=starter-templates&ci=1" "Mozilla/5.0 (Windows NT 10.0; Win64; x64) AppleWebKit/537.36 (KHTML, like Gecko) Chrome/144.0.0.0 Safari/537.36"
103.167.159.233 - - [15/Jan/2026:15:55:03 +0000] "POST /wp/wp-admin/admin-ajax.php HTTP/2" 200 36 "https://bms69.com/wp/wp-admin/themes.php?page=starter-templates&ci=1" "Mozilla/5.0 (Windows NT 10.0; Win64; x64) AppleWebKit/537.36 (KHTML, like Gecko) Chrome/144.0.0.0 Safari/537.36"
103.167.159.233 - - [15/Jan/2026:15:55:03 +0000] "POST /wp/wp-admin/admin-ajax.php HTTP/2" 200 237501 "https://bms69.com/wp/wp-admin/themes.php?page=starter-templates&ci=1" "Mozilla/5.0 (Windows NT 10.0; Win64; x64) AppleWebKit/537.36 (KHTML, like Gecko) Chrome/144.0.0.0 Safari/537.36"
103.167.159.233 - - [15/Jan/2026:15:55:08 +0000] "POST /wp/wp-admin/admin-ajax.php HTTP/2" 200 45 "https://bms69.com/wp/wp-admin/themes.php?page=starter-templates&ci=2" "Mozilla/5.0 (Windows NT 10.0; Win64; x64) AppleWebKit/537.36 (KHTML, like Gecko) Chrome/144.0.0.0 Safari/537.36"
103.167.159.233 - - [15/Jan/2026:15:55:09 +0000] "POST /wp/wp-admin/admin-ajax.php HTTP/2" 200 313678 "https://bms69.com/wp/wp-admin/themes.php?page=starter-templates&ci=2" "Mozilla/5.0 (Windows NT 10.0; Win64; x64) AppleWebKit/537.36 (KHTML, like Gecko) Chrome/144.0.0.0 Safari/537.36"
103.167.159.233 - - [15/Jan/2026:15:55:16 +0000] "POST /wp/wp-admin/admin-ajax.php HTTP/2" 200 689 "https://bms69.com/wp/wp-admin/themes.php?page=starter-templates&ci=2" "Mozilla/5.0 (Windows NT 10.0; Win64; x64) AppleWebKit/537.36 (KHTML, like Gecko) Chrome/144.0.0.0 Safari/537.36"
103.167.159.233 - - [15/Jan/2026:15:55:17 +0000] "POST /wp/wp-admin/admin-ajax.php HTTP/2" 200 5049 "https://bms69.com/wp/wp-admin/themes.php?page=starter-templates&ci=2" "Mozilla/5.0 (Windows NT 10.0; Win64; x64) AppleWebKit/537.36 (KHTML, like Gecko) Chrome/144.0.0.0 Safari/537.36"
103.167.159.233 - - [15/Jan/2026:15:55:44 +0000] "GET /wp/wp-content/plugins/astra-sites/inc/lib/onboarding/assets/images/woocommerce-icon.svg HTTP/2" 200 1494 "https://bms69.com/wp/wp-admin/themes.php?page=starter-templates&ci=3&s=real+estate" "Mozilla/5.0 (Windows NT 10.0; Win64; x64) AppleWebKit/537.36 (KHTML, like Gecko) Chrome/144.0.0.0 Safari/537.36"
103.167.159.233 - - [15/Jan/2026:15:55:44 +0000] "GET /wp/wp-content/plugins/astra-sites/inc/lib/onboarding/assets/images/surecart-icon.svg HTTP/2" 200 441 "https://bms69.com/wp/wp-admin/themes.php?page=starter-templates&ci=3&s=real+estate" "Mozilla/5.0 (Windows NT 10.0; Win64; x64) AppleWebKit/537.36 (KHTML, like Gecko) Chrome/144.0.0.0 Safari/537.36"
103.167.159.233 - - [15/Jan/2026:15:55:44 +0000] "POST /wp/wp-admin/admin-ajax.php HTTP/2" 200 20 "https://bms69.com/wp/wp-admin/themes.php?page=starter-templates&ci=2&s=real+estate" "Mozilla/5.0 (Windows NT 10.0; Win64; x64) AppleWebKit/537.36 (KHTML, like Gecko) Chrome/144.0.0.0 Safari/537.36"
103.167.159.233 - - [15/Jan/2026:15:55:44 +0000] "POST /wp/wp-admin/admin-ajax.php HTTP/2" 200 36337 "https://bms69.com/wp/wp-admin/themes.php?page=starter-templates&ci=2&s=real+estate" "Mozilla/5.0 (Windows NT 10.0; Win64; x64) AppleWebKit/537.36 (KHTML, like Gecko) Chrome/144.0.0.0 Safari/537.36"
103.167.159.233 - - [15/Jan/2026:15:55:46 +0000] "GET /wp/wp-content/themes/twentytwentyfive/assets/fonts/manrope/Manrope-VariableFont_wght.woff2 HTTP/2" 200 53600 "https://bms69.com/wp/wp-admin/themes.php?page=starter-templates" "Mozilla/5.0 (Windows NT 10.0; Win64; x64) AppleWebKit/537.36 (KHTML, like Gecko) Chrome/144.0.0.0 Safari/537.36"
103.167.159.233 - - [15/Jan/2026:15:55:46 +0000] "POST /wp/wp-admin/admin-ajax.php HTTP/2" 200 366 "https://bms69.com/wp/wp-admin/themes.php?page=starter-templates&ci=3&s=real+estate" "Mozilla/5.0 (Windows NT 10.0; Win64; x64) AppleWebKit/537.36 (KHTML, like Gecko) Chrome/144.0.0.0 Safari/537.36"
103.167.159.233 - - [15/Jan/2026:15:55:47 +0000] "POST /wp/wp-admin/admin-ajax.php HTTP/2" 200 123 "https://bms69.com/wp/wp-admin/themes.php?page=starter-templates&ci=3&s=real+estate" "Mozilla/5.0 (Windows NT 10.0; Win64; x64) AppleWebKit/537.36 (KHTML, like Gecko) Chrome/144.0.0.0 Safari/537.36"
103.167.159.233 - - [15/Jan/2026:15:55:56 +0000] "GET /wp/wp-content/plugins/astra-sites/inc/lib/onboarding/assets/images//grayscale/wpforms.png HTTP/2" 200 4902 "https://bms69.com/wp/wp-admin/themes.php?page=starter-templates&ci=4&s=real+estate" "Mozilla/5.0 (Windows NT 10.0; Win64; x64) AppleWebKit/537.36 (KHTML, like Gecko) Chrome/144.0.0.0 Safari/537.36"
103.167.159.233 - - [15/Jan/2026:15:55:56 +0000] "GET /wp/wp-content/plugins/astra-sites/inc/lib/onboarding/assets/images//grayscale/elementor.svg HTTP/2" 200 252 "https://bms69.com/wp/wp-admin/themes.php?page=starter-templates&ci=4&s=real+estate" "Mozilla/5.0 (Windows NT 10.0; Win64; x64) AppleWebKit/537.36 (KHTML, like Gecko) Chrome/144.0.0.0 Safari/537.36"
103.167.159.233 - - [15/Jan/2026:15:55:56 +0000] "GET /wp/wp-content/plugins/astra-sites/inc/lib/onboarding/assets/images//grayscale/surerank.svg HTTP/2" 200 373 "https://bms69.com/wp/wp-admin/themes.php?page=starter-templates&ci=4&s=real+estate" "Mozilla/5.0 (Windows NT 10.0; Win64; x64) AppleWebKit/537.36 (KHTML, like Gecko) Chrome/144.0.0.0 Safari/537.36"
103.167.159.233 - - [15/Jan/2026:15:55:56 +0000] "GET /wp/wp-content/plugins/astra-sites/inc/lib/onboarding/assets/images//grayscale/uae.svg HTTP/2" 200 714 "https://bms69.com/wp/wp-admin/themes.php?page=starter-templates&ci=4&s=real+estate" "Mozilla/5.0 (Windows NT 10.0; Win64; x64) AppleWebKit/537.36 (KHTML, like Gecko) Chrome/144.0.0.0 Safari/537.36"
103.167.159.233 - - [15/Jan/2026:15:55:56 +0000] "POST /wp/wp-admin/admin-ajax.php HTTP/2" 200 20 "https://bms69.com/wp/wp-admin/themes.php?page=starter-templates&ci=3&s=real+estate" "Mozilla/5.0 (Windows NT 10.0; Win64; x64) AppleWebKit/537.36 (KHTML, like Gecko) Chrome/144.0.0.0 Safari/537.36"
103.167.159.233 - - [15/Jan/2026:15:55:59 +0000] "POST /wp/wp-admin/admin-ajax.php HTTP/2" 200 70 "https://bms69.com/wp/wp-admin/themes.php?page=starter-templates&ci=4&s=real+estate" "Mozilla/5.0 (Windows NT 10.0; Win64; x64) AppleWebKit/537.36 (KHTML, like Gecko) Chrome/144.0.0.0 Safari/537.36"
103.167.159.233 - - [15/Jan/2026:15:56:30 +0000] "GET /wp/wp-content/plugins/astra-sites/inc/lib/onboarding/assets/images//grayscale/3cx.png HTTP/2" 200 2848 "https://bms69.com/wp/wp-admin/themes.php?page=starter-templates&ci=4&s=real+estate" "Mozilla/5.0 (Windows NT 10.0; Win64; x64) AppleWebKit/537.36 (KHTML, like Gecko) Chrome/144.0.0.0 Safari/537.36"
103.167.159.233 - - [15/Jan/2026:15:56:34 +0000] "POST /wp/wp-admin/admin-ajax.php HTTP/2" 200 455 "https://bms69.com/wp/wp-admin/themes.php?page=starter-templates&ci=4&s=real+estate" "Mozilla/5.0 (Windows NT 10.0; Win64; x64) AppleWebKit/537.36 (KHTML, like Gecko) Chrome/144.0.0.0 Safari/537.36"
103.167.159.233 - - [15/Jan/2026:15:56:51 +0000] "POST /wp/wp-admin/admin-ajax.php HTTP/2" 200 20 "https://bms69.com/wp/wp-admin/themes.php?page=starter-templates&ci=5&s=real+estate" "Mozilla/5.0 (Windows NT 10.0; Win64; x64) AppleWebKit/537.36 (KHTML, like Gecko) Chrome/144.0.0.0 Safari/537.36"
103.167.159.233 - - [15/Jan/2026:15:56:59 +0000] "POST /wp/wp-admin/admin-ajax.php HTTP/2" 200 20 "https://bms69.com/wp/wp-admin/themes.php?page=starter-templates&ci=5&s=real+estate" "Mozilla/5.0 (Windows NT 10.0; Win64; x64) AppleWebKit/537.36 (KHTML, like Gecko) Chrome/144.0.0.0 Safari/537.36"
103.167.159.233 - - [15/Jan/2026:15:56:59 +0000] "POST /wp/wp-admin/admin-ajax.php HTTP/2" 200 20 "https://bms69.com/wp/wp-admin/themes.php?page=starter-templates&ci=5&s=real+estate" "Mozilla/5.0 (Windows NT 10.0; Win64; x64) AppleWebKit/537.36 (KHTML, like Gecko) Chrome/144.0.0.0 Safari/537.36"
103.167.159.233 - - [15/Jan/2026:15:56:59 +0000] "POST /wp/wp-admin/admin-ajax.php HTTP/2" 200 72 "https://bms69.com/wp/wp-admin/themes.php?page=starter-templates&ci=5&s=real+estate" "Mozilla/5.0 (Windows NT 10.0; Win64; x64) AppleWebKit/537.36 (KHTML, like Gecko) Chrome/144.0.0.0 Safari/537.36"
103.167.159.233 - - [15/Jan/2026:15:56:59 +0000] "POST /wp/wp-admin/admin-ajax.php HTTP/2" 200 94 "https://bms69.com/wp/wp-admin/themes.php?page=starter-templates&ci=5&s=real+estate" "Mozilla/5.0 (Windows NT 10.0; Win64; x64) AppleWebKit/537.36 (KHTML, like Gecko) Chrome/144.0.0.0 Safari/537.36"
103.167.159.233 - - [15/Jan/2026:15:57:00 +0000] "POST /wp/wp-admin/admin-ajax.php HTTP/2" 200 20 "https://bms69.com/wp/wp-admin/themes.php?page=starter-templates&ci=5&s=real+estate" "Mozilla/5.0 (Windows NT 10.0; Win64; x64) AppleWebKit/537.36 (KHTML, like Gecko) Chrome/144.0.0.0 Safari/537.36"
64.31.22.34 - - [15/Jan/2026:15:57:01 +0000] "POST /wp/wp-cron.php?doing_wp_cron=1768492621.7647590637207031250000 HTTP/1.1" 200 0 "-" "WordPress/6.9; https://bms69.com/wp"
103.167.159.233 - - [15/Jan/2026:15:57:00 +0000] "POST /wp/wp-admin/admin-ajax.php HTTP/2" 200 66 "https://bms69.com/wp/wp-admin/themes.php?page=starter-templates&ci=5&s=real+estate" "Mozilla/5.0 (Windows NT 10.0; Win64; x64) AppleWebKit/537.36 (KHTML, like Gecko) Chrome/144.0.0.0 Safari/537.36"
103.167.159.233 - - [15/Jan/2026:15:57:01 +0000] "POST /wp/wp-admin/admin-ajax.php HTTP/2" 200 66 "https://bms69.com/wp/wp-admin/themes.php?page=starter-templates&ci=6&s=real+estate" "Mozilla/5.0 (Windows NT 10.0; Win64; x64) AppleWebKit/537.36 (KHTML, like Gecko) Chrome/144.0.0.0 Safari/537.36"
64.31.22.34 - - [15/Jan/2026:15:57:03 +0000] "POST /wp/wp-cron.php?doing_wp_cron=1768492623.3282721042633056640625 HTTP/1.1" 200 0 "-" "WordPress/6.9; https://bms69.com/wp"
103.167.159.233 - - [15/Jan/2026:15:57:00 +0000] "POST /wp/wp-admin/admin-ajax.php HTTP/2" 200 191 "https://bms69.com/wp/wp-admin/themes.php?page=starter-templates&ci=5&s=real+estate" "Mozilla/5.0 (Windows NT 10.0; Win64; x64) AppleWebKit/537.36 (KHTML, like Gecko) Chrome/144.0.0.0 Safari/537.36"
