103.167.159.233 - - [15/Jan/2026:16:33:52 +0000] "POST /wp/wp-admin/admin-ajax.php HTTP/2" 200 4989 "https://bms69.com/wp/wp-admin/post.php?post=432&action=elementor" "Mozilla/5.0 (Windows NT 10.0; Win64; x64) AppleWebKit/537.36 (KHTML, like Gecko) Chrome/144.0.0.0 Safari/537.36"
103.167.159.233 - - [15/Jan/2026:16:34:05 +0000] "POST /wp/wp-admin/admin-ajax.php HTTP/2" 200 71 "https://bms69.com/wp/wp-admin/post.php?post=432&action=elementor" "Mozilla/5.0 (Windows NT 10.0; Win64; x64) AppleWebKit/537.36 (KHTML, like Gecko) Chrome/144.0.0.0 Safari/537.36"
103.167.159.233 - - [15/Jan/2026:16:34:04 +0000] "POST /wp/wp-admin/async-upload.php HTTP/2" 200 618 "https://bms69.com/wp/wp-admin/post.php?post=432&action=elementor" "Mozilla/5.0 (Windows NT 10.0; Win64; x64) AppleWebKit/537.36 (KHTML, like Gecko) Chrome/144.0.0.0 Safari/537.36"
103.167.159.233 - - [15/Jan/2026:16:34:08 +0000] "GET /wp/wp-content/uploads/2026/01/42689d1a-c623-4317-9dea-14efbd8196a7-219x300.png HTTP/2" 200 28041 "https://bms69.com/wp/wp-admin/post.php?post=432&action=elementor" "Mozilla/5.0 (Windows NT 10.0; Win64; x64) AppleWebKit/537.36 (KHTML, like Gecko) Chrome/144.0.0.0 Safari/537.36"
103.167.159.233 - - [15/Jan/2026:16:34:10 +0000] "POST /wp/wp-admin/admin-ajax.php HTTP/2" 200 618 "https://bms69.com/wp/wp-admin/post.php?post=432&action=elementor" "Mozilla/5.0 (Windows NT 10.0; Win64; x64) AppleWebKit/537.36 (KHTML, like Gecko) Chrome/144.0.0.0 Safari/537.36"
103.167.159.233 - - [15/Jan/2026:16:34:10 +0000] "POST /wp/wp-admin/admin-ajax.php HTTP/2" 200 175 "https://bms69.com/wp/wp-admin/post.php?post=432&action=elementor" "Mozilla/5.0 (Windows NT 10.0; Win64; x64) AppleWebKit/537.36 (KHTML, like Gecko) Chrome/144.0.0.0 Safari/537.36"
103.167.159.233 - - [15/Jan/2026:16:34:10 +0000] "GET /wp/wp-content/uploads/2026/01/42689d1a-c623-4317-9dea-14efbd8196a7.png HTTP/2" 200 297501 "https://bms69.com/wp/wp-admin/post.php?post=432&action=elementor" "Mozilla/5.0 (Windows NT 10.0; Win64; x64) AppleWebKit/537.36 (KHTML, like Gecko) Chrome/144.0.0.0 Safari/537.36"
103.167.159.233 - - [15/Jan/2026:16:34:19 +0000] "POST /wp/wp-admin/admin-ajax.php HTTP/2" 200 71 "https://bms69.com/wp/wp-admin/post.php?post=432&action=elementor" "Mozilla/5.0 (Windows NT 10.0; Win64; x64) AppleWebKit/537.36 (KHTML, like Gecko) Chrome/144.0.0.0 Safari/537.36"
103.167.159.233 - - [15/Jan/2026:16:34:35 +0000] "POST /wp/wp-admin/admin-ajax.php HTTP/2" 200 71 "https://bms69.com/wp/wp-admin/post.php?post=432&action=elementor" "Mozilla/5.0 (Windows NT 10.0; Win64; x64) AppleWebKit/537.36 (KHTML, like Gecko) Chrome/144.0.0.0 Safari/537.36"
103.167.159.233 - - [15/Jan/2026:16:34:36 +0000] "GET /wp/wp-json/elementor/v1/checklist/user-progress HTTP/2" 200 176 "https://bms69.com/wp/wp-admin/post.php?post=432&action=elementor" "Mozilla/5.0 (Windows NT 10.0; Win64; x64) AppleWebKit/537.36 (KHTML, like Gecko) Chrome/144.0.0.0 Safari/537.36"
103.167.159.233 - - [15/Jan/2026:16:34:39 +0000] "POST /wp/wp-admin/admin-ajax.php HTTP/2" 200 308 "https://bms69.com/wp/wp-admin/post.php?post=432&action=elementor" "Mozilla/5.0 (Windows NT 10.0; Win64; x64) AppleWebKit/537.36 (KHTML, like Gecko) Chrome/144.0.0.0 Safari/537.36"
103.167.159.233 - - [15/Jan/2026:16:34:50 +0000] "POST /wp/wp-admin/admin-ajax.php HTTP/2" 200 71 "https://bms69.com/wp/wp-admin/post.php?post=432&action=elementor" "Mozilla/5.0 (Windows NT 10.0; Win64; x64) AppleWebKit/537.36 (KHTML, like Gecko) Chrome/144.0.0.0 Safari/537.36"
64.31.22.34 - - [15/Jan/2026:16:35:06 +0000] "POST /wp/wp-cron.php?doing_wp_cron=1768494906.3322050571441650390625 HTTP/1.1" 200 0 "-" "WordPress/6.9; https://bms69.com/wp"
103.167.159.233 - - [15/Jan/2026:16:35:05 +0000] "POST /wp/wp-admin/admin-ajax.php HTTP/2" 200 71 "https://bms69.com/wp/wp-admin/post.php?post=432&action=elementor" "Mozilla/5.0 (Windows NT 10.0; Win64; x64) AppleWebKit/537.36 (KHTML, like Gecko) Chrome/144.0.0.0 Safari/537.36"
103.167.159.233 - - [15/Jan/2026:16:35:09 +0000] "POST /wp/wp-admin/admin-ajax.php HTTP/2" 200 5093 "https://bms69.com/wp/wp-admin/post.php?post=432&action=elementor" "Mozilla/5.0 (Windows NT 10.0; Win64; x64) AppleWebKit/537.36 (KHTML, like Gecko) Chrome/144.0.0.0 Safari/537.36"
103.167.159.233 - - [15/Jan/2026:16:35:09 +0000] "POST /wp/wp-admin/admin-ajax.php HTTP/2" 200 5093 "https://bms69.com/wp/wp-admin/post.php?post=432&action=elementor" "Mozilla/5.0 (Windows NT 10.0; Win64; x64) AppleWebKit/537.36 (KHTML, like Gecko) Chrome/144.0.0.0 Safari/537.36"
103.167.159.233 - - [15/Jan/2026:16:35:20 +0000] "POST /wp/wp-admin/admin-ajax.php HTTP/2" 200 71 "https://bms69.com/wp/wp-admin/post.php?post=432&action=elementor" "Mozilla/5.0 (Windows NT 10.0; Win64; x64) AppleWebKit/537.36 (KHTML, like Gecko) Chrome/144.0.0.0 Safari/537.36"
103.167.159.233 - - [15/Jan/2026:16:35:35 +0000] "POST /wp/wp-admin/admin-ajax.php HTTP/2" 200 71 "https://bms69.com/wp/wp-admin/post.php?post=432&action=elementor" "Mozilla/5.0 (Windows NT 10.0; Win64; x64) AppleWebKit/537.36 (KHTML, like Gecko) Chrome/144.0.0.0 Safari/537.36"
103.167.159.233 - - [15/Jan/2026:16:35:54 +0000] "POST /wp/wp-admin/admin-ajax.php HTTP/2" 200 71 "https://bms69.com/wp/wp-admin/post.php?post=432&action=elementor" "Mozilla/5.0 (Windows NT 10.0; Win64; x64) AppleWebKit/537.36 (KHTML, like Gecko) Chrome/144.0.0.0 Safari/537.36"
103.167.159.233 - - [15/Jan/2026:16:35:54 +0000] "POST /wp/wp-admin/async-upload.php HTTP/2" 200 672 "https://bms69.com/wp/wp-admin/post.php?post=432&action=elementor" "Mozilla/5.0 (Windows NT 10.0; Win64; x64) AppleWebKit/537.36 (KHTML, like Gecko) Chrome/144.0.0.0 Safari/537.36"
103.167.159.233 - - [15/Jan/2026:16:36:01 +0000] "GET /wp/wp-content/uploads/2026/01/licensed-image-1-300x248.jpg HTTP/2" 200 23322 "https://bms69.com/wp/wp-admin/post.php?post=432&action=elementor" "Mozilla/5.0 (Windows NT 10.0; Win64; x64) AppleWebKit/537.36 (KHTML, like Gecko) Chrome/144.0.0.0 Safari/537.36"
64.31.22.34 - - [15/Jan/2026:16:36:05 +0000] "POST /wp/wp-cron.php?doing_wp_cron=1768494965.3748331069946289062500 HTTP/1.1" 200 0 "-" "WordPress/6.9; https://bms69.com/wp"
103.167.159.233 - - [15/Jan/2026:16:36:04 +0000] "POST /wp/wp-admin/admin-ajax.php HTTP/2" 200 672 "https://bms69.com/wp/wp-admin/post.php?post=432&action=elementor" "Mozilla/5.0 (Windows NT 10.0; Win64; x64) AppleWebKit/537.36 (KHTML, like Gecko) Chrome/144.0.0.0 Safari/537.36"
103.167.159.233 - - [15/Jan/2026:16:36:04 +0000] "POST /wp/wp-admin/admin-ajax.php HTTP/2" 200 183 "https://bms69.com/wp/wp-admin/post.php?post=432&action=elementor" "Mozilla/5.0 (Windows NT 10.0; Win64; x64) AppleWebKit/537.36 (KHTML, like Gecko) Chrome/144.0.0.0 Safari/537.36"
103.167.159.233 - - [15/Jan/2026:16:36:04 +0000] "GET /wp/wp-content/uploads/2026/01/licensed-image-1.jpg HTTP/2" 200 780114 "https://bms69.com/wp/wp-admin/post.php?post=432&action=elementor" "Mozilla/5.0 (Windows NT 10.0; Win64; x64) AppleWebKit/537.36 (KHTML, like Gecko) Chrome/144.0.0.0 Safari/537.36"
103.167.159.233 - - [15/Jan/2026:16:36:09 +0000] "POST /wp/wp-admin/admin-ajax.php HTTP/2" 200 71 "https://bms69.com/wp/wp-admin/post.php?post=432&action=elementor" "Mozilla/5.0 (Windows NT 10.0; Win64; x64) AppleWebKit/537.36 (KHTML, like Gecko) Chrome/144.0.0.0 Safari/537.36"
103.167.159.233 - - [15/Jan/2026:16:36:24 +0000] "POST /wp/wp-admin/admin-ajax.php HTTP/2" 200 71 "https://bms69.com/wp/wp-admin/post.php?post=432&action=elementor" "Mozilla/5.0 (Windows NT 10.0; Win64; x64) AppleWebKit/537.36 (KHTML, like Gecko) Chrome/144.0.0.0 Safari/537.36"
103.167.159.233 - - [15/Jan/2026:16:36:36 +0000] "POST /wp/wp-admin/admin-ajax.php HTTP/2" 200 522 "https://bms69.com/wp/wp-admin/post.php?post=432&action=elementor" "Mozilla/5.0 (Windows NT 10.0; Win64; x64) AppleWebKit/537.36 (KHTML, like Gecko) Chrome/144.0.0.0 Safari/537.36"
103.167.159.233 - - [15/Jan/2026:16:36:36 +0000] "POST /wp/wp-admin/admin-ajax.php HTTP/2" 200 529 "https://bms69.com/wp/wp-admin/post.php?post=432&action=elementor" "Mozilla/5.0 (Windows NT 10.0; Win64; x64) AppleWebKit/537.36 (KHTML, like Gecko) Chrome/144.0.0.0 Safari/537.36"
103.167.159.233 - - [15/Jan/2026:16:36:36 +0000] "POST /wp/wp-admin/admin-ajax.php HTTP/2" 200 528 "https://bms69.com/wp/wp-admin/post.php?post=432&action=elementor" "Mozilla/5.0 (Windows NT 10.0; Win64; x64) AppleWebKit/537.36 (KHTML, like Gecko) Chrome/144.0.0.0 Safari/537.36"
103.167.159.233 - - [15/Jan/2026:16:36:36 +0000] "POST /wp/wp-admin/admin-ajax.php HTTP/2" 200 528 "https://bms69.com/wp/wp-admin/post.php?post=432&action=elementor" "Mozilla/5.0 (Windows NT 10.0; Win64; x64) AppleWebKit/537.36 (KHTML, like Gecko) Chrome/144.0.0.0 Safari/537.36"
103.167.159.233 - - [15/Jan/2026:16:36:36 +0000] "POST /wp/wp-admin/admin-ajax.php HTTP/2" 200 528 "https://bms69.com/wp/wp-admin/post.php?post=432&action=elementor" "Mozilla/5.0 (Windows NT 10.0; Win64; x64) AppleWebKit/537.36 (KHTML, like Gecko) Chrome/144.0.0.0 Safari/537.36"
103.167.159.233 - - [15/Jan/2026:16:36:36 +0000] "POST /wp/wp-admin/admin-ajax.php HTTP/2" 200 528 "https://bms69.com/wp/wp-admin/post.php?post=432&action=elementor" "Mozilla/5.0 (Windows NT 10.0; Win64; x64) AppleWebKit/537.36 (KHTML, like Gecko) Chrome/144.0.0.0 Safari/537.36"
103.167.159.233 - - [15/Jan/2026:16:36:39 +0000] "POST /wp/wp-admin/admin-ajax.php HTTP/2" 200 71 "https://bms69.com/wp/wp-admin/post.php?post=432&action=elementor" "Mozilla/5.0 (Windows NT 10.0; Win64; x64) AppleWebKit/537.36 (KHTML, like Gecko) Chrome/144.0.0.0 Safari/537.36"
103.167.159.233 - - [15/Jan/2026:16:36:54 +0000] "POST /wp/wp-admin/admin-ajax.php HTTP/2" 200 71 "https://bms69.com/wp/wp-admin/post.php?post=432&action=elementor" "Mozilla/5.0 (Windows NT 10.0; Win64; x64) AppleWebKit/537.36 (KHTML, like Gecko) Chrome/144.0.0.0 Safari/537.36"
64.31.22.34 - - [15/Jan/2026:16:37:10 +0000] "POST /wp/wp-cron.php?doing_wp_cron=1768495030.4399209022521972656250 HTTP/1.1" 200 0 "-" "WordPress/6.9; https://bms69.com/wp"
103.167.159.233 - - [15/Jan/2026:16:37:09 +0000] "POST /wp/wp-admin/admin-ajax.php HTTP/2" 200 71 "https://bms69.com/wp/wp-admin/post.php?post=432&action=elementor" "Mozilla/5.0 (Windows NT 10.0; Win64; x64) AppleWebKit/537.36 (KHTML, like Gecko) Chrome/144.0.0.0 Safari/537.36"
103.167.159.233 - - [15/Jan/2026:16:37:24 +0000] "POST /wp/wp-admin/admin-ajax.php HTTP/2" 200 71 "https://bms69.com/wp/wp-admin/post.php?post=432&action=elementor" "Mozilla/5.0 (Windows NT 10.0; Win64; x64) AppleWebKit/537.36 (KHTML, like Gecko) Chrome/144.0.0.0 Safari/537.36"
103.167.159.233 - - [15/Jan/2026:16:37:39 +0000] "POST /wp/wp-admin/admin-ajax.php HTTP/2" 200 71 "https://bms69.com/wp/wp-admin/post.php?post=432&action=elementor" "Mozilla/5.0 (Windows NT 10.0; Win64; x64) AppleWebKit/537.36 (KHTML, like Gecko) Chrome/144.0.0.0 Safari/537.36"
103.167.159.233 - - [15/Jan/2026:16:37:54 +0000] "POST /wp/wp-admin/admin-ajax.php HTTP/2" 200 71 "https://bms69.com/wp/wp-admin/post.php?post=432&action=elementor" "Mozilla/5.0 (Windows NT 10.0; Win64; x64) AppleWebKit/537.36 (KHTML, like Gecko) Chrome/144.0.0.0 Safari/537.36"
64.31.22.34 - - [15/Jan/2026:16:38:10 +0000] "POST /wp/wp-cron.php?doing_wp_cron=1768495090.4193561077117919921875 HTTP/1.1" 200 0 "-" "WordPress/6.9; https://bms69.com/wp"
103.167.159.233 - - [15/Jan/2026:16:38:09 +0000] "POST /wp/wp-admin/admin-ajax.php HTTP/2" 200 71 "https://bms69.com/wp/wp-admin/post.php?post=432&action=elementor" "Mozilla/5.0 (Windows NT 10.0; Win64; x64) AppleWebKit/537.36 (KHTML, like Gecko) Chrome/144.0.0.0 Safari/537.36"
103.167.159.233 - - [15/Jan/2026:16:38:24 +0000] "POST /wp/wp-admin/admin-ajax.php HTTP/2" 200 71 "https://bms69.com/wp/wp-admin/post.php?post=432&action=elementor" "Mozilla/5.0 (Windows NT 10.0; Win64; x64) AppleWebKit/537.36 (KHTML, like Gecko) Chrome/144.0.0.0 Safari/537.36"
103.167.159.233 - - [15/Jan/2026:16:38:39 +0000] "POST /wp/wp-admin/admin-ajax.php HTTP/2" 200 71 "https://bms69.com/wp/wp-admin/post.php?post=432&action=elementor" "Mozilla/5.0 (Windows NT 10.0; Win64; x64) AppleWebKit/537.36 (KHTML, like Gecko) Chrome/144.0.0.0 Safari/537.36"
103.167.159.233 - - [15/Jan/2026:16:38:54 +0000] "POST /wp/wp-admin/admin-ajax.php HTTP/2" 200 71 "https://bms69.com/wp/wp-admin/post.php?post=432&action=elementor" "Mozilla/5.0 (Windows NT 10.0; Win64; x64) AppleWebKit/537.36 (KHTML, like Gecko) Chrome/144.0.0.0 Safari/537.36"
64.31.22.34 - - [15/Jan/2026:16:39:10 +0000] "POST /wp/wp-cron.php?doing_wp_cron=1768495150.5355079174041748046875 HTTP/1.1" 200 0 "-" "WordPress/6.9; https://bms69.com/wp"
103.167.159.233 - - [15/Jan/2026:16:39:09 +0000] "POST /wp/wp-admin/admin-ajax.php HTTP/2" 200 71 "https://bms69.com/wp/wp-admin/post.php?post=432&action=elementor" "Mozilla/5.0 (Windows NT 10.0; Win64; x64) AppleWebKit/537.36 (KHTML, like Gecko) Chrome/144.0.0.0 Safari/537.36"
103.167.159.233 - - [15/Jan/2026:16:39:24 +0000] "POST /wp/wp-admin/admin-ajax.php HTTP/2" 200 71 "https://bms69.com/wp/wp-admin/post.php?post=432&action=elementor" "Mozilla/5.0 (Windows NT 10.0; Win64; x64) AppleWebKit/537.36 (KHTML, like Gecko) Chrome/144.0.0.0 Safari/537.36"
103.167.159.233 - - [15/Jan/2026:16:39:39 +0000] "POST /wp/wp-admin/admin-ajax.php HTTP/2" 200 71 "https://bms69.com/wp/wp-admin/post.php?post=432&action=elementor" "Mozilla/5.0 (Windows NT 10.0; Win64; x64) AppleWebKit/537.36 (KHTML, like Gecko) Chrome/144.0.0.0 Safari/537.36"
103.167.159.233 - - [15/Jan/2026:16:39:54 +0000] "POST /wp/wp-admin/admin-ajax.php HTTP/2" 200 71 "https://bms69.com/wp/wp-admin/post.php?post=432&action=elementor" "Mozilla/5.0 (Windows NT 10.0; Win64; x64) AppleWebKit/537.36 (KHTML, like Gecko) Chrome/144.0.0.0 Safari/537.36"
103.167.159.233 - - [15/Jan/2026:16:40:10 +0000] "POST /wp/wp-admin/admin-ajax.php HTTP/2" 200 71 "https://bms69.com/wp/wp-admin/post.php?post=432&action=elementor" "Mozilla/5.0 (Windows NT 10.0; Win64; x64) AppleWebKit/537.36 (KHTML, like Gecko) Chrome/144.0.0.0 Safari/537.36"
103.167.159.233 - - [15/Jan/2026:16:40:24 +0000] "POST /wp/wp-admin/admin-ajax.php HTTP/2" 200 70 "https://bms69.com/wp/wp-admin/post.php?post=432&action=elementor" "Mozilla/5.0 (Windows NT 10.0; Win64; x64) AppleWebKit/537.36 (KHTML, like Gecko) Chrome/144.0.0.0 Safari/537.36"
103.167.159.233 - - [15/Jan/2026:16:40:39 +0000] "POST /wp/wp-admin/admin-ajax.php HTTP/2" 200 71 "https://bms69.com/wp/wp-admin/post.php?post=432&action=elementor" "Mozilla/5.0 (Windows NT 10.0; Win64; x64) AppleWebKit/537.36 (KHTML, like Gecko) Chrome/144.0.0.0 Safari/537.36"
51.254.204.161 - - [15/Jan/2026:16:40:48 +0000] "GET / HTTP/1.1" 200 871 "-" "Mozilla/5.0"
103.167.159.233 - - [15/Jan/2026:16:40:54 +0000] "POST /wp/wp-admin/admin-ajax.php HTTP/2" 200 71 "https://bms69.com/wp/wp-admin/post.php?post=432&action=elementor" "Mozilla/5.0 (Windows NT 10.0; Win64; x64) AppleWebKit/537.36 (KHTML, like Gecko) Chrome/144.0.0.0 Safari/537.36"
64.31.22.34 - - [15/Jan/2026:16:41:10 +0000] "POST /wp/wp-cron.php?doing_wp_cron=1768495270.5099370479583740234375 HTTP/1.1" 200 0 "-" "WordPress/6.9; https://bms69.com/wp"
103.167.159.233 - - [15/Jan/2026:16:41:09 +0000] "POST /wp/wp-admin/admin-ajax.php HTTP/2" 200 71 "https://bms69.com/wp/wp-admin/post.php?post=432&action=elementor" "Mozilla/5.0 (Windows NT 10.0; Win64; x64) AppleWebKit/537.36 (KHTML, like Gecko) Chrome/144.0.0.0 Safari/537.36"
103.167.159.233 - - [15/Jan/2026:16:41:24 +0000] "POST /wp/wp-admin/admin-ajax.php HTTP/2" 200 71 "https://bms69.com/wp/wp-admin/post.php?post=432&action=elementor" "Mozilla/5.0 (Windows NT 10.0; Win64; x64) AppleWebKit/537.36 (KHTML, like Gecko) Chrome/144.0.0.0 Safari/537.36"
103.167.159.233 - - [15/Jan/2026:16:41:39 +0000] "POST /wp/wp-admin/admin-ajax.php HTTP/2" 200 71 "https://bms69.com/wp/wp-admin/post.php?post=432&action=elementor" "Mozilla/5.0 (Windows NT 10.0; Win64; x64) AppleWebKit/537.36 (KHTML, like Gecko) Chrome/144.0.0.0 Safari/537.36"
103.167.159.233 - - [15/Jan/2026:16:41:54 +0000] "POST /wp/wp-admin/admin-ajax.php HTTP/2" 200 71 "https://bms69.com/wp/wp-admin/post.php?post=432&action=elementor" "Mozilla/5.0 (Windows NT 10.0; Win64; x64) AppleWebKit/537.36 (KHTML, like Gecko) Chrome/144.0.0.0 Safari/537.36"
64.31.22.34 - - [15/Jan/2026:16:42:05 +0000] "POST /wp/wp-cron.php?doing_wp_cron=1768495325.5130538940429687500000 HTTP/1.1" 200 0 "-" "WordPress/6.9; https://bms69.com/wp"
103.167.159.233 - - [15/Jan/2026:16:42:04 +0000] "POST /wp/wp-admin/admin-ajax.php HTTP/2" 200 618 "https://bms69.com/wp/wp-admin/post.php?post=432&action=elementor" "Mozilla/5.0 (Windows NT 10.0; Win64; x64) AppleWebKit/537.36 (KHTML, like Gecko) Chrome/144.0.0.0 Safari/537.36"
103.167.159.233 - - [15/Jan/2026:16:42:09 +0000] "POST /wp/wp-admin/admin-ajax.php HTTP/2" 200 71 "https://bms69.com/wp/wp-admin/post.php?post=432&action=elementor" "Mozilla/5.0 (Windows NT 10.0; Win64; x64) AppleWebKit/537.36 (KHTML, like Gecko) Chrome/144.0.0.0 Safari/537.36"
103.167.159.233 - - [15/Jan/2026:16:42:21 +0000] "POST /wp/wp-admin/admin-ajax.php HTTP/2" 200 528 "https://bms69.com/wp/wp-admin/post.php?post=432&action=elementor" "Mozilla/5.0 (Windows NT 10.0; Win64; x64) AppleWebKit/537.36 (KHTML, like Gecko) Chrome/144.0.0.0 Safari/537.36"
103.167.159.233 - - [15/Jan/2026:16:42:21 +0000] "POST /wp/wp-admin/admin-ajax.php HTTP/2" 200 528 "https://bms69.com/wp/wp-admin/post.php?post=432&action=elementor" "Mozilla/5.0 (Windows NT 10.0; Win64; x64) AppleWebKit/537.36 (KHTML, like Gecko) Chrome/144.0.0.0 Safari/537.36"
103.167.159.233 - - [15/Jan/2026:16:42:21 +0000] "POST /wp/wp-admin/admin-ajax.php HTTP/2" 200 528 "https://bms69.com/wp/wp-admin/post.php?post=432&action=elementor" "Mozilla/5.0 (Windows NT 10.0; Win64; x64) AppleWebKit/537.36 (KHTML, like Gecko) Chrome/144.0.0.0 Safari/537.36"
103.167.159.233 - - [15/Jan/2026:16:42:21 +0000] "POST /wp/wp-admin/admin-ajax.php HTTP/2" 200 528 "https://bms69.com/wp/wp-admin/post.php?post=432&action=elementor" "Mozilla/5.0 (Windows NT 10.0; Win64; x64) AppleWebKit/537.36 (KHTML, like Gecko) Chrome/144.0.0.0 Safari/537.36"
103.167.159.233 - - [15/Jan/2026:16:42:21 +0000] "POST /wp/wp-admin/admin-ajax.php HTTP/2" 200 522 "https://bms69.com/wp/wp-admin/post.php?post=432&action=elementor" "Mozilla/5.0 (Windows NT 10.0; Win64; x64) AppleWebKit/537.36 (KHTML, like Gecko) Chrome/144.0.0.0 Safari/537.36"
103.167.159.233 - - [15/Jan/2026:16:42:21 +0000] "POST /wp/wp-admin/admin-ajax.php HTTP/2" 200 529 "https://bms69.com/wp/wp-admin/post.php?post=432&action=elementor" "Mozilla/5.0 (Windows NT 10.0; Win64; x64) AppleWebKit/537.36 (KHTML, like Gecko) Chrome/144.0.0.0 Safari/537.36"
103.167.159.233 - - [15/Jan/2026:16:42:24 +0000] "POST /wp/wp-admin/admin-ajax.php HTTP/2" 200 71 "https://bms69.com/wp/wp-admin/post.php?post=432&action=elementor" "Mozilla/5.0 (Windows NT 10.0; Win64; x64) AppleWebKit/537.36 (KHTML, like Gecko) Chrome/144.0.0.0 Safari/537.36"
103.167.159.233 - - [15/Jan/2026:16:42:37 +0000] "POST /wp/wp-admin/admin-ajax.php HTTP/2" 200 522 "https://bms69.com/wp/wp-admin/post.php?post=432&action=elementor" "Mozilla/5.0 (Windows NT 10.0; Win64; x64) AppleWebKit/537.36 (KHTML, like Gecko) Chrome/144.0.0.0 Safari/537.36"
103.167.159.233 - - [15/Jan/2026:16:42:37 +0000] "POST /wp/wp-admin/admin-ajax.php HTTP/2" 200 528 "https://bms69.com/wp/wp-admin/post.php?post=432&action=elementor" "Mozilla/5.0 (Windows NT 10.0; Win64; x64) AppleWebKit/537.36 (KHTML, like Gecko) Chrome/144.0.0.0 Safari/537.36"
103.167.159.233 - - [15/Jan/2026:16:42:37 +0000] "POST /wp/wp-admin/admin-ajax.php HTTP/2" 200 529 "https://bms69.com/wp/wp-admin/post.php?post=432&action=elementor" "Mozilla/5.0 (Windows NT 10.0; Win64; x64) AppleWebKit/537.36 (KHTML, like Gecko) Chrome/144.0.0.0 Safari/537.36"
103.167.159.233 - - [15/Jan/2026:16:42:37 +0000] "POST /wp/wp-admin/admin-ajax.php HTTP/2" 200 528 "https://bms69.com/wp/wp-admin/post.php?post=432&action=elementor" "Mozilla/5.0 (Windows NT 10.0; Win64; x64) AppleWebKit/537.36 (KHTML, like Gecko) Chrome/144.0.0.0 Safari/537.36"
103.167.159.233 - - [15/Jan/2026:16:42:37 +0000] "POST /wp/wp-admin/admin-ajax.php HTTP/2" 200 528 "https://bms69.com/wp/wp-admin/post.php?post=432&action=elementor" "Mozilla/5.0 (Windows NT 10.0; Win64; x64) AppleWebKit/537.36 (KHTML, like Gecko) Chrome/144.0.0.0 Safari/537.36"
103.167.159.233 - - [15/Jan/2026:16:42:37 +0000] "POST /wp/wp-admin/admin-ajax.php HTTP/2" 200 528 "https://bms69.com/wp/wp-admin/post.php?post=432&action=elementor" "Mozilla/5.0 (Windows NT 10.0; Win64; x64) AppleWebKit/537.36 (KHTML, like Gecko) Chrome/144.0.0.0 Safari/537.36"
103.167.159.233 - - [15/Jan/2026:16:42:39 +0000] "POST /wp/wp-admin/admin-ajax.php HTTP/2" 200 71 "https://bms69.com/wp/wp-admin/post.php?post=432&action=elementor" "Mozilla/5.0 (Windows NT 10.0; Win64; x64) AppleWebKit/537.36 (KHTML, like Gecko) Chrome/144.0.0.0 Safari/537.36"
103.167.159.233 - - [15/Jan/2026:16:42:48 +0000] "GET /wp/wp-includes/images/spinner.gif HTTP/2" 200 3656 "https://bms69.com/wp/wp-includes/css/media-views.min.css?ver=6.9" "Mozilla/5.0 (Windows NT 10.0; Win64; x64) AppleWebKit/537.36 (KHTML, like Gecko) Chrome/144.0.0.0 Safari/537.36"
103.167.159.233 - - [15/Jan/2026:16:42:48 +0000] "POST /wp/wp-admin/admin-ajax.php HTTP/2" 200 831 "https://bms69.com/wp/wp-admin/post.php?post=432&action=elementor" "Mozilla/5.0 (Windows NT 10.0; Win64; x64) AppleWebKit/537.36 (KHTML, like Gecko) Chrome/144.0.0.0 Safari/537.36"
103.167.159.233 - - [15/Jan/2026:16:42:50 +0000] "GET /wp/wp-includes/images/uploader-icons.png HTTP/2" 200 1556 "https://bms69.com/wp/wp-includes/css/media-views.min.css?ver=6.9" "Mozilla/5.0 (Windows NT 10.0; Win64; x64) AppleWebKit/537.36 (KHTML, like Gecko) Chrome/144.0.0.0 Safari/537.36"
103.167.159.233 - - [15/Jan/2026:16:42:54 +0000] "POST /wp/wp-admin/admin-ajax.php HTTP/2" 200 71 "https://bms69.com/wp/wp-admin/post.php?post=432&action=elementor" "Mozilla/5.0 (Windows NT 10.0; Win64; x64) AppleWebKit/537.36 (KHTML, like Gecko) Chrome/144.0.0.0 Safari/537.36"
64.31.22.34 - - [15/Jan/2026:16:43:10 +0000] "POST /wp/wp-cron.php?doing_wp_cron=1768495390.5869700908660888671875 HTTP/1.1" 200 0 "-" "WordPress/6.9; https://bms69.com/wp"
103.167.159.233 - - [15/Jan/2026:16:43:09 +0000] "POST /wp/wp-admin/admin-ajax.php HTTP/2" 200 71 "https://bms69.com/wp/wp-admin/post.php?post=432&action=elementor" "Mozilla/5.0 (Windows NT 10.0; Win64; x64) AppleWebKit/537.36 (KHTML, like Gecko) Chrome/144.0.0.0 Safari/537.36"
103.167.159.233 - - [15/Jan/2026:16:43:16 +0000] "GET /wp/wp-content/themes/astra/assets/css/minified/editor-style.min.css?wp-mce-49110-20250317 HTTP/2" 200 4008 "https://bms69.com/wp/wp-admin/post.php?post=432&action=elementor" "Mozilla/5.0 (Windows NT 10.0; Win64; x64) AppleWebKit/537.36 (KHTML, like Gecko) Chrome/144.0.0.0 Safari/537.36"
103.167.159.233 - - [15/Jan/2026:16:43:19 +0000] "POST /wp/wp-admin/admin-ajax.php HTTP/2" 200 311 "https://bms69.com/wp/wp-admin/post.php?post=432&action=elementor" "Mozilla/5.0 (Windows NT 10.0; Win64; x64) AppleWebKit/537.36 (KHTML, like Gecko) Chrome/144.0.0.0 Safari/537.36"
103.167.159.233 - - [15/Jan/2026:16:43:24 +0000] "POST /wp/wp-admin/admin-ajax.php HTTP/2" 200 71 "https://bms69.com/wp/wp-admin/post.php?post=432&action=elementor" "Mozilla/5.0 (Windows NT 10.0; Win64; x64) AppleWebKit/537.36 (KHTML, like Gecko) Chrome/144.0.0.0 Safari/537.36"
103.167.159.233 - - [15/Jan/2026:16:43:39 +0000] "POST /wp/wp-admin/admin-ajax.php HTTP/2" 200 71 "https://bms69.com/wp/wp-admin/post.php?post=432&action=elementor" "Mozilla/5.0 (Windows NT 10.0; Win64; x64) AppleWebKit/537.36 (KHTML, like Gecko) Chrome/144.0.0.0 Safari/537.36"
64.31.22.34 - - [15/Jan/2026:16:44:18 +0000] "POST /wp/wp-cron.php?doing_wp_cron=1768495458.8280389308929443359375 HTTP/1.1" 200 0 "-" "WordPress/6.9; https://bms69.com/wp"
103.167.159.233 - - [15/Jan/2026:16:44:17 +0000] "GET /wp/wp-json/elementor/v1/checklist/user-progress HTTP/2" 200 176 "https://bms69.com/wp/wp-admin/post.php?post=432&action=elementor" "Mozilla/5.0 (Windows NT 10.0; Win64; x64) AppleWebKit/537.36 (KHTML, like Gecko) Chrome/144.0.0.0 Safari/537.36"
103.167.159.233 - - [15/Jan/2026:16:44:18 +0000] "POST /wp/wp-admin/admin-ajax.php HTTP/2" 200 584 "https://bms69.com/wp/wp-admin/post.php?post=432&action=elementor" "Mozilla/5.0 (Windows NT 10.0; Win64; x64) AppleWebKit/537.36 (KHTML, like Gecko) Chrome/144.0.0.0 Safari/537.36"
103.167.159.233 - - [15/Jan/2026:16:44:25 +0000] "GET /wp/wp-json/elementor/v1/checklist/user-progress HTTP/2" 200 176 "https://bms69.com/wp/wp-admin/post.php?post=432&action=elementor" "Mozilla/5.0 (Windows NT 10.0; Win64; x64) AppleWebKit/537.36 (KHTML, like Gecko) Chrome/144.0.0.0 Safari/537.36"
64.31.22.34 - - [15/Jan/2026:16:45:08 +0000] "POST /wp/wp-cron.php?doing_wp_cron=1768495508.4482569694519042968750 HTTP/1.1" 200 0 "-" "WordPress/6.9; https://bms69.com/wp"
64.31.22.34 - - [15/Jan/2026:16:46:34 +0000] "POST /wp/wp-cron.php?doing_wp_cron=1768495594.4498200416564941406250 HTTP/1.1" 200 0 "-" "WordPress/6.9; https://bms69.com/wp"
103.167.159.233 - - [15/Jan/2026:16:46:33 +0000] "POST /wp/wp-admin/admin-ajax.php HTTP/3" 200 71 "https://bms69.com/wp/wp-admin/post.php?post=432&action=elementor" "Mozilla/5.0 (Windows NT 10.0; Win64; x64) AppleWebKit/537.36 (KHTML, like Gecko) Chrome/144.0.0.0 Safari/537.36"
103.167.159.233 - - [15/Jan/2026:16:46:33 +0000] "GET /wp/wp-json/elementor/v1/checklist/user-progress HTTP/3" 200 176 "https://bms69.com/wp/wp-admin/post.php?post=432&action=elementor" "Mozilla/5.0 (Windows NT 10.0; Win64; x64) AppleWebKit/537.36 (KHTML, like Gecko) Chrome/144.0.0.0 Safari/537.36"
103.167.159.233 - - [15/Jan/2026:16:46:33 +0000] "POST /wp/wp-admin/admin-ajax.php HTTP/3" 200 585 "https://bms69.com/wp/wp-admin/post.php?post=432&action=elementor" "Mozilla/5.0 (Windows NT 10.0; Win64; x64) AppleWebKit/537.36 (KHTML, like Gecko) Chrome/144.0.0.0 Safari/537.36"
103.167.159.233 - - [15/Jan/2026:16:46:38 +0000] "GET /wp/wp-json/elementor/v1/checklist/user-progress HTTP/3" 200 176 "https://bms69.com/wp/wp-admin/post.php?post=432&action=elementor" "Mozilla/5.0 (Windows NT 10.0; Win64; x64) AppleWebKit/537.36 (KHTML, like Gecko) Chrome/144.0.0.0 Safari/537.36"
103.167.159.233 - - [15/Jan/2026:16:46:47 +0000] "POST /wp/wp-admin/admin-ajax.php HTTP/3" 200 71 "https://bms69.com/wp/wp-admin/post.php?post=432&action=elementor" "Mozilla/5.0 (Windows NT 10.0; Win64; x64) AppleWebKit/537.36 (KHTML, like Gecko) Chrome/144.0.0.0 Safari/537.36"
64.31.22.34 - - [15/Jan/2026:16:47:04 +0000] "POST /wp/wp-cron.php?doing_wp_cron=1768495624.5206329822540283203125 HTTP/1.1" 200 0 "-" "WordPress/6.9; https://bms69.com/wp"
103.167.159.233 - - [15/Jan/2026:16:47:03 +0000] "POST /wp/wp-admin/admin-ajax.php HTTP/3" 200 71 "https://bms69.com/wp/wp-admin/post.php?post=432&action=elementor" "Mozilla/5.0 (Windows NT 10.0; Win64; x64) AppleWebKit/537.36 (KHTML, like Gecko) Chrome/144.0.0.0 Safari/537.36"
103.167.159.233 - - [15/Jan/2026:16:47:17 +0000] "POST /wp/wp-admin/admin-ajax.php HTTP/3" 200 71 "https://bms69.com/wp/wp-admin/post.php?post=432&action=elementor" "Mozilla/5.0 (Windows NT 10.0; Win64; x64) AppleWebKit/537.36 (KHTML, like Gecko) Chrome/144.0.0.0 Safari/537.36"
103.167.159.233 - - [15/Jan/2026:16:47:23 +0000] "POST /wp/wp-admin/admin-ajax.php HTTP/3" 200 312 "https://bms69.com/wp/wp-admin/post.php?post=432&action=elementor" "Mozilla/5.0 (Windows NT 10.0; Win64; x64) AppleWebKit/537.36 (KHTML, like Gecko) Chrome/144.0.0.0 Safari/537.36"
103.167.159.233 - - [15/Jan/2026:16:47:24 +0000] "POST /wp/wp-admin/admin-ajax.php HTTP/3" 200 309 "https://bms69.com/wp/wp-admin/post.php?post=432&action=elementor" "Mozilla/5.0 (Windows NT 10.0; Win64; x64) AppleWebKit/537.36 (KHTML, like Gecko) Chrome/144.0.0.0 Safari/537.36"
103.167.159.233 - - [15/Jan/2026:16:47:32 +0000] "POST /wp/wp-admin/admin-ajax.php HTTP/3" 200 71 "https://bms69.com/wp/wp-admin/post.php?post=432&action=elementor" "Mozilla/5.0 (Windows NT 10.0; Win64; x64) AppleWebKit/537.36 (KHTML, like Gecko) Chrome/144.0.0.0 Safari/537.36"
103.167.159.233 - - [15/Jan/2026:16:47:47 +0000] "POST /wp/wp-admin/admin-ajax.php HTTP/3" 200 71 "https://bms69.com/wp/wp-admin/post.php?post=432&action=elementor" "Mozilla/5.0 (Windows NT 10.0; Win64; x64) AppleWebKit/537.36 (KHTML, like Gecko) Chrome/144.0.0.0 Safari/537.36"
103.167.159.233 - - [15/Jan/2026:16:47:52 +0000] "POST /wp/wp-admin/admin-ajax.php HTTP/3" 200 233 "https://bms69.com/wp/wp-admin/post.php?post=432&action=elementor" "Mozilla/5.0 (Windows NT 10.0; Win64; x64) AppleWebKit/537.36 (KHTML, like Gecko) Chrome/144.0.0.0 Safari/537.36"
64.31.22.34 - - [15/Jan/2026:16:48:02 +0000] "POST /wp/wp-cron.php?doing_wp_cron=1768495682.1358580589294433593750 HTTP/1.1" 200 0 "-" "WordPress/6.9; https://bms69.com/wp"
103.167.159.233 - - [15/Jan/2026:16:47:55 +0000] "POST /wp/wp-admin/admin-ajax.php HTTP/3" 200 310 "https://bms69.com/wp/wp-admin/post.php?post=432&action=elementor" "Mozilla/5.0 (Windows NT 10.0; Win64; x64) AppleWebKit/537.36 (KHTML, like Gecko) Chrome/144.0.0.0 Safari/537.36"
103.167.159.233 - - [15/Jan/2026:16:48:02 +0000] "POST /wp/wp-admin/admin-ajax.php HTTP/3" 200 71 "https://bms69.com/wp/wp-admin/post.php?post=432&action=elementor" "Mozilla/5.0 (Windows NT 10.0; Win64; x64) AppleWebKit/537.36 (KHTML, like Gecko) Chrome/144.0.0.0 Safari/537.36"
103.167.159.233 - - [15/Jan/2026:16:48:20 +0000] "POST /wp/wp-admin/admin-ajax.php HTTP/3" 200 71 "https://bms69.com/wp/wp-admin/post.php?post=432&action=elementor" "Mozilla/5.0 (Windows NT 10.0; Win64; x64) AppleWebKit/537.36 (KHTML, like Gecko) Chrome/144.0.0.0 Safari/537.36"
103.167.159.233 - - [15/Jan/2026:16:48:32 +0000] "POST /wp/wp-admin/admin-ajax.php HTTP/3" 200 71 "https://bms69.com/wp/wp-admin/post.php?post=432&action=elementor" "Mozilla/5.0 (Windows NT 10.0; Win64; x64) AppleWebKit/537.36 (KHTML, like Gecko) Chrome/144.0.0.0 Safari/537.36"
103.167.159.233 - - [15/Jan/2026:16:48:47 +0000] "POST /wp/wp-admin/admin-ajax.php HTTP/3" 200 71 "https://bms69.com/wp/wp-admin/post.php?post=432&action=elementor" "Mozilla/5.0 (Windows NT 10.0; Win64; x64) AppleWebKit/537.36 (KHTML, like Gecko) Chrome/144.0.0.0 Safari/537.36"
103.167.159.233 - - [15/Jan/2026:16:48:53 +0000] "GET /wp/wp-json/elementor/v1/checklist/user-progress HTTP/3" 200 176 "https://bms69.com/wp/wp-admin/post.php?post=432&action=elementor" "Mozilla/5.0 (Windows NT 10.0; Win64; x64) AppleWebKit/537.36 (KHTML, like Gecko) Chrome/144.0.0.0 Safari/537.36"
103.167.159.233 - - [15/Jan/2026:16:48:53 +0000] "POST /wp/wp-admin/admin-ajax.php HTTP/3" 200 585 "https://bms69.com/wp/wp-admin/post.php?post=432&action=elementor" "Mozilla/5.0 (Windows NT 10.0; Win64; x64) AppleWebKit/537.36 (KHTML, like Gecko) Chrome/144.0.0.0 Safari/537.36"
103.167.159.233 - - [15/Jan/2026:16:49:00 +0000] "GET /wp/wp-json/elementor/v1/checklist/user-progress HTTP/3" 200 176 "https://bms69.com/wp/wp-admin/post.php?post=432&action=elementor" "Mozilla/5.0 (Windows NT 10.0; Win64; x64) AppleWebKit/537.36 (KHTML, like Gecko) Chrome/144.0.0.0 Safari/537.36"
64.31.22.34 - - [15/Jan/2026:16:49:06 +0000] "POST /wp/wp-cron.php?doing_wp_cron=1768495746.1773300170898437500000 HTTP/1.1" 200 0 "-" "WordPress/6.9; https://bms69.com/wp"
103.167.159.233 - - [15/Jan/2026:16:49:05 +0000] "POST /wp/wp-admin/admin-ajax.php HTTP/3" 200 71 "https://bms69.com/wp/wp-admin/post.php?post=432&action=elementor" "Mozilla/5.0 (Windows NT 10.0; Win64; x64) AppleWebKit/537.36 (KHTML, like Gecko) Chrome/144.0.0.0 Safari/537.36"
103.167.159.233 - - [15/Jan/2026:16:49:20 +0000] "POST /wp/wp-admin/admin-ajax.php HTTP/3" 200 71 "https://bms69.com/wp/wp-admin/post.php?post=432&action=elementor" "Mozilla/5.0 (Windows NT 10.0; Win64; x64) AppleWebKit/537.36 (KHTML, like Gecko) Chrome/144.0.0.0 Safari/537.36"
103.167.159.233 - - [15/Jan/2026:16:49:35 +0000] "POST /wp/wp-admin/admin-ajax.php HTTP/3" 200 71 "https://bms69.com/wp/wp-admin/post.php?post=432&action=elementor" "Mozilla/5.0 (Windows NT 10.0; Win64; x64) AppleWebKit/537.36 (KHTML, like Gecko) Chrome/144.0.0.0 Safari/537.36"
103.167.159.233 - - [15/Jan/2026:16:49:57 +0000] "POST /wp/wp-admin/admin-ajax.php HTTP/3" 200 71 "https://bms69.com/wp/wp-admin/post.php?post=432&action=elementor" "Mozilla/5.0 (Windows NT 10.0; Win64; x64) AppleWebKit/537.36 (KHTML, like Gecko) Chrome/144.0.0.0 Safari/537.36"
103.167.159.233 - - [15/Jan/2026:16:50:12 +0000] "POST /wp/wp-admin/admin-ajax.php HTTP/3" 200 528 "https://bms69.com/wp/wp-admin/post.php?post=432&action=elementor" "Mozilla/5.0 (Windows NT 10.0; Win64; x64) AppleWebKit/537.36 (KHTML, like Gecko) Chrome/144.0.0.0 Safari/537.36"
103.167.159.233 - - [15/Jan/2026:16:50:12 +0000] "POST /wp/wp-admin/admin-ajax.php HTTP/3" 200 528 "https://bms69.com/wp/wp-admin/post.php?post=432&action=elementor" "Mozilla/5.0 (Windows NT 10.0; Win64; x64) AppleWebKit/537.36 (KHTML, like Gecko) Chrome/144.0.0.0 Safari/537.36"
103.167.159.233 - - [15/Jan/2026:16:50:12 +0000] "POST /wp/wp-admin/admin-ajax.php HTTP/3" 200 522 "https://bms69.com/wp/wp-admin/post.php?post=432&action=elementor" "Mozilla/5.0 (Windows NT 10.0; Win64; x64) AppleWebKit/537.36 (KHTML, like Gecko) Chrome/144.0.0.0 Safari/537.36"
103.167.159.233 - - [15/Jan/2026:16:50:12 +0000] "POST /wp/wp-admin/admin-ajax.php HTTP/3" 200 528 "https://bms69.com/wp/wp-admin/post.php?post=432&action=elementor" "Mozilla/5.0 (Windows NT 10.0; Win64; x64) AppleWebKit/537.36 (KHTML, like Gecko) Chrome/144.0.0.0 Safari/537.36"
103.167.159.233 - - [15/Jan/2026:16:50:12 +0000] "POST /wp/wp-admin/admin-ajax.php HTTP/3" 200 529 "https://bms69.com/wp/wp-admin/post.php?post=432&action=elementor" "Mozilla/5.0 (Windows NT 10.0; Win64; x64) AppleWebKit/537.36 (KHTML, like Gecko) Chrome/144.0.0.0 Safari/537.36"
103.167.159.233 - - [15/Jan/2026:16:50:12 +0000] "POST /wp/wp-admin/admin-ajax.php HTTP/3" 200 528 "https://bms69.com/wp/wp-admin/post.php?post=432&action=elementor" "Mozilla/5.0 (Windows NT 10.0; Win64; x64) AppleWebKit/537.36 (KHTML, like Gecko) Chrome/144.0.0.0 Safari/537.36"
103.167.159.233 - - [15/Jan/2026:16:50:08 +0000] "POST /wp/wp-admin/admin-ajax.php HTTP/3" 200 203 "https://bms69.com/wp/wp-admin/post.php?post=432&action=elementor" "Mozilla/5.0 (Windows NT 10.0; Win64; x64) AppleWebKit/537.36 (KHTML, like Gecko) Chrome/144.0.0.0 Safari/537.36"
103.167.159.233 - - [15/Jan/2026:16:50:19 +0000] "POST /wp/wp-admin/admin-ajax.php HTTP/3" 200 71 "https://bms69.com/wp/wp-admin/post.php?post=432&action=elementor" "Mozilla/5.0 (Windows NT 10.0; Win64; x64) AppleWebKit/537.36 (KHTML, like Gecko) Chrome/144.0.0.0 Safari/537.36"
103.167.159.233 - - [15/Jan/2026:16:50:18 +0000] "POST /wp/wp-admin/admin-ajax.php HTTP/3" 200 63 "https://bms69.com/wp/wp-admin/post.php?post=432&action=elementor" "Mozilla/5.0 (Windows NT 10.0; Win64; x64) AppleWebKit/537.36 (KHTML, like Gecko) Chrome/144.0.0.0 Safari/537.36"
103.167.159.233 - - [15/Jan/2026:16:50:27 +0000] "POST /wp/wp-admin/admin-ajax.php HTTP/3" 200 71 "https://bms69.com/wp/wp-admin/post.php?post=432&action=elementor" "Mozilla/5.0 (Windows NT 10.0; Win64; x64) AppleWebKit/537.36 (KHTML, like Gecko) Chrome/144.0.0.0 Safari/537.36"
103.167.159.233 - - [15/Jan/2026:16:50:34 +0000] "POST /wp/wp-admin/admin-ajax.php HTTP/3" 200 63 "https://bms69.com/wp/wp-admin/post.php?post=432&action=elementor" "Mozilla/5.0 (Windows NT 10.0; Win64; x64) AppleWebKit/537.36 (KHTML, like Gecko) Chrome/144.0.0.0 Safari/537.36"
103.167.159.233 - - [15/Jan/2026:16:50:42 +0000] "POST /wp/wp-admin/admin-ajax.php HTTP/3" 200 71 "https://bms69.com/wp/wp-admin/post.php?post=432&action=elementor" "Mozilla/5.0 (Windows NT 10.0; Win64; x64) AppleWebKit/537.36 (KHTML, like Gecko) Chrome/144.0.0.0 Safari/537.36"
103.167.159.233 - - [15/Jan/2026:16:50:57 +0000] "POST /wp/wp-admin/admin-ajax.php HTTP/3" 200 71 "https://bms69.com/wp/wp-admin/post.php?post=432&action=elementor" "Mozilla/5.0 (Windows NT 10.0; Win64; x64) AppleWebKit/537.36 (KHTML, like Gecko) Chrome/144.0.0.0 Safari/537.36"
64.31.22.34 - - [15/Jan/2026:16:51:13 +0000] "POST /wp/wp-cron.php?doing_wp_cron=1768495873.4793949127197265625000 HTTP/1.1" 200 0 "-" "WordPress/6.9; https://bms69.com/wp"
103.167.159.233 - - [15/Jan/2026:16:51:12 +0000] "POST /wp/wp-admin/admin-ajax.php HTTP/3" 200 71 "https://bms69.com/wp/wp-admin/post.php?post=432&action=elementor" "Mozilla/5.0 (Windows NT 10.0; Win64; x64) AppleWebKit/537.36 (KHTML, like Gecko) Chrome/144.0.0.0 Safari/537.36"
103.167.159.233 - - [15/Jan/2026:16:51:27 +0000] "GET /wp/wp-json/elementor/v1/checklist/user-progress HTTP/3" 200 176 "https://bms69.com/wp/wp-admin/post.php?post=432&action=elementor" "Mozilla/5.0 (Windows NT 10.0; Win64; x64) AppleWebKit/537.36 (KHTML, like Gecko) Chrome/144.0.0.0 Safari/537.36"
103.167.159.233 - - [15/Jan/2026:16:51:27 +0000] "POST /wp/wp-admin/admin-ajax.php HTTP/3" 200 71 "https://bms69.com/wp/wp-admin/post.php?post=432&action=elementor" "Mozilla/5.0 (Windows NT 10.0; Win64; x64) AppleWebKit/537.36 (KHTML, like Gecko) Chrome/144.0.0.0 Safari/537.36"
103.167.159.233 - - [15/Jan/2026:16:51:28 +0000] "POST /wp/wp-admin/admin-ajax.php HTTP/3" 200 585 "https://bms69.com/wp/wp-admin/post.php?post=432&action=elementor" "Mozilla/5.0 (Windows NT 10.0; Win64; x64) AppleWebKit/537.36 (KHTML, like Gecko) Chrome/144.0.0.0 Safari/537.36"
103.167.159.233 - - [15/Jan/2026:16:51:34 +0000] "GET /wp/wp-json/elementor/v1/checklist/user-progress HTTP/3" 200 176 "https://bms69.com/wp/wp-admin/post.php?post=432&action=elementor" "Mozilla/5.0 (Windows NT 10.0; Win64; x64) AppleWebKit/537.36 (KHTML, like Gecko) Chrome/144.0.0.0 Safari/537.36"
103.167.159.233 - - [15/Jan/2026:16:51:38 +0000] "POST /wp/wp-admin/admin-ajax.php HTTP/3" 200 27679 "https://bms69.com/wp/wp-admin/post.php?post=432&action=elementor" "Mozilla/5.0 (Windows NT 10.0; Win64; x64) AppleWebKit/537.36 (KHTML, like Gecko) Chrome/144.0.0.0 Safari/537.36"
103.167.159.233 - - [15/Jan/2026:16:51:39 +0000] "POST /wp/wp-admin/admin-ajax.php HTTP/3" 200 71 "https://bms69.com/wp/wp-admin/post.php?post=432&action=elementor" "Mozilla/5.0 (Windows NT 10.0; Win64; x64) AppleWebKit/537.36 (KHTML, like Gecko) Chrome/144.0.0.0 Safari/537.36"
103.167.159.233 - - [15/Jan/2026:16:51:40 +0000] "GET /wp/wp-json/elementor/v1/user-data/current-user?context=edit HTTP/3" 200 406 "https://bms69.com/wp/wp-admin/post.php?post=432&action=elementor" "Mozilla/5.0 (Windows NT 10.0; Win64; x64) AppleWebKit/537.36 (KHTML, like Gecko) Chrome/144.0.0.0 Safari/537.36"
103.167.159.233 - - [15/Jan/2026:16:51:42 +0000] "GET /wp/wp-json/elementor/v1/checklist/user-progress HTTP/3" 200 176 "https://bms69.com/wp/wp-admin/post.php?post=432&action=elementor&active-document=386" "Mozilla/5.0 (Windows NT 10.0; Win64; x64) AppleWebKit/537.36 (KHTML, like Gecko) Chrome/144.0.0.0 Safari/537.36"
103.167.159.233 - - [15/Jan/2026:16:51:52 +0000] "GET /wp/wp-content/plugins/elementor/assets/js/8277989eebcfba278cb0.bundle.min.js HTTP/3" 200 12735 "https://bms69.com/wp/?elementor-preview=432&ver=1768492742" "Mozilla/5.0 (Windows NT 10.0; Win64; x64) AppleWebKit/537.36 (KHTML, like Gecko) Chrome/144.0.0.0 Safari/537.36"
103.167.159.233 - - [15/Jan/2026:16:51:52 +0000] "GET /wp/wp-content/plugins/elementor/assets/js/styleguide-app.04340244193733d78622.bundle.min.js HTTP/3" 200 6232 "https://bms69.com/wp/?elementor-preview=432&ver=1768492742" "Mozilla/5.0 (Windows NT 10.0; Win64; x64) AppleWebKit/537.36 (KHTML, like Gecko) Chrome/144.0.0.0 Safari/537.36"
103.167.159.233 - - [15/Jan/2026:16:51:52 +0000] "GET /wp/wp-json/elementor/v1/checklist/user-progress HTTP/3" 200 176 "https://bms69.com/wp/wp-admin/post.php?post=432&action=elementor&active-document=386" "Mozilla/5.0 (Windows NT 10.0; Win64; x64) AppleWebKit/537.36 (KHTML, like Gecko) Chrome/144.0.0.0 Safari/537.36"
103.167.159.233 - - [15/Jan/2026:16:51:55 +0000] "POST /wp/wp-admin/admin-ajax.php HTTP/3" 200 71 "https://bms69.com/wp/wp-admin/post.php?post=432&action=elementor&active-document=386" "Mozilla/5.0 (Windows NT 10.0; Win64; x64) AppleWebKit/537.36 (KHTML, like Gecko) Chrome/144.0.0.0 Safari/537.36"
64.31.22.34 - - [15/Jan/2026:16:52:10 +0000] "POST /wp/wp-cron.php?doing_wp_cron=1768495930.6270189285278320312500 HTTP/1.1" 200 0 "-" "WordPress/6.9; https://bms69.com/wp"
103.167.159.233 - - [15/Jan/2026:16:52:09 +0000] "POST /wp/wp-admin/admin-ajax.php HTTP/3" 200 71 "https://bms69.com/wp/wp-admin/post.php?post=432&action=elementor&active-document=386" "Mozilla/5.0 (Windows NT 10.0; Win64; x64) AppleWebKit/537.36 (KHTML, like Gecko) Chrome/144.0.0.0 Safari/537.36"
103.167.159.233 - - [15/Jan/2026:16:52:25 +0000] "POST /wp/wp-admin/admin-ajax.php HTTP/3" 200 71 "https://bms69.com/wp/wp-admin/post.php?post=432&action=elementor&active-document=386" "Mozilla/5.0 (Windows NT 10.0; Win64; x64) AppleWebKit/537.36 (KHTML, like Gecko) Chrome/144.0.0.0 Safari/537.36"
103.167.159.233 - - [15/Jan/2026:16:52:40 +0000] "POST /wp/wp-admin/admin-ajax.php HTTP/3" 200 71 "https://bms69.com/wp/wp-admin/post.php?post=432&action=elementor&active-document=386" "Mozilla/5.0 (Windows NT 10.0; Win64; x64) AppleWebKit/537.36 (KHTML, like Gecko) Chrome/144.0.0.0 Safari/537.36"
103.167.159.233 - - [15/Jan/2026:16:52:45 +0000] "GET /wp/wp-json/elementor/v1/checklist/user-progress HTTP/3" 200 176 "https://bms69.com/wp/wp-admin/post.php?post=432&action=elementor&active-document=386" "Mozilla/5.0 (Windows NT 10.0; Win64; x64) AppleWebKit/537.36 (KHTML, like Gecko) Chrome/144.0.0.0 Safari/537.36"
103.167.159.233 - - [15/Jan/2026:16:52:46 +0000] "POST /wp/wp-admin/admin-ajax.php HTTP/3" 200 70 "https://bms69.com/wp/wp-admin/post.php?post=432&action=elementor&active-document=386" "Mozilla/5.0 (Windows NT 10.0; Win64; x64) AppleWebKit/537.36 (KHTML, like Gecko) Chrome/144.0.0.0 Safari/537.36"
103.167.159.233 - - [15/Jan/2026:16:52:55 +0000] "POST /wp/wp-admin/admin-ajax.php HTTP/3" 200 71 "https://bms69.com/wp/wp-admin/post.php?post=432&action=elementor&active-document=386" "Mozilla/5.0 (Windows NT 10.0; Win64; x64) AppleWebKit/537.36 (KHTML, like Gecko) Chrome/144.0.0.0 Safari/537.36"
64.31.22.34 - - [15/Jan/2026:16:53:10 +0000] "POST /wp/wp-cron.php?doing_wp_cron=1768495990.8568699359893798828125 HTTP/1.1" 200 0 "-" "WordPress/6.9; https://bms69.com/wp"
103.167.159.233 - - [15/Jan/2026:16:53:10 +0000] "POST /wp/wp-admin/admin-ajax.php HTTP/3" 200 71 "https://bms69.com/wp/wp-admin/post.php?post=432&action=elementor&active-document=386" "Mozilla/5.0 (Windows NT 10.0; Win64; x64) AppleWebKit/537.36 (KHTML, like Gecko) Chrome/144.0.0.0 Safari/537.36"
103.167.159.233 - - [15/Jan/2026:16:53:16 +0000] "GET /wp/wp-json/elementor/v1/checklist/user-progress HTTP/3" 200 176 "https://bms69.com/wp/wp-admin/post.php?post=432&action=elementor&active-document=386" "Mozilla/5.0 (Windows NT 10.0; Win64; x64) AppleWebKit/537.36 (KHTML, like Gecko) Chrome/144.0.0.0 Safari/537.36"
103.167.159.233 - - [15/Jan/2026:16:53:27 +0000] "POST /wp/wp-admin/admin-ajax.php HTTP/3" 200 71 "https://bms69.com/wp/wp-admin/post.php?post=432&action=elementor&active-document=386" "Mozilla/5.0 (Windows NT 10.0; Win64; x64) AppleWebKit/537.36 (KHTML, like Gecko) Chrome/144.0.0.0 Safari/537.36"
103.167.159.233 - - [15/Jan/2026:16:53:40 +0000] "POST /wp/wp-admin/admin-ajax.php HTTP/3" 200 71 "https://bms69.com/wp/wp-admin/post.php?post=432&action=elementor&active-document=386" "Mozilla/5.0 (Windows NT 10.0; Win64; x64) AppleWebKit/537.36 (KHTML, like Gecko) Chrome/144.0.0.0 Safari/537.36"
64.31.22.34 - - [15/Jan/2026:16:53:55 +0000] "POST /wp/wp-cron.php?doing_wp_cron=1768496035.9454259872436523437500 HTTP/1.1" 200 0 "-" "WordPress/6.9; https://bms69.com/wp"
103.167.159.233 - - [15/Jan/2026:16:53:55 +0000] "POST /wp/wp-admin/admin-ajax.php HTTP/3" 200 71 "https://bms69.com/wp/wp-admin/post.php?post=432&action=elementor&active-document=386" "Mozilla/5.0 (Windows NT 10.0; Win64; x64) AppleWebKit/537.36 (KHTML, like Gecko) Chrome/144.0.0.0 Safari/537.36"
64.31.22.34 - - [15/Jan/2026:16:54:10 +0000] "POST /wp/wp-cron.php?doing_wp_cron=1768496050.8546009063720703125000 HTTP/1.1" 200 0 "-" "WordPress/6.9; https://bms69.com/wp"
103.167.159.233 - - [15/Jan/2026:16:54:10 +0000] "POST /wp/wp-admin/admin-ajax.php HTTP/3" 200 71 "https://bms69.com/wp/wp-admin/post.php?post=432&action=elementor&active-document=386" "Mozilla/5.0 (Windows NT 10.0; Win64; x64) AppleWebKit/537.36 (KHTML, like Gecko) Chrome/144.0.0.0 Safari/537.36"
103.167.159.233 - - [15/Jan/2026:16:54:14 +0000] "GET /wp/wp-json/elementor/v1/checklist/user-progress HTTP/3" 200 176 "https://bms69.com/wp/wp-admin/post.php?post=432&action=elementor&active-document=386" "Mozilla/5.0 (Windows NT 10.0; Win64; x64) AppleWebKit/537.36 (KHTML, like Gecko) Chrome/144.0.0.0 Safari/537.36"
103.167.159.233 - - [15/Jan/2026:16:54:14 +0000] "POST /wp/wp-admin/admin-ajax.php HTTP/3" 200 586 "https://bms69.com/wp/wp-admin/post.php?post=432&action=elementor&active-document=386" "Mozilla/5.0 (Windows NT 10.0; Win64; x64) AppleWebKit/537.36 (KHTML, like Gecko) Chrome/144.0.0.0 Safari/537.36"
103.167.159.233 - - [15/Jan/2026:16:54:16 +0000] "GET /wp/wp-json/elementor/v1/checklist/user-progress HTTP/3" 200 176 "https://bms69.com/wp/wp-admin/post.php?post=432&action=elementor&active-document=386" "Mozilla/5.0 (Windows NT 10.0; Win64; x64) AppleWebKit/537.36 (KHTML, like Gecko) Chrome/144.0.0.0 Safari/537.36"
103.167.159.233 - - [15/Jan/2026:16:54:17 +0000] "POST /wp/wp-admin/admin-ajax.php HTTP/3" 200 396 "https://bms69.com/wp/wp-admin/post.php?post=432&action=elementor&active-document=386" "Mozilla/5.0 (Windows NT 10.0; Win64; x64) AppleWebKit/537.36 (KHTML, like Gecko) Chrome/144.0.0.0 Safari/537.36"
103.167.159.233 - - [15/Jan/2026:16:54:16 +0000] "GET /wp/?preview_id=386&preview_nonce=3f9fc64c30&preview=true HTTP/3" 200 37406 "https://bms69.com/wp/wp-admin/post.php?post=432&action=elementor&active-document=386" "Mozilla/5.0 (Windows NT 10.0; Win64; x64) AppleWebKit/537.36 (KHTML, like Gecko) Chrome/144.0.0.0 Safari/537.36"
103.167.159.233 - - [15/Jan/2026:16:54:19 +0000] "GET /wp/wp-content/uploads/elementor/css/post-386.css?ver=1768496058 HTTP/3" 200 394 "https://bms69.com/wp/?preview_id=386&preview_nonce=3f9fc64c30&preview=true" "Mozilla/5.0 (Windows NT 10.0; Win64; x64) AppleWebKit/537.36 (KHTML, like Gecko) Chrome/144.0.0.0 Safari/537.36"
103.167.159.233 - - [15/Jan/2026:16:54:19 +0000] "GET /wp/wp-content/uploads/elementor/css/post-432.css?ver=1768496058 HTTP/3" 200 4403 "https://bms69.com/wp/?preview_id=386&preview_nonce=3f9fc64c30&preview=true" "Mozilla/5.0 (Windows NT 10.0; Win64; x64) AppleWebKit/537.36 (KHTML, like Gecko) Chrome/144.0.0.0 Safari/537.36"
103.167.159.233 - - [15/Jan/2026:16:54:23 +0000] "GET /wp/wp-json/elementor/v1/checklist/user-progress HTTP/3" 200 176 "https://bms69.com/wp/wp-admin/post.php?post=432&action=elementor&active-document=386" "Mozilla/5.0 (Windows NT 10.0; Win64; x64) AppleWebKit/537.36 (KHTML, like Gecko) Chrome/144.0.0.0 Safari/537.36"
103.167.159.233 - - [15/Jan/2026:16:54:24 +0000] "POST /wp/wp-admin/admin-ajax.php HTTP/3" 200 586 "https://bms69.com/wp/wp-admin/post.php?post=432&action=elementor&active-document=386" "Mozilla/5.0 (Windows NT 10.0; Win64; x64) AppleWebKit/537.36 (KHTML, like Gecko) Chrome/144.0.0.0 Safari/537.36"
103.167.159.233 - - [15/Jan/2026:16:54:25 +0000] "POST /wp/wp-admin/admin-ajax.php HTTP/3" 200 71 "https://bms69.com/wp/wp-admin/post.php?post=432&action=elementor&active-document=386" "Mozilla/5.0 (Windows NT 10.0; Win64; x64) AppleWebKit/537.36 (KHTML, like Gecko) Chrome/144.0.0.0 Safari/537.36"
103.167.159.233 - - [15/Jan/2026:16:54:26 +0000] "GET /wp/wp-json/elementor/v1/checklist/user-progress HTTP/3" 200 176 "https://bms69.com/wp/wp-admin/post.php?post=432&action=elementor&active-document=386" "Mozilla/5.0 (Windows NT 10.0; Win64; x64) AppleWebKit/537.36 (KHTML, like Gecko) Chrome/144.0.0.0 Safari/537.36"
103.167.159.233 - - [15/Jan/2026:16:54:26 +0000] "GET /wp/?preview_id=386&preview_nonce=3f9fc64c30&preview=true HTTP/3" 200 37402 "https://bms69.com/wp/wp-admin/post.php?post=432&action=elementor&active-document=386" "Mozilla/5.0 (Windows NT 10.0; Win64; x64) AppleWebKit/537.36 (KHTML, like Gecko) Chrome/144.0.0.0 Safari/537.36"
103.167.159.233 - - [15/Jan/2026:16:54:30 +0000] "GET /wp/wp-content/uploads/elementor/css/post-386.css?ver=1768496067 HTTP/3" 200 394 "https://bms69.com/wp/?preview_id=386&preview_nonce=3f9fc64c30&preview=true" "Mozilla/5.0 (Windows NT 10.0; Win64; x64) AppleWebKit/537.36 (KHTML, like Gecko) Chrome/144.0.0.0 Safari/537.36"
103.167.159.233 - - [15/Jan/2026:16:54:30 +0000] "GET /wp/wp-content/uploads/elementor/css/post-432.css?ver=1768496067 HTTP/3" 200 4403 "https://bms69.com/wp/?preview_id=386&preview_nonce=3f9fc64c30&preview=true" "Mozilla/5.0 (Windows NT 10.0; Win64; x64) AppleWebKit/537.36 (KHTML, like Gecko) Chrome/144.0.0.0 Safari/537.36"
103.167.159.233 - - [15/Jan/2026:16:54:41 +0000] "POST /wp/wp-admin/admin-ajax.php HTTP/3" 200 71 "https://bms69.com/wp/wp-admin/post.php?post=432&action=elementor&active-document=386" "Mozilla/5.0 (Windows NT 10.0; Win64; x64) AppleWebKit/537.36 (KHTML, like Gecko) Chrome/144.0.0.0 Safari/537.36"
103.167.159.233 - - [15/Jan/2026:16:54:41 +0000] "GET /wp/wp-json/elementor/v1/checklist/user-progress HTTP/3" 200 176 "https://bms69.com/wp/wp-admin/post.php?post=432&action=elementor&active-document=386" "Mozilla/5.0 (Windows NT 10.0; Win64; x64) AppleWebKit/537.36 (KHTML, like Gecko) Chrome/144.0.0.0 Safari/537.36"
103.167.159.233 - - [15/Jan/2026:16:54:55 +0000] "GET /wp/wp-json/elementor/v1/checklist/user-progress HTTP/3" 200 176 "https://bms69.com/wp/wp-admin/post.php?post=432&action=elementor&active-document=386" "Mozilla/5.0 (Windows NT 10.0; Win64; x64) AppleWebKit/537.36 (KHTML, like Gecko) Chrome/144.0.0.0 Safari/537.36"
103.167.159.233 - - [15/Jan/2026:16:54:55 +0000] "POST /wp/wp-admin/admin-ajax.php HTTP/3" 200 548 "https://bms69.com/wp/wp-admin/post.php?post=432&action=elementor&active-document=386" "Mozilla/5.0 (Windows NT 10.0; Win64; x64) AppleWebKit/537.36 (KHTML, like Gecko) Chrome/144.0.0.0 Safari/537.36"
