/home3/bmscom/access-logs/cross-culture.coach.bms69.com
64.31.22.34 - - [15/Jan/2026:13:43:33 +0000] "POST /wp-cron.php?doing_wp_cron=1768484613.0101261138916015625000 HTTP/1.1" 200 0 "-" "WordPress/6.9; https://cross-culture.coach"
104.168.98.195 - - [15/Jan/2026:13:43:32 +0000] "GET / HTTP/1.1" 301 0 "-" "Mozilla/5.0 (Macintosh; Intel Mac OS X 15_7_3) AppleWebKit/605.1.15 (KHTML, like Gecko) Version/26.0 Safari/605.1.15"
93.158.90.72 - - [15/Jan/2026:12:34:36 +0000] "GET /robots.txt HTTP/1.1" 200 137 "-" "Mozilla/5.0 (Windows NT 10.0; Win64; x64) AppleWebKit/537.36 (KHTML, like Gecko) Chrome/122.0.0.0 Safari/537.36 Agency/93.8.2357.5"
64.31.22.34 - - [15/Jan/2026:12:34:38 +0000] "POST /wp-cron.php?doing_wp_cron=1768480478.0272979736328125000000 HTTP/1.1" 200 0 "-" "WordPress/6.9; https://cross-culture.coach"
93.158.90.70 - - [15/Jan/2026:12:34:37 +0000] "GET / HTTP/1.1" 301 0 "-" "Mozilla/5.0 (Windows NT 10.0; Win64; x64) AppleWebKit/537.36 (KHTML, like Gecko) Chrome/122.0.0.0 Safari/537.36 Agency/93.8.2357.5"
104.168.98.195 - - [15/Jan/2026:13:43:32 +0000] "GET / HTTP/1.1" 301 0 "-" "Mozilla/5.0 (Macintosh; Intel Mac OS X 15_7_3) AppleWebKit/605.1.15 (KHTML, like Gecko) Version/26.0 Safari/605.1.15"
205.169.39.24 - - [15/Jan/2026:14:40:08 +0000] "GET /wp-json/wp/v2/posts HTTP/1.1" 200 28239 "-" "Mozilla/5.0 (Windows NT 10.0) AppleWebKit/537.36 (KHTML, like Gecko) Chrome/106.0.0.0 Safari/537.36"
64.31.22.34 - - [15/Jan/2026:14:40:09 +0000] "POST /wp-cron.php?doing_wp_cron=1768488009.1829509735107421875000 HTTP/1.1" 200 0 "-" "WordPress/6.9; https://cross-culture.coach"
123.158.51.193 - - [15/Jan/2026:14:55:55 +0000] "GET / HTTP/1.1" 301 0 "-" "Mozilla/5.0 (Windows NT 10.0; Win64; x64) AppleWebKit/537.36 (KHTML, like Gecko) Chrome/120.0.0.0 Safari/537.36"
123.158.51.193 - - [15/Jan/2026:14:55:56 +0000] "GET / HTTP/1.1" 301 0 "-" "Mozilla/5.0 (Windows NT 10.0; Win64; x64) AppleWebKit/537.36 (KHTML, like Gecko) Chrome/119.0.0.0 Safari/537.36"
60.16.201.84 - - [15/Jan/2026:14:55:59 +0000] "GET / HTTP/1.1" 301 0 "-" "Mozilla/5.0 (Windows NT 10.0; Win64; x64) AppleWebKit/537.36 (KHTML, like Gecko) Chrome/121.0.0.0 Safari/537.36"
123.158.51.193 - - [15/Jan/2026:14:56:00 +0000] "GET /theme/default/assets/compoments.js HTTP/1.1" 301 0 "-" "Mozilla/5.0 (Macintosh; Intel Mac OS X 10_15_7) AppleWebKit/605.1.15 (KHTML, like Gecko) Version/17.2.1 Safari/605.1.15"
60.16.201.84 - - [15/Jan/2026:14:56:00 +0000] "GET /theme/default/assets/compoments.js HTTP/1.1" 404 14790 "-" "Mozilla/5.0 (Windows NT 10.0; Win64; x64) AppleWebKit/537.36 (KHTML, like Gecko) Chrome/121.0.0.0 Safari/537.36"
123.158.51.193 - - [15/Jan/2026:14:56:02 +0000] "GET /theme/default/assets/umi.js HTTP/1.1" 301 0 "https://www.google.com/" "Mozilla/5.0 (Windows NT 10.0; Win64; x64) AppleWebKit/537.36 (KHTML, like Gecko) Chrome/121.0.0.0 Safari/537.36"
60.16.201.84 - - [15/Jan/2026:14:56:02 +0000] "GET /theme/default/assets/umi.js HTTP/1.1" 404 14791 "-" "Mozilla/5.0 (Windows NT 10.0; Win64; x64; rv:121.0) Gecko/20100101 Firefox/121.0"
123.158.51.193 - - [15/Jan/2026:14:56:03 +0000] "GET /user/umi.min.js HTTP/1.1" 301 0 "-" "Mozilla/5.0 (Macintosh; Intel Mac OS X 10_15_7) AppleWebKit/537.36 (KHTML, like Gecko) Chrome/121.0.0.0 Safari/537.36"
60.16.201.84 - - [15/Jan/2026:14:56:03 +0000] "GET /user/umi.min.js HTTP/1.1" 404 14790 "https://www.baidu.com/" "Mozilla/5.0 (Windows NT 10.0; Win64; x64) AppleWebKit/537.36 (KHTML, like Gecko) Chrome/120.0.0.0 Safari/537.36"
49.51.166.228 - - [15/Jan/2026:15:32:26 +0000] "GET / HTTP/1.1" 301 0 "-" "Mozilla/5.0 (iPhone; CPU iPhone OS 13_2_3 like Mac OS X) AppleWebKit/605.1.15 (KHTML, like Gecko) Version/13.0.3 Mobile/15E148 Safari/604.1"
64.31.22.34 - - [15/Jan/2026:14:55:56 +0000] "POST /wp-cron.php?doing_wp_cron=1768488956.2180631160736083984375 HTTP/1.1" 200 0 "-" "WordPress/6.9; https://cross-culture.coach"
64.31.22.34 - - [15/Jan/2026:15:32:27 +0000] "POST /wp-cron.php?doing_wp_cron=1768491147.4052760601043701171875 HTTP/1.1" 200 0 "-" "WordPress/6.9; https://cross-culture.coach"
31.6.58.63 - - [15/Jan/2026:17:47:57 +0000] "GET /bera/pbr/payment.php HTTP/1.1" 404 16909 "-" "req/v3 (https://github.com/imroc/req)"
31.6.58.63 - - [15/Jan/2026:17:49:13 +0000] "GET /bera/pbr/payment.php HTTP/1.1" 301 0 "-" "Mozilla/5.0 (iPhone; CPU iPhone OS 17_0_3 like Mac OS X) AppleWebKit/605.1.15 (KHTML, like Gecko) Version/17.0 Mobile/15E148 Safari/604.1 OPX/3.1.1"
31.6.58.63 - - [15/Jan/2026:17:49:16 +0000] "GET /bera/pbr/payment.php HTTP/1.1" 404 16908 "-" "req/v3 (https://github.com/imroc/req)"
64.31.22.34 - - [15/Jan/2026:17:47:55 +0000] "POST /wp-cron.php?doing_wp_cron=1768499275.0247099399566650390625 HTTP/1.1" 200 0 "-" "WordPress/6.9; https://cross-culture.coach"
31.6.58.63 - - [15/Jan/2026:17:47:54 +0000] "GET /bera/pbr/payment.php HTTP/1.1" 301 0 "-" "Mozilla/5.0 (Linux; Android 10; K) AppleWebKit/537.36 (KHTML, like Gecko) Chrome/142.0.0.0 Mobile Safari/537.36"
31.6.58.63 - - [15/Jan/2026:17:51:21 +0000] "GET /favicon.ico HTTP/1.1" 404 1251 "-" "Mozilla/5.0 (Linux; Android 10; K) AppleWebKit/537.36 (KHTML, like Gecko) Chrome/142.0.0.0 Mobile Safari/537.36"
64.31.22.34 - - [15/Jan/2026:17:59:13 +0000] "POST /wp-cron.php?doing_wp_cron=1768499953.1535160541534423828125 HTTP/1.1" 200 0 "-" "WordPress/6.9; https://cross-culture.coach"
31.6.58.63 - - [15/Jan/2026:17:59:12 +0000] "GET /bera/pbr/payment.php HTTP/1.1" 404 16903 "http://www.cross-culture.coach/bera/pbr/payment.php" "Mozilla/5.0 (iPhone; CPU iPhone OS 26_0_1 like Mac OS X) AppleWebKit/605.1.15 (KHTML, like Gecko) Brave/1 Mobile/15E148 Safari/604.1"
31.6.58.63 - - [15/Jan/2026:17:59:13 +0000] "GET /bera/pbr/payment.php HTTP/1.1" 404 16907 "http://www.cross-culture.coach/bera/pbr/payment.php" "Mozilla/5.0 (Macintosh; Intel Mac OS X 10_15_7) AppleWebKit/537.36 (KHTML, like Gecko) Chrome/142.0.0.0 Safari/537.36"
128.199.182.152 - - [15/Jan/2026:19:55:41 +0000] "GET / HTTP/1.1" 301 0 "-" "-"
64.31.22.34 - - [15/Jan/2026:19:11:51 +0000] "POST /wp-cron.php?doing_wp_cron=1768504311.2754759788513183593750 HTTP/1.1" 200 0 "-" "WordPress/6.9; https://cross-culture.coach"
34.228.187.65 - - [15/Jan/2026:19:11:50 +0000] "GET / HTTP/1.1" 301 0 "-" "Mozilla/5.0 (Linux; Android 11; Redmi Note 8 Pro) AppleWebKit/537.36 (KHTML, like Gecko) Chrome/99.0.4844.88 Mobile Safari/537.36 OPR/68.3.3557.64528"
64.31.22.34 - - [15/Jan/2026:19:55:42 +0000] "POST /wp-cron.php?doing_wp_cron=1768506942.0158090591430664062500 HTTP/1.1" 200 0 "-" "WordPress/6.9; https://cross-culture.coach"
64.31.22.34 - - [15/Jan/2026:20:34:45 +0000] "POST /wp-cron.php?doing_wp_cron=1768509285.9285099506378173828125 HTTP/1.1" 200 0 "-" "WordPress/6.9; https://cross-culture.coach"
159.223.132.86 - - [15/Jan/2026:20:34:47 +0000] "GET / HTTP/1.1" 301 0 "-" "Mozilla/5.0 (l9scan/2.0.4333e22323e21333e24363; +https://leakix.net)"
159.223.132.86 - - [15/Jan/2026:20:34:49 +0000] "POST /api HTTP/1.1" 404 16930 "-" "Mozilla/5.0 (l9scan/2.0.4333e22323e21333e24363; +https://leakix.net)"
159.223.132.86 - - [15/Jan/2026:20:34:50 +0000] "POST /api/graphql HTTP/1.1" 404 16930 "-" "Mozilla/5.0 (l9scan/2.0.4333e22323e21333e24363; +https://leakix.net)"
159.223.132.86 - - [15/Jan/2026:20:34:51 +0000] "POST /graphql/api HTTP/1.1" 404 16925 "-" "Mozilla/5.0 (l9scan/2.0.4333e22323e21333e24363; +https://leakix.net)"
159.223.132.86 - - [15/Jan/2026:20:34:52 +0000] "POST /api/gql HTTP/1.1" 404 16929 "-" "Mozilla/5.0 (l9scan/2.0.4333e22323e21333e24363; +https://leakix.net)"
159.223.132.86 - - [15/Jan/2026:20:34:56 +0000] "GET /swagger/swagger-ui.html HTTP/1.1" 404 16930 "-" "Mozilla/5.0 (l9scan/2.0.4333e22323e21333e24363; +https://leakix.net)"
159.223.132.86 - - [15/Jan/2026:20:34:58 +0000] "GET /swagger.json HTTP/1.1" 404 16930 "-" "Mozilla/5.0 (l9scan/2.0.4333e22323e21333e24363; +https://leakix.net)"
159.223.132.86 - - [15/Jan/2026:20:35:01 +0000] "GET /v3/api-docs HTTP/1.1" 404 16924 "-" "Mozilla/5.0 (l9scan/2.0.4333e22323e21333e24363; +https://leakix.net)"
159.223.132.86 - - [15/Jan/2026:20:35:04 +0000] "GET /api/swagger.json HTTP/1.1" 404 16925 "-" "Mozilla/5.0 (l9scan/2.0.4333e22323e21333e24363; +https://leakix.net)"
159.223.132.86 - - [15/Jan/2026:20:35:05 +0000] "GET /@vite/env HTTP/1.1" 404 16925 "-" "Mozilla/5.0 (l9scan/2.0.4333e22323e21333e24363; +https://leakix.net)"
159.223.132.86 - - [15/Jan/2026:20:35:07 +0000] "POST /php-cgi/php-cgi.exe?%ADd+cgi.force_redirect%3D0+%ADd+disable_functions%3D\"\"+%ADd+allow_url_include%3D1+%ADd+auto_prepend_file%3Dphp://input HTTP/1.1" 404 16930 "-" "Mozilla/5.0 (l9scan/2.0.4333e22323e21333e24363; +https://leakix.net)"
159.223.132.86 - - [15/Jan/2026:20:35:11 +0000] "GET /about HTTP/1.1" 404 16920 "-" "Mozilla/5.0 (l9scan/2.0.4333e22323e21333e24363; +https://leakix.net)"
159.223.132.86 - - [15/Jan/2026:20:35:12 +0000] "GET /debug/default/view?panel=config HTTP/1.1" 404 16928 "-" "Mozilla/5.0 (l9scan/2.0.4333e22323e21333e24363; +https://leakix.net)"
159.223.132.86 - - [15/Jan/2026:20:35:13 +0000] "GET /v2/_catalog HTTP/1.1" 404 16929 "-" "Mozilla/5.0 (l9scan/2.0.4333e22323e21333e24363; +https://leakix.net)"
159.223.132.86 - - [15/Jan/2026:20:35:16 +0000] "GET /login.action HTTP/1.1" 404 16930 "-" "Mozilla/5.0 (l9scan/2.0.4333e22323e21333e24363; +https://leakix.net)"
159.223.132.86 - - [15/Jan/2026:20:35:18 +0000] "GET /.DS_Store HTTP/1.1" 404 16930 "-" "Mozilla/5.0 (l9scan/2.0.4333e22323e21333e24363; +https://leakix.net)"
159.223.132.86 - - [15/Jan/2026:20:35:19 +0000] "GET /.env HTTP/1.1" 404 16930 "-" "Mozilla/5.0 (l9scan/2.0.4333e22323e21333e24363; +https://leakix.net)"
159.223.132.86 - - [15/Jan/2026:20:35:21 +0000] "GET /.git/config HTTP/1.1" 403 1242 "-" "Mozilla/5.0 (l9scan/2.0.4333e22323e21333e24363; +https://leakix.net)"
159.223.132.86 - - [15/Jan/2026:20:35:23 +0000] "GET /config.json HTTP/1.1" 404 16925 "-" "Mozilla/5.0 (l9scan/2.0.4333e22323e21333e24363; +https://leakix.net)"
159.223.132.86 - - [15/Jan/2026:20:35:24 +0000] "GET /telescope/requests HTTP/1.1" 404 16925 "-" "Mozilla/5.0 (l9scan/2.0.4333e22323e21333e24363; +https://leakix.net)"
159.223.132.86 - - [15/Jan/2026:20:35:25 +0000] "GET /info.php HTTP/1.1" 404 16931 "-" "Mozilla/5.0 (l9scan/2.0.4333e22323e21333e24363; +https://leakix.net)"
64.31.22.34 - - [15/Jan/2026:20:59:59 +0000] "POST /wp-cron.php?doing_wp_cron=1768510799.7101418972015380859375 HTTP/1.1" 200 0 "-" "WordPress/6.9; https://cross-culture.coach"
123.187.240.242 - - [15/Jan/2026:20:59:58 +0000] "GET / HTTP/1.1" 301 0 "-" "Mozilla/5.0 (iPhone; CPU iPhone OS 13_2_3 like Mac OS X) AppleWebKit/605.1.15 (KHTML, like Gecko) Version/13.0.3 Mobile/15E148 Safari/604.1"
159.223.132.86 - - [15/Jan/2026:20:34:45 +0000] "GET / HTTP/1.1" 301 0 "-" "-"
159.223.132.86 - - [15/Jan/2026:20:34:48 +0000] "POST /graphql HTTP/1.1" 404 16931 "-" "Mozilla/5.0 (l9scan/2.0.4333e22323e21333e24363; +https://leakix.net)"
159.223.132.86 - - [15/Jan/2026:20:34:54 +0000] "GET /swagger-ui.html HTTP/1.1" 404 16925 "-" "Mozilla/5.0 (l9scan/2.0.4333e22323e21333e24363; +https://leakix.net)"
159.223.132.86 - - [15/Jan/2026:20:34:55 +0000] "GET /swagger/index.html HTTP/1.1" 404 16932 "-" "Mozilla/5.0 (l9scan/2.0.4333e22323e21333e24363; +https://leakix.net)"
159.223.132.86 - - [15/Jan/2026:20:34:57 +0000] "GET /webjars/swagger-ui/index.html HTTP/1.1" 500 361 "-" "Mozilla/5.0 (l9scan/2.0.4333e22323e21333e24363; +https://leakix.net)"
159.223.132.86 - - [15/Jan/2026:20:34:59 +0000] "GET /swagger/v1/swagger.json HTTP/1.1" 404 16932 "-" "Mozilla/5.0 (l9scan/2.0.4333e22323e21333e24363; +https://leakix.net)"
159.223.132.86 - - [15/Jan/2026:20:35:00 +0000] "GET /v2/api-docs HTTP/1.1" 404 16920 "-" "Mozilla/5.0 (l9scan/2.0.4333e22323e21333e24363; +https://leakix.net)"
159.223.132.86 - - [15/Jan/2026:20:35:02 +0000] "GET /api-docs/swagger.json HTTP/1.1" 404 16929 "-" "Mozilla/5.0 (l9scan/2.0.4333e22323e21333e24363; +https://leakix.net)"
159.223.132.86 - - [15/Jan/2026:20:35:06 +0000] "GET /actuator/env HTTP/1.1" 404 16931 "-" "Mozilla/5.0 (l9scan/2.0.4333e22323e21333e24363; +https://leakix.net)"
159.223.132.86 - - [15/Jan/2026:20:35:08 +0000] "GET /server HTTP/1.1" 404 16931 "-" "Mozilla/5.0 (l9scan/2.0.4333e22323e21333e24363; +https://leakix.net)"
159.223.132.86 - - [15/Jan/2026:20:35:09 +0000] "GET /.vscode/sftp.json HTTP/1.1" 404 16930 "-" "Mozilla/5.0 (l9scan/2.0.4333e22323e21333e24363; +https://leakix.net)"
159.223.132.86 - - [15/Jan/2026:20:35:14 +0000] "GET /ecp/Current/exporttool/microsoft.exchange.ediscovery.exporttool.application HTTP/1.1" 404 16925 "-" "Mozilla/5.0 (l9scan/2.0.4333e22323e21333e24363; +https://leakix.net)"
159.223.132.86 - - [15/Jan/2026:20:35:15 +0000] "GET /server-status HTTP/1.1" 404 16931 "-" "Mozilla/5.0 (l9scan/2.0.4333e22323e21333e24363; +https://leakix.net)"
159.223.132.86 - - [15/Jan/2026:20:35:17 +0000] "GET /_all_dbs HTTP/1.1" 404 16930 "-" "Mozilla/5.0 (l9scan/2.0.4333e22323e21333e24363; +https://leakix.net)"
159.223.132.86 - - [15/Jan/2026:20:35:22 +0000] "GET /s/4333e22323e21333e24363/_/;/META-INF/maven/com.atlassian.jira/jira-webapp-dist/pom.properties HTTP/1.1" 404 16929 "-" "Mozilla/5.0 (l9scan/2.0.4333e22323e21333e24363; +https://leakix.net)"
159.223.132.86 - - [15/Jan/2026:20:35:26 +0000] "GET /?rest_route=/wp/v2/users/ HTTP/1.1" 401 112 "-" "Mozilla/5.0 (l9scan/2.0.4333e22323e21333e24363; +https://leakix.net)"
64.31.22.34 - - [15/Jan/2026:22:27:29 +0000] "POST /wp-cron.php?doing_wp_cron=1768516049.3871259689331054687500 HTTP/1.1" 200 0 "-" "WordPress/6.9; https://cross-culture.coach"
162.142.125.119 - - [15/Jan/2026:22:27:28 +0000] "GET / HTTP/1.1" 301 0 "-" "Mozilla/5.0 (compatible; CensysInspect/1.1; +https://about.censys.io/)"
64.31.22.34 - - [15/Jan/2026:22:34:55 +0000] "POST /wp-cron.php?doing_wp_cron=1768516495.2102470397949218750000 HTTP/1.1" 200 0 "-" "WordPress/6.9; https://cross-culture.coach"
138.197.191.87 - - [15/Jan/2026:22:34:57 +0000] "POST /graphql HTTP/1.1" 404 16909 "-" "Mozilla/5.0 (l9scan/2.0.4333e22323e21333e24363; +https://leakix.net)"
138.197.191.87 - - [15/Jan/2026:22:34:59 +0000] "POST /api/graphql HTTP/1.1" 404 16909 "-" "Mozilla/5.0 (l9scan/2.0.4333e22323e21333e24363; +https://leakix.net)"
138.197.191.87 - - [15/Jan/2026:22:35:07 +0000] "GET /swagger/swagger-ui.html HTTP/1.1" 404 16909 "-" "Mozilla/5.0 (l9scan/2.0.4333e22323e21333e24363; +https://leakix.net)"
138.197.191.87 - - [15/Jan/2026:22:35:15 +0000] "GET /api-docs/swagger.json HTTP/1.1" 404 16903 "-" "Mozilla/5.0 (l9scan/2.0.4333e22323e21333e24363; +https://leakix.net)"
138.197.191.87 - - [15/Jan/2026:22:35:18 +0000] "GET /@vite/env HTTP/1.1" 404 16909 "-" "Mozilla/5.0 (l9scan/2.0.4333e22323e21333e24363; +https://leakix.net)"
138.197.191.87 - - [15/Jan/2026:22:35:20 +0000] "POST /php-cgi/php-cgi.exe?%ADd+cgi.force_redirect%3D0+%ADd+disable_functions%3D\"\"+%ADd+allow_url_include%3D1+%ADd+auto_prepend_file%3Dphp://input HTTP/1.1" 404 16899 "-" "Mozilla/5.0 (l9scan/2.0.4333e22323e21333e24363; +https://leakix.net)"
138.197.191.87 - - [15/Jan/2026:22:35:25 +0000] "GET /about HTTP/1.1" 301 0 "-" "Mozilla/5.0 (l9scan/2.0.4333e22323e21333e24363; +https://leakix.net)"
138.197.191.87 - - [15/Jan/2026:22:35:28 +0000] "GET /ecp/Current/exporttool/microsoft.exchange.ediscovery.exporttool.application HTTP/1.1" 404 16908 "-" "Mozilla/5.0 (l9scan/2.0.4333e22323e21333e24363; +https://leakix.net)"
138.197.191.87 - - [15/Jan/2026:22:35:36 +0000] "GET /.env HTTP/1.1" 404 16909 "-" "Mozilla/5.0 (l9scan/2.0.4333e22323e21333e24363; +https://leakix.net)"
138.197.191.87 - - [15/Jan/2026:22:35:38 +0000] "GET /.git/config HTTP/1.1" 403 1242 "-" "Mozilla/5.0 (l9scan/2.0.4333e22323e21333e24363; +https://leakix.net)"
138.197.191.87 - - [15/Jan/2026:22:35:39 +0000] "GET /s/4333e22323e21333e24363/_/;/META-INF/maven/com.atlassian.jira/jira-webapp-dist/pom.properties HTTP/1.1" 404 16908 "-" "Mozilla/5.0 (l9scan/2.0.4333e22323e21333e24363; +https://leakix.net)"
138.197.191.87 - - [15/Jan/2026:22:35:41 +0000] "GET /telescope/requests HTTP/1.1" 404 16903 "-" "Mozilla/5.0 (l9scan/2.0.4333e22323e21333e24363; +https://leakix.net)"
138.197.191.87 - - [15/Jan/2026:22:35:42 +0000] "GET /info.php HTTP/1.1" 404 16907 "-" "Mozilla/5.0 (l9scan/2.0.4333e22323e21333e24363; +https://leakix.net)"
138.197.191.87 - - [15/Jan/2026:22:34:54 +0000] "GET / HTTP/1.1" 301 0 "-" "-"
138.197.191.87 - - [15/Jan/2026:22:34:56 +0000] "GET / HTTP/1.1" 301 0 "-" "Mozilla/5.0 (l9scan/2.0.4333e22323e21333e24363; +https://leakix.net)"
138.197.191.87 - - [15/Jan/2026:22:34:58 +0000] "POST /api HTTP/1.1" 404 16908 "-" "Mozilla/5.0 (l9scan/2.0.4333e22323e21333e24363; +https://leakix.net)"
138.197.191.87 - - [15/Jan/2026:22:35:01 +0000] "POST /graphql/api HTTP/1.1" 404 16902 "-" "Mozilla/5.0 (l9scan/2.0.4333e22323e21333e24363; +https://leakix.net)"
138.197.191.87 - - [15/Jan/2026:22:35:02 +0000] "POST /api/gql HTTP/1.1" 404 16907 "-" "Mozilla/5.0 (l9scan/2.0.4333e22323e21333e24363; +https://leakix.net)"
138.197.191.87 - - [15/Jan/2026:22:35:04 +0000] "GET /swagger-ui.html HTTP/1.1" 404 16903 "-" "Mozilla/5.0 (l9scan/2.0.4333e22323e21333e24363; +https://leakix.net)"
138.197.191.87 - - [15/Jan/2026:22:35:06 +0000] "GET /swagger/index.html HTTP/1.1" 404 16909 "-" "Mozilla/5.0 (l9scan/2.0.4333e22323e21333e24363; +https://leakix.net)"
138.197.191.87 - - [15/Jan/2026:22:35:08 +0000] "GET /webjars/swagger-ui/index.html HTTP/1.1" 404 16908 "-" "Mozilla/5.0 (l9scan/2.0.4333e22323e21333e24363; +https://leakix.net)"
138.197.191.87 - - [15/Jan/2026:22:35:09 +0000] "GET /swagger.json HTTP/1.1" 404 16907 "-" "Mozilla/5.0 (l9scan/2.0.4333e22323e21333e24363; +https://leakix.net)"
138.197.191.87 - - [15/Jan/2026:22:35:11 +0000] "GET /swagger/v1/swagger.json HTTP/1.1" 404 16898 "-" "Mozilla/5.0 (l9scan/2.0.4333e22323e21333e24363; +https://leakix.net)"
138.197.191.87 - - [15/Jan/2026:22:35:12 +0000] "GET /v2/api-docs HTTP/1.1" 404 16907 "-" "Mozilla/5.0 (l9scan/2.0.4333e22323e21333e24363; +https://leakix.net)"
138.197.191.87 - - [15/Jan/2026:22:35:13 +0000] "GET /v3/api-docs HTTP/1.1" 404 16902 "-" "Mozilla/5.0 (l9scan/2.0.4333e22323e21333e24363; +https://leakix.net)"
138.197.191.87 - - [15/Jan/2026:22:35:16 +0000] "GET /api/swagger.json HTTP/1.1" 404 16907 "-" "Mozilla/5.0 (l9scan/2.0.4333e22323e21333e24363; +https://leakix.net)"
138.197.191.87 - - [15/Jan/2026:22:35:19 +0000] "GET /actuator/env HTTP/1.1" 404 16908 "-" "Mozilla/5.0 (l9scan/2.0.4333e22323e21333e24363; +https://leakix.net)"
138.197.191.87 - - [15/Jan/2026:22:35:21 +0000] "GET /server HTTP/1.1" 404 16903 "-" "Mozilla/5.0 (l9scan/2.0.4333e22323e21333e24363; +https://leakix.net)"
138.197.191.87 - - [15/Jan/2026:22:35:22 +0000] "GET /.vscode/sftp.json HTTP/1.1" 404 16907 "-" "Mozilla/5.0 (l9scan/2.0.4333e22323e21333e24363; +https://leakix.net)"
138.197.191.87 - - [15/Jan/2026:22:35:26 +0000] "GET /debug/default/view?panel=config HTTP/1.1" 404 16908 "-" "Mozilla/5.0 (l9scan/2.0.4333e22323e21333e24363; +https://leakix.net)"
138.197.191.87 - - [15/Jan/2026:22:35:27 +0000] "GET /v2/_catalog HTTP/1.1" 404 16909 "-" "Mozilla/5.0 (l9scan/2.0.4333e22323e21333e24363; +https://leakix.net)"
138.197.191.87 - - [15/Jan/2026:22:35:30 +0000] "GET /server-status HTTP/1.1" 404 16898 "-" "Mozilla/5.0 (l9scan/2.0.4333e22323e21333e24363; +https://leakix.net)"
138.197.191.87 - - [15/Jan/2026:22:35:31 +0000] "GET /login.action HTTP/1.1" 404 16903 "-" "Mozilla/5.0 (l9scan/2.0.4333e22323e21333e24363; +https://leakix.net)"
138.197.191.87 - - [15/Jan/2026:22:35:33 +0000] "GET /_all_dbs HTTP/1.1" 404 16904 "-" "Mozilla/5.0 (l9scan/2.0.4333e22323e21333e24363; +https://leakix.net)"
138.197.191.87 - - [15/Jan/2026:22:35:34 +0000] "GET /.DS_Store HTTP/1.1" 404 16903 "-" "Mozilla/5.0 (l9scan/2.0.4333e22323e21333e24363; +https://leakix.net)"
138.197.191.87 - - [15/Jan/2026:22:35:40 +0000] "GET /config.json HTTP/1.1" 404 16898 "-" "Mozilla/5.0 (l9scan/2.0.4333e22323e21333e24363; +https://leakix.net)"
138.197.191.87 - - [15/Jan/2026:22:35:43 +0000] "GET /?rest_route=/wp/v2/users/ HTTP/1.1" 401 112 "-" "Mozilla/5.0 (l9scan/2.0.4333e22323e21333e24363; +https://leakix.net)"
64.31.22.34 - - [15/Jan/2026:23:56:07 +0000] "POST /wp-cron.php?doing_wp_cron=1768521367.2524518966674804687500 HTTP/1.1" 200 0 "-" "WordPress/6.9; https://cross-culture.coach"
43.135.134.127 - - [15/Jan/2026:23:56:06 +0000] "GET / HTTP/1.1" 301 0 "-" "Mozilla/5.0 (iPhone; CPU iPhone OS 13_2_3 like Mac OS X) AppleWebKit/605.1.15 (KHTML, like Gecko) Version/13.0.3 Mobile/15E148 Safari/604.1"
72.11.155.223 - - [16/Jan/2026:01:53:50 +0000] "GET / HTTP/1.1" 301 0 "-" "Mozilla/5.0 (Macintosh; Intel Mac OS X 15_7_3) AppleWebKit/605.1.15 (KHTML, like Gecko) Version/26.0 Safari/605.1.15"
104.197.69.115 - - [16/Jan/2026:02:38:48 +0000] "GET / HTTP/1.1" 301 0 "-" "Mozilla/5.0 (X11; Linux x86_64) AppleWebKit/537.36 (KHTML, like Gecko) Chrome/125.0.0.0 Safari/537.36"
205.169.39.18 - - [16/Jan/2026:02:38:59 +0000] "GET / HTTP/1.1" 301 0 "-" "Mozilla/5.0 (Windows NT 10.0) AppleWebKit/537.36 (KHTML, like Gecko) Chrome/106.0.0.0 Safari/537.36"
64.31.22.34 - - [16/Jan/2026:02:42:42 +0000] "POST /wp-cron.php?doing_wp_cron=1768531362.5541529655456542968750 HTTP/1.1" 200 0 "-" "WordPress/6.9; https://cross-culture.coach"
205.169.39.20 - - [16/Jan/2026:02:42:41 +0000] "GET / HTTP/1.1" 301 0 "-" "Mozilla/5.0 (Windows NT 10.0; Win64; x64) AppleWebKit/537.36 (KHTML, like Gecko) Chrome/117.0.5938.132 Safari/537.36"
64.31.22.34 - - [16/Jan/2026:03:11:45 +0000] "POST /wp-cron.php?doing_wp_cron=1768533105.2258551120758056640625 HTTP/1.1" 200 0 "-" "WordPress/6.9; https://cross-culture.coach"
64.31.22.34 - - [16/Jan/2026:03:14:51 +0000] "POST /wp-cron.php?doing_wp_cron=1768533291.7581169605255126953125 HTTP/1.1" 200 0 "-" "WordPress/6.9; https://cross-culture.coach"
123.187.240.242 - - [16/Jan/2026:03:14:50 +0000] "GET / HTTP/1.1" 301 0 "-" "Mozilla/5.0 (iPhone; CPU iPhone OS 13_2_3 like Mac OS X) AppleWebKit/605.1.15 (KHTML, like Gecko) Version/13.0.3 Mobile/15E148 Safari/604.1"
64.31.22.34 - - [16/Jan/2026:02:38:49 +0000] "POST /wp-cron.php?doing_wp_cron=1768531129.5197489261627197265625 HTTP/1.1" 200 0 "-" "WordPress/6.9; https://cross-culture.coach"
205.169.39.149 - - [16/Jan/2026:02:38:52 +0000] "GET / HTTP/1.1" 301 0 "-" "Mozilla/5.0 (Windows NT 6.1; Win64; x64) AppleWebKit/537.36 (KHTML, like Gecko) Chrome/83.0.4103.61 Safari/537.36"
205.169.39.149 - - [16/Jan/2026:02:39:06 +0000] "GET / HTTP/1.1" 301 0 "-" "Mozilla/5.0 (Windows NT 10.0; Win64; x64) AppleWebKit/537.36 (KHTML, like Gecko) Chrome/79.0.3945.79 Safari/537.36"
34.116.171.163 - - [16/Jan/2026:02:39:48 +0000] "GET / HTTP/1.1" 301 0 "-" "Mozilla/5.0 (iPhone13,2; U; CPU iPhone OS 14_0 like Mac OS X) AppleWebKit/602.1.50 (KHTML, like Gecko) Version/10.0 Mobile/15E148 Safari/602.1"
43.133.66.51 - - [16/Jan/2026:03:11:44 +0000] "GET / HTTP/1.1" 301 0 "-" "Mozilla/5.0 (iPhone; CPU iPhone OS 13_2_3 like Mac OS X) AppleWebKit/605.1.15 (KHTML, like Gecko) Version/13.0.3 Mobile/15E148 Safari/604.1"